[INFO] fetching crate typeweld-macros 0.0.11...
[INFO] testing typeweld-macros-0.0.11 against 1.100.0-beta.1+cargoflags=--release for beta-release-1.100-2
[INFO] extracting crate typeweld-macros 0.0.11 into /workspace/builds/worker-2-tc2/source
[INFO] started tweaking crates.io crate typeweld-macros 0.0.11
[INFO] removed 0 missing tests
[INFO] finished tweaking crates.io crate typeweld-macros 0.0.11
[INFO] tweaked toml for crates.io crate typeweld-macros 0.0.11 written to /workspace/builds/worker-2-tc2/source/Cargo.toml
[INFO] validating manifest of crates.io crate typeweld-macros 0.0.11 on toolchain 1.100.0-beta.1
[INFO] running `Command { std: CARGO_HOME="/workspace/cargo-home" RUSTUP_HOME="/workspace/rustup-home" "/workspace/cargo-home/bin/cargo" "+1.100.0-beta.1" "metadata" "--manifest-path" "Cargo.toml" "--no-deps", kill_on_drop: false }`
[INFO] crate crates.io crate typeweld-macros 0.0.11 already has a lockfile, it will not be regenerated
[INFO] running `Command { std: CARGO_HOME="/workspace/cargo-home" RUSTUP_HOME="/workspace/rustup-home" "/workspace/cargo-home/bin/cargo" "+1.100.0-beta.1" "fetch" "--manifest-path" "Cargo.toml", kill_on_drop: false }`
[INFO] [stderr] warning: `package.homepage` is redundant with `package.repository`
[INFO] [stderr]   --> Cargo.toml:48:12
[INFO] [stderr]    |
[INFO] [stderr] 48 | homepage = "https://github.com/kobutri/typeweld"
[INFO] [stderr]    |            ^^^^^^^^^^^^^^^^^^^^^^^^^^^^^^^^^^^^^
[INFO] [stderr] ...
[INFO] [stderr] 53 | repository = "https://github.com/kobutri/typeweld"
[INFO] [stderr]    |              -------------------------------------
[INFO] [stderr]    |
[INFO] [stderr]    = note: `cargo::redundant_homepage` is set to `warn` by default
[INFO] [stderr] help: consider removing `package.homepage`
[INFO] [stderr] warning: `typeweld-macros` (manifest) generated 1 warning
[INFO] running `Command { std: "docker" "create" "-v" "/var/lib/crater-agent-workspace/builds/worker-2-tc2/source:/opt/rustwide/workdir:ro,Z" "-v" "/var/lib/crater-agent-workspace/builds/worker-2-tc2/target:/opt/rustwide/target:rw,Z" "-v" "/var/lib/crater-agent-workspace/cargo-home:/opt/rustwide/cargo-home:ro,Z" "-v" "/var/lib/crater-agent-workspace/rustup-home:/opt/rustwide/rustup-home:ro,Z" "-m" "1610612736" "--network" "none" "ghcr.io/rust-lang/crates-build-env/linux@sha256:77db811e55d90add9212f6832c23229e3de5f1c1f9905e8cb07319ea15df73ac" "sleep" "infinity", kill_on_drop: false }`
[INFO] [stdout] 97666b606dc8f3098e18002752d0ef04c7a7e3b6a18de66ec4f60fef3fe29220
[INFO] running `Command { std: "docker" "start" "97666b606dc8f3098e18002752d0ef04c7a7e3b6a18de66ec4f60fef3fe29220", kill_on_drop: false }`
[INFO] running `Command { std: "docker" "inspect" "97666b606dc8f3098e18002752d0ef04c7a7e3b6a18de66ec4f60fef3fe29220", kill_on_drop: false }`
[INFO] running `Command { std: "docker" "exec" "-e" "SOURCE_DIR=/opt/rustwide/workdir" "-e" "CARGO_HOME=/opt/rustwide/cargo-home" "-e" "RUSTUP_HOME=/opt/rustwide/rustup-home" "-e" "CARGO_TARGET_DIR=/opt/rustwide/target" "-w" "/opt/rustwide/workdir" "--user" "0:0" "97666b606dc8f3098e18002752d0ef04c7a7e3b6a18de66ec4f60fef3fe29220" "/opt/rustwide/cargo-home/bin/cargo" "+1.100.0-beta.1" "metadata" "--no-deps" "--format-version=1", kill_on_drop: false }`
[INFO] running `Command { std: "docker" "inspect" "97666b606dc8f3098e18002752d0ef04c7a7e3b6a18de66ec4f60fef3fe29220", kill_on_drop: false }`
[INFO] running `Command { std: "docker" "exec" "-e" "SOURCE_DIR=/opt/rustwide/workdir" "-e" "CARGO_HOME=/opt/rustwide/cargo-home" "-e" "RUSTUP_HOME=/opt/rustwide/rustup-home" "-e" "CARGO_TARGET_DIR=/opt/rustwide/target" "-e" "CARGO_INCREMENTAL=0" "-e" "RUST_BACKTRACE=full" "-e" "RUSTFLAGS=--cap-lints=warn" "-e" "RUSTDOCFLAGS=--cap-lints=warn" "-w" "/opt/rustwide/workdir" "--user" "0:0" "97666b606dc8f3098e18002752d0ef04c7a7e3b6a18de66ec4f60fef3fe29220" "/opt/rustwide/cargo-home/bin/cargo" "+1.100.0-beta.1" "build" "--frozen" "--message-format=json" "--release", kill_on_drop: false }`
[INFO] [stderr] warning: `package.homepage` is redundant with `package.repository`
[INFO] [stderr]   --> Cargo.toml:48:12
[INFO] [stderr]    |
[INFO] [stderr] 48 | homepage = "https://github.com/kobutri/typeweld"
[INFO] [stderr]    |            ^^^^^^^^^^^^^^^^^^^^^^^^^^^^^^^^^^^^^
[INFO] [stderr] ...
[INFO] [stderr] 53 | repository = "https://github.com/kobutri/typeweld"
[INFO] [stderr]    |              -------------------------------------
[INFO] [stderr]    |
[INFO] [stderr]    = note: `cargo::redundant_homepage` is set to `warn` by default
[INFO] [stderr] help: consider removing `package.homepage`
[INFO] [stderr] warning: `typeweld-macros` (manifest) generated 1 warning
[INFO] [stderr]    Compiling syn v2.0.117
[INFO] [stderr]    Compiling typeweld-syntax v0.0.11
[INFO] [stderr]    Compiling typeweld-macros v0.0.11 (/opt/rustwide/workdir)
[INFO] [stderr]     Finished `release` profile [optimized] target(s) in 7.76s
[INFO] running `Command { std: "docker" "inspect" "97666b606dc8f3098e18002752d0ef04c7a7e3b6a18de66ec4f60fef3fe29220", kill_on_drop: false }`
[INFO] running `Command { std: "docker" "exec" "-e" "SOURCE_DIR=/opt/rustwide/workdir" "-e" "CARGO_HOME=/opt/rustwide/cargo-home" "-e" "RUSTUP_HOME=/opt/rustwide/rustup-home" "-e" "CARGO_TARGET_DIR=/opt/rustwide/target" "-e" "CARGO_INCREMENTAL=0" "-e" "RUST_BACKTRACE=full" "-e" "RUSTFLAGS=--cap-lints=warn" "-e" "RUSTDOCFLAGS=--cap-lints=warn" "-w" "/opt/rustwide/workdir" "--user" "0:0" "97666b606dc8f3098e18002752d0ef04c7a7e3b6a18de66ec4f60fef3fe29220" "/opt/rustwide/cargo-home/bin/cargo" "+1.100.0-beta.1" "test" "--frozen" "--no-run" "--message-format=json" "--release", kill_on_drop: false }`
[INFO] [stderr] warning: `package.homepage` is redundant with `package.repository`
[INFO] [stderr]   --> Cargo.toml:48:12
[INFO] [stderr]    |
[INFO] [stderr] 48 | homepage = "https://github.com/kobutri/typeweld"
[INFO] [stderr]    |            ^^^^^^^^^^^^^^^^^^^^^^^^^^^^^^^^^^^^^
[INFO] [stderr] ...
[INFO] [stderr] 53 | repository = "https://github.com/kobutri/typeweld"
[INFO] [stderr]    |              -------------------------------------
[INFO] [stderr]    |
[INFO] [stderr]    = note: `cargo::redundant_homepage` is set to `warn` by default
[INFO] [stderr] help: consider removing `package.homepage`
[INFO] [stderr] warning: `typeweld-macros` (manifest) generated 1 warning
[INFO] [stderr]    Compiling anyhow v1.0.102
[INFO] [stderr]    Compiling syn v2.0.117
[INFO] [stderr]    Compiling serde_derive v1.0.228
[INFO] [stderr]    Compiling typeweld-macros v0.0.11 (/opt/rustwide/workdir)
[INFO] [stderr]    Compiling serde v1.0.228
[INFO] [stderr]    Compiling trybuild v1.0.116
[INFO] [stderr]    Compiling typeweld-syntax v0.0.11
[INFO] [stderr]     Finished `release` profile [optimized] target(s) in 33.19s
[INFO] running `Command { std: "docker" "inspect" "97666b606dc8f3098e18002752d0ef04c7a7e3b6a18de66ec4f60fef3fe29220", kill_on_drop: false }`
[INFO] running `Command { std: "docker" "exec" "-e" "SOURCE_DIR=/opt/rustwide/workdir" "-e" "CARGO_HOME=/opt/rustwide/cargo-home" "-e" "RUSTUP_HOME=/opt/rustwide/rustup-home" "-e" "CARGO_TARGET_DIR=/opt/rustwide/target" "-e" "CARGO_INCREMENTAL=0" "-e" "RUST_BACKTRACE=full" "-e" "RUSTFLAGS=--cap-lints=warn" "-e" "RUSTDOCFLAGS=--cap-lints=warn" "-w" "/opt/rustwide/workdir" "--user" "0:0" "97666b606dc8f3098e18002752d0ef04c7a7e3b6a18de66ec4f60fef3fe29220" "/opt/rustwide/cargo-home/bin/cargo" "+1.100.0-beta.1" "test" "--frozen" "--release", kill_on_drop: false }`
[INFO] [stderr] warning: `package.homepage` is redundant with `package.repository`
[INFO] [stderr]   --> Cargo.toml:48:12
[INFO] [stderr]    |
[INFO] [stderr] 48 | homepage = "https://github.com/kobutri/typeweld"
[INFO] [stderr]    |            ^^^^^^^^^^^^^^^^^^^^^^^^^^^^^^^^^^^^^
[INFO] [stderr] ...
[INFO] [stderr] 53 | repository = "https://github.com/kobutri/typeweld"
[INFO] [stderr]    |              -------------------------------------
[INFO] [stderr]    |
[INFO] [stderr]    = note: `cargo::redundant_homepage` is set to `warn` by default
[INFO] [stderr] help: consider removing `package.homepage`
[INFO] [stderr] warning: `typeweld-macros` (manifest) generated 1 warning
[INFO] [stderr]     Finished `release` profile [optimized] target(s) in 0.06s
[INFO] [stderr]      Running unittests src/lib.rs (/opt/rustwide/target/release/build/typeweld-macros/70e14aa58f4d688d/out/typeweld_macros-70e14aa58f4d688d)
[INFO] [stdout] 
[INFO] [stdout] running 0 tests
[INFO] [stdout] 
[INFO] [stdout] test result: ok. 0 passed; 0 failed; 0 ignored; 0 measured; 0 filtered out; finished in 0.00s
[INFO] [stdout] 
[INFO] [stderr]      Running tests/compile.rs (/opt/rustwide/target/release/build/typeweld-macros/96ed31779141823f/out/compile-96ed31779141823f)
[INFO] [stdout] 
[INFO] [stdout] running 1 test
[INFO] [stderr] warning: `package.homepage` is redundant with `package.repository`
[INFO] [stderr]   --> /opt/rustwide/workdir/Cargo.toml:48:12
[INFO] [stderr]    |
[INFO] [stderr] 48 | homepage = "https://github.com/kobutri/typeweld"
[INFO] [stderr]    |            ^^^^^^^^^^^^^^^^^^^^^^^^^^^^^^^^^^^^^
[INFO] [stderr] ...
[INFO] [stderr] 53 | repository = "https://github.com/kobutri/typeweld"
[INFO] [stderr]    |              -------------------------------------
[INFO] [stderr]    |
[INFO] [stderr]    = note: `cargo::redundant_homepage` is set to `warn` by default
[INFO] [stderr] help: consider removing `package.homepage`
[INFO] [stderr] warning: `typeweld-macros` (manifest) generated 1 warning
[INFO] [stderr]    Compiling anyhow v1.0.102
[INFO] [stderr]    Compiling syn v2.0.117
[INFO] [stderr]    Compiling typeweld-syntax v0.0.11
[INFO] [stderr]    Compiling serde_derive v1.0.228
[INFO] [stderr]    Compiling typeweld-macros v0.0.11 (/opt/rustwide/workdir)
[INFO] [stderr]    Compiling serde v1.0.228
[INFO] [stderr]    Compiling typeweld-macros-tests v0.0.0 (/opt/rustwide/target/tests/trybuild/typeweld-macros)
[INFO] [stderr]     Finished `dev` profile [unoptimized + debuginfo] target(s) in 14.38s
[INFO] [stderr] 
[INFO] [stderr] 
[INFO] [stderr] test tests/ui/pass/basic_api.rs [should pass] ... error
[INFO] [stderr] ┈┈┈┈┈┈┈┈┈┈┈┈┈┈┈┈┈┈┈┈┈┈┈┈┈┈┈┈┈┈┈┈┈┈┈┈┈┈┈┈┈┈┈┈┈┈┈┈┈┈┈┈┈┈┈┈┈┈┈┈
[INFO] [stderr] error[E0432]: unresolved import `typeweld`
[INFO] [stderr]  --> tests/ui/pass/basic_api.rs:2:5
[INFO] [stderr]   |
[INFO] [stderr] 2 | use typeweld::{api, api_router, Api, ApiError, ApiRouter, Body, Created, Json, Path, Query};
[INFO] [stderr]   |     ^^^^^^^^ use of unresolved module or unlinked crate `typeweld`
[INFO] [stderr]   |
[INFO] [stderr]   = help: if you wanted to use a crate named `typeweld`, use `cargo add typeweld` to add it to your `Cargo.toml`
[INFO] [stderr] 
[INFO] [stderr] error: cannot find attribute `status` in this scope
[INFO] [stderr]   --> tests/ui/pass/basic_api.rs:34:7
[INFO] [stderr]    |
[INFO] [stderr] 34 |     #[status(404)]
[INFO] [stderr]    |       ^^^^^^
[INFO] [stderr]    |
[INFO] [stderr] help: `status` is an attribute that can be used by the derive macro `ApiError`, you might be missing a `derive` attribute
[INFO] [stderr]    |
[INFO] [stderr] 33 + #[derive(ApiError)]
[INFO] [stderr] 34 | pub enum UserError {
[INFO] [stderr]    |
[INFO] [stderr] 
[INFO] [stderr] error: cannot find attribute `status` in this scope
[INFO] [stderr]   --> tests/ui/pass/basic_api.rs:36:7
[INFO] [stderr]    |
[INFO] [stderr] 36 |     #[status(409)]
[INFO] [stderr]    |       ^^^^^^
[INFO] [stderr]    |
[INFO] [stderr] help: `status` is an attribute that can be used by the derive macro `ApiError`, you might be missing a `derive` attribute
[INFO] [stderr]    |
[INFO] [stderr] 33 + #[derive(ApiError)]
[INFO] [stderr] 34 | pub enum UserError {
[INFO] [stderr]    |
[INFO] [stderr] 
[INFO] [stderr] error[E0433]: cannot find module or crate `typeweld` in this scope
[INFO] [stderr]   --> tests/ui/pass/basic_api.rs:56:44
[INFO] [stderr]    |
[INFO] [stderr] 56 | pub async fn delete_user(id: Path<i32>) -> typeweld::NoContent {
[INFO] [stderr]    |                                            ^^^^^^^^ use of unresolved module or unlinked crate `typeweld`
[INFO] [stderr]    |
[INFO] [stderr]    = help: if you wanted to use a crate named `typeweld`, use `cargo add typeweld` to add it to your `Cargo.toml`
[INFO] [stderr] ┈┈┈┈┈┈┈┈┈┈┈┈┈┈┈┈┈┈┈┈┈┈┈┈┈┈┈┈┈┈┈┈┈┈┈┈┈┈┈┈┈┈┈┈┈┈┈┈┈┈┈┈┈┈┈┈┈┈┈┈
[INFO] [stderr] 
[INFO] [stderr] test tests/ui/fail/api_endpoint_anyhow_error.rs [should fail to compile] ... mismatch
[INFO] [stderr] 
[INFO] [stderr] EXPECTED:
[INFO] [stderr] ┈┈┈┈┈┈┈┈┈┈┈┈┈┈┈┈┈┈┈┈┈┈┈┈┈┈┈┈┈┈┈┈┈┈┈┈┈┈┈┈┈┈┈┈┈┈┈┈┈┈┈┈┈┈┈┈┈┈┈┈
[INFO] [stderr] error: #[api] endpoint errors must be typed ApiError enums; `anyhow::Error` is opaque and cannot be represented as a generated error channel. Derive ApiError for a domain enum or map the error into one before returning it.
[INFO] [stderr]   --> tests/ui/fail/api_endpoint_anyhow_error.rs:10:54
[INFO] [stderr]    |
[INFO] [stderr] 10 | pub async fn list_users() -> Result<Json<Vec<User>>, anyhow::Error> {
[INFO] [stderr]    |                                                      ^^^^^^^^^^^^^
[INFO] [stderr] 
[INFO] [stderr] warning: unused import: `Json`
[INFO] [stderr]  --> tests/ui/fail/api_endpoint_anyhow_error.rs:2:26
[INFO] [stderr]   |
[INFO] [stderr] 2 | use typeweld::{api, Api, Json};
[INFO] [stderr]   |                          ^^^^
[INFO] [stderr]   |
[INFO] [stderr]   = note: `#[warn(unused_imports)]` (part of `#[warn(unused)]`) on by default
[INFO] [stderr] ┈┈┈┈┈┈┈┈┈┈┈┈┈┈┈┈┈┈┈┈┈┈┈┈┈┈┈┈┈┈┈┈┈┈┈┈┈┈┈┈┈┈┈┈┈┈┈┈┈┈┈┈┈┈┈┈┈┈┈┈
[INFO] [stderr] 
[INFO] [stderr] ACTUAL OUTPUT:
[INFO] [stderr] ┈┈┈┈┈┈┈┈┈┈┈┈┈┈┈┈┈┈┈┈┈┈┈┈┈┈┈┈┈┈┈┈┈┈┈┈┈┈┈┈┈┈┈┈┈┈┈┈┈┈┈┈┈┈┈┈┈┈┈┈
[INFO] [stderr] error[E0432]: unresolved import `typeweld`
[INFO] [stderr]  --> tests/ui/fail/api_endpoint_anyhow_error.rs:2:5
[INFO] [stderr]   |
[INFO] [stderr] 2 | use typeweld::{api, Api, Json};
[INFO] [stderr]   |     ^^^^^^^^ use of unresolved module or unlinked crate `typeweld`
[INFO] [stderr]   |
[INFO] [stderr]   = help: if you wanted to use a crate named `typeweld`, use `cargo add typeweld` to add it to your `Cargo.toml`
[INFO] [stderr] ┈┈┈┈┈┈┈┈┈┈┈┈┈┈┈┈┈┈┈┈┈┈┈┈┈┈┈┈┈┈┈┈┈┈┈┈┈┈┈┈┈┈┈┈┈┈┈┈┈┈┈┈┈┈┈┈┈┈┈┈
[INFO] [stderr] note: If the actual output is the correct output you can bless it by rerunning
[INFO] [stderr]       your test with the environment variable TRYBUILD=overwrite
[INFO] [stderr] 
[INFO] [stderr] test tests/ui/fail/api_endpoint_binary_non_bytes.rs [should fail to compile] ... mismatch
[INFO] [stderr] 
[INFO] [stderr] EXPECTED:
[INFO] [stderr] ┈┈┈┈┈┈┈┈┈┈┈┈┈┈┈┈┈┈┈┈┈┈┈┈┈┈┈┈┈┈┈┈┈┈┈┈┈┈┈┈┈┈┈┈┈┈┈┈┈┈┈┈┈┈┈┈┈┈┈┈
[INFO] [stderr] error: #[api] Binary<T> endpoints currently support bytes::Bytes or axum::body::Bytes only
[INFO] [stderr]  --> tests/ui/fail/api_endpoint_binary_non_bytes.rs:4:34
[INFO] [stderr]   |
[INFO] [stderr] 4 | pub async fn upload(data: Binary<Vec<u8>>) -> NoContent {
[INFO] [stderr]   |                                  ^^^^^^^
[INFO] [stderr] 
[INFO] [stderr] warning: unused imports: `Binary` and `NoContent`
[INFO] [stderr]  --> tests/ui/fail/api_endpoint_binary_non_bytes.rs:1:21
[INFO] [stderr]   |
[INFO] [stderr] 1 | use typeweld::{api, Binary, NoContent};
[INFO] [stderr]   |                     ^^^^^^  ^^^^^^^^^
[INFO] [stderr]   |
[INFO] [stderr]   = note: `#[warn(unused_imports)]` (part of `#[warn(unused)]`) on by default
[INFO] [stderr] ┈┈┈┈┈┈┈┈┈┈┈┈┈┈┈┈┈┈┈┈┈┈┈┈┈┈┈┈┈┈┈┈┈┈┈┈┈┈┈┈┈┈┈┈┈┈┈┈┈┈┈┈┈┈┈┈┈┈┈┈
[INFO] [stderr] 
[INFO] [stderr] ACTUAL OUTPUT:
[INFO] [stderr] ┈┈┈┈┈┈┈┈┈┈┈┈┈┈┈┈┈┈┈┈┈┈┈┈┈┈┈┈┈┈┈┈┈┈┈┈┈┈┈┈┈┈┈┈┈┈┈┈┈┈┈┈┈┈┈┈┈┈┈┈
[INFO] [stderr] error[E0432]: unresolved import `typeweld`
[INFO] [stderr]  --> tests/ui/fail/api_endpoint_binary_non_bytes.rs:1:5
[INFO] [stderr]   |
[INFO] [stderr] 1 | use typeweld::{api, Binary, NoContent};
[INFO] [stderr]   |     ^^^^^^^^ use of unresolved module or unlinked crate `typeweld`
[INFO] [stderr]   |
[INFO] [stderr]   = help: if you wanted to use a crate named `typeweld`, use `cargo add typeweld` to add it to your `Cargo.toml`
[INFO] [stderr] ┈┈┈┈┈┈┈┈┈┈┈┈┈┈┈┈┈┈┈┈┈┈┈┈┈┈┈┈┈┈┈┈┈┈┈┈┈┈┈┈┈┈┈┈┈┈┈┈┈┈┈┈┈┈┈┈┈┈┈┈
[INFO] [stderr] note: If the actual output is the correct output you can bless it by rerunning
[INFO] [stderr]       your test with the environment variable TRYBUILD=overwrite
[INFO] [stderr] 
[INFO] [stderr] test tests/ui/fail/api_endpoint_get_body.rs [should fail to compile] ... mismatch
[INFO] [stderr] 
[INFO] [stderr] EXPECTED:
[INFO] [stderr] ┈┈┈┈┈┈┈┈┈┈┈┈┈┈┈┈┈┈┈┈┈┈┈┈┈┈┈┈┈┈┈┈┈┈┈┈┈┈┈┈┈┈┈┈┈┈┈┈┈┈┈┈┈┈┈┈┈┈┈┈
[INFO] [stderr] error: #[api] GET endpoints cannot declare request body extractors; use Query<T> or change the endpoint method to post, put, or patch
[INFO] [stderr]   --> tests/ui/fail/api_endpoint_get_body.rs:10:5
[INFO] [stderr]    |
[INFO] [stderr] 10 | pub async fn list_users(filter: Body<Filter>) -> NoContent {
[INFO] [stderr]    |     ^^^^^^^^^^^^^^^^^^^^^^^^^^^^^^^^^^^^^^^^^^^^^^^^^^^^^^
[INFO] [stderr] 
[INFO] [stderr] warning: unused imports: `Body`, `Json`, and `NoContent`
[INFO] [stderr]  --> tests/ui/fail/api_endpoint_get_body.rs:2:26
[INFO] [stderr]   |
[INFO] [stderr] 2 | use typeweld::{api, Api, Body, Json, NoContent};
[INFO] [stderr]   |                          ^^^^  ^^^^  ^^^^^^^^^
[INFO] [stderr]   |
[INFO] [stderr]   = note: `#[warn(unused_imports)]` (part of `#[warn(unused)]`) on by default
[INFO] [stderr] ┈┈┈┈┈┈┈┈┈┈┈┈┈┈┈┈┈┈┈┈┈┈┈┈┈┈┈┈┈┈┈┈┈┈┈┈┈┈┈┈┈┈┈┈┈┈┈┈┈┈┈┈┈┈┈┈┈┈┈┈
[INFO] [stderr] 
[INFO] [stderr] ACTUAL OUTPUT:
[INFO] [stderr] ┈┈┈┈┈┈┈┈┈┈┈┈┈┈┈┈┈┈┈┈┈┈┈┈┈┈┈┈┈┈┈┈┈┈┈┈┈┈┈┈┈┈┈┈┈┈┈┈┈┈┈┈┈┈┈┈┈┈┈┈
[INFO] [stderr] error[E0432]: unresolved import `typeweld`
[INFO] [stderr]  --> tests/ui/fail/api_endpoint_get_body.rs:2:5
[INFO] [stderr]   |
[INFO] [stderr] 2 | use typeweld::{api, Api, Body, Json, NoContent};
[INFO] [stderr]   |     ^^^^^^^^ use of unresolved module or unlinked crate `typeweld`
[INFO] [stderr]   |
[INFO] [stderr]   = help: if you wanted to use a crate named `typeweld`, use `cargo add typeweld` to add it to your `Cargo.toml`
[INFO] [stderr] ┈┈┈┈┈┈┈┈┈┈┈┈┈┈┈┈┈┈┈┈┈┈┈┈┈┈┈┈┈┈┈┈┈┈┈┈┈┈┈┈┈┈┈┈┈┈┈┈┈┈┈┈┈┈┈┈┈┈┈┈
[INFO] [stderr] note: If the actual output is the correct output you can bless it by rerunning
[INFO] [stderr]       your test with the environment variable TRYBUILD=overwrite
[INFO] [stderr] 
[INFO] [stderr] test tests/ui/fail/api_endpoint_missing_path_param.rs [should fail to compile] ... mismatch
[INFO] [stderr] 
[INFO] [stderr] EXPECTED:
[INFO] [stderr] ┈┈┈┈┈┈┈┈┈┈┈┈┈┈┈┈┈┈┈┈┈┈┈┈┈┈┈┈┈┈┈┈┈┈┈┈┈┈┈┈┈┈┈┈┈┈┈┈┈┈┈┈┈┈┈┈┈┈┈┈
[INFO] [stderr] error: route parameter `id` requires a matching Path<T> argument
[INFO] [stderr]  --> tests/ui/fail/api_endpoint_missing_path_param.rs:3:12
[INFO] [stderr]   |
[INFO] [stderr] 3 | #[api(get, "/users/{id}")]
[INFO] [stderr]   |            ^^^^^^^^^^^^^
[INFO] [stderr] 
[INFO] [stderr] warning: unused imports: `Json` and `NoContent`
[INFO] [stderr]  --> tests/ui/fail/api_endpoint_missing_path_param.rs:1:21
[INFO] [stderr]   |
[INFO] [stderr] 1 | use typeweld::{api, Json, NoContent};
[INFO] [stderr]   |                     ^^^^  ^^^^^^^^^
[INFO] [stderr]   |
[INFO] [stderr]   = note: `#[warn(unused_imports)]` (part of `#[warn(unused)]`) on by default
[INFO] [stderr] ┈┈┈┈┈┈┈┈┈┈┈┈┈┈┈┈┈┈┈┈┈┈┈┈┈┈┈┈┈┈┈┈┈┈┈┈┈┈┈┈┈┈┈┈┈┈┈┈┈┈┈┈┈┈┈┈┈┈┈┈
[INFO] [stderr] 
[INFO] [stderr] ACTUAL OUTPUT:
[INFO] [stderr] ┈┈┈┈┈┈┈┈┈┈┈┈┈┈┈┈┈┈┈┈┈┈┈┈┈┈┈┈┈┈┈┈┈┈┈┈┈┈┈┈┈┈┈┈┈┈┈┈┈┈┈┈┈┈┈┈┈┈┈┈
[INFO] [stderr] error[E0432]: unresolved import `typeweld`
[INFO] [stderr]  --> tests/ui/fail/api_endpoint_missing_path_param.rs:1:5
[INFO] [stderr]   |
[INFO] [stderr] 1 | use typeweld::{api, Json, NoContent};
[INFO] [stderr]   |     ^^^^^^^^ use of unresolved module or unlinked crate `typeweld`
[INFO] [stderr]   |
[INFO] [stderr]   = help: if you wanted to use a crate named `typeweld`, use `cargo add typeweld` to add it to your `Cargo.toml`
[INFO] [stderr] ┈┈┈┈┈┈┈┈┈┈┈┈┈┈┈┈┈┈┈┈┈┈┈┈┈┈┈┈┈┈┈┈┈┈┈┈┈┈┈┈┈┈┈┈┈┈┈┈┈┈┈┈┈┈┈┈┈┈┈┈
[INFO] [stderr] note: If the actual output is the correct output you can bless it by rerunning
[INFO] [stderr]       your test with the environment variable TRYBUILD=overwrite
[INFO] [stderr] 
[INFO] [stderr] test tests/ui/fail/api_endpoint_sse_mismatch.rs [should fail to compile] ... mismatch
[INFO] [stderr] 
[INFO] [stderr] EXPECTED:
[INFO] [stderr] ┈┈┈┈┈┈┈┈┈┈┈┈┈┈┈┈┈┈┈┈┈┈┈┈┈┈┈┈┈┈┈┈┈┈┈┈┈┈┈┈┈┈┈┈┈┈┈┈┈┈┈┈┈┈┈┈┈┈┈┈
[INFO] [stderr] error: #[api] endpoints must be async functions
[INFO] [stderr]   --> tests/ui/fail/api_endpoint_sse_mismatch.rs:10:5
[INFO] [stderr]    |
[INFO] [stderr] 10 | pub fn events() -> Sse<Event> {
[INFO] [stderr]    |     ^^
[INFO] [stderr] 
[INFO] [stderr] warning: unused imports: `Json` and `Sse`
[INFO] [stderr]  --> tests/ui/fail/api_endpoint_sse_mismatch.rs:2:26
[INFO] [stderr]   |
[INFO] [stderr] 2 | use typeweld::{api, Api, Json, Sse};
[INFO] [stderr]   |                          ^^^^  ^^^
[INFO] [stderr]   |
[INFO] [stderr]   = note: `#[warn(unused_imports)]` (part of `#[warn(unused)]`) on by default
[INFO] [stderr] ┈┈┈┈┈┈┈┈┈┈┈┈┈┈┈┈┈┈┈┈┈┈┈┈┈┈┈┈┈┈┈┈┈┈┈┈┈┈┈┈┈┈┈┈┈┈┈┈┈┈┈┈┈┈┈┈┈┈┈┈
[INFO] [stderr] 
[INFO] [stderr] ACTUAL OUTPUT:
[INFO] [stderr] ┈┈┈┈┈┈┈┈┈┈┈┈┈┈┈┈┈┈┈┈┈┈┈┈┈┈┈┈┈┈┈┈┈┈┈┈┈┈┈┈┈┈┈┈┈┈┈┈┈┈┈┈┈┈┈┈┈┈┈┈
[INFO] [stderr] error[E0432]: unresolved import `typeweld`
[INFO] [stderr]  --> tests/ui/fail/api_endpoint_sse_mismatch.rs:2:5
[INFO] [stderr]   |
[INFO] [stderr] 2 | use typeweld::{api, Api, Json, Sse};
[INFO] [stderr]   |     ^^^^^^^^ use of unresolved module or unlinked crate `typeweld`
[INFO] [stderr]   |
[INFO] [stderr]   = help: if you wanted to use a crate named `typeweld`, use `cargo add typeweld` to add it to your `Cargo.toml`
[INFO] [stderr] ┈┈┈┈┈┈┈┈┈┈┈┈┈┈┈┈┈┈┈┈┈┈┈┈┈┈┈┈┈┈┈┈┈┈┈┈┈┈┈┈┈┈┈┈┈┈┈┈┈┈┈┈┈┈┈┈┈┈┈┈
[INFO] [stderr] note: If the actual output is the correct output you can bless it by rerunning
[INFO] [stderr]       your test with the environment variable TRYBUILD=overwrite
[INFO] [stderr] 
[INFO] [stderr] test tests/ui/fail/api_endpoint_string_error.rs [should fail to compile] ... mismatch
[INFO] [stderr] 
[INFO] [stderr] EXPECTED:
[INFO] [stderr] ┈┈┈┈┈┈┈┈┈┈┈┈┈┈┈┈┈┈┈┈┈┈┈┈┈┈┈┈┈┈┈┈┈┈┈┈┈┈┈┈┈┈┈┈┈┈┈┈┈┈┈┈┈┈┈┈┈┈┈┈
[INFO] [stderr] error: #[api] endpoint errors must be typed ApiError enums; `String` errors are not finite or catchable in generated Effect clients. Derive ApiError for a domain enum or map the error into one before returning it.
[INFO] [stderr]   --> tests/ui/fail/api_endpoint_string_error.rs:10:54
[INFO] [stderr]    |
[INFO] [stderr] 10 | pub async fn list_users() -> Result<Json<Vec<User>>, String> {
[INFO] [stderr]    |                                                      ^^^^^^
[INFO] [stderr] 
[INFO] [stderr] warning: unused import: `Json`
[INFO] [stderr]  --> tests/ui/fail/api_endpoint_string_error.rs:2:26
[INFO] [stderr]   |
[INFO] [stderr] 2 | use typeweld::{api, Api, Json};
[INFO] [stderr]   |                          ^^^^
[INFO] [stderr]   |
[INFO] [stderr]   = note: `#[warn(unused_imports)]` (part of `#[warn(unused)]`) on by default
[INFO] [stderr] ┈┈┈┈┈┈┈┈┈┈┈┈┈┈┈┈┈┈┈┈┈┈┈┈┈┈┈┈┈┈┈┈┈┈┈┈┈┈┈┈┈┈┈┈┈┈┈┈┈┈┈┈┈┈┈┈┈┈┈┈
[INFO] [stderr] 
[INFO] [stderr] ACTUAL OUTPUT:
[INFO] [stderr] ┈┈┈┈┈┈┈┈┈┈┈┈┈┈┈┈┈┈┈┈┈┈┈┈┈┈┈┈┈┈┈┈┈┈┈┈┈┈┈┈┈┈┈┈┈┈┈┈┈┈┈┈┈┈┈┈┈┈┈┈
[INFO] [stderr] error[E0432]: unresolved import `typeweld`
[INFO] [stderr]  --> tests/ui/fail/api_endpoint_string_error.rs:2:5
[INFO] [stderr]   |
[INFO] [stderr] 2 | use typeweld::{api, Api, Json};
[INFO] [stderr]   |     ^^^^^^^^ use of unresolved module or unlinked crate `typeweld`
[INFO] [stderr]   |
[INFO] [stderr]   = help: if you wanted to use a crate named `typeweld`, use `cargo add typeweld` to add it to your `Cargo.toml`
[INFO] [stderr] ┈┈┈┈┈┈┈┈┈┈┈┈┈┈┈┈┈┈┈┈┈┈┈┈┈┈┈┈┈┈┈┈┈┈┈┈┈┈┈┈┈┈┈┈┈┈┈┈┈┈┈┈┈┈┈┈┈┈┈┈
[INFO] [stderr] note: If the actual output is the correct output you can bless it by rerunning
[INFO] [stderr]       your test with the environment variable TRYBUILD=overwrite
[INFO] [stderr] 
[INFO] [stderr] test tests/ui/fail/api_endpoint_two_queries.rs [should fail to compile] ... mismatch
[INFO] [stderr] 
[INFO] [stderr] EXPECTED:
[INFO] [stderr] ┈┈┈┈┈┈┈┈┈┈┈┈┈┈┈┈┈┈┈┈┈┈┈┈┈┈┈┈┈┈┈┈┈┈┈┈┈┈┈┈┈┈┈┈┈┈┈┈┈┈┈┈┈┈┈┈┈┈┈┈
[INFO] [stderr] error: #[api] endpoints can declare at most one Query<T> extractor; the query string deserializes into a single struct whose fields become the query parameters
[INFO] [stderr]   --> tests/ui/fail/api_endpoint_two_queries.rs:10:43
[INFO] [stderr]    |
[INFO] [stderr] 10 | pub async fn list_users(a: Query<Filter>, b: Query<Filter>) -> NoContent {
[INFO] [stderr]    |                                           ^^^^^^^^^^^^^^^^
[INFO] [stderr] 
[INFO] [stderr] warning: unused imports: `NoContent` and `Query`
[INFO] [stderr]  --> tests/ui/fail/api_endpoint_two_queries.rs:2:26
[INFO] [stderr]   |
[INFO] [stderr] 2 | use typeweld::{api, Api, NoContent, Query};
[INFO] [stderr]   |                          ^^^^^^^^^  ^^^^^
[INFO] [stderr]   |
[INFO] [stderr]   = note: `#[warn(unused_imports)]` (part of `#[warn(unused)]`) on by default
[INFO] [stderr] ┈┈┈┈┈┈┈┈┈┈┈┈┈┈┈┈┈┈┈┈┈┈┈┈┈┈┈┈┈┈┈┈┈┈┈┈┈┈┈┈┈┈┈┈┈┈┈┈┈┈┈┈┈┈┈┈┈┈┈┈
[INFO] [stderr] 
[INFO] [stderr] ACTUAL OUTPUT:
[INFO] [stderr] ┈┈┈┈┈┈┈┈┈┈┈┈┈┈┈┈┈┈┈┈┈┈┈┈┈┈┈┈┈┈┈┈┈┈┈┈┈┈┈┈┈┈┈┈┈┈┈┈┈┈┈┈┈┈┈┈┈┈┈┈
[INFO] [stderr] error[E0432]: unresolved import `typeweld`
[INFO] [stderr]  --> tests/ui/fail/api_endpoint_two_queries.rs:2:5
[INFO] [stderr]   |
[INFO] [stderr] 2 | use typeweld::{api, Api, NoContent, Query};
[INFO] [stderr]   |     ^^^^^^^^ use of unresolved module or unlinked crate `typeweld`
[INFO] [stderr]   |
[INFO] [stderr]   = help: if you wanted to use a crate named `typeweld`, use `cargo add typeweld` to add it to your `Cargo.toml`
[INFO] [stderr] ┈┈┈┈┈┈┈┈┈┈┈┈┈┈┈┈┈┈┈┈┈┈┈┈┈┈┈┈┈┈┈┈┈┈┈┈┈┈┈┈┈┈┈┈┈┈┈┈┈┈┈┈┈┈┈┈┈┈┈┈
[INFO] [stderr] note: If the actual output is the correct output you can bless it by rerunning
[INFO] [stderr]       your test with the environment variable TRYBUILD=overwrite
[INFO] [stderr] 
[INFO] [stderr] test tests/ui/fail/api_endpoint_unbound_field.rs [should fail to compile] ... mismatch
[INFO] [stderr] 
[INFO] [stderr] EXPECTED:
[INFO] [stderr] ┈┈┈┈┈┈┈┈┈┈┈┈┈┈┈┈┈┈┈┈┈┈┈┈┈┈┈┈┈┈┈┈┈┈┈┈┈┈┈┈┈┈┈┈┈┈┈┈┈┈┈┈┈┈┈┈┈┈┈┈
[INFO] [stderr] error[E0277]: the trait bound `NoDerive: ApiBound` is not satisfied
[INFO] [stderr]   --> tests/ui/fail/api_endpoint_unbound_field.rs:11:16
[INFO] [stderr]    |
[INFO] [stderr] 11 |     pub inner: NoDerive,
[INFO] [stderr]    |                ^^^^^^^^ unsatisfied trait bound
[INFO] [stderr]    |
[INFO] [stderr] help: the trait `ApiBound` is not implemented for `NoDerive`
[INFO] [stderr]   --> tests/ui/fail/api_endpoint_unbound_field.rs:5:1
[INFO] [stderr]    |
[INFO] [stderr]  5 | pub struct NoDerive {
[INFO] [stderr]    | ^^^^^^^^^^^^^^^^^^^
[INFO] [stderr]    = help: the following other types implement trait `ApiBound`:
[INFO] [stderr]              BTreeMap<String, T>
[INFO] [stderr]              Box<T>
[INFO] [stderr]              HashMap<String, T, S>
[INFO] [stderr]              Holder
[INFO] [stderr]              String
[INFO] [stderr]              Vec<T>
[INFO] [stderr]              bool
[INFO] [stderr]              f32
[INFO] [stderr]            and $N others
[INFO] [stderr] note: required by a bound in `__typeweld_assert_api_bound`
[INFO] [stderr]   --> tests/ui/fail/api_endpoint_unbound_field.rs:9:48
[INFO] [stderr]    |
[INFO] [stderr]  9 | #[derive(Clone, Debug, Deserialize, Serialize, Api)]
[INFO] [stderr]    |                                                ^^^ required by this bound in `__typeweld_assert_api_bound`
[INFO] [stderr]    = note: this error originates in the derive macro `Api` (in Nightly builds, run with -Z macro-backtrace for more info)
[INFO] [stderr] ┈┈┈┈┈┈┈┈┈┈┈┈┈┈┈┈┈┈┈┈┈┈┈┈┈┈┈┈┈┈┈┈┈┈┈┈┈┈┈┈┈┈┈┈┈┈┈┈┈┈┈┈┈┈┈┈┈┈┈┈
[INFO] [stderr] 
[INFO] [stderr] ACTUAL OUTPUT:
[INFO] [stderr] ┈┈┈┈┈┈┈┈┈┈┈┈┈┈┈┈┈┈┈┈┈┈┈┈┈┈┈┈┈┈┈┈┈┈┈┈┈┈┈┈┈┈┈┈┈┈┈┈┈┈┈┈┈┈┈┈┈┈┈┈
[INFO] [stderr] error[E0432]: unresolved import `typeweld`
[INFO] [stderr]  --> tests/ui/fail/api_endpoint_unbound_field.rs:2:5
[INFO] [stderr]   |
[INFO] [stderr] 2 | use typeweld::Api;
[INFO] [stderr]   |     ^^^^^^^^ use of unresolved module or unlinked crate `typeweld`
[INFO] [stderr]   |
[INFO] [stderr]   = help: if you wanted to use a crate named `typeweld`, use `cargo add typeweld` to add it to your `Cargo.toml`
[INFO] [stderr] ┈┈┈┈┈┈┈┈┈┈┈┈┈┈┈┈┈┈┈┈┈┈┈┈┈┈┈┈┈┈┈┈┈┈┈┈┈┈┈┈┈┈┈┈┈┈┈┈┈┈┈┈┈┈┈┈┈┈┈┈
[INFO] [stderr] note: If the actual output is the correct output you can bless it by rerunning
[INFO] [stderr]       your test with the environment variable TRYBUILD=overwrite
[INFO] [stderr] 
[INFO] [stderr] test tests/ui/fail/api_endpoint_unsupported_extractor.rs [should fail to compile] ... mismatch
[INFO] [stderr] 
[INFO] [stderr] EXPECTED:
[INFO] [stderr] ┈┈┈┈┈┈┈┈┈┈┈┈┈┈┈┈┈┈┈┈┈┈┈┈┈┈┈┈┈┈┈┈┈┈┈┈┈┈┈┈┈┈┈┈┈┈┈┈┈┈┈┈┈┈┈┈┈┈┈┈
[INFO] [stderr] error: #[api] endpoint parameters must use Path<T>, Query<T>, Body<T>, or Binary<bytes::Bytes> extractors
[INFO] [stderr]  --> tests/ui/fail/api_endpoint_unsupported_extractor.rs:4:30
[INFO] [stderr]   |
[INFO] [stderr] 4 | pub async fn list_users(raw: String) -> NoContent {
[INFO] [stderr]   |                              ^^^^^^
[INFO] [stderr] 
[INFO] [stderr] warning: unused import: `NoContent`
[INFO] [stderr]  --> tests/ui/fail/api_endpoint_unsupported_extractor.rs:1:21
[INFO] [stderr]   |
[INFO] [stderr] 1 | use typeweld::{api, NoContent};
[INFO] [stderr]   |                     ^^^^^^^^^
[INFO] [stderr]   |
[INFO] [stderr]   = note: `#[warn(unused_imports)]` (part of `#[warn(unused)]`) on by default
[INFO] [stderr] ┈┈┈┈┈┈┈┈┈┈┈┈┈┈┈┈┈┈┈┈┈┈┈┈┈┈┈┈┈┈┈┈┈┈┈┈┈┈┈┈┈┈┈┈┈┈┈┈┈┈┈┈┈┈┈┈┈┈┈┈
[INFO] [stderr] 
[INFO] [stderr] ACTUAL OUTPUT:
[INFO] [stderr] ┈┈┈┈┈┈┈┈┈┈┈┈┈┈┈┈┈┈┈┈┈┈┈┈┈┈┈┈┈┈┈┈┈┈┈┈┈┈┈┈┈┈┈┈┈┈┈┈┈┈┈┈┈┈┈┈┈┈┈┈
[INFO] [stderr] error[E0432]: unresolved import `typeweld`
[INFO] [stderr]  --> tests/ui/fail/api_endpoint_unsupported_extractor.rs:1:5
[INFO] [stderr]   |
[INFO] [stderr] 1 | use typeweld::{api, NoContent};
[INFO] [stderr]   |     ^^^^^^^^ use of unresolved module or unlinked crate `typeweld`
[INFO] [stderr]   |
[INFO] [stderr]   = help: if you wanted to use a crate named `typeweld`, use `cargo add typeweld` to add it to your `Cargo.toml`
[INFO] [stderr] ┈┈┈┈┈┈┈┈┈┈┈┈┈┈┈┈┈┈┈┈┈┈┈┈┈┈┈┈┈┈┈┈┈┈┈┈┈┈┈┈┈┈┈┈┈┈┈┈┈┈┈┈┈┈┈┈┈┈┈┈
[INFO] [stderr] note: If the actual output is the correct output you can bless it by rerunning
[INFO] [stderr]       your test with the environment variable TRYBUILD=overwrite
[INFO] [stderr] 
[INFO] [stderr] test tests/ui/fail/api_error_invalid_status.rs [should fail to compile] ... mismatch
[INFO] [stderr] 
[INFO] [stderr] EXPECTED:
[INFO] [stderr] ┈┈┈┈┈┈┈┈┈┈┈┈┈┈┈┈┈┈┈┈┈┈┈┈┈┈┈┈┈┈┈┈┈┈┈┈┈┈┈┈┈┈┈┈┈┈┈┈┈┈┈┈┈┈┈┈┈┈┈┈
[INFO] [stderr] error: ApiError statuses must be in the 400..=599 range
[INFO] [stderr]  --> tests/ui/fail/api_error_invalid_status.rs:7:14
[INFO] [stderr]   |
[INFO] [stderr] 7 |     #[status(200)]
[INFO] [stderr]   |              ^^^
[INFO] [stderr] ┈┈┈┈┈┈┈┈┈┈┈┈┈┈┈┈┈┈┈┈┈┈┈┈┈┈┈┈┈┈┈┈┈┈┈┈┈┈┈┈┈┈┈┈┈┈┈┈┈┈┈┈┈┈┈┈┈┈┈┈
[INFO] [stderr] 
[INFO] [stderr] ACTUAL OUTPUT:
[INFO] [stderr] ┈┈┈┈┈┈┈┈┈┈┈┈┈┈┈┈┈┈┈┈┈┈┈┈┈┈┈┈┈┈┈┈┈┈┈┈┈┈┈┈┈┈┈┈┈┈┈┈┈┈┈┈┈┈┈┈┈┈┈┈
[INFO] [stderr] error[E0432]: unresolved import `typeweld`
[INFO] [stderr]  --> tests/ui/fail/api_error_invalid_status.rs:2:5
[INFO] [stderr]   |
[INFO] [stderr] 2 | use typeweld::ApiError;
[INFO] [stderr]   |     ^^^^^^^^ use of unresolved module or unlinked crate `typeweld`
[INFO] [stderr]   |
[INFO] [stderr]   = help: if you wanted to use a crate named `typeweld`, use `cargo add typeweld` to add it to your `Cargo.toml`
[INFO] [stderr] 
[INFO] [stderr] error: cannot find attribute `status` in this scope
[INFO] [stderr]  --> tests/ui/fail/api_error_invalid_status.rs:7:7
[INFO] [stderr]   |
[INFO] [stderr] 7 |     #[status(200)]
[INFO] [stderr]   |       ^^^^^^
[INFO] [stderr]   |
[INFO] [stderr] help: `status` is an attribute that can be used by the derive macro `ApiError`, you might be missing a `derive` attribute
[INFO] [stderr]   |
[INFO] [stderr] 6 + #[derive(ApiError)]
[INFO] [stderr] 7 | pub enum UserError {
[INFO] [stderr]   |
[INFO] [stderr] ┈┈┈┈┈┈┈┈┈┈┈┈┈┈┈┈┈┈┈┈┈┈┈┈┈┈┈┈┈┈┈┈┈┈┈┈┈┈┈┈┈┈┈┈┈┈┈┈┈┈┈┈┈┈┈┈┈┈┈┈
[INFO] [stderr] note: If the actual output is the correct output you can bless it by rerunning
[INFO] [stderr]       your test with the environment variable TRYBUILD=overwrite
[INFO] [stderr] 
[INFO] [stderr] test tests/ui/fail/api_error_missing_status.rs [should fail to compile] ... mismatch
[INFO] [stderr] 
[INFO] [stderr] EXPECTED:
[INFO] [stderr] ┈┈┈┈┈┈┈┈┈┈┈┈┈┈┈┈┈┈┈┈┈┈┈┈┈┈┈┈┈┈┈┈┈┈┈┈┈┈┈┈┈┈┈┈┈┈┈┈┈┈┈┈┈┈┈┈┈┈┈┈
[INFO] [stderr] error: ApiError variants require #[status(...)], e.g. #[status(404)]
[INFO] [stderr]  --> tests/ui/fail/api_error_missing_status.rs:7:5
[INFO] [stderr]   |
[INFO] [stderr] 7 |     NotFound { id: i32 },
[INFO] [stderr]   |     ^^^^^^^^^^^^^^^^^^^^
[INFO] [stderr] ┈┈┈┈┈┈┈┈┈┈┈┈┈┈┈┈┈┈┈┈┈┈┈┈┈┈┈┈┈┈┈┈┈┈┈┈┈┈┈┈┈┈┈┈┈┈┈┈┈┈┈┈┈┈┈┈┈┈┈┈
[INFO] [stderr] 
[INFO] [stderr] ACTUAL OUTPUT:
[INFO] [stderr] ┈┈┈┈┈┈┈┈┈┈┈┈┈┈┈┈┈┈┈┈┈┈┈┈┈┈┈┈┈┈┈┈┈┈┈┈┈┈┈┈┈┈┈┈┈┈┈┈┈┈┈┈┈┈┈┈┈┈┈┈
[INFO] [stderr] error[E0432]: unresolved import `typeweld`
[INFO] [stderr]  --> tests/ui/fail/api_error_missing_status.rs:2:5
[INFO] [stderr]   |
[INFO] [stderr] 2 | use typeweld::ApiError;
[INFO] [stderr]   |     ^^^^^^^^ use of unresolved module or unlinked crate `typeweld`
[INFO] [stderr]   |
[INFO] [stderr]   = help: if you wanted to use a crate named `typeweld`, use `cargo add typeweld` to add it to your `Cargo.toml`
[INFO] [stderr] ┈┈┈┈┈┈┈┈┈┈┈┈┈┈┈┈┈┈┈┈┈┈┈┈┈┈┈┈┈┈┈┈┈┈┈┈┈┈┈┈┈┈┈┈┈┈┈┈┈┈┈┈┈┈┈┈┈┈┈┈
[INFO] [stderr] note: If the actual output is the correct output you can bless it by rerunning
[INFO] [stderr]       your test with the environment variable TRYBUILD=overwrite
[INFO] [stderr] 
[INFO] [stderr] test tests/ui/fail/api_router_bad_endpoint_arg.rs [should fail to compile] ... mismatch
[INFO] [stderr] 
[INFO] [stderr] EXPECTED:
[INFO] [stderr] ┈┈┈┈┈┈┈┈┈┈┈┈┈┈┈┈┈┈┈┈┈┈┈┈┈┈┈┈┈┈┈┈┈┈┈┈┈┈┈┈┈┈┈┈┈┈┈┈┈┈┈┈┈┈┈┈┈┈┈┈
[INFO] [stderr] error: #[api_router] .endpoint(...) only supports a handler path like `get_user` or `users::get_user`
[INFO] [stderr]   --> tests/ui/fail/api_router_bad_endpoint_arg.rs:10:31
[INFO] [stderr]    |
[INFO] [stderr] 10 |     ApiRouter::new().endpoint(|| ping)
[INFO] [stderr]    |                               ^^^^^^^
[INFO] [stderr] 
[INFO] [stderr] warning: unused import: `ApiRouter`
[INFO] [stderr]  --> tests/ui/fail/api_router_bad_endpoint_arg.rs:1:33
[INFO] [stderr]   |
[INFO] [stderr] 1 | use typeweld::{api, api_router, ApiRouter, NoContent};
[INFO] [stderr]   |                                 ^^^^^^^^^
[INFO] [stderr]   |
[INFO] [stderr]   = note: `#[warn(unused_imports)]` (part of `#[warn(unused)]`) on by default
[INFO] [stderr] ┈┈┈┈┈┈┈┈┈┈┈┈┈┈┈┈┈┈┈┈┈┈┈┈┈┈┈┈┈┈┈┈┈┈┈┈┈┈┈┈┈┈┈┈┈┈┈┈┈┈┈┈┈┈┈┈┈┈┈┈
[INFO] [stderr] 
[INFO] [stderr] ACTUAL OUTPUT:
[INFO] [stderr] ┈┈┈┈┈┈┈┈┈┈┈┈┈┈┈┈┈┈┈┈┈┈┈┈┈┈┈┈┈┈┈┈┈┈┈┈┈┈┈┈┈┈┈┈┈┈┈┈┈┈┈┈┈┈┈┈┈┈┈┈
[INFO] [stderr] error[E0432]: unresolved import `typeweld`
[INFO] [stderr]  --> tests/ui/fail/api_router_bad_endpoint_arg.rs:1:5
[INFO] [stderr]   |
[INFO] [stderr] 1 | use typeweld::{api, api_router, ApiRouter, NoContent};
[INFO] [stderr]   |     ^^^^^^^^ use of unresolved module or unlinked crate `typeweld`
[INFO] [stderr]   |
[INFO] [stderr]   = help: if you wanted to use a crate named `typeweld`, use `cargo add typeweld` to add it to your `Cargo.toml`
[INFO] [stderr] ┈┈┈┈┈┈┈┈┈┈┈┈┈┈┈┈┈┈┈┈┈┈┈┈┈┈┈┈┈┈┈┈┈┈┈┈┈┈┈┈┈┈┈┈┈┈┈┈┈┈┈┈┈┈┈┈┈┈┈┈
[INFO] [stderr] note: If the actual output is the correct output you can bless it by rerunning
[INFO] [stderr]       your test with the environment variable TRYBUILD=overwrite
[INFO] [stderr] 
[INFO] [stderr] test tests/ui/fail/api_type_custom_serializer.rs [should fail to compile] ... mismatch
[INFO] [stderr] 
[INFO] [stderr] EXPECTED:
[INFO] [stderr] ┈┈┈┈┈┈┈┈┈┈┈┈┈┈┈┈┈┈┈┈┈┈┈┈┈┈┈┈┈┈┈┈┈┈┈┈┈┈┈┈┈┈┈┈┈┈┈┈┈┈┈┈┈┈┈┈┈┈┈┈
[INFO] [stderr] error: custom serde serializers are not supported by typeweld unless an explicit API wire-shape override is added; use a representable API DTO or newtype instead
[INFO] [stderr]   --> tests/ui/fail/api_type_custom_serializer.rs:10:13
[INFO] [stderr]    |
[INFO] [stderr] 10 |     #[serde(serialize_with = "as_str")]
[INFO] [stderr]    |             ^^^^^^^^^^^^^^
[INFO] [stderr] ┈┈┈┈┈┈┈┈┈┈┈┈┈┈┈┈┈┈┈┈┈┈┈┈┈┈┈┈┈┈┈┈┈┈┈┈┈┈┈┈┈┈┈┈┈┈┈┈┈┈┈┈┈┈┈┈┈┈┈┈
[INFO] [stderr] 
[INFO] [stderr] ACTUAL OUTPUT:
[INFO] [stderr] ┈┈┈┈┈┈┈┈┈┈┈┈┈┈┈┈┈┈┈┈┈┈┈┈┈┈┈┈┈┈┈┈┈┈┈┈┈┈┈┈┈┈┈┈┈┈┈┈┈┈┈┈┈┈┈┈┈┈┈┈
[INFO] [stderr] error[E0432]: unresolved import `typeweld`
[INFO] [stderr]  --> tests/ui/fail/api_type_custom_serializer.rs:2:5
[INFO] [stderr]   |
[INFO] [stderr] 2 | use typeweld::Api;
[INFO] [stderr]   |     ^^^^^^^^ use of unresolved module or unlinked crate `typeweld`
[INFO] [stderr]   |
[INFO] [stderr]   = help: if you wanted to use a crate named `typeweld`, use `cargo add typeweld` to add it to your `Cargo.toml`
[INFO] [stderr] ┈┈┈┈┈┈┈┈┈┈┈┈┈┈┈┈┈┈┈┈┈┈┈┈┈┈┈┈┈┈┈┈┈┈┈┈┈┈┈┈┈┈┈┈┈┈┈┈┈┈┈┈┈┈┈┈┈┈┈┈
[INFO] [stderr] note: If the actual output is the correct output you can bless it by rerunning
[INFO] [stderr]       your test with the environment variable TRYBUILD=overwrite
[INFO] [stderr] 
[INFO] [stderr] test tests/ui/fail/api_type_flatten.rs [should fail to compile] ... mismatch
[INFO] [stderr] 
[INFO] [stderr] EXPECTED:
[INFO] [stderr] ┈┈┈┈┈┈┈┈┈┈┈┈┈┈┈┈┈┈┈┈┈┈┈┈┈┈┈┈┈┈┈┈┈┈┈┈┈┈┈┈┈┈┈┈┈┈┈┈┈┈┈┈┈┈┈┈┈┈┈┈
[INFO] [stderr] error: serde flatten is not supported by typeweld yet; use a named nested DTO field so the generated schema has an explicit shape
[INFO] [stderr]   --> tests/ui/fail/api_type_flatten.rs:11:13
[INFO] [stderr]    |
[INFO] [stderr] 11 |     #[serde(flatten)]
[INFO] [stderr]    |             ^^^^^^^
[INFO] [stderr] ┈┈┈┈┈┈┈┈┈┈┈┈┈┈┈┈┈┈┈┈┈┈┈┈┈┈┈┈┈┈┈┈┈┈┈┈┈┈┈┈┈┈┈┈┈┈┈┈┈┈┈┈┈┈┈┈┈┈┈┈
[INFO] [stderr] 
[INFO] [stderr] ACTUAL OUTPUT:
[INFO] [stderr] ┈┈┈┈┈┈┈┈┈┈┈┈┈┈┈┈┈┈┈┈┈┈┈┈┈┈┈┈┈┈┈┈┈┈┈┈┈┈┈┈┈┈┈┈┈┈┈┈┈┈┈┈┈┈┈┈┈┈┈┈
[INFO] [stderr] error[E0432]: unresolved import `typeweld`
[INFO] [stderr]  --> tests/ui/fail/api_type_flatten.rs:2:5
[INFO] [stderr]   |
[INFO] [stderr] 2 | use typeweld::Api;
[INFO] [stderr]   |     ^^^^^^^^ use of unresolved module or unlinked crate `typeweld`
[INFO] [stderr]   |
[INFO] [stderr]   = help: if you wanted to use a crate named `typeweld`, use `cargo add typeweld` to add it to your `Cargo.toml`
[INFO] [stderr] ┈┈┈┈┈┈┈┈┈┈┈┈┈┈┈┈┈┈┈┈┈┈┈┈┈┈┈┈┈┈┈┈┈┈┈┈┈┈┈┈┈┈┈┈┈┈┈┈┈┈┈┈┈┈┈┈┈┈┈┈
[INFO] [stderr] note: If the actual output is the correct output you can bless it by rerunning
[INFO] [stderr]       your test with the environment variable TRYBUILD=overwrite
[INFO] [stderr] 
[INFO] [stderr] test tests/ui/fail/api_type_generic.rs [should fail to compile] ... mismatch
[INFO] [stderr] 
[INFO] [stderr] EXPECTED:
[INFO] [stderr] ┈┈┈┈┈┈┈┈┈┈┈┈┈┈┈┈┈┈┈┈┈┈┈┈┈┈┈┈┈┈┈┈┈┈┈┈┈┈┈┈┈┈┈┈┈┈┈┈┈┈┈┈┈┈┈┈┈┈┈┈
[INFO] [stderr] error: Api types cannot be generic; use concrete API types
[INFO] [stderr]  --> tests/ui/fail/api_type_generic.rs:5:19
[INFO] [stderr]   |
[INFO] [stderr] 5 | pub struct Wrapper<T> {
[INFO] [stderr]   |                   ^^^
[INFO] [stderr] ┈┈┈┈┈┈┈┈┈┈┈┈┈┈┈┈┈┈┈┈┈┈┈┈┈┈┈┈┈┈┈┈┈┈┈┈┈┈┈┈┈┈┈┈┈┈┈┈┈┈┈┈┈┈┈┈┈┈┈┈
[INFO] [stderr] 
[INFO] [stderr] ACTUAL OUTPUT:
[INFO] [stderr] ┈┈┈┈┈┈┈┈┈┈┈┈┈┈┈┈┈┈┈┈┈┈┈┈┈┈┈┈┈┈┈┈┈┈┈┈┈┈┈┈┈┈┈┈┈┈┈┈┈┈┈┈┈┈┈┈┈┈┈┈
[INFO] [stderr] error[E0432]: unresolved import `typeweld`
[INFO] [stderr]  --> tests/ui/fail/api_type_generic.rs:2:5
[INFO] [stderr]   |
[INFO] [stderr] 2 | use typeweld::Api;
[INFO] [stderr]   |     ^^^^^^^^ use of unresolved module or unlinked crate `typeweld`
[INFO] [stderr]   |
[INFO] [stderr]   = help: if you wanted to use a crate named `typeweld`, use `cargo add typeweld` to add it to your `Cargo.toml`
[INFO] [stderr] ┈┈┈┈┈┈┈┈┈┈┈┈┈┈┈┈┈┈┈┈┈┈┈┈┈┈┈┈┈┈┈┈┈┈┈┈┈┈┈┈┈┈┈┈┈┈┈┈┈┈┈┈┈┈┈┈┈┈┈┈
[INFO] [stderr] note: If the actual output is the correct output you can bless it by rerunning
[INFO] [stderr]       your test with the environment variable TRYBUILD=overwrite
[INFO] [stderr] 
[INFO] [stderr] test tests/ui/fail/api_type_missing_enum_tag.rs [should fail to compile] ... mismatch
[INFO] [stderr] 
[INFO] [stderr] EXPECTED:
[INFO] [stderr] ┈┈┈┈┈┈┈┈┈┈┈┈┈┈┈┈┈┈┈┈┈┈┈┈┈┈┈┈┈┈┈┈┈┈┈┈┈┈┈┈┈┈┈┈┈┈┈┈┈┈┈┈┈┈┈┈┈┈┈┈
[INFO] [stderr] error: Api enums must use #[serde(tag = "_tag")] so Rust JSON and generated TypeScript schemas share the same discriminator
[INFO] [stderr]  --> tests/ui/fail/api_type_missing_enum_tag.rs:5:10
[INFO] [stderr]   |
[INFO] [stderr] 5 | pub enum Role {
[INFO] [stderr]   |          ^^^^
[INFO] [stderr] ┈┈┈┈┈┈┈┈┈┈┈┈┈┈┈┈┈┈┈┈┈┈┈┈┈┈┈┈┈┈┈┈┈┈┈┈┈┈┈┈┈┈┈┈┈┈┈┈┈┈┈┈┈┈┈┈┈┈┈┈
[INFO] [stderr] 
[INFO] [stderr] ACTUAL OUTPUT:
[INFO] [stderr] ┈┈┈┈┈┈┈┈┈┈┈┈┈┈┈┈┈┈┈┈┈┈┈┈┈┈┈┈┈┈┈┈┈┈┈┈┈┈┈┈┈┈┈┈┈┈┈┈┈┈┈┈┈┈┈┈┈┈┈┈
[INFO] [stderr] error[E0432]: unresolved import `typeweld`
[INFO] [stderr]  --> tests/ui/fail/api_type_missing_enum_tag.rs:2:5
[INFO] [stderr]   |
[INFO] [stderr] 2 | use typeweld::Api;
[INFO] [stderr]   |     ^^^^^^^^ use of unresolved module or unlinked crate `typeweld`
[INFO] [stderr]   |
[INFO] [stderr]   = help: if you wanted to use a crate named `typeweld`, use `cargo add typeweld` to add it to your `Cargo.toml`
[INFO] [stderr] ┈┈┈┈┈┈┈┈┈┈┈┈┈┈┈┈┈┈┈┈┈┈┈┈┈┈┈┈┈┈┈┈┈┈┈┈┈┈┈┈┈┈┈┈┈┈┈┈┈┈┈┈┈┈┈┈┈┈┈┈
[INFO] [stderr] note: If the actual output is the correct output you can bless it by rerunning
[INFO] [stderr]       your test with the environment variable TRYBUILD=overwrite
[INFO] [stderr] 
[INFO] [stderr] test tests/ui/fail/api_type_skip.rs [should fail to compile] ... mismatch
[INFO] [stderr] 
[INFO] [stderr] EXPECTED:
[INFO] [stderr] ┈┈┈┈┈┈┈┈┈┈┈┈┈┈┈┈┈┈┈┈┈┈┈┈┈┈┈┈┈┈┈┈┈┈┈┈┈┈┈┈┈┈┈┈┈┈┈┈┈┈┈┈┈┈┈┈┈┈┈┈
[INFO] [stderr] error: serde skip attributes are not represented in the API contract; remove skipped fields from the exported DTO or use a separate API DTO
[INFO] [stderr]  --> tests/ui/fail/api_type_skip.rs:7:13
[INFO] [stderr]   |
[INFO] [stderr] 7 |     #[serde(skip)]
[INFO] [stderr]   |             ^^^^
[INFO] [stderr] ┈┈┈┈┈┈┈┈┈┈┈┈┈┈┈┈┈┈┈┈┈┈┈┈┈┈┈┈┈┈┈┈┈┈┈┈┈┈┈┈┈┈┈┈┈┈┈┈┈┈┈┈┈┈┈┈┈┈┈┈
[INFO] [stderr] 
[INFO] [stderr] ACTUAL OUTPUT:
[INFO] [stderr] ┈┈┈┈┈┈┈┈┈┈┈┈┈┈┈┈┈┈┈┈┈┈┈┈┈┈┈┈┈┈┈┈┈┈┈┈┈┈┈┈┈┈┈┈┈┈┈┈┈┈┈┈┈┈┈┈┈┈┈┈
[INFO] [stderr] error[E0432]: unresolved import `typeweld`
[INFO] [stderr]  --> tests/ui/fail/api_type_skip.rs:2:5
[INFO] [stderr]   |
[INFO] [stderr] 2 | use typeweld::Api;
[INFO] [stderr]   |     ^^^^^^^^ use of unresolved module or unlinked crate `typeweld`
[INFO] [stderr]   |
[INFO] [stderr]   = help: if you wanted to use a crate named `typeweld`, use `cargo add typeweld` to add it to your `Cargo.toml`
[INFO] [stderr] ┈┈┈┈┈┈┈┈┈┈┈┈┈┈┈┈┈┈┈┈┈┈┈┈┈┈┈┈┈┈┈┈┈┈┈┈┈┈┈┈┈┈┈┈┈┈┈┈┈┈┈┈┈┈┈┈┈┈┈┈
[INFO] [stderr] note: If the actual output is the correct output you can bless it by rerunning
[INFO] [stderr]       your test with the environment variable TRYBUILD=overwrite
[INFO] [stderr] 
[INFO] [stderr] test tests/ui/fail/api_type_skip_option_none_requires_option.rs [should fail to compile] ... mismatch
[INFO] [stderr] 
[INFO] [stderr] EXPECTED:
[INFO] [stderr] ┈┈┈┈┈┈┈┈┈┈┈┈┈┈┈┈┈┈┈┈┈┈┈┈┈┈┈┈┈┈┈┈┈┈┈┈┈┈┈┈┈┈┈┈┈┈┈┈┈┈┈┈┈┈┈┈┈┈┈┈
[INFO] [stderr] error: typeweld supports skip_serializing_if = "Option::is_none" only on Option<T> fields
[INFO] [stderr]  --> tests/ui/fail/api_type_skip_option_none_requires_option.rs:6:16
[INFO] [stderr]   |
[INFO] [stderr] 6 |     pub value: String,
[INFO] [stderr]   |                ^^^^^^
[INFO] [stderr] ┈┈┈┈┈┈┈┈┈┈┈┈┈┈┈┈┈┈┈┈┈┈┈┈┈┈┈┈┈┈┈┈┈┈┈┈┈┈┈┈┈┈┈┈┈┈┈┈┈┈┈┈┈┈┈┈┈┈┈┈
[INFO] [stderr] 
[INFO] [stderr] ACTUAL OUTPUT:
[INFO] [stderr] ┈┈┈┈┈┈┈┈┈┈┈┈┈┈┈┈┈┈┈┈┈┈┈┈┈┈┈┈┈┈┈┈┈┈┈┈┈┈┈┈┈┈┈┈┈┈┈┈┈┈┈┈┈┈┈┈┈┈┈┈
[INFO] [stderr] error[E0432]: unresolved import `typeweld`
[INFO] [stderr]  --> tests/ui/fail/api_type_skip_option_none_requires_option.rs:1:5
[INFO] [stderr]   |
[INFO] [stderr] 1 | use typeweld::Api;
[INFO] [stderr]   |     ^^^^^^^^ use of unresolved module or unlinked crate `typeweld`
[INFO] [stderr]   |
[INFO] [stderr]   = help: if you wanted to use a crate named `typeweld`, use `cargo add typeweld` to add it to your `Cargo.toml`
[INFO] [stderr] 
[INFO] [stderr] error: cannot find attribute `serde` in this scope
[INFO] [stderr]  --> tests/ui/fail/api_type_skip_option_none_requires_option.rs:5:7
[INFO] [stderr]   |
[INFO] [stderr] 5 |     #[serde(skip_serializing_if = "Option::is_none")]
[INFO] [stderr]   |       ^^^^^
[INFO] [stderr]   |
[INFO] [stderr]   = note: `serde` is an attribute that can be used by the derive macros `Api`, `ApiError`, `Deserialize` and `Serialize`, you might be missing a `derive` attribute
[INFO] [stderr]   = note: `serde` is in scope, but it is a crate, not an attribute
[INFO] [stderr] ┈┈┈┈┈┈┈┈┈┈┈┈┈┈┈┈┈┈┈┈┈┈┈┈┈┈┈┈┈┈┈┈┈┈┈┈┈┈┈┈┈┈┈┈┈┈┈┈┈┈┈┈┈┈┈┈┈┈┈┈
[INFO] [stderr] note: If the actual output is the correct output you can bless it by rerunning
[INFO] [stderr]       your test with the environment variable TRYBUILD=overwrite
[INFO] [stderr] 
[INFO] [stderr] test tests/ui/fail/api_type_tuple_variant.rs [should fail to compile] ... mismatch
[INFO] [stderr] 
[INFO] [stderr] EXPECTED:
[INFO] [stderr] ┈┈┈┈┈┈┈┈┈┈┈┈┈┈┈┈┈┈┈┈┈┈┈┈┈┈┈┈┈┈┈┈┈┈┈┈┈┈┈┈┈┈┈┈┈┈┈┈┈┈┈┈┈┈┈┈┈┈┈┈
[INFO] [stderr] error: Api enum variants must be unit or named-field variants
[INFO] [stderr]  --> tests/ui/fail/api_type_tuple_variant.rs:7:5
[INFO] [stderr]   |
[INFO] [stderr] 7 |     Created(String),
[INFO] [stderr]   |     ^^^^^^^^^^^^^^^
[INFO] [stderr] ┈┈┈┈┈┈┈┈┈┈┈┈┈┈┈┈┈┈┈┈┈┈┈┈┈┈┈┈┈┈┈┈┈┈┈┈┈┈┈┈┈┈┈┈┈┈┈┈┈┈┈┈┈┈┈┈┈┈┈┈
[INFO] [stderr] 
[INFO] [stderr] ACTUAL OUTPUT:
[INFO] [stderr] ┈┈┈┈┈┈┈┈┈┈┈┈┈┈┈┈┈┈┈┈┈┈┈┈┈┈┈┈┈┈┈┈┈┈┈┈┈┈┈┈┈┈┈┈┈┈┈┈┈┈┈┈┈┈┈┈┈┈┈┈
[INFO] [stderr] error[E0432]: unresolved import `typeweld`
[INFO] [stderr]  --> tests/ui/fail/api_type_tuple_variant.rs:2:5
[INFO] [stderr]   |
[INFO] [stderr] 2 | use typeweld::Api;
[INFO] [stderr]   |     ^^^^^^^^ use of unresolved module or unlinked crate `typeweld`
[INFO] [stderr]   |
[INFO] [stderr]   = help: if you wanted to use a crate named `typeweld`, use `cargo add typeweld` to add it to your `Cargo.toml`
[INFO] [stderr] ┈┈┈┈┈┈┈┈┈┈┈┈┈┈┈┈┈┈┈┈┈┈┈┈┈┈┈┈┈┈┈┈┈┈┈┈┈┈┈┈┈┈┈┈┈┈┈┈┈┈┈┈┈┈┈┈┈┈┈┈
[INFO] [stderr] note: If the actual output is the correct output you can bless it by rerunning
[INFO] [stderr]       your test with the environment variable TRYBUILD=overwrite
[INFO] [stderr] 
[INFO] [stderr] test tests/ui/fail/api_type_untagged.rs [should fail to compile] ... mismatch
[INFO] [stderr] 
[INFO] [stderr] EXPECTED:
[INFO] [stderr] ┈┈┈┈┈┈┈┈┈┈┈┈┈┈┈┈┈┈┈┈┈┈┈┈┈┈┈┈┈┈┈┈┈┈┈┈┈┈┈┈┈┈┈┈┈┈┈┈┈┈┈┈┈┈┈┈┈┈┈┈
[INFO] [stderr] error: serde untagged enums are not supported by typeweld because generated schemas require an explicit _tag discriminator
[INFO] [stderr]  --> tests/ui/fail/api_type_untagged.rs:5:9
[INFO] [stderr]   |
[INFO] [stderr] 5 | #[serde(untagged)]
[INFO] [stderr]   |         ^^^^^^^^
[INFO] [stderr] ┈┈┈┈┈┈┈┈┈┈┈┈┈┈┈┈┈┈┈┈┈┈┈┈┈┈┈┈┈┈┈┈┈┈┈┈┈┈┈┈┈┈┈┈┈┈┈┈┈┈┈┈┈┈┈┈┈┈┈┈
[INFO] [stderr] 
[INFO] [stderr] ACTUAL OUTPUT:
[INFO] [stderr] ┈┈┈┈┈┈┈┈┈┈┈┈┈┈┈┈┈┈┈┈┈┈┈┈┈┈┈┈┈┈┈┈┈┈┈┈┈┈┈┈┈┈┈┈┈┈┈┈┈┈┈┈┈┈┈┈┈┈┈┈
[INFO] [stderr] error[E0432]: unresolved import `typeweld`
[INFO] [stderr]  --> tests/ui/fail/api_type_untagged.rs:2:5
[INFO] [stderr]   |
[INFO] [stderr] 2 | use typeweld::Api;
[INFO] [stderr]   |     ^^^^^^^^ use of unresolved module or unlinked crate `typeweld`
[INFO] [stderr]   |
[INFO] [stderr]   = help: if you wanted to use a crate named `typeweld`, use `cargo add typeweld` to add it to your `Cargo.toml`
[INFO] [stderr] ┈┈┈┈┈┈┈┈┈┈┈┈┈┈┈┈┈┈┈┈┈┈┈┈┈┈┈┈┈┈┈┈┈┈┈┈┈┈┈┈┈┈┈┈┈┈┈┈┈┈┈┈┈┈┈┈┈┈┈┈
[INFO] [stderr] note: If the actual output is the correct output you can bless it by rerunning
[INFO] [stderr]       your test with the environment variable TRYBUILD=overwrite
[INFO] [stderr] 
[INFO] [stderr] 
[INFO] [stderr] 
[INFO] [stdout] test ui ... FAILED
[INFO] [stdout] 
[INFO] [stdout] failures:
[INFO] [stdout] 
[INFO] [stdout] ---- ui stdout ----
[INFO] [stdout] 
[INFO] [stdout] thread 'ui' (457) panicked at /opt/rustwide/cargo-home/registry/src/index.crates.io-1949cf8c6b5b557f/trybuild-1.0.116/src/run.rs:102:13:
[INFO] [stdout] 21 of 21 tests failed
[INFO] [stdout] stack backtrace:
[INFO] [stdout]    0:     0x57a738090b41 - <<std[617be2ca0a6fd877]::sys::backtrace::BacktraceLock>::print::DisplayBacktrace as core[a373ad73a504971]::fmt::Display>::fmt
[INFO] [stdout]    1:     0x57a7380a6e2a - core[a373ad73a504971]::fmt::write
[INFO] [stdout]    2:     0x57a73809538c - <alloc[2e1b2a31b91974c5]::vec::Vec<u8> as core[a373ad73a504971]::io::write::Write>::write_fmt
[INFO] [stdout]    3:     0x57a738069fa6 - std[617be2ca0a6fd877]::panicking::default_hook::{closure#0}
[INFO] [stdout]    4:     0x57a7380880e9 - std[617be2ca0a6fd877]::panicking::default_hook
[INFO] [stdout]    5:     0x57a7380216f0 - test[aada8e7e76ba119b]::test_main_inner::{closure#0}
[INFO] [stdout]    6:     0x57a7380882a2 - std[617be2ca0a6fd877]::panicking::panic_with_hook
[INFO] [stdout]    7:     0x57a73806a052 - std[617be2ca0a6fd877]::panicking::panic_handler::{closure#0}
[INFO] [stdout]    8:     0x57a7380628a9 - std[617be2ca0a6fd877]::sys::backtrace::__rust_end_short_backtrace::<std[617be2ca0a6fd877]::panicking::panic_handler::{closure#0}, !>
[INFO] [stdout]    9:     0x57a73806ac5d - __rustc[ea4f61d10b84890b]::rust_begin_unwind
[INFO] [stdout]   10:     0x57a7380a759c - core[a373ad73a504971]::panicking::panic_fmt
[INFO] [stdout]   11:     0x57a737f73bcb - <trybuild[b782adaa3508729f]::Runner>::run
[INFO] [stdout]   12:     0x57a737f76ce0 - <trybuild[b782adaa3508729f]::TestCases as core[a373ad73a504971]::ops::drop::Drop>::drop
[INFO] [stdout]   13:     0x57a737f6cf06 - compile[e74aefede1c1015c]::ui
[INFO] [stdout]   14:     0x57a737f6d139 - <compile[e74aefede1c1015c]::ui::{closure#0} as core[a373ad73a504971]::ops::function::FnOnce<()>>::call_once
[INFO] [stdout]   15:     0x57a738014b3b - test[aada8e7e76ba119b]::__rust_begin_short_backtrace::<core[a373ad73a504971]::result::Result<(), alloc[2e1b2a31b91974c5]::string::String>, fn() -> core[a373ad73a504971]::result::Result<(), alloc[2e1b2a31b91974c5]::string::String>>
[INFO] [stdout]   16:     0x57a738021d15 - test[aada8e7e76ba119b]::run_test::{closure#0}
[INFO] [stdout]   17:     0x57a73801b604 - std[617be2ca0a6fd877]::sys::backtrace::__rust_begin_short_backtrace::<test[aada8e7e76ba119b]::run_test::{closure#1}, ()>
[INFO] [stdout]   18:     0x57a738024da2 - <std[617be2ca0a6fd877]::thread::lifecycle::spawn_unchecked<test[aada8e7e76ba119b]::run_test::{closure#1}, ()>::{closure#1} as core[a373ad73a504971]::ops::function::FnOnce<()>>::call_once::{shim:vtable#0}
[INFO] [stdout]   19:     0x57a73808fd9f - <std[617be2ca0a6fd877]::sys::thread::unix::Thread>::new::thread_start
[INFO] [stdout]   20:     0x7b2510c2bdfa - <unknown>
[INFO] [stdout]   21:     0x7b2510cbf3d4 - clone
[INFO] [stdout]   22:                0x0 - <unknown>
[INFO] [stdout] 
[INFO] [stdout] 
[INFO] [stdout] failures:
[INFO] [stdout]     ui
[INFO] [stdout] 
[INFO] [stdout] test result: FAILED. 0 passed; 1 failed; 0 ignored; 0 measured; 0 filtered out; finished in 24.33s
[INFO] [stdout] 
[INFO] [stderr] error: test failed, to rerun pass `--test compile`
[INFO] running `Command { std: "docker" "inspect" "97666b606dc8f3098e18002752d0ef04c7a7e3b6a18de66ec4f60fef3fe29220", kill_on_drop: false }`
[INFO] running `Command { std: "docker" "rm" "-f" "97666b606dc8f3098e18002752d0ef04c7a7e3b6a18de66ec4f60fef3fe29220", kill_on_drop: false }`
[INFO] [stdout] 97666b606dc8f3098e18002752d0ef04c7a7e3b6a18de66ec4f60fef3fe29220
