[INFO] fetching crate typeweld-engine 0.0.11...
[INFO] testing typeweld-engine-0.0.11 against 1.99.0-beta.8+cargoflags=--release for beta-release-1.100-2
[INFO] extracting crate typeweld-engine 0.0.11 into /workspace/builds/worker-1-tc1/source
[INFO] started tweaking crates.io crate typeweld-engine 0.0.11
[INFO] removed 0 missing tests
[INFO] finished tweaking crates.io crate typeweld-engine 0.0.11
[INFO] tweaked toml for crates.io crate typeweld-engine 0.0.11 written to /workspace/builds/worker-1-tc1/source/Cargo.toml
[INFO] validating manifest of crates.io crate typeweld-engine 0.0.11 on toolchain 1.99.0-beta.8
[INFO] running `Command { std: CARGO_HOME="/workspace/cargo-home" RUSTUP_HOME="/workspace/rustup-home" "/workspace/cargo-home/bin/cargo" "+1.99.0-beta.8" "metadata" "--manifest-path" "Cargo.toml" "--no-deps", kill_on_drop: false }`
[INFO] crate crates.io crate typeweld-engine 0.0.11 already has a lockfile, it will not be regenerated
[INFO] running `Command { std: CARGO_HOME="/workspace/cargo-home" RUSTUP_HOME="/workspace/rustup-home" "/workspace/cargo-home/bin/cargo" "+1.99.0-beta.8" "fetch" "--manifest-path" "Cargo.toml", kill_on_drop: false }`
[INFO] [stderr]     Updating crates.io index
[INFO] [stderr]  Downloading crates ...
[INFO] [stderr]   Downloaded oxc_estree v0.135.0
[INFO] [stderr]   Downloaded oxc_str v0.135.0
[INFO] [stderr]   Downloaded oxc_span v0.135.0
[INFO] [stderr]   Downloaded nonmax v0.5.5
[INFO] [stderr]   Downloaded typeweld-syntax v0.0.11
[INFO] [stderr]   Downloaded oxc_allocator v0.135.0
[INFO] [stderr]   Downloaded owo-colors v4.3.0
[INFO] [stderr]   Downloaded oxc_index v5.0.0
[INFO] [stderr]   Downloaded cow-utils v0.1.3
[INFO] [stderr]   Downloaded oxc_diagnostics v0.135.0
[INFO] [stderr]   Downloaded oxc-miette-derive v2.7.1
[INFO] [stderr]   Downloaded oxc_syntax v0.135.0
[INFO] [stderr]   Downloaded oxc_ast_macros v0.135.0
[INFO] [stderr]   Downloaded dragonbox_ecma v0.1.12
[INFO] [stderr]   Downloaded oxc_data_structures v0.135.0
[INFO] [stderr]   Downloaded oxc_regular_expression v0.135.0
[INFO] [stderr]   Downloaded oxc_ast_visit v0.135.0
[INFO] [stderr]   Downloaded oxc_ecmascript v0.135.0
[INFO] [stderr]   Downloaded log v0.4.32
[INFO] [stderr]   Downloaded oxc-miette v2.7.1
[INFO] [stderr]   Downloaded oxc_parser v0.135.0
[INFO] [stderr]   Downloaded oxc_ast v0.135.0
[INFO] running `Command { std: "docker" "create" "-v" "/var/lib/crater-agent-workspace/builds/worker-1-tc1/source:/opt/rustwide/workdir:ro,Z" "-v" "/var/lib/crater-agent-workspace/builds/worker-1-tc1/target:/opt/rustwide/target:rw,Z" "-v" "/var/lib/crater-agent-workspace/cargo-home:/opt/rustwide/cargo-home:ro,Z" "-v" "/var/lib/crater-agent-workspace/rustup-home:/opt/rustwide/rustup-home:ro,Z" "-m" "1610612736" "--network" "none" "ghcr.io/rust-lang/crates-build-env/linux@sha256:77db811e55d90add9212f6832c23229e3de5f1c1f9905e8cb07319ea15df73ac" "sleep" "infinity", kill_on_drop: false }`
[INFO] [stdout] cefb28d1a5f39771fc49b74893ebb39f4a1f36671c9fbc0a1abd8f110394ad4c
[INFO] running `Command { std: "docker" "start" "cefb28d1a5f39771fc49b74893ebb39f4a1f36671c9fbc0a1abd8f110394ad4c", kill_on_drop: false }`
[INFO] running `Command { std: "docker" "inspect" "cefb28d1a5f39771fc49b74893ebb39f4a1f36671c9fbc0a1abd8f110394ad4c", kill_on_drop: false }`
[INFO] running `Command { std: "docker" "exec" "-e" "SOURCE_DIR=/opt/rustwide/workdir" "-e" "CARGO_HOME=/opt/rustwide/cargo-home" "-e" "RUSTUP_HOME=/opt/rustwide/rustup-home" "-e" "CARGO_TARGET_DIR=/opt/rustwide/target" "-w" "/opt/rustwide/workdir" "--user" "0:0" "cefb28d1a5f39771fc49b74893ebb39f4a1f36671c9fbc0a1abd8f110394ad4c" "/opt/rustwide/cargo-home/bin/cargo" "+1.99.0-beta.8" "metadata" "--no-deps" "--format-version=1", kill_on_drop: false }`
[INFO] running `Command { std: "docker" "inspect" "cefb28d1a5f39771fc49b74893ebb39f4a1f36671c9fbc0a1abd8f110394ad4c", kill_on_drop: false }`
[INFO] running `Command { std: "docker" "exec" "-e" "SOURCE_DIR=/opt/rustwide/workdir" "-e" "CARGO_HOME=/opt/rustwide/cargo-home" "-e" "RUSTUP_HOME=/opt/rustwide/rustup-home" "-e" "CARGO_TARGET_DIR=/opt/rustwide/target" "-e" "CARGO_INCREMENTAL=0" "-e" "RUST_BACKTRACE=full" "-e" "RUSTFLAGS=--cap-lints=warn" "-e" "RUSTDOCFLAGS=--cap-lints=warn" "-w" "/opt/rustwide/workdir" "--user" "0:0" "cefb28d1a5f39771fc49b74893ebb39f4a1f36671c9fbc0a1abd8f110394ad4c" "/opt/rustwide/cargo-home/bin/cargo" "+1.99.0-beta.8" "build" "--frozen" "--message-format=json" "--release", kill_on_drop: false }`
[INFO] [stderr]    Compiling siphasher v1.0.3
[INFO] [stderr]    Compiling allocator-api2 v0.2.21
[INFO] [stderr]    Compiling rustversion v1.0.22
[INFO] [stderr]    Compiling owo-colors v4.3.0
[INFO] [stderr]    Compiling unicode-linebreak v0.1.5
[INFO] [stderr]    Compiling smawk v0.3.2
[INFO] [stderr]    Compiling unicode-width v0.2.2
[INFO] [stderr]    Compiling fastrand v2.4.1
[INFO] [stderr]    Compiling rustc-hash v2.1.2
[INFO] [stderr]    Compiling oxc_data_structures v0.135.0
[INFO] [stderr]    Compiling unicode-segmentation v1.13.3
[INFO] [stderr]    Compiling oxc_estree v0.135.0
[INFO] [stderr]    Compiling dragonbox_ecma v0.1.12
[INFO] [stderr]    Compiling cow-utils v0.1.3
[INFO] [stderr]    Compiling serde_derive v1.0.228
[INFO] [stderr]    Compiling thiserror-impl v2.0.18
[INFO] [stderr]    Compiling oxc-miette-derive v2.7.1
[INFO] [stderr]    Compiling bitflags v2.13.0
[INFO] [stderr]    Compiling nonmax v0.5.5
[INFO] [stderr]    Compiling unicode-id-start v1.4.0
[INFO] [stderr]    Compiling phf_shared v0.13.1
[INFO] [stderr]    Compiling proc-macro2 v1.0.106
[INFO] [stderr]    Compiling textwrap v0.16.2
[INFO] [stderr]    Compiling unicode-ident v1.0.24
[INFO] [stderr]    Compiling num-integer v0.1.46
[INFO] [stderr]    Compiling quote v1.0.45
[INFO] [stderr]    Compiling serde_json v1.0.150
[INFO] [stderr]    Compiling winnow v0.7.15
[INFO] [stderr]    Compiling toml_write v0.1.2
[INFO] [stderr]    Compiling num-bigint v0.4.6
[INFO] [stderr]    Compiling hashbrown v0.17.1
[INFO] [stderr]    Compiling phf_generator v0.13.1
[INFO] [stderr]    Compiling phf v0.13.1
[INFO] [stderr]    Compiling memchr v2.8.1
[INFO] [stderr]    Compiling seq-macro v0.3.6
[INFO] [stderr]    Compiling oxc_ast_macros v0.135.0
[INFO] [stderr]    Compiling glob v0.3.3
[INFO] [stderr]    Compiling phf_macros v0.13.1
[INFO] [stderr]    Compiling castaway v0.2.4
[INFO] [stderr]    Compiling compact_str v0.9.1
[INFO] [stderr]    Compiling thiserror v2.0.18
[INFO] [stderr]    Compiling oxc-miette v2.7.1
[INFO] [stderr]    Compiling syn v2.0.117
[INFO] [stderr]    Compiling oxc_allocator v0.135.0
[INFO] [stderr]    Compiling indexmap v2.14.0
[INFO] [stderr]    Compiling oxc_str v0.135.0
[INFO] [stderr]    Compiling oxc_diagnostics v0.135.0
[INFO] [stderr]    Compiling oxc_span v0.135.0
[INFO] [stderr]    Compiling oxc_regular_expression v0.135.0
[INFO] [stderr]    Compiling serde v1.0.228
[INFO] [stderr]    Compiling oxc_index v5.0.0
[INFO] [stderr]    Compiling toml_datetime v0.6.11
[INFO] [stderr]    Compiling serde_spanned v0.6.9
[INFO] [stderr]    Compiling toml_edit v0.22.27
[INFO] [stderr]    Compiling oxc_syntax v0.135.0
[INFO] [stderr]    Compiling oxc_ast v0.135.0
[INFO] [stderr]    Compiling typeweld-syntax v0.0.11
[INFO] [stderr]    Compiling toml v0.8.23
[INFO] [stderr]    Compiling oxc_ecmascript v0.135.0
[INFO] [stderr]    Compiling oxc_ast_visit v0.135.0
[INFO] [stderr]    Compiling oxc_parser v0.135.0
[INFO] [stderr]    Compiling typeweld-engine v0.0.11 (/opt/rustwide/workdir)
[INFO] [stderr]     Finished `release` profile [optimized] target(s) in 1m 35s
[INFO] running `Command { std: "docker" "inspect" "cefb28d1a5f39771fc49b74893ebb39f4a1f36671c9fbc0a1abd8f110394ad4c", kill_on_drop: false }`
[INFO] running `Command { std: "docker" "exec" "-e" "SOURCE_DIR=/opt/rustwide/workdir" "-e" "CARGO_HOME=/opt/rustwide/cargo-home" "-e" "RUSTUP_HOME=/opt/rustwide/rustup-home" "-e" "CARGO_TARGET_DIR=/opt/rustwide/target" "-e" "CARGO_INCREMENTAL=0" "-e" "RUST_BACKTRACE=full" "-e" "RUSTFLAGS=--cap-lints=warn" "-e" "RUSTDOCFLAGS=--cap-lints=warn" "-w" "/opt/rustwide/workdir" "--user" "0:0" "cefb28d1a5f39771fc49b74893ebb39f4a1f36671c9fbc0a1abd8f110394ad4c" "/opt/rustwide/cargo-home/bin/cargo" "+1.99.0-beta.8" "test" "--frozen" "--no-run" "--message-format=json" "--release", kill_on_drop: false }`
[INFO] [stderr]    Compiling console v0.16.3
[INFO] [stderr]    Compiling similar v2.7.0
[INFO] [stderr]    Compiling oxc_syntax v0.135.0
[INFO] [stderr]    Compiling oxc_regular_expression v0.135.0
[INFO] [stderr]    Compiling tempfile v3.27.0
[INFO] [stderr]    Compiling insta v1.47.2
[INFO] [stderr]    Compiling oxc_ast v0.135.0
[INFO] [stderr]    Compiling oxc_ecmascript v0.135.0
[INFO] [stderr]    Compiling oxc_ast_visit v0.135.0
[INFO] [stderr]    Compiling oxc_parser v0.135.0
[INFO] [stderr]    Compiling typeweld-engine v0.0.11 (/opt/rustwide/workdir)
[INFO] [stderr]     Finished `release` profile [optimized] target(s) in 1m 00s
[INFO] running `Command { std: "docker" "inspect" "cefb28d1a5f39771fc49b74893ebb39f4a1f36671c9fbc0a1abd8f110394ad4c", kill_on_drop: false }`
[INFO] running `Command { std: "docker" "exec" "-e" "SOURCE_DIR=/opt/rustwide/workdir" "-e" "CARGO_HOME=/opt/rustwide/cargo-home" "-e" "RUSTUP_HOME=/opt/rustwide/rustup-home" "-e" "CARGO_TARGET_DIR=/opt/rustwide/target" "-e" "CARGO_INCREMENTAL=0" "-e" "RUST_BACKTRACE=full" "-e" "RUSTFLAGS=--cap-lints=warn" "-e" "RUSTDOCFLAGS=--cap-lints=warn" "-w" "/opt/rustwide/workdir" "--user" "0:0" "cefb28d1a5f39771fc49b74893ebb39f4a1f36671c9fbc0a1abd8f110394ad4c" "/opt/rustwide/cargo-home/bin/cargo" "+1.99.0-beta.8" "test" "--frozen" "--release", kill_on_drop: false }`
[INFO] [stderr]     Finished `release` profile [optimized] target(s) in 0.10s
[INFO] [stdout] 
[INFO] [stderr]      Running unittests src/lib.rs (/opt/rustwide/target/release/deps/typeweld_engine-d2d7588ab3a53c4a)
[INFO] [stdout] running 10 tests
[INFO] [stdout] test config::tests::parses_a_full_config ... ok
[INFO] [stdout] test ir::tests::big_int_primitives_are_flagged ... ok
[INFO] [stdout] test ir::tests::symbol_ids_are_deterministic ... ok
[INFO] [stdout] test workspace::tests::single_package_without_workspace_section ... ok
[INFO] [stdout] test line_index::tests::line_col_round_trips ... ok
[INFO] [stdout] test line_index::tests::offset_never_splits_code_points ... ok
[INFO] [stdout] test workspace::tests::discovers_members_and_path_deps ... ok
[INFO] [stdout] test ir::tests::contract_round_trips_through_json ... ok
[INFO] [stdout] test line_index::tests::utf16_columns_handle_multibyte_text ... ok
[INFO] [stderr]      Running tests/extract.rs (/opt/rustwide/target/release/deps/extract-76a76dd39c4bfb04)
[INFO] [stdout] test config::tests::rejects_empty_and_malformed_configs ... ok
[INFO] [stdout] 
[INFO] [stdout] test result: ok. 10 passed; 0 failed; 0 ignored; 0 measured; 0 filtered out; finished in 0.01s
[INFO] [stdout] 
[INFO] [stdout] 
[INFO] [stdout] running 5 tests
[INFO] [stdout] test unmounted_endpoints_warn ... ok
[INFO] [stdout] test router_nesting_prefixes_routes ... ok
[INFO] [stdout] test resolves_types_across_crates_aliases_and_reexports ... ok
[INFO] [stderr]      Running tests/generate.rs (/opt/rustwide/target/release/deps/generate-43c6330f33886141)
[INFO] [stdout] test reports_precise_diagnostics_for_violations ... ok
[INFO] [stdout] test extracts_a_complete_single_crate_api ... ok
[INFO] [stdout] 
[INFO] [stdout] test result: ok. 5 passed; 0 failed; 0 ignored; 0 measured; 0 filtered out; finished in 0.08s
[INFO] [stdout] 
[INFO] [stdout] 
[INFO] [stdout] running 2 tests
[INFO] [stdout] test marks_point_at_their_symbols ... ok
[INFO] [stdout] test generates_the_full_package ... ok
[INFO] [stdout] 
[INFO] [stdout] test result: ok. 2 passed; 0 failed; 0 ignored; 0 measured; 0 filtered out; finished in 0.04s
[INFO] [stdout] 
[INFO] [stderr]      Running tests/parity.rs (/opt/rustwide/target/release/deps/parity-7edd252ffda19819)
[INFO] [stdout] 
[INFO] [stdout] running 2 tests
[INFO] [stdout] test fail_fixtures_extract_with_errors ... FAILED
[INFO] [stdout] test pass_fixtures_extract_without_errors ... FAILED
[INFO] [stdout] 
[INFO] [stdout] failures:
[INFO] [stdout] 
[INFO] [stdout] ---- fail_fixtures_extract_with_errors stdout ----
[INFO] [stdout] 
[INFO] [stdout] thread 'fail_fixtures_extract_with_errors' (1742) panicked at tests/parity.rs:62:58:
[INFO] [stdout] read fail fixtures: Os { code: 2, kind: NotFound, message: "No such file or directory" }
[INFO] [stdout] stack backtrace:
[INFO] [stdout]    0:     0x600fe425c0b1 - <<std[70759c8f55707aa4]::sys::backtrace::BacktraceLock>::print::DisplayBacktrace as core[df12db4294e9bfd3]::fmt::Display>::fmt
[INFO] [stdout]    1:     0x600fe427151a - core[df12db4294e9bfd3]::fmt::write
[INFO] [stdout]    2:     0x600fe426088c - <alloc[2182bb758b4b3781]::vec::Vec<u8> as core[df12db4294e9bfd3]::io::write::Write>::write_fmt
[INFO] [stdout]    3:     0x600fe4237266 - std[70759c8f55707aa4]::panicking::default_hook::{closure#0}
[INFO] [stdout]    4:     0x600fe4253f59 - std[70759c8f55707aa4]::panicking::default_hook
[INFO] [stdout]    5:     0x600fe3fb6e50 - test[9d35eded1c95d3be]::test_main_inner::<test[9d35eded1c95d3be]::test_main_static::{closure#0}>::{closure#0}
[INFO] [stdout]    6:     0x600fe4254282 - std[70759c8f55707aa4]::panicking::panic_with_hook
[INFO] [stdout]    7:     0x600fe4237312 - std[70759c8f55707aa4]::panicking::panic_handler::{closure#0}
[INFO] [stdout]    8:     0x600fe422fe69 - std[70759c8f55707aa4]::sys::backtrace::__rust_end_short_backtrace::<std[70759c8f55707aa4]::panicking::panic_handler::{closure#0}, !>
[INFO] [stdout]    9:     0x600fe4237f0d - __rustc[8fa7c3cbc660c2b3]::rust_begin_unwind
[INFO] [stdout]   10:     0x600fe4271c7c - core[df12db4294e9bfd3]::panicking::panic_fmt
[INFO] [stdout]   11:     0x600fe4271a52 - core[df12db4294e9bfd3]::result::unwrap_failed
[INFO] [stdout]   12:     0x600fe3fa99bf - <parity[9b2cb33eb31a3680]::fail_fixtures_extract_with_errors::{closure#0} as core[df12db4294e9bfd3]::ops::function::FnOnce<()>>::call_once
[INFO] [stdout]   13:     0x600fe3faa13b - test[9d35eded1c95d3be]::__rust_begin_short_backtrace::<core[df12db4294e9bfd3]::result::Result<(), alloc[2182bb758b4b3781]::string::String>, fn() -> core[df12db4294e9bfd3]::result::Result<(), alloc[2182bb758b4b3781]::string::String>>
[INFO] [stdout]   14:     0x600fe3fb77a5 - test[9d35eded1c95d3be]::run_test::{closure#0}
[INFO] [stdout]   15:     0x600fe3fb1064 - std[70759c8f55707aa4]::sys::backtrace::__rust_begin_short_backtrace::<test[9d35eded1c95d3be]::run_test::{closure#1}, ()>
[INFO] [stdout]   16:     0x600fe3fba902 - <std[70759c8f55707aa4]::thread::lifecycle::spawn_unchecked<test[9d35eded1c95d3be]::run_test::{closure#1}, ()>::{closure#1} as core[df12db4294e9bfd3]::ops::function::FnOnce<()>>::call_once::{shim:vtable#0}
[INFO] [stdout]   17:     0x600fe425b609 - <std[70759c8f55707aa4]::sys::thread::unix::Thread>::new::thread_start
[INFO] [stdout]   18:     0x7c89b4a93dfa - <unknown>
[INFO] [stdout]   19:     0x7c89b4b273d4 - clone
[INFO] [stdout]   20:                0x0 - <unknown>
[INFO] [stdout] 
[INFO] [stdout] ---- pass_fixtures_extract_without_errors stdout ----
[INFO] [stdout] 
[INFO] [stdout] thread 'pass_fixtures_extract_without_errors' (1743) panicked at tests/parity.rs:41:58:
[INFO] [stdout] read pass fixtures: Os { code: 2, kind: NotFound, message: "No such file or directory" }
[INFO] [stdout] stack backtrace:
[INFO] [stdout]    0:     0x600fe425c0b1 - <<std[70759c8f55707aa4]::sys::backtrace::BacktraceLock>::print::DisplayBacktrace as core[df12db4294e9bfd3]::fmt::Display>::fmt
[INFO] [stdout]    1:     0x600fe427151a - core[df12db4294e9bfd3]::fmt::write
[INFO] [stdout]    2:     0x600fe426088c - <alloc[2182bb758b4b3781]::vec::Vec<u8> as core[df12db4294e9bfd3]::io::write::Write>::write_fmt
[INFO] [stdout]    3:     0x600fe4237266 - std[70759c8f55707aa4]::panicking::default_hook::{closure#0}
[INFO] [stdout]    4:     0x600fe4253f59 - std[70759c8f55707aa4]::panicking::default_hook
[INFO] [stdout]    5:     0x600fe3fb6e50 - test[9d35eded1c95d3be]::test_main_inner::<test[9d35eded1c95d3be]::test_main_static::{closure#0}>::{closure#0}
[INFO] [stdout]    6:     0x600fe4254282 - std[70759c8f55707aa4]::panicking::panic_with_hook
[INFO] [stdout]    7:     0x600fe4237312 - std[70759c8f55707aa4]::panicking::panic_handler::{closure#0}
[INFO] [stdout]    8:     0x600fe422fe69 - std[70759c8f55707aa4]::sys::backtrace::__rust_end_short_backtrace::<std[70759c8f55707aa4]::panicking::panic_handler::{closure#0}, !>
[INFO] [stdout]    9:     0x600fe4237f0d - __rustc[8fa7c3cbc660c2b3]::rust_begin_unwind
[INFO] [stdout]   10:     0x600fe4271c7c - core[df12db4294e9bfd3]::panicking::panic_fmt
[INFO] [stdout]   11:     0x600fe4271a52 - core[df12db4294e9bfd3]::result::unwrap_failed
[INFO] [stdout]   12:     0x600fe3fa9eb2 - <parity[9b2cb33eb31a3680]::pass_fixtures_extract_without_errors::{closure#0} as core[df12db4294e9bfd3]::ops::function::FnOnce<()>>::call_once
[INFO] [stdout]   13:     0x600fe3faa13b - test[9d35eded1c95d3be]::__rust_begin_short_backtrace::<core[df12db4294e9bfd3]::result::Result<(), alloc[2182bb758b4b3781]::string::String>, fn() -> core[df12db4294e9bfd3]::result::Result<(), alloc[2182bb758b4b3781]::string::String>>
[INFO] [stdout]   14:     0x600fe3fb77a5 - test[9d35eded1c95d3be]::run_test::{closure#0}
[INFO] [stdout]   15:     0x600fe3fb1064 - std[70759c8f55707aa4]::sys::backtrace::__rust_begin_short_backtrace::<test[9d35eded1c95d3be]::run_test::{closure#1}, ()>
[INFO] [stdout]   16:     0x600fe3fba902 - <std[70759c8f55707aa4]::thread::lifecycle::spawn_unchecked<test[9d35eded1c95d3be]::run_test::{closure#1}, ()>::{closure#1} as core[df12db4294e9bfd3]::ops::function::FnOnce<()>>::call_once::{shim:vtable#0}
[INFO] [stdout]   17:     0x600fe425b609 - <std[70759c8f55707aa4]::sys::thread::unix::Thread>::new::thread_start
[INFO] [stdout]   18:     0x7c89b4a93dfa - <unknown>
[INFO] [stdout]   19:     0x7c89b4b273d4 - clone
[INFO] [stdout]   20:                0x0 - <unknown>
[INFO] [stdout] 
[INFO] [stdout] 
[INFO] [stdout] failures:
[INFO] [stdout]     fail_fixtures_extract_with_errors
[INFO] [stdout]     pass_fixtures_extract_without_errors
[INFO] [stdout] 
[INFO] [stdout] test result: FAILED. 0 passed; 2 failed; 0 ignored; 0 measured; 0 filtered out; finished in 0.00s
[INFO] [stdout] 
[INFO] [stderr] error: test failed, to rerun pass `--test parity`
[INFO] running `Command { std: "docker" "inspect" "cefb28d1a5f39771fc49b74893ebb39f4a1f36671c9fbc0a1abd8f110394ad4c", kill_on_drop: false }`
[INFO] running `Command { std: "docker" "rm" "-f" "cefb28d1a5f39771fc49b74893ebb39f4a1f36671c9fbc0a1abd8f110394ad4c", kill_on_drop: false }`
[INFO] [stdout] cefb28d1a5f39771fc49b74893ebb39f4a1f36671c9fbc0a1abd8f110394ad4c
