[INFO] fetching crate typeshare-java 0.9.0...
[INFO] testing typeshare-java-0.9.0 against 1.100.0-beta.1+cargoflags=--release for beta-release-1.100-2
[INFO] extracting crate typeshare-java 0.9.0 into /workspace/builds/worker-6-tc2/source
[INFO] started tweaking crates.io crate typeshare-java 0.9.0
[INFO] removed 0 missing tests
[INFO] finished tweaking crates.io crate typeshare-java 0.9.0
[INFO] tweaked toml for crates.io crate typeshare-java 0.9.0 written to /workspace/builds/worker-6-tc2/source/Cargo.toml
[INFO] validating manifest of crates.io crate typeshare-java 0.9.0 on toolchain 1.100.0-beta.1
[INFO] running `Command { std: CARGO_HOME="/workspace/cargo-home" RUSTUP_HOME="/workspace/rustup-home" "/workspace/cargo-home/bin/cargo" "+1.100.0-beta.1" "metadata" "--manifest-path" "Cargo.toml" "--no-deps", kill_on_drop: false }`
[INFO] crate crates.io crate typeshare-java 0.9.0 already has a lockfile, it will not be regenerated
[INFO] running `Command { std: CARGO_HOME="/workspace/cargo-home" RUSTUP_HOME="/workspace/rustup-home" "/workspace/cargo-home/bin/cargo" "+1.100.0-beta.1" "fetch" "--manifest-path" "Cargo.toml", kill_on_drop: false }`
[INFO] [stderr] warning: `package.homepage` is redundant with `package.repository`
[INFO] [stderr]   --> Cargo.toml:52:12
[INFO] [stderr]    |
[INFO] [stderr] 52 | homepage = "https://github.com/bcheidemann/typeshare-java"
[INFO] [stderr]    |            ^^^^^^^^^^^^^^^^^^^^^^^^^^^^^^^^^^^^^^^^^^^^^^^
[INFO] [stderr] ...
[INFO] [stderr] 56 | repository = "https://github.com/bcheidemann/typeshare-java"
[INFO] [stderr]    |              -----------------------------------------------
[INFO] [stderr]    |
[INFO] [stderr]    = note: `cargo::redundant_homepage` is set to `warn` by default
[INFO] [stderr] help: consider removing `package.homepage`
[INFO] [stderr] warning: `typeshare-java` (manifest) generated 1 warning
[INFO] running `Command { std: "docker" "create" "-v" "/var/lib/crater-agent-workspace/builds/worker-6-tc2/source:/opt/rustwide/workdir:ro,Z" "-v" "/var/lib/crater-agent-workspace/builds/worker-6-tc2/target:/opt/rustwide/target:rw,Z" "-v" "/var/lib/crater-agent-workspace/cargo-home:/opt/rustwide/cargo-home:ro,Z" "-v" "/var/lib/crater-agent-workspace/rustup-home:/opt/rustwide/rustup-home:ro,Z" "-m" "1610612736" "--network" "none" "ghcr.io/rust-lang/crates-build-env/linux@sha256:77db811e55d90add9212f6832c23229e3de5f1c1f9905e8cb07319ea15df73ac" "sleep" "infinity", kill_on_drop: false }`
[INFO] [stdout] db9ba8e87a1a0258f8c048a7f7a95470288ba400b36f374cf5b276096639bb1f
[INFO] running `Command { std: "docker" "start" "db9ba8e87a1a0258f8c048a7f7a95470288ba400b36f374cf5b276096639bb1f", kill_on_drop: false }`
[INFO] running `Command { std: "docker" "inspect" "db9ba8e87a1a0258f8c048a7f7a95470288ba400b36f374cf5b276096639bb1f", kill_on_drop: false }`
[INFO] running `Command { std: "docker" "exec" "-e" "SOURCE_DIR=/opt/rustwide/workdir" "-e" "CARGO_HOME=/opt/rustwide/cargo-home" "-e" "RUSTUP_HOME=/opt/rustwide/rustup-home" "-e" "CARGO_TARGET_DIR=/opt/rustwide/target" "-w" "/opt/rustwide/workdir" "--user" "0:0" "db9ba8e87a1a0258f8c048a7f7a95470288ba400b36f374cf5b276096639bb1f" "/opt/rustwide/cargo-home/bin/cargo" "+1.100.0-beta.1" "metadata" "--no-deps" "--format-version=1", kill_on_drop: false }`
[INFO] running `Command { std: "docker" "inspect" "db9ba8e87a1a0258f8c048a7f7a95470288ba400b36f374cf5b276096639bb1f", kill_on_drop: false }`
[INFO] running `Command { std: "docker" "exec" "-e" "SOURCE_DIR=/opt/rustwide/workdir" "-e" "CARGO_HOME=/opt/rustwide/cargo-home" "-e" "RUSTUP_HOME=/opt/rustwide/rustup-home" "-e" "CARGO_TARGET_DIR=/opt/rustwide/target" "-e" "CARGO_INCREMENTAL=0" "-e" "RUST_BACKTRACE=full" "-e" "RUSTFLAGS=--cap-lints=warn" "-e" "RUSTDOCFLAGS=--cap-lints=warn" "-w" "/opt/rustwide/workdir" "--user" "0:0" "db9ba8e87a1a0258f8c048a7f7a95470288ba400b36f374cf5b276096639bb1f" "/opt/rustwide/cargo-home/bin/cargo" "+1.100.0-beta.1" "build" "--frozen" "--message-format=json" "--release", kill_on_drop: false }`
[INFO] [stderr] warning: `package.homepage` is redundant with `package.repository`
[INFO] [stderr]   --> Cargo.toml:52:12
[INFO] [stderr]    |
[INFO] [stderr] 52 | homepage = "https://github.com/bcheidemann/typeshare-java"
[INFO] [stderr]    |            ^^^^^^^^^^^^^^^^^^^^^^^^^^^^^^^^^^^^^^^^^^^^^^^
[INFO] [stderr] ...
[INFO] [stderr] 56 | repository = "https://github.com/bcheidemann/typeshare-java"
[INFO] [stderr]    |              -----------------------------------------------
[INFO] [stderr]    |
[INFO] [stderr]    = note: `cargo::redundant_homepage` is set to `warn` by default
[INFO] [stderr] help: consider removing `package.homepage`
[INFO] [stderr] warning: `typeshare-java` (manifest) generated 1 warning
[INFO] [stderr]    Compiling regex-syntax v0.8.5
[INFO] [stderr]    Compiling proc-macro2 v1.0.95
[INFO] [stderr]    Compiling libc v0.2.172
[INFO] [stderr]    Compiling crossbeam-utils v0.8.21
[INFO] [stderr]    Compiling aho-corasick v1.1.3
[INFO] [stderr]    Compiling bstr v1.12.0
[INFO] [stderr]    Compiling anstyle-parse v0.2.6
[INFO] [stderr]    Compiling anstyle-query v1.1.2
[INFO] [stderr]    Compiling colorchoice v1.0.3
[INFO] [stderr]    Compiling bitflags v2.9.0
[INFO] [stderr]    Compiling unicode-ident v1.0.18
[INFO] [stderr]    Compiling syn v2.0.100
[INFO] [stderr]    Compiling anyhow v1.0.98
[INFO] [stderr]    Compiling hashbrown v0.15.2
[INFO] [stderr]    Compiling winnow v0.7.7
[INFO] [stderr]    Compiling doc-comment v0.3.3
[INFO] [stderr]    Compiling predicates-core v1.0.9
[INFO] [stderr]    Compiling rustix v1.0.5
[INFO] [stderr]    Compiling getrandom v0.3.2
[INFO] [stderr]    Compiling termtree v0.5.1
[INFO] [stderr]    Compiling anstream v0.6.18
[INFO] [stderr]    Compiling difflib v0.4.0
[INFO] [stderr]    Compiling indent_write v2.2.0
[INFO] [stderr]    Compiling linux-raw-sys v0.9.4
[INFO] [stderr]    Compiling assert_cmd v2.0.17
[INFO] [stderr]    Compiling lazy_format v2.0.3
[INFO] [stderr]    Compiling predicates-tree v1.0.12
[INFO] [stderr]    Compiling crossbeam-epoch v0.9.18
[INFO] [stderr]    Compiling clap_builder v4.5.37
[INFO] [stderr]    Compiling diff v0.1.13
[INFO] [stderr]    Compiling indexmap v2.9.0
[INFO] [stderr]    Compiling predicates v3.1.3
[INFO] [stderr]    Compiling pretty_assertions v1.4.1
[INFO] [stderr]    Compiling convert_case v0.8.0
[INFO] [stderr]    Compiling crossbeam-deque v0.8.6
[INFO] [stderr]    Compiling quote v1.0.40
[INFO] [stderr]    Compiling wait-timeout v0.2.1
[INFO] [stderr]    Compiling regex-automata v0.4.9
[INFO] [stderr]    Compiling tempfile v3.19.1
[INFO] [stderr]    Compiling globset v0.4.16
[INFO] [stderr]    Compiling ignore v0.4.23
[INFO] [stderr]    Compiling serde_derive v1.0.219
[INFO] [stderr]    Compiling clap_derive v4.5.32
[INFO] [stderr]    Compiling thiserror-impl v2.0.12
[INFO] [stderr]    Compiling globwalk v0.9.1
[INFO] [stderr]    Compiling fixtures_proc v1.0.2
[INFO] [stderr]    Compiling fixtures v1.0.2
[INFO] [stderr]    Compiling typeshare-java v0.9.0 (/opt/rustwide/workdir)
[INFO] [stderr]    Compiling thiserror v2.0.12
[INFO] [stderr]    Compiling clap v4.5.37
[INFO] [stderr]    Compiling clap_complete v4.5.47
[INFO] [stderr]    Compiling serde v1.0.219
[INFO] [stderr]    Compiling serde_spanned v0.6.8
[INFO] [stderr]    Compiling toml_datetime v0.6.8
[INFO] [stderr]    Compiling typeshare-model v2.0.1
[INFO] [stderr]    Compiling toml_edit v0.22.24
[INFO] [stderr]    Compiling toml v0.8.20
[INFO] [stderr]    Compiling typeshare-engine v0.3.1
[INFO] [stderr]    Compiling typeshare-driver v1.2.1
[INFO] [stderr] warning: unused dependency `assert_cmd`
[INFO] [stderr]   --> Cargo.toml:11:15
[INFO] [stderr]    |
[INFO] [stderr] 11 | [dependencies.assert_cmd]
[INFO] [stderr]    |               ^^^^^^^^^^^
[INFO] [stderr]    |
[INFO] [stderr]    = note: `cargo::unused_dependencies` is set to `warn` by default
[INFO] [stderr] help: consider removing the dependency on `assert_cmd`
[INFO] [stderr] warning: unused dependency `pretty_assertions`
[INFO] [stderr]   --> Cargo.toml:17:15
[INFO] [stderr]    |
[INFO] [stderr] 17 | [dependencies.pretty_assertions]
[INFO] [stderr]    |               ^^^^^^^^^^^^^^^^^^
[INFO] [stderr]    |
[INFO] [stderr] help: consider removing the dependency on `pretty_assertions`
[INFO] [stderr] warning: unused dependency `tempfile`
[INFO] [stderr]   --> Cargo.toml:24:15
[INFO] [stderr]    |
[INFO] [stderr] 24 | [dependencies.tempfile]
[INFO] [stderr]    |               ^^^^^^^^^
[INFO] [stderr]    |
[INFO] [stderr] help: consider removing the dependency on `tempfile`
[INFO] [stderr] warning: `typeshare-java` (manifest) generated 3 warnings
[INFO] [stderr]     Finished `release` profile [optimized] target(s) in 1m 13s
[INFO] running `Command { std: "docker" "inspect" "db9ba8e87a1a0258f8c048a7f7a95470288ba400b36f374cf5b276096639bb1f", kill_on_drop: false }`
[INFO] running `Command { std: "docker" "exec" "-e" "SOURCE_DIR=/opt/rustwide/workdir" "-e" "CARGO_HOME=/opt/rustwide/cargo-home" "-e" "RUSTUP_HOME=/opt/rustwide/rustup-home" "-e" "CARGO_TARGET_DIR=/opt/rustwide/target" "-e" "CARGO_INCREMENTAL=0" "-e" "RUST_BACKTRACE=full" "-e" "RUSTFLAGS=--cap-lints=warn" "-e" "RUSTDOCFLAGS=--cap-lints=warn" "-w" "/opt/rustwide/workdir" "--user" "0:0" "db9ba8e87a1a0258f8c048a7f7a95470288ba400b36f374cf5b276096639bb1f" "/opt/rustwide/cargo-home/bin/cargo" "+1.100.0-beta.1" "test" "--frozen" "--no-run" "--message-format=json" "--release", kill_on_drop: false }`
[INFO] [stderr] warning: `package.homepage` is redundant with `package.repository`
[INFO] [stderr]   --> Cargo.toml:52:12
[INFO] [stderr]    |
[INFO] [stderr] 52 | homepage = "https://github.com/bcheidemann/typeshare-java"
[INFO] [stderr]    |            ^^^^^^^^^^^^^^^^^^^^^^^^^^^^^^^^^^^^^^^^^^^^^^^
[INFO] [stderr] ...
[INFO] [stderr] 56 | repository = "https://github.com/bcheidemann/typeshare-java"
[INFO] [stderr]    |              -----------------------------------------------
[INFO] [stderr]    |
[INFO] [stderr]    = note: `cargo::redundant_homepage` is set to `warn` by default
[INFO] [stderr] help: consider removing `package.homepage`
[INFO] [stderr] warning: `typeshare-java` (manifest) generated 1 warning
[INFO] [stderr]    Compiling fixtures v1.0.2
[INFO] [stderr]    Compiling typeshare-java v0.9.0 (/opt/rustwide/workdir)
[INFO] [stderr] warning: unused dependency `assert_cmd`
[INFO] [stderr]   --> Cargo.toml:11:15
[INFO] [stderr]    |
[INFO] [stderr] 11 | [dependencies.assert_cmd]
[INFO] [stderr]    |               ^^^^^^^^^^^
[INFO] [stderr]    |
[INFO] [stderr]    = note: `cargo::unused_dependencies` is set to `warn` by default
[INFO] [stderr] help: consider removing the dependency on `assert_cmd`
[INFO] [stderr] help: to still use for development builds, move to `dev-dependencies`
[INFO] [stderr] warning: unused dependency `pretty_assertions`
[INFO] [stderr]   --> Cargo.toml:17:15
[INFO] [stderr]    |
[INFO] [stderr] 17 | [dependencies.pretty_assertions]
[INFO] [stderr]    |               ^^^^^^^^^^^^^^^^^^
[INFO] [stderr]    |
[INFO] [stderr] help: consider removing the dependency on `pretty_assertions`
[INFO] [stderr] help: to still use for development builds, move to `dev-dependencies`
[INFO] [stderr] warning: unused dependency `tempfile`
[INFO] [stderr]   --> Cargo.toml:24:15
[INFO] [stderr]    |
[INFO] [stderr] 24 | [dependencies.tempfile]
[INFO] [stderr]    |               ^^^^^^^^^
[INFO] [stderr]    |
[INFO] [stderr] help: consider removing the dependency on `tempfile`
[INFO] [stderr] help: to still use for development builds, move to `dev-dependencies`
[INFO] [stderr] warning: `typeshare-java` (manifest) generated 3 warnings
[INFO] [stderr]     Finished `release` profile [optimized] target(s) in 6.76s
[INFO] running `Command { std: "docker" "inspect" "db9ba8e87a1a0258f8c048a7f7a95470288ba400b36f374cf5b276096639bb1f", kill_on_drop: false }`
[INFO] running `Command { std: "docker" "exec" "-e" "SOURCE_DIR=/opt/rustwide/workdir" "-e" "CARGO_HOME=/opt/rustwide/cargo-home" "-e" "RUSTUP_HOME=/opt/rustwide/rustup-home" "-e" "CARGO_TARGET_DIR=/opt/rustwide/target" "-e" "CARGO_INCREMENTAL=0" "-e" "RUST_BACKTRACE=full" "-e" "RUSTFLAGS=--cap-lints=warn" "-e" "RUSTDOCFLAGS=--cap-lints=warn" "-w" "/opt/rustwide/workdir" "--user" "0:0" "db9ba8e87a1a0258f8c048a7f7a95470288ba400b36f374cf5b276096639bb1f" "/opt/rustwide/cargo-home/bin/cargo" "+1.100.0-beta.1" "test" "--frozen" "--release", kill_on_drop: false }`
[INFO] [stderr] warning: `package.homepage` is redundant with `package.repository`
[INFO] [stderr]   --> Cargo.toml:52:12
[INFO] [stderr]    |
[INFO] [stderr] 52 | homepage = "https://github.com/bcheidemann/typeshare-java"
[INFO] [stderr]    |            ^^^^^^^^^^^^^^^^^^^^^^^^^^^^^^^^^^^^^^^^^^^^^^^
[INFO] [stderr] ...
[INFO] [stderr] 56 | repository = "https://github.com/bcheidemann/typeshare-java"
[INFO] [stderr]    |              -----------------------------------------------
[INFO] [stderr]    |
[INFO] [stderr]    = note: `cargo::redundant_homepage` is set to `warn` by default
[INFO] [stderr] help: consider removing `package.homepage`
[INFO] [stderr] warning: `typeshare-java` (manifest) generated 1 warning
[INFO] [stderr]    Compiling typeshare-java v0.9.0 (/opt/rustwide/workdir)
[INFO] [stderr] warning: unused dependency `assert_cmd`
[INFO] [stderr]   --> Cargo.toml:11:15
[INFO] [stderr]    |
[INFO] [stderr] 11 | [dependencies.assert_cmd]
[INFO] [stderr]    |               ^^^^^^^^^^^
[INFO] [stderr]    |
[INFO] [stderr]    = note: `cargo::unused_dependencies` is set to `warn` by default
[INFO] [stderr] help: consider removing the dependency on `assert_cmd`
[INFO] [stderr] help: to still use for development builds, move to `dev-dependencies`
[INFO] [stderr] warning: unused dependency `pretty_assertions`
[INFO] [stderr]   --> Cargo.toml:17:15
[INFO] [stderr]    |
[INFO] [stderr] 17 | [dependencies.pretty_assertions]
[INFO] [stderr]    |               ^^^^^^^^^^^^^^^^^^
[INFO] [stderr]    |
[INFO] [stderr] help: consider removing the dependency on `pretty_assertions`
[INFO] [stderr] help: to still use for development builds, move to `dev-dependencies`
[INFO] [stderr] warning: unused dependency `tempfile`
[INFO] [stderr]   --> Cargo.toml:24:15
[INFO] [stderr]    |
[INFO] [stderr] 24 | [dependencies.tempfile]
[INFO] [stderr]    |               ^^^^^^^^^
[INFO] [stderr]    |
[INFO] [stderr] help: consider removing the dependency on `tempfile`
[INFO] [stderr] help: to still use for development builds, move to `dev-dependencies`
[INFO] [stderr] warning: `typeshare-java` (manifest) generated 3 warnings
[INFO] [stderr]     Finished `release` profile [optimized] target(s) in 7.95s
[INFO] [stderr]      Running unittests src/lib.rs (/opt/rustwide/target/release/build/typeshare-java/f7b831a9d293cebe/out/typeshare_java-f7b831a9d293cebe)
[INFO] [stdout] 
[INFO] [stdout] running 8 tests
[INFO] [stdout] test util::indented_writer::tests::test_one_line_2 ... ok
[INFO] [stdout] test util::indented_writer::tests::test_one_line_1 ... ok
[INFO] [stdout] test util::indented_writer::tests::test_two_lines_0 ... ok
[INFO] [stdout] test util::indented_writer::tests::test_two_lines_2 ... ok
[INFO] [stdout] test util::indented_writer::tests::test_empty ... ok
[INFO] [stdout] test util::indented_writer::tests::test_empty_lines ... ok
[INFO] [stdout] test util::indented_writer::tests::test_two_lines_1 ... ok
[INFO] [stdout] test util::indented_writer::tests::test_one_line_0 ... ok
[INFO] [stdout] 
[INFO] [stdout] test result: ok. 8 passed; 0 failed; 0 ignored; 0 measured; 0 filtered out; finished in 0.01s
[INFO] [stdout] 
[INFO] [stdout] 
[INFO] [stderr]      Running unittests src/main.rs (/opt/rustwide/target/release/build/typeshare-java/4f027482dda465ed/out/typeshare_java-4f027482dda465ed)
[INFO] [stdout] running 0 tests
[INFO] [stdout] 
[INFO] [stdout] test result: ok. 0 passed; 0 failed; 0 ignored; 0 measured; 0 filtered out; finished in 0.00s
[INFO] [stdout] 
[INFO] [stderr]      Running tests/integration.rs (/opt/rustwide/target/release/build/typeshare-java/b52a531477a90eb5/out/integration-b52a531477a90eb5)
[INFO] [stdout] 
[INFO] [stdout] running 56 tests
[INFO] [stdout] test ignored_integration_test_anonymous_struct_with_rename_dot_skip ... ignored
[INFO] [stdout] test ignored_integration_test_can_apply_prefix_correctly_dot_skip ... ignored
[INFO] [stdout] test ignored_integration_test_can_generate_algebraic_enum_with_skipped_variants_dot_skip ... ignored
[INFO] [stdout] test ignored_integration_test_can_generate_anonymous_struct_with_skipped_fields_dot_skip ... ignored
[INFO] [stdout] test ignored_integration_test_can_generate_empty_algebraic_enum_dot_skip ... ignored
[INFO] [stdout] test ignored_integration_test_can_generate_generic_enum_dot_skip ... ignored
[INFO] [stdout] test ignored_integration_test_can_generate_generic_type_alias_dot_skip ... ignored
[INFO] [stdout] test ignored_integration_test_can_generate_readonly_fields_dot_skip ... ignored
[INFO] [stdout] test ignored_integration_test_can_handle_anonymous_struct_dot_skip ... ignored
[INFO] [stdout] test ignored_integration_test_can_handle_serde_rename_dot_skip ... ignored
[INFO] [stdout] test ignored_integration_test_can_handle_unit_type_dot_skip ... ignored
[INFO] [stdout] test ignored_integration_test_can_override_types_dot_skip ... ignored
[INFO] [stdout] test ignored_integration_test_excluded_by_target_os_dot_skip ... ignored
[INFO] [stdout] test ignored_integration_test_excluded_by_target_os_full_module_dot_skip ... ignored
[INFO] [stdout] test ignored_integration_test_generate_types_with_keywords_dot_skip ... ignored
[INFO] [stdout] test ignored_integration_test_generates_configured_generic_constraints_dot_skip ... ignored
[INFO] [stdout] test ignored_integration_test_generic_struct_with_constraints_and_decorators_dot_skip ... ignored
[INFO] [stdout] test ignored_integration_test_recursive_enum_decorator_dot_skip ... ignored
[INFO] [stdout] test ignored_integration_test_serde_rename_references_dot_skip ... ignored
[INFO] [stdout] test ignored_integration_test_serialize_anonymous_field_as_dot_skip ... ignored
[INFO] [stdout] test ignored_integration_test_serialize_type_alias_dot_skip ... ignored
[INFO] [stdout] test ignored_integration_test_smart_pointers_dot_skip ... ignored
[INFO] [stdout] test ignored_integration_test_struct_decorator_dot_skip ... ignored
[INFO] [stdout] test ignored_integration_test_test_algebraic_enum_case_name_support_dot_skip ... ignored
[INFO] [stdout] test ignored_integration_test_test_custom_serialize_deserialize_functions_dot_skip ... ignored
[INFO] [stdout] test ignored_integration_test_test_default_decorators_dot_skip ... ignored
[INFO] [stdout] test ignored_integration_test_test_default_generic_constraints_dot_skip ... ignored
[INFO] [stdout] test integration_test_can_handle_complex_algebraic_enum ... ok
[INFO] [stdout] test integration_test_can_generate_algebraic_enum ... ok
[INFO] [stdout] test integration_test_can_generate_const ... ok
[INFO] [stdout] test integration_test_can_generate_bare_string_enum ... ok
[INFO] [stdout] test integration_test_can_generate_slice_of_user_type ... ok
[INFO] [stdout] test integration_test_can_handle_quote_in_serde_rename ... ok
[INFO] [stdout] test integration_test_can_recognize_types_inside_modules ... ok
[INFO] [stdout] test integration_test_enum_annotations ... ok
[INFO] [stdout] test integration_test_configurable_indent_size_1 ... ok
[INFO] [stdout] test integration_test_can_generate_generic_struct ... ok
[INFO] [stdout] test integration_test_can_handle_serde_rename_on_top_level ... ok
[INFO] [stdout] test integration_test_can_generate_simple_struct_with_a_comment ... ok
[INFO] [stdout] test integration_test_can_handle_serde_rename_all ... ok
[INFO] [stdout] test integration_test_can_handle_anonymous_struct ... ok
[INFO] [stdout] test integration_test_enum_is_properly_named_with_serde_overrides ... ok
[INFO] [stdout] test integration_test_const_enum_decorator ... ok
[INFO] [stdout] test integration_test_algebraic_enum_annotations ... ok
[INFO] [stdout] test integration_test_can_generate_simple_enum ... ok
[INFO] [stdout] test integration_test_can_generate_struct_with_skipped_fields ... ok
[INFO] [stdout] test integration_test_can_generate_unit_structs ... ok
[INFO] [stdout] test integration_test_generates_empty_structs_and_initializers ... ok
[INFO] [stdout] test integration_test_generate_types ... ok
[INFO] [stdout] test integration_test_resolves_qualified_type ... ok
[INFO] [stdout] test integration_test_type_mappings ... ok
[INFO] [stdout] test integration_test_serialize_field_as ... ok
[INFO] [stdout] test integration_test_orders_types ... ok
[INFO] [stdout] test integration_test_kebab_case_rename ... ok
[INFO] [stdout] test integration_test_invalid_decorator_annotations_error ... FAILED
[INFO] [stderr] error: test failed, to rerun pass `--test integration`
[INFO] [stdout] test integration_test_can_generate_double_option_pattern ... ok
[INFO] [stdout] 
[INFO] [stdout] failures:
[INFO] [stdout] 
[INFO] [stdout] ---- integration_test_invalid_decorator_annotations_error stdout ----
[INFO] [stdout] 
[INFO] [stdout] thread 'integration_test_invalid_decorator_annotations_error' (2357) panicked at /rustc/e3feeb59cd1bdd011a2bfcc0747b55125d9b8527/library/core/src/ops/function.rs:250:5:
[INFO] [stdout] Unexpected stderr, failed diff original var
[INFO] [stdout] ├── original: TARGET None
[INFO] [stdout] │   Error: failed to generate typeshared code for language java
[INFO] [stdout] │   
[INFO] [stdout] │   Caused by:
[INFO] [stdout] │       0: error generating typeshare types
[INFO] [stdout] │       1: error writing enum Colors
[INFO] [stdout] │       2: Invalid annotation: Bool(true)
[INFO] [stdout] ├── diff: 
[INFO] [stdout] │   --- 	orig
[INFO] [stdout] │   +++ 	var
[INFO] [stdout] │   @@ -7,0 +8,15 @@
[INFO] [stdout] │   +
[INFO] [stdout] │   +Stack backtrace:
[INFO] [stdout] │   +   0: <anyhow::Error as core::convert::From<typeshare_java::error::WriteDecoratorError>>::from
[INFO] [stdout] │   +   1: <typeshare_java::language::Java as typeshare_model::language::Language>::write_enum::<alloc::vec::Vec<u8>>
[INFO] [stdout] │   +   2: typeshare_engine::writer::generate_types::<typeshare_java::language::Java>
[INFO] [stdout] │   +   3: typeshare_engine::writer::write_output::<typeshare_java::language::Java>
[INFO] [stdout] │   +   4: typeshare_engine::driver::execute_typeshare_for_language::<typeshare_java::language::Java>
[INFO] [stdout] │   +   5: typeshare_engine::driver::main_body::<typeshare_java::main::Local>
[INFO] [stdout] │   +   6: std::sys::backtrace::__rust_begin_short_backtrace::<fn() -> core::result::Result<(), anyhow::Error>, core::result::Result<(), anyhow::Error>>
[INFO] [stdout] │   +   7: std::rt::lang_start::<core::result::Result<(), anyhow::Error>>::{closure#0}
[INFO] [stdout] │   +   8: std::rt::lang_start_internal
[INFO] [stdout] │   +   9: main
[INFO] [stdout] │   +  10: <unknown>
[INFO] [stdout] │   +  11: __libc_start_main
[INFO] [stdout] │   +  12: _start
[INFO] [stdout] └── var as str: TARGET None
[INFO] [stdout]     Error: failed to generate typeshared code for language java
[INFO] [stdout]     
[INFO] [stdout]     Caused by:
[INFO] [stdout]         0: error generating typeshare types
[INFO] [stdout]         1: error writing enum Colors
[INFO] [stdout]         2: Invalid annotation: Bool(true)
[INFO] [stdout]     
[INFO] [stdout]     Stack backtrace:
[INFO] [stdout]        0: <anyhow::Error as core::convert::From<typeshare_java::error::WriteDecoratorError>>::from
[INFO] [stdout]        1: <typeshare_java::language::Java as typeshare_model::language::Language>::write_enum::<alloc::vec::Vec<u8>>
[INFO] [stdout]        2: typeshare_engine::writer::generate_types::<typeshare_java::language::Java>
[INFO] [stdout]        3: typeshare_engine::writer::write_output::<typeshare_java::language::Java>
[INFO] [stdout]        4: typeshare_engine::driver::execute_typeshare_for_language::<typeshare_java::language::Java>
[INFO] [stdout]        5: typeshare_engine::driver::main_body::<typeshare_java::main::Local>
[INFO] [stdout]        6: std::sys::backtrace::__rust_begin_short_backtrace::<fn() -> core::result::Result<(), anyhow::Error>, core::result::Result<(), anyhow::Error>>
[INFO] [stdout]        7: std::rt::lang_start::<core::result::Result<(), anyhow::Error>>::{closure#0}
[INFO] [stdout]        8: std::rt::lang_start_internal
[INFO] [stdout]        9: main
[INFO] [stdout]       10: <unknown>
[INFO] [stdout]       11: __libc_start_main
[INFO] [stdout]       12: _start
[INFO] [stdout] 
[INFO] [stdout] command=`"/opt/rustwide/target/release/typeshare-java" "--config" "tests/typeshare.toml" "--output-file" "/tmp/.tmppZWses/output.java" "/opt/rustwide/workdir/tests/fixtures/src/invalid_decorator_annotations_error"`
[INFO] [stdout] code=1
[INFO] [stdout] stdout=""
[INFO] [stdout] stderr=```
[INFO] [stdout] TARGET None
[INFO] [stdout] Error: failed to generate typeshared code for language java
[INFO] [stdout] 
[INFO] [stdout] Caused by:
[INFO] [stdout]     0: error generating typeshare types
[INFO] [stdout]     1: error writing enum Colors
[INFO] [stdout]     2: Invalid annotation: Bool(true)
[INFO] [stdout] 
[INFO] [stdout] Stack backtrace:
[INFO] [stdout]    0: <anyhow::Error as core::convert::From<typeshare_java::error::WriteDecoratorError>>::from
[INFO] [stdout]    1: <typeshare_java::language::Java as typeshare_model::language::Language>::write_enum::<alloc::vec::Vec<u8>>
[INFO] [stdout]    2: typeshare_engine::writer::generate_types::<typeshare_java::language::Java>
[INFO] [stdout]    3: typeshare_engine::writer::write_output::<typeshare_java::language::Java>
[INFO] [stdout]    4: typeshare_engine::driver::execute_typeshare_for_language::<typeshare_java::language::Java>
[INFO] [stdout]    5: typeshare_engine::driver::main_body::<typeshare_java::main::Local>
[INFO] [stdout]    6: std::sys::backtrace::__rust_begin_short_backtrace::<fn() -> core::result::Result<(), anyhow::Error>, core::result::Result<(), anyhow::Error>>
[INFO] [stdout]    7: std::rt::lang_start::<core::result::Result<(), anyhow::Error>>::{closure#0}
[INFO] [stdout]    8: std::rt::lang_start_internal
[INFO] [stdout]    9: main
[INFO] [stdout]   10: <unknown>
[INFO] [stdout]   11: __libc_start_main
[INFO] [stdout]   12: _start
[INFO] [stdout] ```
[INFO] [stdout] 
[INFO] [stdout] 
[INFO] [stdout] stack backtrace:
[INFO] [stdout]    0:     0x5c04d6a4f621 - <<std[617be2ca0a6fd877]::sys::backtrace::BacktraceLock>::print::DisplayBacktrace as core[a373ad73a504971]::fmt::Display>::fmt
[INFO] [stdout]    1:     0x5c04d6a661ca - core[a373ad73a504971]::fmt::write
[INFO] [stdout]    2:     0x5c04d6a54eac - <alloc[2e1b2a31b91974c5]::vec::Vec<u8> as core[a373ad73a504971]::io::write::Write>::write_fmt
[INFO] [stdout]    3:     0x5c04d6a29ad6 - std[617be2ca0a6fd877]::panicking::default_hook::{closure#0}
[INFO] [stdout]    4:     0x5c04d6a46fd9 - std[617be2ca0a6fd877]::panicking::default_hook
[INFO] [stdout]    5:     0x5c04d69c9970 - test[aada8e7e76ba119b]::test_main_inner::{closure#0}
[INFO] [stdout]    6:     0x5c04d6a47192 - std[617be2ca0a6fd877]::panicking::panic_with_hook
[INFO] [stdout]    7:     0x5c04d6a29b82 - std[617be2ca0a6fd877]::panicking::panic_handler::{closure#0}
[INFO] [stdout]    8:     0x5c04d6a225e9 - std[617be2ca0a6fd877]::sys::backtrace::__rust_end_short_backtrace::<std[617be2ca0a6fd877]::panicking::panic_handler::{closure#0}, !>
[INFO] [stdout]    9:     0x5c04d6a2a78d - __rustc[ea4f61d10b84890b]::rust_begin_unwind
[INFO] [stdout]   10:     0x5c04d6a6697c - core[a373ad73a504971]::panicking::panic_fmt
[INFO] [stdout]   11:     0x5c04d69b60d4 - <assert_cmd[4c3e05ed873475dc]::assert::AssertError>::panic::<assert_cmd[4c3e05ed873475dc]::assert::Assert>
[INFO] [stdout]   12:     0x5c04d69b5d65 - <assert_cmd[4c3e05ed873475dc]::assert::Assert>::stderr::<alloc[2e1b2a31b91974c5]::string::String, assert_cmd[4c3e05ed873475dc]::assert::StrContentOutputPredicate>
[INFO] [stdout]   13:     0x5c04d69b2e0b - integration[320048970039914c]::integration_test
[INFO] [stdout]   14:     0x5c04d69b4855 - <integration[320048970039914c]::integration_test_invalid_decorator_annotations_error::{closure#0} as core[a373ad73a504971]::ops::function::FnOnce<()>>::call_once
[INFO] [stdout]   15:     0x5c04d69bcdbb - test[aada8e7e76ba119b]::__rust_begin_short_backtrace::<core[a373ad73a504971]::result::Result<(), alloc[2e1b2a31b91974c5]::string::String>, fn() -> core[a373ad73a504971]::result::Result<(), alloc[2e1b2a31b91974c5]::string::String>>
[INFO] [stdout]   16:     0x5c04d69c9f95 - test[aada8e7e76ba119b]::run_test::{closure#0}
[INFO] [stdout]   17:     0x5c04d69c3884 - std[617be2ca0a6fd877]::sys::backtrace::__rust_begin_short_backtrace::<test[aada8e7e76ba119b]::run_test::{closure#1}, ()>
[INFO] [stdout]   18:     0x5c04d69cd022 - <std[617be2ca0a6fd877]::thread::lifecycle::spawn_unchecked<test[aada8e7e76ba119b]::run_test::{closure#1}, ()>::{closure#1} as core[a373ad73a504971]::ops::function::FnOnce<()>>::call_once::{shim:vtable#0}
[INFO] [stdout]   19:     0x5c04d6a4e8bf - <std[617be2ca0a6fd877]::sys::thread::unix::Thread>::new::thread_start
[INFO] [stdout]   20:     0x76144015ddfa - <unknown>
[INFO] [stdout]   21:     0x7614401f13d4 - clone
[INFO] [stdout]   22:                0x0 - <unknown>
[INFO] [stdout] 
[INFO] [stdout] 
[INFO] [stdout] failures:
[INFO] [stdout]     integration_test_invalid_decorator_annotations_error
[INFO] [stdout] 
[INFO] [stdout] test result: FAILED. 28 passed; 1 failed; 27 ignored; 0 measured; 0 filtered out; finished in 0.08s
[INFO] [stdout] 
[INFO] running `Command { std: "docker" "inspect" "db9ba8e87a1a0258f8c048a7f7a95470288ba400b36f374cf5b276096639bb1f", kill_on_drop: false }`
[INFO] running `Command { std: "docker" "rm" "-f" "db9ba8e87a1a0258f8c048a7f7a95470288ba400b36f374cf5b276096639bb1f", kill_on_drop: false }`
[INFO] [stdout] db9ba8e87a1a0258f8c048a7f7a95470288ba400b36f374cf5b276096639bb1f
