[INFO] fetching crate typesafe_builder_derive 1.6.0...
[INFO] testing typesafe_builder_derive-1.6.0 against 1.99.0-beta.8+cargoflags=--release for beta-release-1.100-2
[INFO] extracting crate typesafe_builder_derive 1.6.0 into /workspace/builds/worker-5-tc1/source
[INFO] started tweaking crates.io crate typesafe_builder_derive 1.6.0
[INFO] removed 0 missing tests
[INFO] finished tweaking crates.io crate typesafe_builder_derive 1.6.0
[INFO] tweaked toml for crates.io crate typesafe_builder_derive 1.6.0 written to /workspace/builds/worker-5-tc1/source/Cargo.toml
[INFO] validating manifest of crates.io crate typesafe_builder_derive 1.6.0 on toolchain 1.99.0-beta.8
[INFO] running `Command { std: CARGO_HOME="/workspace/cargo-home" RUSTUP_HOME="/workspace/rustup-home" "/workspace/cargo-home/bin/cargo" "+1.99.0-beta.8" "metadata" "--manifest-path" "Cargo.toml" "--no-deps", kill_on_drop: false }`
[INFO] crate crates.io crate typesafe_builder_derive 1.6.0 already has a lockfile, it will not be regenerated
[INFO] running `Command { std: CARGO_HOME="/workspace/cargo-home" RUSTUP_HOME="/workspace/rustup-home" "/workspace/cargo-home/bin/cargo" "+1.99.0-beta.8" "fetch" "--manifest-path" "Cargo.toml", kill_on_drop: false }`
[INFO] [stderr]     Updating crates.io index
[INFO] [stderr]  Downloading crates ...
[INFO] [stderr]   Downloaded trybuild v1.0.110
[INFO] [stderr]   Downloaded toml v0.9.5
[INFO] [stderr]   Downloaded toml_writer v1.0.2
[INFO] [stderr]   Downloaded winapi-util v0.1.9
[INFO] [stderr]   Downloaded quote v1.0.40
[INFO] [stderr]   Downloaded serde_spanned v1.0.0
[INFO] [stderr]   Downloaded toml_parser v1.0.2
[INFO] [stderr]   Downloaded target-triple v0.1.4
[INFO] [stderr]   Downloaded darling_macro v0.21.1
[INFO] [stderr]   Downloaded toml_datetime v0.7.0
[INFO] [stderr]   Downloaded serde_derive v1.0.219
[INFO] [stderr]   Downloaded termcolor v1.4.1
[INFO] [stderr]   Downloaded darling v0.21.1
[INFO] [stderr]   Downloaded unicode-ident v1.0.18
[INFO] [stderr]   Downloaded darling_core v0.21.1
[INFO] [stderr]   Downloaded proc-macro2 v1.0.95
[INFO] [stderr]   Downloaded serde v1.0.219
[INFO] [stderr]   Downloaded indexmap v2.9.0
[INFO] [stderr]   Downloaded winnow v0.7.10
[INFO] [stderr]   Downloaded hashbrown v0.15.3
[INFO] [stderr]   Downloaded serde_json v1.0.140
[INFO] [stderr]   Downloaded syn v2.0.104
[INFO] running `Command { std: "docker" "create" "-v" "/var/lib/crater-agent-workspace/builds/worker-5-tc1/source:/opt/rustwide/workdir:ro,Z" "-v" "/var/lib/crater-agent-workspace/builds/worker-5-tc1/target:/opt/rustwide/target:rw,Z" "-v" "/var/lib/crater-agent-workspace/cargo-home:/opt/rustwide/cargo-home:ro,Z" "-v" "/var/lib/crater-agent-workspace/rustup-home:/opt/rustwide/rustup-home:ro,Z" "-m" "1610612736" "--network" "none" "ghcr.io/rust-lang/crates-build-env/linux@sha256:77db811e55d90add9212f6832c23229e3de5f1c1f9905e8cb07319ea15df73ac" "sleep" "infinity", kill_on_drop: false }`
[INFO] [stdout] eadf2d3f7d9a94d4ce27d15b0e81b3e5a884b93dced655d369803f135874d17b
[INFO] running `Command { std: "docker" "start" "eadf2d3f7d9a94d4ce27d15b0e81b3e5a884b93dced655d369803f135874d17b", kill_on_drop: false }`
[INFO] running `Command { std: "docker" "inspect" "eadf2d3f7d9a94d4ce27d15b0e81b3e5a884b93dced655d369803f135874d17b", kill_on_drop: false }`
[INFO] running `Command { std: "docker" "exec" "-e" "SOURCE_DIR=/opt/rustwide/workdir" "-e" "CARGO_HOME=/opt/rustwide/cargo-home" "-e" "RUSTUP_HOME=/opt/rustwide/rustup-home" "-e" "CARGO_TARGET_DIR=/opt/rustwide/target" "-w" "/opt/rustwide/workdir" "--user" "0:0" "eadf2d3f7d9a94d4ce27d15b0e81b3e5a884b93dced655d369803f135874d17b" "/opt/rustwide/cargo-home/bin/cargo" "+1.99.0-beta.8" "metadata" "--no-deps" "--format-version=1", kill_on_drop: false }`
[INFO] running `Command { std: "docker" "inspect" "eadf2d3f7d9a94d4ce27d15b0e81b3e5a884b93dced655d369803f135874d17b", kill_on_drop: false }`
[INFO] running `Command { std: "docker" "exec" "-e" "SOURCE_DIR=/opt/rustwide/workdir" "-e" "CARGO_HOME=/opt/rustwide/cargo-home" "-e" "RUSTUP_HOME=/opt/rustwide/rustup-home" "-e" "CARGO_TARGET_DIR=/opt/rustwide/target" "-e" "CARGO_INCREMENTAL=0" "-e" "RUST_BACKTRACE=full" "-e" "RUSTFLAGS=--cap-lints=warn" "-e" "RUSTDOCFLAGS=--cap-lints=warn" "-w" "/opt/rustwide/workdir" "--user" "0:0" "eadf2d3f7d9a94d4ce27d15b0e81b3e5a884b93dced655d369803f135874d17b" "/opt/rustwide/cargo-home/bin/cargo" "+1.99.0-beta.8" "build" "--frozen" "--message-format=json" "--release", kill_on_drop: false }`
[INFO] [stderr]    Compiling proc-macro2 v1.0.95
[INFO] [stderr]    Compiling unicode-ident v1.0.18
[INFO] [stderr]    Compiling ident_case v1.0.1
[INFO] [stderr]    Compiling fnv v1.0.7
[INFO] [stderr]    Compiling strsim v0.11.1
[INFO] [stderr]    Compiling quote v1.0.40
[INFO] [stderr]    Compiling syn v2.0.104
[INFO] [stderr]    Compiling darling_core v0.21.1
[INFO] [stderr]    Compiling darling_macro v0.21.1
[INFO] [stderr]    Compiling darling v0.21.1
[INFO] [stderr]    Compiling typesafe_builder_derive v1.6.0 (/opt/rustwide/workdir)
[INFO] [stderr]     Finished `release` profile [optimized] target(s) in 14.96s
[INFO] running `Command { std: "docker" "inspect" "eadf2d3f7d9a94d4ce27d15b0e81b3e5a884b93dced655d369803f135874d17b", kill_on_drop: false }`
[INFO] running `Command { std: "docker" "exec" "-e" "SOURCE_DIR=/opt/rustwide/workdir" "-e" "CARGO_HOME=/opt/rustwide/cargo-home" "-e" "RUSTUP_HOME=/opt/rustwide/rustup-home" "-e" "CARGO_TARGET_DIR=/opt/rustwide/target" "-e" "CARGO_INCREMENTAL=0" "-e" "RUST_BACKTRACE=full" "-e" "RUSTFLAGS=--cap-lints=warn" "-e" "RUSTDOCFLAGS=--cap-lints=warn" "-w" "/opt/rustwide/workdir" "--user" "0:0" "eadf2d3f7d9a94d4ce27d15b0e81b3e5a884b93dced655d369803f135874d17b" "/opt/rustwide/cargo-home/bin/cargo" "+1.99.0-beta.8" "test" "--frozen" "--no-run" "--message-format=json" "--release", kill_on_drop: false }`
[INFO] [stderr]    Compiling serde v1.0.219
[INFO] [stderr]    Compiling serde_json v1.0.140
[INFO] [stderr]    Compiling target-triple v0.1.4
[INFO] [stderr]    Compiling proc-macro2 v1.0.95
[INFO] [stderr]    Compiling unicode-ident v1.0.18
[INFO] [stderr]    Compiling winnow v0.7.10
[INFO] [stderr]    Compiling serde_derive v1.0.219
[INFO] [stderr]    Compiling strsim v0.11.1
[INFO] [stderr]    Compiling ryu v1.0.20
[INFO] [stderr]    Compiling memchr v2.7.4
[INFO] [stderr]    Compiling quote v1.0.40
[INFO] [stderr]    Compiling itoa v1.0.15
[INFO] [stderr]    Compiling syn v2.0.104
[INFO] [stderr]    Compiling toml_parser v1.0.2
[INFO] [stderr]    Compiling ident_case v1.0.1
[INFO] [stderr]    Compiling fnv v1.0.7
[INFO] [stderr]    Compiling toml_writer v1.0.2
[INFO] [stderr]    Compiling typesafe_builder_derive v1.6.0 (/opt/rustwide/workdir)
[INFO] [stderr]    Compiling termcolor v1.4.1
[INFO] [stderr]    Compiling glob v0.3.2
[INFO] [stderr]    Compiling toml_datetime v0.7.0
[INFO] [stderr]    Compiling serde_spanned v1.0.0
[INFO] [stderr]    Compiling toml v0.9.5
[INFO] [stderr]    Compiling trybuild v1.0.110
[INFO] [stderr]    Compiling darling_core v0.21.1
[INFO] [stderr]    Compiling darling v0.21.1
[INFO] [stderr]     Finished `release` profile [optimized] target(s) in 1m 48s
[INFO] running `Command { std: "docker" "inspect" "eadf2d3f7d9a94d4ce27d15b0e81b3e5a884b93dced655d369803f135874d17b", kill_on_drop: false }`
[INFO] running `Command { std: "docker" "exec" "-e" "SOURCE_DIR=/opt/rustwide/workdir" "-e" "CARGO_HOME=/opt/rustwide/cargo-home" "-e" "RUSTUP_HOME=/opt/rustwide/rustup-home" "-e" "CARGO_TARGET_DIR=/opt/rustwide/target" "-e" "CARGO_INCREMENTAL=0" "-e" "RUST_BACKTRACE=full" "-e" "RUSTFLAGS=--cap-lints=warn" "-e" "RUSTDOCFLAGS=--cap-lints=warn" "-w" "/opt/rustwide/workdir" "--user" "0:0" "eadf2d3f7d9a94d4ce27d15b0e81b3e5a884b93dced655d369803f135874d17b" "/opt/rustwide/cargo-home/bin/cargo" "+1.99.0-beta.8" "test" "--frozen" "--release", kill_on_drop: false }`
[INFO] [stderr]     Finished `release` profile [optimized] target(s) in 0.06s
[INFO] [stderr]      Running unittests src/lib.rs (/opt/rustwide/target/release/deps/typesafe_builder_derive-f8e9b43e8dc9c036)
[INFO] [stdout] 
[INFO] [stdout] running 0 tests
[INFO] [stdout] 
[INFO] [stdout] test result: ok. 0 passed; 0 failed; 0 ignored; 0 measured; 0 filtered out; finished in 0.00s
[INFO] [stdout] 
[INFO] [stdout] 
[INFO] [stdout] running 17 tests
[INFO] [stdout] test complex_default_values ... ok
[INFO] [stdout] test conditional_behavior_verification ... ok
[INFO] [stdout] test bare_default_with_custom_types ... ok
[INFO] [stdout] test bare_default_success ... ok
[INFO] [stdout] test custom_builder_name_success ... ok
[INFO] [stdout] test default_value_success ... ok
[INFO] [stdout] test generic_struct_success ... ok
[INFO] [stderr]      Running tests/derive_builder.rs (/opt/rustwide/target/release/deps/derive_builder-9380cb11e3473d98)
[INFO] [stdout] test optional_field_success ... ok
[INFO] [stdout] test mixed_default_and_expression_default ... ok
[INFO] [stdout] test optional_if_behavior_verification ... ok
[INFO] [stdout] test optional_if_success ... ok
[INFO] [stdout] test generic_struct_where_clause_success ... ok
[INFO] [stdout] test required_field_success ... ok
[INFO] [stdout] test into_value_success ... ok
[INFO] [stdout] test required_if_success ... ok
[INFO] [stdout] test lifetime_and_generic_struct_success ... ok
[INFO] [stdout] test lifetime_struct_success ... ok
[INFO] [stdout] 
[INFO] [stdout] test result: ok. 17 passed; 0 failed; 0 ignored; 0 measured; 0 filtered out; finished in 0.00s
[INFO] [stdout] 
[INFO] [stderr]      Running tests/ui.rs (/opt/rustwide/target/release/deps/ui-efd38dc72ea4f9e0)
[INFO] [stdout] 
[INFO] [stdout] running 1 test
[INFO] [stderr]    Compiling proc-macro2 v1.0.95
[INFO] [stderr]    Compiling unicode-ident v1.0.18
[INFO] [stderr]    Compiling strsim v0.11.1
[INFO] [stderr]    Compiling ident_case v1.0.1
[INFO] [stderr]    Compiling fnv v1.0.7
[INFO] [stderr]     Checking quote v1.0.40
[INFO] [stderr]     Checking syn v2.0.104
[INFO] [stderr]     Checking darling_core v0.21.1
[INFO] [stderr]    Compiling darling_macro v0.21.1
[INFO] [stderr]    Compiling darling v0.21.1
[INFO] [stderr]    Compiling typesafe_builder_derive v1.6.0 (/opt/rustwide/workdir)
[INFO] [stderr]     Checking typesafe_builder_derive-tests v0.0.0 (/opt/rustwide/target/tests/trybuild/typesafe_builder_derive)
[INFO] [stderr]     Finished `dev` profile [unoptimized + debuginfo] target(s) in 20.44s
[INFO] [stderr] 
[INFO] [stderr] 
[INFO] [stderr] test tests/ui/1.rs ... mismatch
[INFO] [stderr] 
[INFO] [stderr] EXPECTED:
[INFO] [stderr] ┈┈┈┈┈┈┈┈┈┈┈┈┈┈┈┈┈┈┈┈┈┈┈┈┈┈┈┈┈┈┈┈┈┈┈┈┈┈┈┈┈┈┈┈┈┈┈┈┈┈┈┈┈┈┈┈┈┈┈┈
[INFO] [stderr] error[E0599]: no method named `build` found for struct `UserBuilder<_TypesafeBuilderEmpty>` in the current scope
[INFO] [stdout] test ui ... FAILED
[INFO] [stderr]   --> tests/ui/1.rs:13:35
[INFO] [stdout] 
[INFO] [stderr]    |
[INFO] [stdout] failures:
[INFO] [stderr] 7  |     #[derive(Builder)]
[INFO] [stdout] 
[INFO] [stderr]    |              ------- method `build` not found for this struct
[INFO] [stdout] ---- ui stdout ----
[INFO] [stderr] ...
[INFO] [stdout] 
[INFO] [stderr] 13 |     let user = UserBuilder::new().build(); // compile error
[INFO] [stdout] thread 'ui' (1010) panicked at /opt/rustwide/cargo-home/registry/src/index.crates.io-1949cf8c6b5b557f/trybuild-1.0.110/src/run.rs:102:13:
[INFO] [stderr]    |                                   ^^^^^ method not found in `UserBuilder<_TypesafeBuilderEmpty>`
[INFO] [stdout] 7 of 13 tests failed
[INFO] [stderr]    |
[INFO] [stdout] stack backtrace:
[INFO] [stderr]    = note: the method was found for
[INFO] [stdout]    0:     0x57fa878d3ac1 - <<std[70759c8f55707aa4]::sys::backtrace::BacktraceLock>::print::DisplayBacktrace as core[df12db4294e9bfd3]::fmt::Display>::fmt
[INFO] [stderr]            - `UserBuilder<_TypesafeBuilderFilled>`
[INFO] [stdout]    1:     0x57fa878ea1fa - core[df12db4294e9bfd3]::fmt::write
[INFO] [stderr] ┈┈┈┈┈┈┈┈┈┈┈┈┈┈┈┈┈┈┈┈┈┈┈┈┈┈┈┈┈┈┈┈┈┈┈┈┈┈┈┈┈┈┈┈┈┈┈┈┈┈┈┈┈┈┈┈┈┈┈┈
[INFO] [stdout]    2:     0x57fa878d863c - <alloc[2182bb758b4b3781]::vec::Vec<u8> as core[df12db4294e9bfd3]::io::write::Write>::write_fmt
[INFO] [stderr] 
[INFO] [stdout]    3:     0x57fa878acfa6 - std[70759c8f55707aa4]::panicking::default_hook::{closure#0}
[INFO] [stderr] ACTUAL OUTPUT:
[INFO] [stdout]    4:     0x57fa878cb139 - std[70759c8f55707aa4]::panicking::default_hook
[INFO] [stderr] ┈┈┈┈┈┈┈┈┈┈┈┈┈┈┈┈┈┈┈┈┈┈┈┈┈┈┈┈┈┈┈┈┈┈┈┈┈┈┈┈┈┈┈┈┈┈┈┈┈┈┈┈┈┈┈┈┈┈┈┈
[INFO] [stdout]    5:     0x57fa877bb8f0 - test[9d35eded1c95d3be]::test_main_inner::<test[9d35eded1c95d3be]::test_main_static::{closure#0}>::{closure#0}
[INFO] [stderr] error[E0599]: no method named `build` found for struct `UserBuilder<_TypesafeBuilderEmpty>` in the current scope
[INFO] [stdout]    6:     0x57fa878cb2f2 - std[70759c8f55707aa4]::panicking::panic_with_hook
[INFO] [stderr]   --> tests/ui/1.rs:13:35
[INFO] [stdout]    7:     0x57fa878ad052 - std[70759c8f55707aa4]::panicking::panic_handler::{closure#0}
[INFO] [stderr]    |
[INFO] [stdout]    8:     0x57fa878a58e9 - std[70759c8f55707aa4]::sys::backtrace::__rust_end_short_backtrace::<std[70759c8f55707aa4]::panicking::panic_handler::{closure#0}, !>
[INFO] [stderr]  7 |     #[derive(Builder)]
[INFO] [stdout]    9:     0x57fa878adc4d - __rustc[8fa7c3cbc660c2b3]::rust_begin_unwind
[INFO] [stderr]    |              ------- method `build` not found for this struct
[INFO] [stdout]   10:     0x57fa878ea96c - core[df12db4294e9bfd3]::panicking::panic_fmt
[INFO] [stderr] ...
[INFO] [stdout]   11:     0x57fa877f4d9b - <trybuild[84615fd206371daf]::Runner>::run
[INFO] [stderr] 13 |     let user = UserBuilder::new().build(); // compile error
[INFO] [stdout]   12:     0x57fa877f7f60 - <trybuild[84615fd206371daf]::TestCases as core[df12db4294e9bfd3]::ops::drop::Drop>::drop
[INFO] [stderr]    |                                   ^^^^^ method not found in `UserBuilder<_TypesafeBuilderEmpty>`
[INFO] [stdout]   13:     0x57fa877ae968 - ui[4f3e9eacf06e8fe4]::ui
[INFO] [stderr]    |
[INFO] [stdout]   14:     0x57fa877aeb69 - <ui[4f3e9eacf06e8fe4]::ui::{closure#0} as core[df12db4294e9bfd3]::ops::function::FnOnce<()>>::call_once
[INFO] [stderr]    = note: the method was found for `UserBuilder<_TypesafeBuilderFilled>`
[INFO] [stdout]   15:     0x57fa877aebdb - test[9d35eded1c95d3be]::__rust_begin_short_backtrace::<core[df12db4294e9bfd3]::result::Result<(), alloc[2182bb758b4b3781]::string::String>, fn() -> core[df12db4294e9bfd3]::result::Result<(), alloc[2182bb758b4b3781]::string::String>>
[INFO] [stderr] ┈┈┈┈┈┈┈┈┈┈┈┈┈┈┈┈┈┈┈┈┈┈┈┈┈┈┈┈┈┈┈┈┈┈┈┈┈┈┈┈┈┈┈┈┈┈┈┈┈┈┈┈┈┈┈┈┈┈┈┈
[INFO] [stdout]   16:     0x57fa877bc245 - test[9d35eded1c95d3be]::run_test::{closure#0}
[INFO] [stderr] note: If the actual output is the correct output you can bless it by rerunning
[INFO] [stdout]   17:     0x57fa877b5b04 - std[70759c8f55707aa4]::sys::backtrace::__rust_begin_short_backtrace::<test[9d35eded1c95d3be]::run_test::{closure#1}, ()>
[INFO] [stderr]       your test with the environment variable TRYBUILD=overwrite
[INFO] [stdout]   18:     0x57fa877bf3a2 - <std[70759c8f55707aa4]::thread::lifecycle::spawn_unchecked<test[9d35eded1c95d3be]::run_test::{closure#1}, ()>::{closure#1} as core[df12db4294e9bfd3]::ops::function::FnOnce<()>>::call_once::{shim:vtable#0}
[INFO] [stderr] 
[INFO] [stdout]   19:     0x57fa878d2d79 - <std[70759c8f55707aa4]::sys::thread::unix::Thread>::new::thread_start
[INFO] [stderr] test tests/ui/10.rs ... ok
[INFO] [stdout]   20:     0x7efd9d8e1dfa - <unknown>
[INFO] [stderr] test tests/ui/11.rs ... ok
[INFO] [stdout]   21:     0x7efd9d9753d4 - clone
[INFO] [stderr] test tests/ui/12.rs ... ok
[INFO] [stdout]   22:                0x0 - <unknown>
[INFO] [stderr] test tests/ui/13.rs ... ok
[INFO] [stdout] 
[INFO] [stderr] test tests/ui/2.rs ... mismatch
[INFO] [stdout] 
[INFO] [stderr] 
[INFO] [stdout] failures:
[INFO] [stderr] EXPECTED:
[INFO] [stdout]     ui
[INFO] [stderr] ┈┈┈┈┈┈┈┈┈┈┈┈┈┈┈┈┈┈┈┈┈┈┈┈┈┈┈┈┈┈┈┈┈┈┈┈┈┈┈┈┈┈┈┈┈┈┈┈┈┈┈┈┈┈┈┈┈┈┈┈
[INFO] [stdout] 
[INFO] [stderr] error[E0599]: no method named `build` found for struct `UserBuilder<_TypesafeBuilderFilled, _TypesafeBuilderEmpty>` in the current scope
[INFO] [stderr]   --> tests/ui/2.rs:18:10
[INFO] [stderr]    |
[INFO] [stderr] 7  |       #[derive(Builder)]
[INFO] [stderr]    |                ------- method `build` not found for this struct
[INFO] [stderr] ...
[INFO] [stderr] 16 |       let user = UserBuilder::new()
[INFO] [stderr]    |  ________________-
[INFO] [stderr] 17 | |         .with_name("Alice".to_string())
[INFO] [stderr] 18 | |         .build();
[INFO] [stderr]    | |         -^^^^^ method not found in `UserBuilder<_TypesafeBuilderFilled, _TypesafeBuilderEmpty>`
[INFO] [stderr]    | |_________|
[INFO] [stderr]    |
[INFO] [stderr]    |
[INFO] [stderr]    = note: the method was found for
[INFO] [stderr]            - `UserBuilder<_TypesafeBuilderEmpty, _TypesafeBuilderEmpty>`
[INFO] [stderr]            - `UserBuilder<_TypesafeBuilderEmpty, _TypesafeBuilderFilled>`
[INFO] [stderr]            - `UserBuilder<_TypesafeBuilderFilled, _TypesafeBuilderFilled>`
[INFO] [stderr] ┈┈┈┈┈┈┈┈┈┈┈┈┈┈┈┈┈┈┈┈┈┈┈┈┈┈┈┈┈┈┈┈┈┈┈┈┈┈┈┈┈┈┈┈┈┈┈┈┈┈┈┈┈┈┈┈┈┈┈┈
[INFO] [stderr] 
[INFO] [stderr] ACTUAL OUTPUT:
[INFO] [stderr] ┈┈┈┈┈┈┈┈┈┈┈┈┈┈┈┈┈┈┈┈┈┈┈┈┈┈┈┈┈┈┈┈┈┈┈┈┈┈┈┈┈┈┈┈┈┈┈┈┈┈┈┈┈┈┈┈┈┈┈┈
[INFO] [stderr] error[E0599]: no method named `build` found for struct `UserBuilder<_TypesafeBuilderFilled, _TypesafeBuilderEmpty>` in the current scope
[INFO] [stderr]   --> tests/ui/2.rs:18:10
[INFO] [stderr]    |
[INFO] [stderr]  7 |       #[derive(Builder)]
[INFO] [stderr]    |                ------- method `build` not found for this struct
[INFO] [stderr] ...
[INFO] [stderr] 16 |       let user = UserBuilder::new()
[INFO] [stderr]    |  ________________-
[INFO] [stderr] 17 | |         .with_name("Alice".to_string())
[INFO] [stderr] 18 | |         .build();
[INFO] [stderr]    | |         -^^^^^ method not found in `UserBuilder<_TypesafeBuilderFilled, _TypesafeBuilderEmpty>`
[INFO] [stderr]    | |_________|
[INFO] [stderr]    |
[INFO] [stderr]    |
[INFO] [stderr]    = note: the method was found for
[INFO] [stderr]            - `UserBuilder<_TypesafeBuilderEmpty, _TypesafeBuilderEmpty>`
[INFO] [stderr]            - `UserBuilder<_TypesafeBuilderEmpty, _TypesafeBuilderFilled>`
[INFO] [stderr]            - `UserBuilder<_TypesafeBuilderFilled, _TypesafeBuilderFilled>`
[INFO] [stderr] ┈┈┈┈┈┈┈┈┈┈┈┈┈┈┈┈┈┈┈┈┈┈┈┈┈┈┈┈┈┈┈┈┈┈┈┈┈┈┈┈┈┈┈┈┈┈┈┈┈┈┈┈┈┈┈┈┈┈┈┈
[INFO] [stderr] note: If the actual output is the correct output you can bless it by rerunning
[INFO] [stderr]       your test with the environment variable TRYBUILD=overwrite
[INFO] [stderr] 
[INFO] [stderr] test tests/ui/3.rs ... mismatch
[INFO] [stderr] 
[INFO] [stderr] EXPECTED:
[INFO] [stderr] ┈┈┈┈┈┈┈┈┈┈┈┈┈┈┈┈┈┈┈┈┈┈┈┈┈┈┈┈┈┈┈┈┈┈┈┈┈┈┈┈┈┈┈┈┈┈┈┈┈┈┈┈┈┈┈┈┈┈┈┈
[INFO] [stderr] error[E0599]: no method named `build` found for struct `UserBuilder<_TypesafeBuilderEmpty, _TypesafeBuilderEmpty>` in the current scope
[INFO] [stderr]   --> tests/ui/3.rs:16:35
[INFO] [stderr]    |
[INFO] [stderr] 7  |     #[derive(Builder)]
[INFO] [stderr]    |              ------- method `build` not found for this struct
[INFO] [stderr] ...
[INFO] [stderr] 16 |     let user = UserBuilder::new().build();
[INFO] [stderr]    |                                   ^^^^^ method not found in `UserBuilder<_TypesafeBuilderEmpty, _TypesafeBuilderEmpty>`
[INFO] [stderr]    |
[INFO] [stderr]    = note: the method was found for
[INFO] [stderr]            - `UserBuilder<_TypesafeBuilderEmpty, _TypesafeBuilderFilled>`
[INFO] [stderr]            - `UserBuilder<_TypesafeBuilderFilled, _TypesafeBuilderEmpty>`
[INFO] [stderr]            - `UserBuilder<_TypesafeBuilderFilled, _TypesafeBuilderFilled>`
[INFO] [stderr] ┈┈┈┈┈┈┈┈┈┈┈┈┈┈┈┈┈┈┈┈┈┈┈┈┈┈┈┈┈┈┈┈┈┈┈┈┈┈┈┈┈┈┈┈┈┈┈┈┈┈┈┈┈┈┈┈┈┈┈┈
[INFO] [stderr] 
[INFO] [stderr] ACTUAL OUTPUT:
[INFO] [stderr] ┈┈┈┈┈┈┈┈┈┈┈┈┈┈┈┈┈┈┈┈┈┈┈┈┈┈┈┈┈┈┈┈┈┈┈┈┈┈┈┈┈┈┈┈┈┈┈┈┈┈┈┈┈┈┈┈┈┈┈┈
[INFO] [stderr] error[E0599]: no method named `build` found for struct `UserBuilder<_TypesafeBuilderEmpty, _TypesafeBuilderEmpty>` in the current scope
[INFO] [stderr]   --> tests/ui/3.rs:16:35
[INFO] [stderr]    |
[INFO] [stderr]  7 |     #[derive(Builder)]
[INFO] [stderr]    |              ------- method `build` not found for this struct
[INFO] [stderr] ...
[INFO] [stderr] 16 |     let user = UserBuilder::new().build();
[INFO] [stderr]    |                                   ^^^^^ method not found in `UserBuilder<_TypesafeBuilderEmpty, _TypesafeBuilderEmpty>`
[INFO] [stderr]    |
[INFO] [stderr]    = note: the method was found for
[INFO] [stderr]            - `UserBuilder<_TypesafeBuilderEmpty, _TypesafeBuilderFilled>`
[INFO] [stderr]            - `UserBuilder<_TypesafeBuilderFilled, _TypesafeBuilderEmpty>`
[INFO] [stderr]            - `UserBuilder<_TypesafeBuilderFilled, _TypesafeBuilderFilled>`
[INFO] [stderr] ┈┈┈┈┈┈┈┈┈┈┈┈┈┈┈┈┈┈┈┈┈┈┈┈┈┈┈┈┈┈┈┈┈┈┈┈┈┈┈┈┈┈┈┈┈┈┈┈┈┈┈┈┈┈┈┈┈┈┈┈
[INFO] [stderr] note: If the actual output is the correct output you can bless it by rerunning
[INFO] [stderr]       your test with the environment variable TRYBUILD=overwrite
[INFO] [stderr] 
[INFO] [stderr] test tests/ui/4.rs ... mismatch
[INFO] [stderr] 
[INFO] [stderr] EXPECTED:
[INFO] [stderr] ┈┈┈┈┈┈┈┈┈┈┈┈┈┈┈┈┈┈┈┈┈┈┈┈┈┈┈┈┈┈┈┈┈┈┈┈┈┈┈┈┈┈┈┈┈┈┈┈┈┈┈┈┈┈┈┈┈┈┈┈
[INFO] [stderr] error[E0599]: no method named `build` found for struct `UserBuilder<_TypesafeBuilderFilled, _TypesafeBuilderFilled, _TypesafeBuilderEmpty>` in the current scope
[INFO] [stderr]   --> tests/ui/4.rs:21:10
[INFO] [stderr]    |
[INFO] [stderr] 7  |       #[derive(Builder)]
[INFO] [stderr]    |                ------- method `build` not found for this struct
[INFO] [stderr] ...
[INFO] [stderr] 18 |       let user = UserBuilder::new()
[INFO] [stderr]    |  ________________-
[INFO] [stderr] 19 | |         .with_name("Alice".to_string())
[INFO] [stderr] 20 | |         .with_age(20)
[INFO] [stderr] 21 | |         .build();
[INFO] [stderr]    | |         -^^^^^ method not found in `UserBuilder<_TypesafeBuilderFilled, _TypesafeBuilderFilled, _TypesafeBuilderEmpty>`
[INFO] [stderr]    | |_________|
[INFO] [stderr]    |
[INFO] [stderr]    |
[INFO] [stderr]    = note: the method was found for
[INFO] [stderr]            - `UserBuilder<_TypesafeBuilderEmpty, _TypesafeBuilderEmpty, _TypesafeBuilderEmpty>`
[INFO] [stderr]            - `UserBuilder<_TypesafeBuilderEmpty, _TypesafeBuilderEmpty, _TypesafeBuilderFilled>`
[INFO] [stderr]            - `UserBuilder<_TypesafeBuilderEmpty, _TypesafeBuilderFilled, _TypesafeBuilderEmpty>`
[INFO] [stderr]            - `UserBuilder<_TypesafeBuilderEmpty, _TypesafeBuilderFilled, _TypesafeBuilderFilled>`
[INFO] [stderr]            and 3 more types
[INFO] [stderr] ┈┈┈┈┈┈┈┈┈┈┈┈┈┈┈┈┈┈┈┈┈┈┈┈┈┈┈┈┈┈┈┈┈┈┈┈┈┈┈┈┈┈┈┈┈┈┈┈┈┈┈┈┈┈┈┈┈┈┈┈
[INFO] [stderr] 
[INFO] [stderr] ACTUAL OUTPUT:
[INFO] [stderr] ┈┈┈┈┈┈┈┈┈┈┈┈┈┈┈┈┈┈┈┈┈┈┈┈┈┈┈┈┈┈┈┈┈┈┈┈┈┈┈┈┈┈┈┈┈┈┈┈┈┈┈┈┈┈┈┈┈┈┈┈
[INFO] [stderr] error[E0599]: no method named `build` found for struct `UserBuilder<_TypesafeBuilderFilled, _TypesafeBuilderFilled, _TypesafeBuilderEmpty>` in the current scope
[INFO] [stderr]   --> tests/ui/4.rs:21:10
[INFO] [stderr]    |
[INFO] [stderr]  7 |       #[derive(Builder)]
[INFO] [stderr]    |                ------- method `build` not found for this struct
[INFO] [stderr] ...
[INFO] [stderr] 18 |       let user = UserBuilder::new()
[INFO] [stderr]    |  ________________-
[INFO] [stderr] 19 | |         .with_name("Alice".to_string())
[INFO] [stderr] 20 | |         .with_age(20)
[INFO] [stderr] 21 | |         .build();
[INFO] [stderr]    | |         -^^^^^ method not found in `UserBuilder<_TypesafeBuilderFilled, _TypesafeBuilderFilled, _TypesafeBuilderEmpty>`
[INFO] [stderr]    | |_________|
[INFO] [stderr]    |
[INFO] [stderr]    |
[INFO] [stderr]    = note: the method was found for
[INFO] [stderr]            - `UserBuilder<_TypesafeBuilderEmpty, _TypesafeBuilderEmpty, _TypesafeBuilderEmpty>`
[INFO] [stderr]            - `UserBuilder<_TypesafeBuilderEmpty, _TypesafeBuilderEmpty, _TypesafeBuilderFilled>`
[INFO] [stderr]            - `UserBuilder<_TypesafeBuilderEmpty, _TypesafeBuilderFilled, _TypesafeBuilderEmpty>`
[INFO] [stderr]            - `UserBuilder<_TypesafeBuilderEmpty, _TypesafeBuilderFilled, _TypesafeBuilderFilled>`
[INFO] [stderr]            and 3 more types
[INFO] [stderr] ┈┈┈┈┈┈┈┈┈┈┈┈┈┈┈┈┈┈┈┈┈┈┈┈┈┈┈┈┈┈┈┈┈┈┈┈┈┈┈┈┈┈┈┈┈┈┈┈┈┈┈┈┈┈┈┈┈┈┈┈
[INFO] [stderr] note: If the actual output is the correct output you can bless it by rerunning
[INFO] [stderr]       your test with the environment variable TRYBUILD=overwrite
[INFO] [stderr] 
[INFO] [stderr] test tests/ui/5.rs ... mismatch
[INFO] [stderr] 
[INFO] [stderr] EXPECTED:
[INFO] [stderr] ┈┈┈┈┈┈┈┈┈┈┈┈┈┈┈┈┈┈┈┈┈┈┈┈┈┈┈┈┈┈┈┈┈┈┈┈┈┈┈┈┈┈┈┈┈┈┈┈┈┈┈┈┈┈┈┈┈┈┈┈
[INFO] [stderr] error[E0599]: no method named `build` found for struct `UserBuilder<_TypesafeBuilderFilled, _TypesafeBuilderFilled, _TypesafeBuilderEmpty>` in the current scope
[INFO] [stderr]   --> tests/ui/5.rs:21:10
[INFO] [stderr]    |
[INFO] [stderr] 7  |       #[derive(Builder)]
[INFO] [stderr]    |                ------- method `build` not found for this struct
[INFO] [stderr] ...
[INFO] [stderr] 18 |       let user = UserBuilder::new()
[INFO] [stderr]    |  ________________-
[INFO] [stderr] 19 | |         .with_name("Alice".to_string())
[INFO] [stderr] 20 | |         .with_age(20)
[INFO] [stderr] 21 | |         .build();
[INFO] [stderr]    | |         -^^^^^ method not found in `UserBuilder<_TypesafeBuilderFilled, _TypesafeBuilderFilled, _TypesafeBuilderEmpty>`
[INFO] [stderr]    | |_________|
[INFO] [stderr]    |
[INFO] [stderr]    |
[INFO] [stderr]    = note: the method was found for
[INFO] [stderr]            - `UserBuilder<_TypesafeBuilderEmpty, _TypesafeBuilderEmpty, _TypesafeBuilderFilled>`
[INFO] [stderr]            - `UserBuilder<_TypesafeBuilderEmpty, _TypesafeBuilderFilled, _TypesafeBuilderFilled>`
[INFO] [stderr]            - `UserBuilder<_TypesafeBuilderFilled, _TypesafeBuilderEmpty, _TypesafeBuilderEmpty>`
[INFO] [stderr]            - `UserBuilder<_TypesafeBuilderFilled, _TypesafeBuilderEmpty, _TypesafeBuilderFilled>`
[INFO] [stderr]            - `UserBuilder<_TypesafeBuilderFilled, _TypesafeBuilderFilled, _TypesafeBuilderFilled>`
[INFO] [stderr] 
[INFO] [stderr] error[E0599]: no method named `build` found for struct `UserBuilder<_TypesafeBuilderEmpty, _TypesafeBuilderEmpty, _TypesafeBuilderEmpty>` in the current scope
[INFO] [stderr]   --> tests/ui/5.rs:24:35
[INFO] [stderr]    |
[INFO] [stderr] 7  |     #[derive(Builder)]
[INFO] [stderr]    |              ------- method `build` not found for this struct
[INFO] [stderr] ...
[INFO] [stderr] 24 |     let user = UserBuilder::new().build();
[INFO] [stderr]    |                                   ^^^^^ method not found in `UserBuilder<_TypesafeBuilderEmpty, _TypesafeBuilderEmpty, _TypesafeBuilderEmpty>`
[INFO] [stderr]    |
[INFO] [stderr]    = note: the method was found for
[INFO] [stderr]            - `UserBuilder<_TypesafeBuilderEmpty, _TypesafeBuilderEmpty, _TypesafeBuilderFilled>`
[INFO] [stderr]            - `UserBuilder<_TypesafeBuilderEmpty, _TypesafeBuilderFilled, _TypesafeBuilderFilled>`
[INFO] [stderr]            - `UserBuilder<_TypesafeBuilderFilled, _TypesafeBuilderEmpty, _TypesafeBuilderEmpty>`
[INFO] [stderr]            - `UserBuilder<_TypesafeBuilderFilled, _TypesafeBuilderEmpty, _TypesafeBuilderFilled>`
[INFO] [stderr]            - `UserBuilder<_TypesafeBuilderFilled, _TypesafeBuilderFilled, _TypesafeBuilderFilled>`
[INFO] [stderr] ┈┈┈┈┈┈┈┈┈┈┈┈┈┈┈┈┈┈┈┈┈┈┈┈┈┈┈┈┈┈┈┈┈┈┈┈┈┈┈┈┈┈┈┈┈┈┈┈┈┈┈┈┈┈┈┈┈┈┈┈
[INFO] [stderr] 
[INFO] [stderr] ACTUAL OUTPUT:
[INFO] [stderr] ┈┈┈┈┈┈┈┈┈┈┈┈┈┈┈┈┈┈┈┈┈┈┈┈┈┈┈┈┈┈┈┈┈┈┈┈┈┈┈┈┈┈┈┈┈┈┈┈┈┈┈┈┈┈┈┈┈┈┈┈
[INFO] [stderr] error[E0599]: no method named `build` found for struct `UserBuilder<_TypesafeBuilderFilled, _TypesafeBuilderFilled, _TypesafeBuilderEmpty>` in the current scope
[INFO] [stderr]   --> tests/ui/5.rs:21:10
[INFO] [stderr]    |
[INFO] [stderr]  7 |       #[derive(Builder)]
[INFO] [stderr]    |                ------- method `build` not found for this struct
[INFO] [stderr] ...
[INFO] [stderr] 18 |       let user = UserBuilder::new()
[INFO] [stderr]    |  ________________-
[INFO] [stderr] 19 | |         .with_name("Alice".to_string())
[INFO] [stderr] 20 | |         .with_age(20)
[INFO] [stderr] 21 | |         .build();
[INFO] [stderr]    | |         -^^^^^ method not found in `UserBuilder<_TypesafeBuilderFilled, _TypesafeBuilderFilled, _TypesafeBuilderEmpty>`
[INFO] [stderr]    | |_________|
[INFO] [stderr]    |
[INFO] [stderr]    |
[INFO] [stderr]    = note: the method was found for
[INFO] [stderr]            - `UserBuilder<_TypesafeBuilderEmpty, _TypesafeBuilderEmpty, _TypesafeBuilderFilled>`
[INFO] [stderr]            - `UserBuilder<_TypesafeBuilderEmpty, _TypesafeBuilderFilled, _TypesafeBuilderFilled>`
[INFO] [stderr]            - `UserBuilder<_TypesafeBuilderFilled, _TypesafeBuilderEmpty, _TypesafeBuilderEmpty>`
[INFO] [stderr]            - `UserBuilder<_TypesafeBuilderFilled, _TypesafeBuilderEmpty, _TypesafeBuilderFilled>`
[INFO] [stderr]            - `UserBuilder<_TypesafeBuilderFilled, _TypesafeBuilderFilled, _TypesafeBuilderFilled>`
[INFO] [stderr] 
[INFO] [stderr] error[E0599]: no method named `build` found for struct `UserBuilder<_TypesafeBuilderEmpty, _TypesafeBuilderEmpty, _TypesafeBuilderEmpty>` in the current scope
[INFO] [stderr]   --> tests/ui/5.rs:24:35
[INFO] [stderr]    |
[INFO] [stderr]  7 |     #[derive(Builder)]
[INFO] [stderr]    |              ------- method `build` not found for this struct
[INFO] [stderr] ...
[INFO] [stderr] 24 |     let user = UserBuilder::new().build();
[INFO] [stderr]    |                                   ^^^^^ method not found in `UserBuilder<_TypesafeBuilderEmpty, _TypesafeBuilderEmpty, _TypesafeBuilderEmpty>`
[INFO] [stderr]    |
[INFO] [stderr]    = note: the method was found for
[INFO] [stderr]            - `UserBuilder<_TypesafeBuilderEmpty, _TypesafeBuilderEmpty, _TypesafeBuilderFilled>`
[INFO] [stderr]            - `UserBuilder<_TypesafeBuilderEmpty, _TypesafeBuilderFilled, _TypesafeBuilderFilled>`
[INFO] [stderr]            - `UserBuilder<_TypesafeBuilderFilled, _TypesafeBuilderEmpty, _TypesafeBuilderEmpty>`
[INFO] [stderr]            - `UserBuilder<_TypesafeBuilderFilled, _TypesafeBuilderEmpty, _TypesafeBuilderFilled>`
[INFO] [stderr]            - `UserBuilder<_TypesafeBuilderFilled, _TypesafeBuilderFilled, _TypesafeBuilderFilled>`
[INFO] [stderr] ┈┈┈┈┈┈┈┈┈┈┈┈┈┈┈┈┈┈┈┈┈┈┈┈┈┈┈┈┈┈┈┈┈┈┈┈┈┈┈┈┈┈┈┈┈┈┈┈┈┈┈┈┈┈┈┈┈┈┈┈
[INFO] [stderr] note: If the actual output is the correct output you can bless it by rerunning
[INFO] [stderr]       your test with the environment variable TRYBUILD=overwrite
[INFO] [stderr] 
[INFO] [stderr] test tests/ui/6.rs ... mismatch
[INFO] [stderr] 
[INFO] [stderr] EXPECTED:
[INFO] [stderr] ┈┈┈┈┈┈┈┈┈┈┈┈┈┈┈┈┈┈┈┈┈┈┈┈┈┈┈┈┈┈┈┈┈┈┈┈┈┈┈┈┈┈┈┈┈┈┈┈┈┈┈┈┈┈┈┈┈┈┈┈
[INFO] [stderr] error[E0599]: no method named `build` found for struct `UserBuilder<_TypesafeBuilderFilled, _TypesafeBuilderFilled, _TypesafeBuilderEmpty, _TypesafeBuilderEmpty>` in the current scope
[INFO] [stderr]   --> tests/ui/6.rs:23:10
[INFO] [stderr]    |
[INFO] [stderr] 7  |       #[derive(Builder)]
[INFO] [stderr]    |                ------- method `build` not found for this struct
[INFO] [stderr] ...
[INFO] [stderr] 20 |       let user = UserBuilder::new()
[INFO] [stderr]    |  ________________-
[INFO] [stderr] 21 | |         .with_name("Alice".to_string())
[INFO] [stderr] 22 | |         .with_age(20)
[INFO] [stderr] 23 | |         .build();
[INFO] [stderr]    | |         -^^^^^ method not found in `UserBuilder<_TypesafeBuilderFilled, _TypesafeBuilderFilled, _TypesafeBuilderEmpty, _TypesafeBuilderEmpty>`
[INFO] [stderr]    | |_________|
[INFO] [stderr]    |
[INFO] [stderr]    |
[INFO] [stderr]    = note: the method was found for
[INFO] [stderr]            - `UserBuilder<_TypesafeBuilderEmpty, _TypesafeBuilderEmpty, _TypesafeBuilderEmpty, _TypesafeBuilderEmpty>`
[INFO] [stderr]            - `UserBuilder<_TypesafeBuilderEmpty, _TypesafeBuilderEmpty, _TypesafeBuilderEmpty, _TypesafeBuilderFilled>`
[INFO] [stderr]            - `UserBuilder<_TypesafeBuilderEmpty, _TypesafeBuilderEmpty, _TypesafeBuilderFilled, _TypesafeBuilderEmpty>`
[INFO] [stderr]            - `UserBuilder<_TypesafeBuilderEmpty, _TypesafeBuilderEmpty, _TypesafeBuilderFilled, _TypesafeBuilderFilled>`
[INFO] [stderr]            and 9 more types
[INFO] [stderr] 
[INFO] [stderr] error[E0599]: no method named `build` found for struct `UserBuilder<_TypesafeBuilderFilled, _TypesafeBuilderEmpty, _TypesafeBuilderFilled, _TypesafeBuilderEmpty>` in the current scope
[INFO] [stderr]   --> tests/ui/6.rs:29:10
[INFO] [stderr]    |
[INFO] [stderr] 7  |       #[derive(Builder)]
[INFO] [stderr]    |                ------- method `build` not found for this struct
[INFO] [stderr] ...
[INFO] [stderr] 26 |       let user = UserBuilder::new()
[INFO] [stderr]    |  ________________-
[INFO] [stderr] 27 | |         .with_name("Alice".to_string())
[INFO] [stderr] 28 | |         .with_address("123 Main St".to_string())
[INFO] [stderr] 29 | |         .build();
[INFO] [stderr]    | |         -^^^^^ method not found in `UserBuilder<_TypesafeBuilderFilled, _TypesafeBuilderEmpty, _TypesafeBuilderFilled, _TypesafeBuilderEmpty>`
[INFO] [stderr]    | |_________|
[INFO] [stderr]    |
[INFO] [stderr]    |
[INFO] [stderr]    = note: the method was found for
[INFO] [stderr]            - `UserBuilder<_TypesafeBuilderEmpty, _TypesafeBuilderEmpty, _TypesafeBuilderEmpty, _TypesafeBuilderEmpty>`
[INFO] [stderr]            - `UserBuilder<_TypesafeBuilderEmpty, _TypesafeBuilderEmpty, _TypesafeBuilderEmpty, _TypesafeBuilderFilled>`
[INFO] [stderr]            - `UserBuilder<_TypesafeBuilderEmpty, _TypesafeBuilderEmpty, _TypesafeBuilderFilled, _TypesafeBuilderEmpty>`
[INFO] [stderr]            - `UserBuilder<_TypesafeBuilderEmpty, _TypesafeBuilderEmpty, _TypesafeBuilderFilled, _TypesafeBuilderFilled>`
[INFO] [stderr]            and 9 more types
[INFO] [stderr] ┈┈┈┈┈┈┈┈┈┈┈┈┈┈┈┈┈┈┈┈┈┈┈┈┈┈┈┈┈┈┈┈┈┈┈┈┈┈┈┈┈┈┈┈┈┈┈┈┈┈┈┈┈┈┈┈┈┈┈┈
[INFO] [stderr] 
[INFO] [stderr] ACTUAL OUTPUT:
[INFO] [stderr] ┈┈┈┈┈┈┈┈┈┈┈┈┈┈┈┈┈┈┈┈┈┈┈┈┈┈┈┈┈┈┈┈┈┈┈┈┈┈┈┈┈┈┈┈┈┈┈┈┈┈┈┈┈┈┈┈┈┈┈┈
[INFO] [stderr] error[E0599]: no method named `build` found for struct `UserBuilder<_TypesafeBuilderFilled, _TypesafeBuilderFilled, _TypesafeBuilderEmpty, _TypesafeBuilderEmpty>` in the current scope
[INFO] [stderr]   --> tests/ui/6.rs:23:10
[INFO] [stderr]    |
[INFO] [stderr]  7 |       #[derive(Builder)]
[INFO] [stderr]    |                ------- method `build` not found for this struct
[INFO] [stderr] ...
[INFO] [stderr] 20 |       let user = UserBuilder::new()
[INFO] [stderr]    |  ________________-
[INFO] [stderr] 21 | |         .with_name("Alice".to_string())
[INFO] [stderr] 22 | |         .with_age(20)
[INFO] [stderr] 23 | |         .build();
[INFO] [stderr]    | |         -^^^^^ method not found in `UserBuilder<_TypesafeBuilderFilled, _TypesafeBuilderFilled, _TypesafeBuilderEmpty, _TypesafeBuilderEmpty>`
[INFO] [stderr]    | |_________|
[INFO] [stderr]    |
[INFO] [stderr]    |
[INFO] [stderr]    = note: the method was found for
[INFO] [stderr]            - `UserBuilder<_TypesafeBuilderEmpty, _TypesafeBuilderEmpty, _TypesafeBuilderEmpty, _TypesafeBuilderEmpty>`
[INFO] [stderr]            - `UserBuilder<_TypesafeBuilderEmpty, _TypesafeBuilderEmpty, _TypesafeBuilderEmpty, _TypesafeBuilderFilled>`
[INFO] [stderr]            - `UserBuilder<_TypesafeBuilderEmpty, _TypesafeBuilderEmpty, _TypesafeBuilderFilled, _TypesafeBuilderEmpty>`
[INFO] [stderr]            - `UserBuilder<_TypesafeBuilderEmpty, _TypesafeBuilderEmpty, _TypesafeBuilderFilled, _TypesafeBuilderFilled>`
[INFO] [stderr]            and 9 more types
[INFO] [stderr] 
[INFO] [stderr] error[E0599]: no method named `build` found for struct `UserBuilder<_TypesafeBuilderFilled, _TypesafeBuilderEmpty, _TypesafeBuilderFilled, _TypesafeBuilderEmpty>` in the current scope
[INFO] [stderr]   --> tests/ui/6.rs:29:10
[INFO] [stderr]    |
[INFO] [stderr]  7 |       #[derive(Builder)]
[INFO] [stderr]    |                ------- method `build` not found for this struct
[INFO] [stderr] ...
[INFO] [stderr] 26 |       let user = UserBuilder::new()
[INFO] [stderr]    |  ________________-
[INFO] [stderr] 27 | |         .with_name("Alice".to_string())
[INFO] [stderr] 28 | |         .with_address("123 Main St".to_string())
[INFO] [stderr] 29 | |         .build();
[INFO] [stderr]    | |         -^^^^^ method not found in `UserBuilder<_TypesafeBuilderFilled, _TypesafeBuilderEmpty, _TypesafeBuilderFilled, _TypesafeBuilderEmpty>`
[INFO] [stderr]    | |_________|
[INFO] [stderr]    |
[INFO] [stderr]    |
[INFO] [stderr]    = note: the method was found for
[INFO] [stderr]            - `UserBuilder<_TypesafeBuilderEmpty, _TypesafeBuilderEmpty, _TypesafeBuilderEmpty, _TypesafeBuilderEmpty>`
[INFO] [stderr]            - `UserBuilder<_TypesafeBuilderEmpty, _TypesafeBuilderEmpty, _TypesafeBuilderEmpty, _TypesafeBuilderFilled>`
[INFO] [stderr]            - `UserBuilder<_TypesafeBuilderEmpty, _TypesafeBuilderEmpty, _TypesafeBuilderFilled, _TypesafeBuilderEmpty>`
[INFO] [stderr]            - `UserBuilder<_TypesafeBuilderEmpty, _TypesafeBuilderEmpty, _TypesafeBuilderFilled, _TypesafeBuilderFilled>`
[INFO] [stderr]            and 9 more types
[INFO] [stderr] ┈┈┈┈┈┈┈┈┈┈┈┈┈┈┈┈┈┈┈┈┈┈┈┈┈┈┈┈┈┈┈┈┈┈┈┈┈┈┈┈┈┈┈┈┈┈┈┈┈┈┈┈┈┈┈┈┈┈┈┈
[INFO] [stderr] note: If the actual output is the correct output you can bless it by rerunning
[INFO] [stderr]       your test with the environment variable TRYBUILD=overwrite
[INFO] [stderr] 
[INFO] [stderr] test tests/ui/7.rs ... ok
[INFO] [stderr] test tests/ui/8.rs ... mismatch
[INFO] [stderr] 
[INFO] [stderr] EXPECTED:
[INFO] [stderr] ┈┈┈┈┈┈┈┈┈┈┈┈┈┈┈┈┈┈┈┈┈┈┈┈┈┈┈┈┈┈┈┈┈┈┈┈┈┈┈┈┈┈┈┈┈┈┈┈┈┈┈┈┈┈┈┈┈┈┈┈
[INFO] [stderr] error[E0599]: no method named `build` found for struct `ConfigBuilder<_TypesafeBuilderEmpty, _TypesafeBuilderEmpty>` in the current scope
[INFO] [stderr]   --> tests/ui/8.rs:16:39
[INFO] [stderr]    |
[INFO] [stderr] 7  |     #[derive(Builder)]
[INFO] [stderr]    |              ------- method `build` not found for this struct
[INFO] [stderr] ...
[INFO] [stderr] 16 |     let config = ConfigBuilder::new().build();
[INFO] [stderr]    |                                       ^^^^^ method not found in `ConfigBuilder<_TypesafeBuilderEmpty, _TypesafeBuilderEmpty>`
[INFO] [stderr]    |
[INFO] [stderr]    = note: the method was found for
[INFO] [stderr]            - `ConfigBuilder<_TypesafeBuilderEmpty, _TypesafeBuilderFilled>`
[INFO] [stderr]            - `ConfigBuilder<_TypesafeBuilderFilled, _TypesafeBuilderEmpty>`
[INFO] [stderr]            - `ConfigBuilder<_TypesafeBuilderFilled, _TypesafeBuilderFilled>`
[INFO] [stderr] ┈┈┈┈┈┈┈┈┈┈┈┈┈┈┈┈┈┈┈┈┈┈┈┈┈┈┈┈┈┈┈┈┈┈┈┈┈┈┈┈┈┈┈┈┈┈┈┈┈┈┈┈┈┈┈┈┈┈┈┈
[INFO] [stderr] 
[INFO] [stderr] ACTUAL OUTPUT:
[INFO] [stderr] ┈┈┈┈┈┈┈┈┈┈┈┈┈┈┈┈┈┈┈┈┈┈┈┈┈┈┈┈┈┈┈┈┈┈┈┈┈┈┈┈┈┈┈┈┈┈┈┈┈┈┈┈┈┈┈┈┈┈┈┈
[INFO] [stderr] error[E0599]: no method named `build` found for struct `ConfigBuilder<_TypesafeBuilderEmpty, _TypesafeBuilderEmpty>` in the current scope
[INFO] [stderr]   --> tests/ui/8.rs:16:39
[INFO] [stderr]    |
[INFO] [stderr]  7 |     #[derive(Builder)]
[INFO] [stderr]    |              ------- method `build` not found for this struct
[INFO] [stderr] ...
[INFO] [stderr] 16 |     let config = ConfigBuilder::new().build();
[INFO] [stderr]    |                                       ^^^^^ method not found in `ConfigBuilder<_TypesafeBuilderEmpty, _TypesafeBuilderEmpty>`
[INFO] [stderr]    |
[INFO] [stderr]    = note: the method was found for
[INFO] [stderr]            - `ConfigBuilder<_TypesafeBuilderEmpty, _TypesafeBuilderFilled>`
[INFO] [stderr]            - `ConfigBuilder<_TypesafeBuilderFilled, _TypesafeBuilderEmpty>`
[INFO] [stderr]            - `ConfigBuilder<_TypesafeBuilderFilled, _TypesafeBuilderFilled>`
[INFO] [stderr] ┈┈┈┈┈┈┈┈┈┈┈┈┈┈┈┈┈┈┈┈┈┈┈┈┈┈┈┈┈┈┈┈┈┈┈┈┈┈┈┈┈┈┈┈┈┈┈┈┈┈┈┈┈┈┈┈┈┈┈┈
[INFO] [stderr] note: If the actual output is the correct output you can bless it by rerunning
[INFO] [stderr]       your test with the environment variable TRYBUILD=overwrite
[INFO] [stderr] 
[INFO] [stderr] test tests/ui/9.rs ... ok
[INFO] [stderr] 
[INFO] [stderr] 
[INFO] [stdout] test result: FAILED. 0 passed; 1 failed; 0 ignored; 0 measured; 0 filtered out; finished in 20.93s
[INFO] [stdout] 
[INFO] [stderr] error: test failed, to rerun pass `--test ui`
[INFO] running `Command { std: "docker" "inspect" "eadf2d3f7d9a94d4ce27d15b0e81b3e5a884b93dced655d369803f135874d17b", kill_on_drop: false }`
[INFO] running `Command { std: "docker" "rm" "-f" "eadf2d3f7d9a94d4ce27d15b0e81b3e5a884b93dced655d369803f135874d17b", kill_on_drop: false }`
[INFO] [stdout] eadf2d3f7d9a94d4ce27d15b0e81b3e5a884b93dced655d369803f135874d17b
