[INFO] fetching crate typesafe-rs 0.1.0...
[INFO] testing typesafe-rs-0.1.0 against 1.100.0-beta.1+cargoflags=--release for beta-release-1.100-2
[INFO] extracting crate typesafe-rs 0.1.0 into /workspace/builds/worker-7-tc2/source
[INFO] started tweaking crates.io crate typesafe-rs 0.1.0
[INFO] removed 0 missing examples
[INFO] removed 0 missing tests
[INFO] finished tweaking crates.io crate typesafe-rs 0.1.0
[INFO] tweaked toml for crates.io crate typesafe-rs 0.1.0 written to /workspace/builds/worker-7-tc2/source/Cargo.toml
[INFO] validating manifest of crates.io crate typesafe-rs 0.1.0 on toolchain 1.100.0-beta.1
[INFO] running `Command { std: CARGO_HOME="/workspace/cargo-home" RUSTUP_HOME="/workspace/rustup-home" "/workspace/cargo-home/bin/cargo" "+1.100.0-beta.1" "metadata" "--manifest-path" "Cargo.toml" "--no-deps", kill_on_drop: false }`
[INFO] crate crates.io crate typesafe-rs 0.1.0 already has a lockfile, it will not be regenerated
[INFO] running `Command { std: CARGO_HOME="/workspace/cargo-home" RUSTUP_HOME="/workspace/rustup-home" "/workspace/cargo-home/bin/cargo" "+1.100.0-beta.1" "fetch" "--manifest-path" "Cargo.toml", kill_on_drop: false }`
[INFO] [stderr] warning: `package.homepage` is redundant with `package.repository`
[INFO] [stderr]    --> Cargo.toml:105:12
[INFO] [stderr]     |
[INFO] [stderr] 105 | homepage = "https://github.com/AbdelStark/typesafe-rs"
[INFO] [stderr]     |            ^^^^^^^^^^^^^^^^^^^^^^^^^^^^^^^^^^^^^^^^^^^
[INFO] [stderr] ...
[INFO] [stderr] 111 | repository = "https://github.com/AbdelStark/typesafe-rs"
[INFO] [stderr]     |              -------------------------------------------
[INFO] [stderr]     |
[INFO] [stderr]     = note: `cargo::redundant_homepage` is set to `warn` by default
[INFO] [stderr] help: consider removing `package.homepage`
[INFO] [stderr] warning: `typesafe-rs` (manifest) generated 1 warning
[INFO] running `Command { std: "docker" "create" "-v" "/var/lib/crater-agent-workspace/builds/worker-7-tc2/source:/opt/rustwide/workdir:ro,Z" "-v" "/var/lib/crater-agent-workspace/builds/worker-7-tc2/target:/opt/rustwide/target:rw,Z" "-v" "/var/lib/crater-agent-workspace/cargo-home:/opt/rustwide/cargo-home:ro,Z" "-v" "/var/lib/crater-agent-workspace/rustup-home:/opt/rustwide/rustup-home:ro,Z" "-m" "1610612736" "--network" "none" "ghcr.io/rust-lang/crates-build-env/linux@sha256:77db811e55d90add9212f6832c23229e3de5f1c1f9905e8cb07319ea15df73ac" "sleep" "infinity", kill_on_drop: false }`
[INFO] [stdout] 5af833afff86d743d5ecbec680d2ccc5b4df2ab9048790621a46949994781f7e
[INFO] running `Command { std: "docker" "start" "5af833afff86d743d5ecbec680d2ccc5b4df2ab9048790621a46949994781f7e", kill_on_drop: false }`
[INFO] running `Command { std: "docker" "inspect" "5af833afff86d743d5ecbec680d2ccc5b4df2ab9048790621a46949994781f7e", kill_on_drop: false }`
[INFO] running `Command { std: "docker" "exec" "-e" "SOURCE_DIR=/opt/rustwide/workdir" "-e" "CARGO_HOME=/opt/rustwide/cargo-home" "-e" "RUSTUP_HOME=/opt/rustwide/rustup-home" "-e" "CARGO_TARGET_DIR=/opt/rustwide/target" "-w" "/opt/rustwide/workdir" "--user" "0:0" "5af833afff86d743d5ecbec680d2ccc5b4df2ab9048790621a46949994781f7e" "/opt/rustwide/cargo-home/bin/cargo" "+1.100.0-beta.1" "metadata" "--no-deps" "--format-version=1", kill_on_drop: false }`
[INFO] running `Command { std: "docker" "inspect" "5af833afff86d743d5ecbec680d2ccc5b4df2ab9048790621a46949994781f7e", kill_on_drop: false }`
[INFO] running `Command { std: "docker" "exec" "-e" "SOURCE_DIR=/opt/rustwide/workdir" "-e" "CARGO_HOME=/opt/rustwide/cargo-home" "-e" "RUSTUP_HOME=/opt/rustwide/rustup-home" "-e" "CARGO_TARGET_DIR=/opt/rustwide/target" "-e" "CARGO_INCREMENTAL=0" "-e" "RUST_BACKTRACE=full" "-e" "RUSTFLAGS=--cap-lints=warn" "-e" "RUSTDOCFLAGS=--cap-lints=warn" "-w" "/opt/rustwide/workdir" "--user" "0:0" "5af833afff86d743d5ecbec680d2ccc5b4df2ab9048790621a46949994781f7e" "/opt/rustwide/cargo-home/bin/cargo" "+1.100.0-beta.1" "build" "--frozen" "--message-format=json" "--release", kill_on_drop: false }`
[INFO] [stderr] warning: `package.homepage` is redundant with `package.repository`
[INFO] [stderr]    --> Cargo.toml:105:12
[INFO] [stderr]     |
[INFO] [stderr] 105 | homepage = "https://github.com/AbdelStark/typesafe-rs"
[INFO] [stderr]     |            ^^^^^^^^^^^^^^^^^^^^^^^^^^^^^^^^^^^^^^^^^^^
[INFO] [stderr] ...
[INFO] [stderr] 111 | repository = "https://github.com/AbdelStark/typesafe-rs"
[INFO] [stderr]     |              -------------------------------------------
[INFO] [stderr]     |
[INFO] [stderr]     = note: `cargo::redundant_homepage` is set to `warn` by default
[INFO] [stderr] help: consider removing `package.homepage`
[INFO] [stderr] warning: `typesafe-rs` (manifest) generated 1 warning
[INFO] [stderr]    Compiling fs_extra v1.3.0
[INFO] [stderr]    Compiling dunce v1.0.5
[INFO] [stderr]    Compiling aws-lc-rs v1.18.1
[INFO] [stderr]    Compiling litemap v0.8.3
[INFO] [stderr]    Compiling writeable v0.6.4
[INFO] [stderr]    Compiling smallvec v1.16.0
[INFO] [stderr]    Compiling http v1.5.0
[INFO] [stderr]    Compiling rustls-pki-types v1.15.1
[INFO] [stderr]    Compiling syn v2.0.119
[INFO] [stderr]    Compiling syn v3.0.5
[INFO] [stderr]    Compiling mio v1.2.3
[INFO] [stderr]    Compiling socket2 v0.6.5
[INFO] [stderr]    Compiling cc v1.4.5
[INFO] [stderr]    Compiling rustls v0.23.43
[INFO] [stderr]    Compiling futures-sink v0.3.34
[INFO] [stderr]    Compiling futures-task v0.3.34
[INFO] [stderr]    Compiling indexmap v2.14.2
[INFO] [stderr]    Compiling futures-channel v0.3.34
[INFO] [stderr]    Compiling futures-util v0.3.34
[INFO] [stderr]    Compiling form_urlencoded v1.2.2
[INFO] [stderr]    Compiling sync_wrapper v1.0.2
[INFO] [stderr]    Compiling ipnet v2.12.1
[INFO] [stderr]    Compiling serde v1.0.229
[INFO] [stderr]    Compiling bitflags v2.13.2
[INFO] [stderr]    Compiling serde_json v1.0.151
[INFO] [stderr]    Compiling rustls-native-certs v0.8.4
[INFO] [stderr]    Compiling typesafe-rs v0.1.0 (/opt/rustwide/workdir)
[INFO] [stderr]    Compiling base64 v0.23.1
[INFO] [stderr]    Compiling tokio v1.53.1
[INFO] [stderr]    Compiling cmake v0.1.58
[INFO] [stderr]    Compiling aws-lc-sys v0.45.0
[INFO] [stderr]    Compiling http-body v1.1.0
[INFO] [stderr]    Compiling http-body-util v0.1.5
[INFO] [stderr]    Compiling zerovec-derive v0.11.6
[INFO] [stderr]    Compiling displaydoc v0.2.7
[INFO] [stderr]    Compiling serde_derive v1.0.229
[INFO] [stderr]    Compiling thiserror-impl v2.0.20
[INFO] [stderr]    Compiling thiserror v2.0.20
[INFO] [stderr]    Compiling synstructure v0.13.2
[INFO] [stderr]    Compiling tokio-util v0.7.19
[INFO] [stderr]    Compiling tower v0.5.3
[INFO] [stderr]    Compiling zerofrom-derive v0.1.7
[INFO] [stderr]    Compiling yoke-derive v0.8.2
[INFO] [stderr]    Compiling tracing-attributes v0.1.31
[INFO] [stderr]    Compiling zerofrom v0.1.8
[INFO] [stderr]    Compiling yoke v0.8.3
[INFO] [stderr]    Compiling zerovec v0.11.8
[INFO] [stderr]    Compiling zerotrie v0.2.5
[INFO] [stderr]    Compiling tracing v0.1.44
[INFO] [stderr]    Compiling h2 v0.4.19
[INFO] [stderr]    Compiling tinystr v0.8.4
[INFO] [stderr]    Compiling potential_utf v0.1.6
[INFO] [stderr]    Compiling icu_locale_core v2.1.1
[INFO] [stderr]    Compiling icu_collections v2.1.1
[INFO] [stderr]    Compiling icu_provider v2.1.1
[INFO] [stderr]    Compiling icu_properties v2.1.2
[INFO] [stderr]    Compiling icu_normalizer v2.1.1
[INFO] [stderr]    Compiling idna_adapter v1.2.1
[INFO] [stderr]    Compiling idna v1.1.0
[INFO] [stderr]    Compiling hyper v1.11.1
[INFO] [stderr]    Compiling url v2.5.8
[INFO] [stderr]    Compiling tower-http v0.6.11
[INFO] [stderr]    Compiling hyper-util v0.1.20
[INFO] [stderr]    Compiling rustls-webpki v0.103.15
[INFO] [stderr]    Compiling tokio-rustls v0.26.5
[INFO] [stderr]    Compiling rustls-platform-verifier v0.7.0
[INFO] [stderr]    Compiling hyper-rustls v0.27.9
[INFO] [stderr]    Compiling reqwest v0.13.5
[INFO] [stderr]     Finished `release` profile [optimized] target(s) in 1m 49s
[INFO] running `Command { std: "docker" "inspect" "5af833afff86d743d5ecbec680d2ccc5b4df2ab9048790621a46949994781f7e", kill_on_drop: false }`
[INFO] running `Command { std: "docker" "exec" "-e" "SOURCE_DIR=/opt/rustwide/workdir" "-e" "CARGO_HOME=/opt/rustwide/cargo-home" "-e" "RUSTUP_HOME=/opt/rustwide/rustup-home" "-e" "CARGO_TARGET_DIR=/opt/rustwide/target" "-e" "CARGO_INCREMENTAL=0" "-e" "RUST_BACKTRACE=full" "-e" "RUSTFLAGS=--cap-lints=warn" "-e" "RUSTDOCFLAGS=--cap-lints=warn" "-w" "/opt/rustwide/workdir" "--user" "0:0" "5af833afff86d743d5ecbec680d2ccc5b4df2ab9048790621a46949994781f7e" "/opt/rustwide/cargo-home/bin/cargo" "+1.100.0-beta.1" "test" "--frozen" "--no-run" "--message-format=json" "--release", kill_on_drop: false }`
[INFO] [stderr] warning: `package.homepage` is redundant with `package.repository`
[INFO] [stderr]    --> Cargo.toml:105:12
[INFO] [stderr]     |
[INFO] [stderr] 105 | homepage = "https://github.com/AbdelStark/typesafe-rs"
[INFO] [stderr]     |            ^^^^^^^^^^^^^^^^^^^^^^^^^^^^^^^^^^^^^^^^^^^
[INFO] [stderr] ...
[INFO] [stderr] 111 | repository = "https://github.com/AbdelStark/typesafe-rs"
[INFO] [stderr]     |              -------------------------------------------
[INFO] [stderr]     |
[INFO] [stderr]     = note: `cargo::redundant_homepage` is set to `warn` by default
[INFO] [stderr] help: consider removing `package.homepage`
[INFO] [stderr] warning: `typesafe-rs` (manifest) generated 1 warning
[INFO] [stderr]    Compiling serde_core v1.0.229
[INFO] [stderr]    Compiling syn v3.0.5
[INFO] [stderr]    Compiling serde_json v1.0.151
[INFO] [stderr]    Compiling axum-core v0.5.6
[INFO] [stderr]    Compiling matchit v0.8.4
[INFO] [stderr]    Compiling indexmap v2.14.2
[INFO] [stderr]    Compiling serde_path_to_error v0.1.20
[INFO] [stderr]    Compiling zerovec-derive v0.11.6
[INFO] [stderr]    Compiling displaydoc v0.2.7
[INFO] [stderr]    Compiling tokio-macros v2.7.2
[INFO] [stderr]    Compiling serde_derive v1.0.229
[INFO] [stderr]    Compiling thiserror-impl v2.0.20
[INFO] [stderr]    Compiling tokio v1.53.1
[INFO] [stderr]    Compiling zerotrie v0.2.5
[INFO] [stderr]    Compiling thiserror v2.0.20
[INFO] [stderr]    Compiling zerovec v0.11.8
[INFO] [stderr]    Compiling tinystr v0.8.4
[INFO] [stderr]    Compiling potential_utf v0.1.6
[INFO] [stderr]    Compiling icu_locale_core v2.1.1
[INFO] [stderr]    Compiling icu_collections v2.1.1
[INFO] [stderr]    Compiling serde v1.0.229
[INFO] [stderr]    Compiling icu_provider v2.1.1
[INFO] [stderr]    Compiling icu_normalizer v2.1.1
[INFO] [stderr]    Compiling icu_properties v2.1.2
[INFO] [stderr]    Compiling idna_adapter v1.2.1
[INFO] [stderr]    Compiling idna v1.1.0
[INFO] [stderr]    Compiling url v2.5.8
[INFO] [stderr]    Compiling tokio-util v0.7.19
[INFO] [stderr]    Compiling tower v0.5.3
[INFO] [stderr]    Compiling tokio-rustls v0.26.5
[INFO] [stderr]    Compiling h2 v0.4.19
[INFO] [stderr]    Compiling tower-http v0.6.11
[INFO] [stderr]    Compiling hyper v1.11.1
[INFO] [stderr]    Compiling hyper-util v0.1.20
[INFO] [stderr]    Compiling hyper-rustls v0.27.9
[INFO] [stderr]    Compiling axum v0.8.9
[INFO] [stderr]    Compiling reqwest v0.13.5
[INFO] [stderr]    Compiling typesafe-rs v0.1.0 (/opt/rustwide/workdir)
[INFO] [stderr]    Compiling typesafe-rs-mock v0.1.0
[INFO] [stderr]     Finished `release` profile [optimized] target(s) in 1m 46s
[INFO] running `Command { std: "docker" "inspect" "5af833afff86d743d5ecbec680d2ccc5b4df2ab9048790621a46949994781f7e", kill_on_drop: false }`
[INFO] running `Command { std: "docker" "exec" "-e" "SOURCE_DIR=/opt/rustwide/workdir" "-e" "CARGO_HOME=/opt/rustwide/cargo-home" "-e" "RUSTUP_HOME=/opt/rustwide/rustup-home" "-e" "CARGO_TARGET_DIR=/opt/rustwide/target" "-e" "CARGO_INCREMENTAL=0" "-e" "RUST_BACKTRACE=full" "-e" "RUSTFLAGS=--cap-lints=warn" "-e" "RUSTDOCFLAGS=--cap-lints=warn" "-w" "/opt/rustwide/workdir" "--user" "0:0" "5af833afff86d743d5ecbec680d2ccc5b4df2ab9048790621a46949994781f7e" "/opt/rustwide/cargo-home/bin/cargo" "+1.100.0-beta.1" "test" "--frozen" "--release", kill_on_drop: false }`
[INFO] [stderr] warning: `package.homepage` is redundant with `package.repository`
[INFO] [stderr]    --> Cargo.toml:105:12
[INFO] [stderr]     |
[INFO] [stderr] 105 | homepage = "https://github.com/AbdelStark/typesafe-rs"
[INFO] [stderr]     |            ^^^^^^^^^^^^^^^^^^^^^^^^^^^^^^^^^^^^^^^^^^^
[INFO] [stderr] ...
[INFO] [stderr] 111 | repository = "https://github.com/AbdelStark/typesafe-rs"
[INFO] [stderr]     |              -------------------------------------------
[INFO] [stderr]     |
[INFO] [stderr]     = note: `cargo::redundant_homepage` is set to `warn` by default
[INFO] [stderr] help: consider removing `package.homepage`
[INFO] [stderr] warning: `typesafe-rs` (manifest) generated 1 warning
[INFO] [stderr]     Finished `release` profile [optimized] target(s) in 0.20s
[INFO] [stderr]      Running unittests src/lib.rs (/opt/rustwide/target/release/build/typesafe-rs/975d4c61709685a6/out/typesafe_rs-975d4c61709685a6)
[INFO] [stdout] 
[INFO] [stdout] running 50 tests
[INFO] [stdout] test config::tests::secret_debug_redacts ... ok
[INFO] [stdout] test config::tests::strip_trailing_slashes_keeps_path_prefix ... ok
[INFO] [stdout] test error::tests::missing_key_mentions_env_var ... ok
[INFO] [stdout] test retry::tests::default_retries_all_connection_errors ... ok
[INFO] [stdout] test config::tests::overlay_env_fills_unset ... ok
[INFO] [stdout] test config::tests::overlay_ignores_blank_env ... ok
[INFO] [stdout] test config::tests::invalid_header_name_errors ... ok
[INFO] [stdout] test config::tests::overlay_code_wins_over_env ... ok
[INFO] [stdout] test error::tests::helpers_classify_api_and_timeout ... ok
[INFO] [stdout] test config::tests::header_builder_skips_protected_names ... ok
[INFO] [stdout] test retry::tests::delay_without_headers_zero_jitter_is_initial ... ok
[INFO] [stdout] test retry::tests::none_has_zero_retries ... ok
[INFO] [stdout] test retry::tests::past_http_date_clamps_to_zero ... ok
[INFO] [stdout] test error::tests::api_display_omits_raw_body ... ok
[INFO] [stdout] test error::tests::classifies_status_codes ... ok
[INFO] [stdout] test error::tests::display_redacts_bearer_tokens ... ok
[INFO] [stdout] test types::entry::tests::array_roundtrip ... ok
[INFO] [stdout] test headers::tests::protected_headers_are_skipped ... ok
[INFO] [stdout] test types::entry::tests::object_roundtrip ... ok
[INFO] [stdout] test retry::tests::conservative_skips_5xx_and_timeouts ... ok
[INFO] [stdout] test types::entry::tests::text_roundtrip ... ok
[INFO] [stdout] test retry::tests::retry_after_http_date ... ok
[INFO] [stdout] test retry::tests::retry_after_ms_wins_over_backoff ... ok
[INFO] [stdout] test types::models::tests::deserializes_models_array ... ok
[INFO] [stdout] test retry::tests::retry_after_ms_over_max_falls_back_to_backoff ... ok
[INFO] [stdout] test retry::tests::retry_after_seconds ... ok
[INFO] [stdout] test types::question::tests::noul_omits_empty_criteria ... ok
[INFO] [stdout] test types::entry::tests::from_value_null_is_null_variant ... ok
[INFO] [stdout] test retry::tests::delay_doubles_per_attempt_until_cap ... ok
[INFO] [stdout] test types::question::tests::rejects_choice_over_max_options ... ok
[INFO] [stdout] test types::question::tests::rejects_choice_with_one_option ... ok
[INFO] [stdout] test types::question::tests::rejects_empty_map ... ok
[INFO] [stdout] test types::question::tests::rejects_score_with_one_level ... ok
[INFO] [stdout] test retry::tests::delay_full_jitter_subtracts_25_percent ... ok
[INFO] [stdout] test types::entry::tests::null_roundtrip ... ok
[INFO] [stdout] test types::question::tests::accepts_valid_choice_and_score ... ok
[INFO] [stdout] test types::question::tests::choice_preserves_insertion_order ... ok
[INFO] [stdout] test retry::tests::negative_retry_after_ignored ... ok
[INFO] [stdout] test types::question::tests::noul_serializes_with_criteria_keys ... ok
[INFO] [stdout] test types::request::tests::serializes_state_model_questions ... ok
[INFO] [stdout] test types::response::tests::deserializes_noul_choice_score ... ok
[INFO] [stdout] test types::question::tests::rejects_empty_key ... ok
[INFO] [stdout] test types::response::tests::extra_fields_on_known_answers_are_ignored ... ok
[INFO] [stdout] test types::question::tests::score_serializes_levels_as_array ... ok
[INFO] [stdout] test types::response::tests::score_without_probabilities_is_ok ... ok
[INFO] [stdout] test config::tests::invalid_env_base_url_errors ... ok
[INFO] [stdout] test types::response::tests::unknown_answer_type_does_not_fail ... ok
[INFO] [stdout] test retry::tests::default_statuses_include_408_429_and_5xx ... ok
[INFO] [stdout] test retry::tests::retry_after_ms_preferred_over_retry_after ... ok
[INFO] [stderr]      Running tests/client.rs (/opt/rustwide/target/release/build/typesafe-rs/c0540c7912739e13/out/client-c0540c7912739e13)
[INFO] [stdout] test retry::tests::invalid_retry_after_ignored ... ok
[INFO] [stdout] 
[INFO] [stdout] test result: ok. 50 passed; 0 failed; 0 ignored; 0 measured; 0 filtered out; finished in 0.01s
[INFO] [stdout] 
[INFO] [stdout] 
[INFO] [stdout] running 13 tests
[INFO] [stdout] test missing_api_key ... ok
[INFO] [stdout] test sends_required_headers_on_first_attempt ... ok
[INFO] [stdout] test models_list_and_warm_up ... ok
[INFO] [stdout] test system_one_returns_noul_through_real_http ... ok
[INFO] [stdout] test validation_fails_before_network ... ok
[INFO] [stdout] test call_options_override_model ... ok
[INFO] [stdout] test models_missing_array_is_unexpected_shape ... ok
[INFO] [stdout] test default_headers_cannot_override_protected_names ... ok
[INFO] [stdout] test captures_request_id_on_error ... ok
[INFO] [stdout] test config_build_sends_custom_header ... ok
[INFO] [stdout] test unknown_answer_type_survives ... ok
[INFO] [stdout] test backend_trait_dispatches_to_client ... ok
[INFO] [stdout] test preserves_base_url_path_prefix ... ok
[INFO] [stdout] 
[INFO] [stdout] test result: ok. 13 passed; 0 failed; 0 ignored; 0 measured; 0 filtered out; finished in 0.09s
[INFO] [stdout] 
[INFO] [stderr]      Running tests/conformance.rs (/opt/rustwide/target/release/build/typesafe-rs/78719ef840934c6c/out/conformance-78719ef840934c6c)
[INFO] [stdout] 
[INFO] [stdout] running 1 test
[INFO] [stdout] test conformance_fixtures ... FAILED
[INFO] [stdout] 
[INFO] [stdout] failures:
[INFO] [stdout] 
[INFO] [stdout] ---- conformance_fixtures stdout ----
[INFO] [stdout] 
[INFO] [stderr] error: test failed, to rerun pass `--test conformance`
[INFO] [stdout] thread 'conformance_fixtures' (3785) panicked at tests/conformance.rs:87:37:
[INFO] [stdout] conformance/fixtures: Os { code: 2, kind: NotFound, message: "No such file or directory" }
[INFO] [stdout] stack backtrace:
[INFO] [stdout]    0:     0x58caa6215621 - <<std[617be2ca0a6fd877]::sys::backtrace::BacktraceLock>::print::DisplayBacktrace as core[a373ad73a504971]::fmt::Display>::fmt
[INFO] [stdout]    1:     0x58caa622d2ca - core[a373ad73a504971]::fmt::write
[INFO] [stdout]    2:     0x58caa621a74c - <alloc[2e1b2a31b91974c5]::vec::Vec<u8> as core[a373ad73a504971]::io::write::Write>::write_fmt
[INFO] [stdout]    3:     0x58caa61ef8e6 - std[617be2ca0a6fd877]::panicking::default_hook::{closure#0}
[INFO] [stdout]    4:     0x58caa620ca29 - std[617be2ca0a6fd877]::panicking::default_hook
[INFO] [stdout]    5:     0x58caa5d75b20 - test[aada8e7e76ba119b]::test_main_inner::{closure#0}
[INFO] [stdout]    6:     0x58caa620cd52 - std[617be2ca0a6fd877]::panicking::panic_with_hook
[INFO] [stdout]    7:     0x58caa61ef992 - std[617be2ca0a6fd877]::panicking::panic_handler::{closure#0}
[INFO] [stdout]    8:     0x58caa61e8399 - std[617be2ca0a6fd877]::sys::backtrace::__rust_end_short_backtrace::<std[617be2ca0a6fd877]::panicking::panic_handler::{closure#0}, !>
[INFO] [stdout]    9:     0x58caa61f078d - __rustc[ea4f61d10b84890b]::rust_begin_unwind
[INFO] [stdout]   10:     0x58caa622da2c - core[a373ad73a504971]::panicking::panic_fmt
[INFO] [stdout]   11:     0x58caa622d802 - core[a373ad73a504971]::result::unwrap_failed
[INFO] [stdout]   12:     0x58caa5d479c9 - conformance[8014fd1e4f35306e]::conformance_fixtures::{closure#0}
[INFO] [stdout]   13:     0x58caa5d030a3 - <tokio[1f26a57244cf3735]::runtime::scheduler::current_thread::Context>::enter::<core[a373ad73a504971]::task::poll::Poll<()>, <tokio[1f26a57244cf3735]::runtime::scheduler::current_thread::CoreGuard>::block_on<core[a373ad73a504971]::pin::Pin<&mut core[a373ad73a504971]::pin::Pin<&mut dyn core[a373ad73a504971]::future::future::Future<Output = ()>>>>::{closure#0}::{closure#0}>
[INFO] [stdout]   14:     0x58caa5d5f519 - <std[617be2ca0a6fd877]::thread::local::LocalKey<tokio[1f26a57244cf3735]::runtime::context::Context>>::with::<tokio[1f26a57244cf3735]::runtime::context::set_scheduler<(alloc[2e1b2a31b91974c5]::boxed::Box<tokio[1f26a57244cf3735]::runtime::scheduler::current_thread::Core>, core[a373ad73a504971]::option::Option<()>), <tokio[1f26a57244cf3735]::runtime::scheduler::current_thread::CoreGuard>::enter<<tokio[1f26a57244cf3735]::runtime::scheduler::current_thread::CoreGuard>::block_on<core[a373ad73a504971]::pin::Pin<&mut core[a373ad73a504971]::pin::Pin<&mut dyn core[a373ad73a504971]::future::future::Future<Output = ()>>>>::{closure#0}, core[a373ad73a504971]::option::Option<()>>::{closure#0}>::{closure#0}, (alloc[2e1b2a31b91974c5]::boxed::Box<tokio[1f26a57244cf3735]::runtime::scheduler::current_thread::Core>, core[a373ad73a504971]::option::Option<()>)>
[INFO] [stdout]   15:     0x58caa5d03be7 - <tokio[1f26a57244cf3735]::runtime::scheduler::current_thread::CoreGuard>::block_on::<core[a373ad73a504971]::pin::Pin<&mut core[a373ad73a504971]::pin::Pin<&mut dyn core[a373ad73a504971]::future::future::Future<Output = ()>>>>
[INFO] [stdout]   16:     0x58caa5d651d6 - tokio[1f26a57244cf3735]::runtime::context::runtime::enter_runtime::<<tokio[1f26a57244cf3735]::runtime::scheduler::current_thread::CurrentThread>::block_on<core[a373ad73a504971]::pin::Pin<&mut dyn core[a373ad73a504971]::future::future::Future<Output = ()>>>::{closure#0}, ()>
[INFO] [stdout]   17:     0x58caa5d5ec56 - <tokio[1f26a57244cf3735]::runtime::runtime::Runtime>::block_on::<core[a373ad73a504971]::pin::Pin<&mut dyn core[a373ad73a504971]::future::future::Future<Output = ()>>>
[INFO] [stdout]   18:     0x58caa5d49bed - <conformance[8014fd1e4f35306e]::conformance_fixtures::{closure#0} as core[a373ad73a504971]::ops::function::FnOnce<()>>::call_once
[INFO] [stdout]   19:     0x58caa5d68f6b - test[aada8e7e76ba119b]::__rust_begin_short_backtrace::<core[a373ad73a504971]::result::Result<(), alloc[2e1b2a31b91974c5]::string::String>, fn() -> core[a373ad73a504971]::result::Result<(), alloc[2e1b2a31b91974c5]::string::String>>
[INFO] [stdout]   20:     0x58caa5d76145 - test[aada8e7e76ba119b]::run_test::{closure#0}
[INFO] [stdout]   21:     0x58caa5d6fa34 - std[617be2ca0a6fd877]::sys::backtrace::__rust_begin_short_backtrace::<test[aada8e7e76ba119b]::run_test::{closure#1}, ()>
[INFO] [stdout]   22:     0x58caa5d791d2 - <std[617be2ca0a6fd877]::thread::lifecycle::spawn_unchecked<test[aada8e7e76ba119b]::run_test::{closure#1}, ()>::{closure#1} as core[a373ad73a504971]::ops::function::FnOnce<()>>::call_once::{shim:vtable#0}
[INFO] [stdout]   23:     0x58caa621476f - <std[617be2ca0a6fd877]::sys::thread::unix::Thread>::new::thread_start
[INFO] [stdout]   24:     0x724d7eb2fdfa - <unknown>
[INFO] [stdout]   25:     0x724d7ebc33d4 - clone
[INFO] [stdout]   26:                0x0 - <unknown>
[INFO] [stdout] 
[INFO] [stdout] 
[INFO] [stdout] failures:
[INFO] [stdout]     conformance_fixtures
[INFO] [stdout] 
[INFO] [stdout] test result: FAILED. 0 passed; 1 failed; 0 ignored; 0 measured; 0 filtered out; finished in 0.01s
[INFO] [stdout] 
[INFO] running `Command { std: "docker" "inspect" "5af833afff86d743d5ecbec680d2ccc5b4df2ab9048790621a46949994781f7e", kill_on_drop: false }`
[INFO] running `Command { std: "docker" "rm" "-f" "5af833afff86d743d5ecbec680d2ccc5b4df2ab9048790621a46949994781f7e", kill_on_drop: false }`
[INFO] [stdout] 5af833afff86d743d5ecbec680d2ccc5b4df2ab9048790621a46949994781f7e
