[INFO] fetching crate typenum-consts 0.1.5...
[INFO] testing typenum-consts-0.1.5 against 1.99.0-beta.8+cargoflags=--release for beta-release-1.100-2
[INFO] extracting crate typenum-consts 0.1.5 into /workspace/builds/worker-3-tc1/source
[INFO] started tweaking crates.io crate typenum-consts 0.1.5
[INFO] finished tweaking crates.io crate typenum-consts 0.1.5
[INFO] tweaked toml for crates.io crate typenum-consts 0.1.5 written to /workspace/builds/worker-3-tc1/source/Cargo.toml
[INFO] validating manifest of crates.io crate typenum-consts 0.1.5 on toolchain 1.99.0-beta.8
[INFO] running `Command { std: CARGO_HOME="/workspace/cargo-home" RUSTUP_HOME="/workspace/rustup-home" "/workspace/cargo-home/bin/cargo" "+1.99.0-beta.8" "metadata" "--manifest-path" "Cargo.toml" "--no-deps", kill_on_drop: false }`
[INFO] running `Command { std: CARGO_HOME="/workspace/cargo-home" RUSTUP_HOME="/workspace/rustup-home" "/workspace/cargo-home/bin/cargo" "+1.99.0-beta.8" "generate-lockfile" "--manifest-path" "Cargo.toml", kill_on_drop: false }`
[INFO] [stderr]     Updating crates.io index
[INFO] [stderr]      Locking 32 packages to highest compatible versions
[INFO] [stderr]       Adding syn v2.0.119 (available: v3.0.9)
[INFO] running `Command { std: CARGO_HOME="/workspace/cargo-home" RUSTUP_HOME="/workspace/rustup-home" "/workspace/cargo-home/bin/cargo" "+1.99.0-beta.8" "fetch" "--manifest-path" "Cargo.toml", kill_on_drop: false }`
[INFO] [stderr]  Downloading crates ...
[INFO] [stderr]   Downloaded trybuild v1.0.122
[INFO] [stderr]   Downloaded toml_datetime v1.1.2+spec-1.1.0
[INFO] [stderr]   Downloaded toml_writer v1.1.3+spec-1.1.0
[INFO] [stderr]   Downloaded toml_parser v1.1.5+spec-1.1.0
[INFO] [stderr]   Downloaded dotenv v0.15.0
[INFO] [stderr]   Downloaded serde_spanned v1.1.2
[INFO] [stderr]   Downloaded glob v0.3.4
[INFO] [stderr]   Downloaded toml v1.1.8+spec-1.1.0
[INFO] [stderr]   Downloaded rsc v3.0.0
[INFO] [stderr]   Downloaded termcolor v1.4.1
[INFO] [stderr]   Downloaded target-tuple v1.0.2
[INFO] [stderr]   Downloaded peekmore v1.3.0
[INFO] running `Command { std: "docker" "create" "-v" "/var/lib/crater-agent-workspace/builds/worker-3-tc1/source:/opt/rustwide/workdir:ro,Z" "-v" "/var/lib/crater-agent-workspace/builds/worker-3-tc1/target:/opt/rustwide/target:rw,Z" "-v" "/var/lib/crater-agent-workspace/cargo-home:/opt/rustwide/cargo-home:ro,Z" "-v" "/var/lib/crater-agent-workspace/rustup-home:/opt/rustwide/rustup-home:ro,Z" "-m" "1610612736" "--network" "none" "ghcr.io/rust-lang/crates-build-env/linux@sha256:77db811e55d90add9212f6832c23229e3de5f1c1f9905e8cb07319ea15df73ac" "sleep" "infinity", kill_on_drop: false }`
[INFO] [stdout] 7141d5aef762d88ebad15ca7cd71058aa4534b67148a010e36199cd69e0ea0a9
[INFO] running `Command { std: "docker" "start" "7141d5aef762d88ebad15ca7cd71058aa4534b67148a010e36199cd69e0ea0a9", kill_on_drop: false }`
[INFO] running `Command { std: "docker" "inspect" "7141d5aef762d88ebad15ca7cd71058aa4534b67148a010e36199cd69e0ea0a9", kill_on_drop: false }`
[INFO] running `Command { std: "docker" "exec" "-e" "SOURCE_DIR=/opt/rustwide/workdir" "-e" "CARGO_HOME=/opt/rustwide/cargo-home" "-e" "RUSTUP_HOME=/opt/rustwide/rustup-home" "-e" "CARGO_TARGET_DIR=/opt/rustwide/target" "-w" "/opt/rustwide/workdir" "--user" "0:0" "7141d5aef762d88ebad15ca7cd71058aa4534b67148a010e36199cd69e0ea0a9" "/opt/rustwide/cargo-home/bin/cargo" "+1.99.0-beta.8" "metadata" "--no-deps" "--format-version=1", kill_on_drop: false }`
[INFO] running `Command { std: "docker" "inspect" "7141d5aef762d88ebad15ca7cd71058aa4534b67148a010e36199cd69e0ea0a9", kill_on_drop: false }`
[INFO] running `Command { std: "docker" "exec" "-e" "SOURCE_DIR=/opt/rustwide/workdir" "-e" "CARGO_HOME=/opt/rustwide/cargo-home" "-e" "RUSTUP_HOME=/opt/rustwide/rustup-home" "-e" "CARGO_TARGET_DIR=/opt/rustwide/target" "-e" "CARGO_INCREMENTAL=0" "-e" "RUST_BACKTRACE=full" "-e" "RUSTFLAGS=--cap-lints=warn" "-e" "RUSTDOCFLAGS=--cap-lints=warn" "-w" "/opt/rustwide/workdir" "--user" "0:0" "7141d5aef762d88ebad15ca7cd71058aa4534b67148a010e36199cd69e0ea0a9" "/opt/rustwide/cargo-home/bin/cargo" "+1.99.0-beta.8" "build" "--frozen" "--message-format=json" "--release", kill_on_drop: false }`
[INFO] [stderr]    Compiling peekmore v1.3.0
[INFO] [stderr]    Compiling typenum v1.20.1
[INFO] [stderr]    Compiling dotenv v0.15.0
[INFO] [stderr]    Compiling syn v2.0.119
[INFO] [stderr]    Compiling rsc v3.0.0
[INFO] [stderr]    Compiling typenum-consts v0.1.5 (/opt/rustwide/workdir)
[INFO] [stderr]     Finished `release` profile [optimized] target(s) in 8.09s
[INFO] running `Command { std: "docker" "inspect" "7141d5aef762d88ebad15ca7cd71058aa4534b67148a010e36199cd69e0ea0a9", kill_on_drop: false }`
[INFO] running `Command { std: "docker" "exec" "-e" "SOURCE_DIR=/opt/rustwide/workdir" "-e" "CARGO_HOME=/opt/rustwide/cargo-home" "-e" "RUSTUP_HOME=/opt/rustwide/rustup-home" "-e" "CARGO_TARGET_DIR=/opt/rustwide/target" "-e" "CARGO_INCREMENTAL=0" "-e" "RUST_BACKTRACE=full" "-e" "RUSTFLAGS=--cap-lints=warn" "-e" "RUSTDOCFLAGS=--cap-lints=warn" "-w" "/opt/rustwide/workdir" "--user" "0:0" "7141d5aef762d88ebad15ca7cd71058aa4534b67148a010e36199cd69e0ea0a9" "/opt/rustwide/cargo-home/bin/cargo" "+1.99.0-beta.8" "test" "--frozen" "--no-run" "--message-format=json" "--release", kill_on_drop: false }`
[INFO] [stderr]    Compiling serde_core v1.0.229
[INFO] [stderr]    Compiling zmij v1.0.23
[INFO] [stderr]    Compiling serde v1.0.229
[INFO] [stderr]    Compiling serde_json v1.0.154
[INFO] [stderr]    Compiling winnow v1.0.4
[INFO] [stderr]    Compiling target-tuple v1.0.2
[INFO] [stderr]    Compiling toml_writer v1.1.3+spec-1.1.0
[INFO] [stderr]    Compiling memchr v2.8.3
[INFO] [stderr]    Compiling itoa v1.0.18
[INFO] [stderr]    Compiling termcolor v1.4.1
[INFO] [stderr]    Compiling glob v0.3.4
[INFO] [stderr]    Compiling syn v3.0.9
[INFO] [stderr]    Compiling typenum-consts v0.1.5 (/opt/rustwide/workdir)
[INFO] [stderr]    Compiling toml_parser v1.1.5+spec-1.1.0
[INFO] [stderr]    Compiling serde_derive v1.0.229
[INFO] [stderr]    Compiling serde_spanned v1.1.2
[INFO] [stderr]    Compiling toml_datetime v1.1.2+spec-1.1.0
[INFO] [stderr]    Compiling toml v1.1.8+spec-1.1.0
[INFO] [stderr]    Compiling trybuild v1.0.122
[INFO] [stderr]     Finished `release` profile [optimized] target(s) in 12.24s
[INFO] running `Command { std: "docker" "inspect" "7141d5aef762d88ebad15ca7cd71058aa4534b67148a010e36199cd69e0ea0a9", kill_on_drop: false }`
[INFO] running `Command { std: "docker" "exec" "-e" "SOURCE_DIR=/opt/rustwide/workdir" "-e" "CARGO_HOME=/opt/rustwide/cargo-home" "-e" "RUSTUP_HOME=/opt/rustwide/rustup-home" "-e" "CARGO_TARGET_DIR=/opt/rustwide/target" "-e" "CARGO_INCREMENTAL=0" "-e" "RUST_BACKTRACE=full" "-e" "RUSTFLAGS=--cap-lints=warn" "-e" "RUSTDOCFLAGS=--cap-lints=warn" "-w" "/opt/rustwide/workdir" "--user" "0:0" "7141d5aef762d88ebad15ca7cd71058aa4534b67148a010e36199cd69e0ea0a9" "/opt/rustwide/cargo-home/bin/cargo" "+1.99.0-beta.8" "test" "--frozen" "--release", kill_on_drop: false }`
[INFO] [stderr]     Finished `release` profile [optimized] target(s) in 0.04s
[INFO] [stderr]      Running unittests src/lib.rs (/opt/rustwide/target/release/deps/typenum_consts-65bb5f096869afd1)
[INFO] [stdout] 
[INFO] [stdout] running 1 test
[INFO] [stdout] test uconst_impl::tests::test_can_represent_as_u32_or_u64 ... ok
[INFO] [stdout] 
[INFO] [stdout] test result: ok. 1 passed; 0 failed; 0 ignored; 0 measured; 0 filtered out; finished in 0.00s
[INFO] [stdout] 
[INFO] [stderr]    Doc-tests typenum_consts
[INFO] [stdout] 
[INFO] [stdout] running 31 tests
[INFO] [stdout] test src/lib.rs - nconst (line 331) - compile fail ... ok
[INFO] [stdout] test src/lib.rs - pconst (line 239) - compile fail ... ok
[INFO] [stdout] test src/lib.rs - pconst (line 233) - compile fail ... ok
[INFO] [stdout] test src/lib.rs - nconst (line 337) - compile fail ... ok
[INFO] [stdout] test src/lib.rs - nconst (line 358) - compile fail ... ok
[INFO] [stdout] test src/lib.rs - pconst (line 260) - compile fail ... ok
[INFO] [stdout] test src/lib.rs - (line 113) ... FAILED
[INFO] [stdout] test src/lib.rs - (line 89) ... ok
[INFO] [stdout] test src/lib.rs - (line 71) ... FAILED
[INFO] [stdout] test src/lib.rs - nconst (line 321) ... ok
[INFO] [stdout] test src/lib.rs - pconst (line 287) - compile fail ... ok
[INFO] [stdout] test src/lib.rs - pconst (line 275) ... FAILED
[INFO] [stdout] test src/lib.rs - nconst (line 373) ... FAILED
[INFO] [stdout] test src/lib.rs - pconst (line 223) ... ok
[INFO] [stdout] test src/lib.rs - (line 98) ... ok
[INFO] [stdout] test src/lib.rs - pconst (line 247) ... ok
[INFO] [stdout] test src/lib.rs - tnconst (line 158) - compile fail ... ok
[INFO] [stdout] test src/lib.rs - tnconst (line 173) ... FAILED
[INFO] [stdout] test src/lib.rs - uconst (line 81) ... FAILED
[INFO] [stdout] test src/lib.rs - tnconst (line 185) - compile fail ... ok
[INFO] [stdout] test src/lib.rs - uconst (line 45) - compile fail ... ok
[INFO] [stdout] test src/lib.rs - tnconst (line 145) ... ok
[INFO] [stdout] test src/lib.rs - nconst (line 345) ... ok
[INFO] [stdout] test src/lib.rs - uconst (line 39) - compile fail ... ok
[INFO] [stdout] test src/lib.rs - uconst (line 66) - compile fail ... ok
[INFO] [stdout] test src/lib.rs - tnconst (line 135) ... ok
[INFO] [stdout] test src/lib.rs - nconst (line 385) - compile fail ... ok
[INFO] [stdout] test src/lib.rs - (line 29) ... ok
[INFO] [stdout] test src/lib.rs - uconst (line 93) - compile fail ... ok
[INFO] [stdout] test src/lib.rs - uconst (line 53) ... ok
[INFO] [stdout] test src/lib.rs - uconst (line 29) ... ok
[INFO] [stdout] 
[INFO] [stdout] failures:
[INFO] [stdout] 
[INFO] [stdout] ---- src/lib.rs - (line 113) stdout ----
[INFO] [stderr] error: doctest failed, to rerun pass `--doc`
[INFO] [stdout] error: failed to read `ENV_VAR` key from the environment, err = environment variable not found
[INFO] [stdout]    --> src/lib.rs:120:23
[INFO] [stdout]     |
[INFO] [stdout] 120 | type E = pconst![env!("ENV_VAR");];
[INFO] [stdout]     |                       ^^^^^^^^^
[INFO] [stdout] 
[INFO] [stdout] error[E0277]: the trait bound `(): Same<PInt<UInt<UInt<UInt<UInt<UInt<UInt<UInt<UTerm, B1>, B0>, B0>, B0>, B1>, B0>, B1>>>` is not satisfied
[INFO] [stdout]    --> src/lib.rs:121:1
[INFO] [stdout]     |
[INFO] [stdout] 121 | assert_type_eq!(E, P69);
[INFO] [stdout]     | ^^^^^^^^^^^^^^^^^^^^^^^ the trait `Same<PInt<UInt<UInt<UInt<UInt<UInt<UInt<UInt<UTerm, B1>, B0>, B0>, B0>, B1>, B0>, B1>>>` is not implemented for `()`
[INFO] [stdout]     |
[INFO] [stdout]     = note: this error originates in the macro `assert_type_eq` (in Nightly builds, run with -Z macro-backtrace for more info)
[INFO] [stdout] 
[INFO] [stdout] error[E0277]: the trait bound `(): Same<PInt<UInt<UInt<UInt<UInt<UInt<UInt<UInt<UTerm, B1>, B0>, B0>, B0>, B1>, B0>, B1>>>` is not satisfied
[INFO] [stdout]    --> src/lib.rs:121:1
[INFO] [stdout]     |
[INFO] [stdout] 121 | assert_type_eq!(E, P69);
[INFO] [stdout]     | ^^^^^^^^^^^^^^^^^^^^^^^ the trait `Same<PInt<UInt<UInt<UInt<UInt<UInt<UInt<UInt<UTerm, B1>, B0>, B0>, B0>, B1>, B0>, B1>>>` is not implemented for `()`
[INFO] [stdout]     |
[INFO] [stdout]     = note: this error originates in the macro `assert_type_eq` (in Nightly builds, run with -Z macro-backtrace for more info)
[INFO] [stdout] 
[INFO] [stdout] error: aborting due to 3 previous errors
[INFO] [stdout] 
[INFO] [stdout] For more information about this error, try `rustc --explain E0277`.
[INFO] [stdout] Couldn't compile the test.
[INFO] [stdout] ---- src/lib.rs - (line 71) stdout ----
[INFO] [stdout] error: failed to read `ENV_VAR` key from the environment, err = environment variable not found
[INFO] [stdout]   --> src/lib.rs:78:23
[INFO] [stdout]    |
[INFO] [stdout] 78 | type E = uconst![env!("ENV_VAR");];
[INFO] [stdout]    |                       ^^^^^^^^^
[INFO] [stdout] 
[INFO] [stdout] error[E0277]: the trait bound `(): Same<UInt<UInt<UInt<UInt<UInt<UInt<UInt<UTerm, B1>, B0>, B0>, B0>, B1>, B0>, B1>>` is not satisfied
[INFO] [stdout]   --> src/lib.rs:79:1
[INFO] [stdout]    |
[INFO] [stdout] 79 | assert_type_eq!(E, U69);
[INFO] [stdout]    | ^^^^^^^^^^^^^^^^^^^^^^^ the trait `Same<UInt<UInt<UInt<UInt<UInt<UInt<UInt<UTerm, B1>, B0>, B0>, B0>, B1>, B0>, B1>>` is not implemented for `()`
[INFO] [stdout]    |
[INFO] [stdout]    = note: this error originates in the macro `assert_type_eq` (in Nightly builds, run with -Z macro-backtrace for more info)
[INFO] [stdout] 
[INFO] [stdout] error[E0277]: the trait bound `(): Same<UInt<UInt<UInt<UInt<UInt<UInt<UInt<UTerm, B1>, B0>, B0>, B0>, B1>, B0>, B1>>` is not satisfied
[INFO] [stdout]   --> src/lib.rs:79:1
[INFO] [stdout]    |
[INFO] [stdout] 79 | assert_type_eq!(E, U69);
[INFO] [stdout]    | ^^^^^^^^^^^^^^^^^^^^^^^ the trait `Same<UInt<UInt<UInt<UInt<UInt<UInt<UInt<UTerm, B1>, B0>, B0>, B0>, B1>, B0>, B1>>` is not implemented for `()`
[INFO] [stdout]    |
[INFO] [stdout]    = note: this error originates in the macro `assert_type_eq` (in Nightly builds, run with -Z macro-backtrace for more info)
[INFO] [stdout] 
[INFO] [stdout] error: aborting due to 3 previous errors
[INFO] [stdout] 
[INFO] [stdout] For more information about this error, try `rustc --explain E0277`.
[INFO] [stdout] Couldn't compile the test.
[INFO] [stdout] ---- src/lib.rs - pconst (line 275) stdout ----
[INFO] [stdout] error: failed to read `ENV_VAR` key from the environment, err = environment variable not found
[INFO] [stdout]    --> src/lib.rs:282:23
[INFO] [stdout]     |
[INFO] [stdout] 282 | type E = pconst![env!("ENV_VAR");];
[INFO] [stdout]     |                       ^^^^^^^^^
[INFO] [stdout] 
[INFO] [stdout] error[E0277]: the trait bound `(): Same<PInt<UInt<UInt<UInt<UInt<UInt<UInt<UInt<UTerm, B1>, B0>, B0>, B0>, B1>, B0>, B1>>>` is not satisfied
[INFO] [stdout]    --> src/lib.rs:283:1
[INFO] [stdout]     |
[INFO] [stdout] 283 | assert_type_eq!(E, P69);
[INFO] [stdout]     | ^^^^^^^^^^^^^^^^^^^^^^^ the trait `Same<PInt<UInt<UInt<UInt<UInt<UInt<UInt<UInt<UTerm, B1>, B0>, B0>, B0>, B1>, B0>, B1>>>` is not implemented for `()`
[INFO] [stdout]     |
[INFO] [stdout]     = note: this error originates in the macro `assert_type_eq` (in Nightly builds, run with -Z macro-backtrace for more info)
[INFO] [stdout] 
[INFO] [stdout] error[E0277]: the trait bound `(): Same<PInt<UInt<UInt<UInt<UInt<UInt<UInt<UInt<UTerm, B1>, B0>, B0>, B0>, B1>, B0>, B1>>>` is not satisfied
[INFO] [stdout]    --> src/lib.rs:283:1
[INFO] [stdout]     |
[INFO] [stdout] 283 | assert_type_eq!(E, P69);
[INFO] [stdout]     | ^^^^^^^^^^^^^^^^^^^^^^^ the trait `Same<PInt<UInt<UInt<UInt<UInt<UInt<UInt<UInt<UTerm, B1>, B0>, B0>, B0>, B1>, B0>, B1>>>` is not implemented for `()`
[INFO] [stdout]     |
[INFO] [stdout]     = note: this error originates in the macro `assert_type_eq` (in Nightly builds, run with -Z macro-backtrace for more info)
[INFO] [stdout] 
[INFO] [stdout] error: aborting due to 3 previous errors
[INFO] [stdout] 
[INFO] [stdout] For more information about this error, try `rustc --explain E0277`.
[INFO] [stdout] Couldn't compile the test.
[INFO] [stdout] ---- src/lib.rs - nconst (line 373) stdout ----
[INFO] [stdout] error: failed to read `NENV_VAR` key from the environment, err = environment variable not found
[INFO] [stdout]    --> src/lib.rs:380:23
[INFO] [stdout]     |
[INFO] [stdout] 380 | type E = nconst![env!("NENV_VAR");];
[INFO] [stdout]     |                       ^^^^^^^^^^
[INFO] [stdout] 
[INFO] [stdout] error[E0277]: the trait bound `(): Same<NInt<UInt<UInt<UInt<UInt<UInt<UInt<UInt<UTerm, B1>, B0>, B0>, B0>, B1>, B0>, B1>>>` is not satisfied
[INFO] [stdout]    --> src/lib.rs:381:1
[INFO] [stdout]     |
[INFO] [stdout] 381 | assert_type_eq!(E, N69);
[INFO] [stdout]     | ^^^^^^^^^^^^^^^^^^^^^^^ the trait `Same<NInt<UInt<UInt<UInt<UInt<UInt<UInt<UInt<UTerm, B1>, B0>, B0>, B0>, B1>, B0>, B1>>>` is not implemented for `()`
[INFO] [stdout]     |
[INFO] [stdout]     = note: this error originates in the macro `assert_type_eq` (in Nightly builds, run with -Z macro-backtrace for more info)
[INFO] [stdout] 
[INFO] [stdout] error[E0277]: the trait bound `(): Same<NInt<UInt<UInt<UInt<UInt<UInt<UInt<UInt<UTerm, B1>, B0>, B0>, B0>, B1>, B0>, B1>>>` is not satisfied
[INFO] [stdout]    --> src/lib.rs:381:1
[INFO] [stdout]     |
[INFO] [stdout] 381 | assert_type_eq!(E, N69);
[INFO] [stdout]     | ^^^^^^^^^^^^^^^^^^^^^^^ the trait `Same<NInt<UInt<UInt<UInt<UInt<UInt<UInt<UInt<UTerm, B1>, B0>, B0>, B0>, B1>, B0>, B1>>>` is not implemented for `()`
[INFO] [stdout]     |
[INFO] [stdout]     = note: this error originates in the macro `assert_type_eq` (in Nightly builds, run with -Z macro-backtrace for more info)
[INFO] [stdout] 
[INFO] [stdout] error: aborting due to 3 previous errors
[INFO] [stdout] 
[INFO] [stdout] For more information about this error, try `rustc --explain E0277`.
[INFO] [stdout] Couldn't compile the test.
[INFO] [stdout] ---- src/lib.rs - tnconst (line 173) stdout ----
[INFO] [stdout] error: failed to read `ENV_VAR` key from the environment, err = environment variable not found
[INFO] [stdout]    --> src/lib.rs:180:24
[INFO] [stdout]     |
[INFO] [stdout] 180 | type E = tnconst![env!("ENV_VAR");];
[INFO] [stdout]     |                        ^^^^^^^^^
[INFO] [stdout] 
[INFO] [stdout] error[E0277]: the trait bound `(): Same<UInt<UInt<UInt<UInt<UInt<UInt<UInt<UTerm, B1>, B0>, B0>, B0>, B1>, B0>, B1>>` is not satisfied
[INFO] [stdout]    --> src/lib.rs:181:1
[INFO] [stdout]     |
[INFO] [stdout] 181 | assert_type_eq!(E, U69);
[INFO] [stdout]     | ^^^^^^^^^^^^^^^^^^^^^^^ the trait `Same<UInt<UInt<UInt<UInt<UInt<UInt<UInt<UTerm, B1>, B0>, B0>, B0>, B1>, B0>, B1>>` is not implemented for `()`
[INFO] [stdout]     |
[INFO] [stdout]     = note: this error originates in the macro `assert_type_eq` (in Nightly builds, run with -Z macro-backtrace for more info)
[INFO] [stdout] 
[INFO] [stdout] error[E0277]: the trait bound `(): Same<UInt<UInt<UInt<UInt<UInt<UInt<UInt<UTerm, B1>, B0>, B0>, B0>, B1>, B0>, B1>>` is not satisfied
[INFO] [stdout]    --> src/lib.rs:181:1
[INFO] [stdout]     |
[INFO] [stdout] 181 | assert_type_eq!(E, U69);
[INFO] [stdout]     | ^^^^^^^^^^^^^^^^^^^^^^^ the trait `Same<UInt<UInt<UInt<UInt<UInt<UInt<UInt<UTerm, B1>, B0>, B0>, B0>, B1>, B0>, B1>>` is not implemented for `()`
[INFO] [stdout]     |
[INFO] [stdout]     = note: this error originates in the macro `assert_type_eq` (in Nightly builds, run with -Z macro-backtrace for more info)
[INFO] [stdout] 
[INFO] [stdout] error: aborting due to 3 previous errors
[INFO] [stdout] 
[INFO] [stdout] For more information about this error, try `rustc --explain E0277`.
[INFO] [stdout] Couldn't compile the test.
[INFO] [stdout] ---- src/lib.rs - uconst (line 81) stdout ----
[INFO] [stdout] error: failed to read `ENV_VAR` key from the environment, err = environment variable not found
[INFO] [stdout]   --> src/lib.rs:88:23
[INFO] [stdout]    |
[INFO] [stdout] 88 | type E = uconst![env!("ENV_VAR");];
[INFO] [stdout]    |                       ^^^^^^^^^
[INFO] [stdout] 
[INFO] [stdout] error[E0277]: the trait bound `(): Same<UInt<UInt<UInt<UInt<UInt<UInt<UInt<UTerm, B1>, B0>, B0>, B0>, B1>, B0>, B1>>` is not satisfied
[INFO] [stdout]   --> src/lib.rs:89:1
[INFO] [stdout]    |
[INFO] [stdout] 89 | assert_type_eq!(E, U69);
[INFO] [stdout]    | ^^^^^^^^^^^^^^^^^^^^^^^ the trait `Same<UInt<UInt<UInt<UInt<UInt<UInt<UInt<UTerm, B1>, B0>, B0>, B0>, B1>, B0>, B1>>` is not implemented for `()`
[INFO] [stdout]    |
[INFO] [stdout]    = note: this error originates in the macro `assert_type_eq` (in Nightly builds, run with -Z macro-backtrace for more info)
[INFO] [stdout] 
[INFO] [stdout] error[E0277]: the trait bound `(): Same<UInt<UInt<UInt<UInt<UInt<UInt<UInt<UTerm, B1>, B0>, B0>, B0>, B1>, B0>, B1>>` is not satisfied
[INFO] [stdout]   --> src/lib.rs:89:1
[INFO] [stdout]    |
[INFO] [stdout] 89 | assert_type_eq!(E, U69);
[INFO] [stdout]    | ^^^^^^^^^^^^^^^^^^^^^^^ the trait `Same<UInt<UInt<UInt<UInt<UInt<UInt<UInt<UTerm, B1>, B0>, B0>, B0>, B1>, B0>, B1>>` is not implemented for `()`
[INFO] [stdout]    |
[INFO] [stdout]    = note: this error originates in the macro `assert_type_eq` (in Nightly builds, run with -Z macro-backtrace for more info)
[INFO] [stdout] 
[INFO] [stdout] error: aborting due to 3 previous errors
[INFO] [stdout] 
[INFO] [stdout] For more information about this error, try `rustc --explain E0277`.
[INFO] [stdout] Couldn't compile the test.
[INFO] [stdout] 
[INFO] [stdout] failures:
[INFO] [stdout]     src/lib.rs - (line 113)
[INFO] [stdout]     src/lib.rs - (line 71)
[INFO] [stdout]     src/lib.rs - nconst (line 373)
[INFO] [stdout]     src/lib.rs - pconst (line 275)
[INFO] [stdout]     src/lib.rs - tnconst (line 173)
[INFO] [stdout]     src/lib.rs - uconst (line 81)
[INFO] [stdout] 
[INFO] [stdout] test result: FAILED. 25 passed; 6 failed; 0 ignored; 0 measured; 0 filtered out; finished in 0.82s
[INFO] [stdout] 
[INFO] running `Command { std: "docker" "inspect" "7141d5aef762d88ebad15ca7cd71058aa4534b67148a010e36199cd69e0ea0a9", kill_on_drop: false }`
[INFO] running `Command { std: "docker" "rm" "-f" "7141d5aef762d88ebad15ca7cd71058aa4534b67148a010e36199cd69e0ea0a9", kill_on_drop: false }`
[INFO] [stdout] 7141d5aef762d88ebad15ca7cd71058aa4534b67148a010e36199cd69e0ea0a9
