[INFO] fetching crate typeform-rs 0.2.1...
[INFO] testing typeform-rs-0.2.1 against 1.99.0-beta.8+cargoflags=--release for beta-release-1.100-2
[INFO] extracting crate typeform-rs 0.2.1 into /workspace/builds/worker-7-tc1/source
[INFO] started tweaking crates.io crate typeform-rs 0.2.1
[INFO] finished tweaking crates.io crate typeform-rs 0.2.1
[INFO] tweaked toml for crates.io crate typeform-rs 0.2.1 written to /workspace/builds/worker-7-tc1/source/Cargo.toml
[INFO] validating manifest of crates.io crate typeform-rs 0.2.1 on toolchain 1.99.0-beta.8
[INFO] running `Command { std: CARGO_HOME="/workspace/cargo-home" RUSTUP_HOME="/workspace/rustup-home" "/workspace/cargo-home/bin/cargo" "+1.99.0-beta.8" "metadata" "--manifest-path" "Cargo.toml" "--no-deps", kill_on_drop: false }`
[INFO] running `Command { std: CARGO_HOME="/workspace/cargo-home" RUSTUP_HOME="/workspace/rustup-home" "/workspace/cargo-home/bin/cargo" "+1.99.0-beta.8" "generate-lockfile" "--manifest-path" "Cargo.toml", kill_on_drop: false }`
[INFO] [stderr]     Updating crates.io index
[INFO] [stderr]      Locking 101 packages to highest compatible versions
[INFO] [stderr]       Adding isahc v1.8.3 (available: v2.0.1)
[INFO] [stderr]       Adding urlencoding v1.3.3 (available: v2.1.3)
[INFO] running `Command { std: CARGO_HOME="/workspace/cargo-home" RUSTUP_HOME="/workspace/rustup-home" "/workspace/cargo-home/bin/cargo" "+1.99.0-beta.8" "fetch" "--manifest-path" "Cargo.toml", kill_on_drop: false }`
[INFO] [stderr]  Downloading crates ...
[INFO] [stderr]   Downloaded eyre v0.6.14
[INFO] [stderr]   Downloaded isahc v1.8.3
[INFO] [stderr]   Downloaded sluice v0.6.0
[INFO] [stderr]   Downloaded curl v0.4.51
[INFO] [stderr]   Downloaded libnghttp2-sys v0.1.13+1.68.1
[INFO] running `Command { std: "docker" "create" "-v" "/var/lib/crater-agent-workspace/builds/worker-7-tc1/source:/opt/rustwide/workdir:ro,Z" "-v" "/var/lib/crater-agent-workspace/builds/worker-7-tc1/target:/opt/rustwide/target:rw,Z" "-v" "/var/lib/crater-agent-workspace/cargo-home:/opt/rustwide/cargo-home:ro,Z" "-v" "/var/lib/crater-agent-workspace/rustup-home:/opt/rustwide/rustup-home:ro,Z" "-m" "1610612736" "--network" "none" "ghcr.io/rust-lang/crates-build-env/linux@sha256:77db811e55d90add9212f6832c23229e3de5f1c1f9905e8cb07319ea15df73ac" "sleep" "infinity", kill_on_drop: false }`
[INFO] [stdout] cf1f2ee0b33b3986446f2d09657ad601d5807d6be61fca98331c6286f15deee7
[INFO] running `Command { std: "docker" "start" "cf1f2ee0b33b3986446f2d09657ad601d5807d6be61fca98331c6286f15deee7", kill_on_drop: false }`
[INFO] running `Command { std: "docker" "inspect" "cf1f2ee0b33b3986446f2d09657ad601d5807d6be61fca98331c6286f15deee7", kill_on_drop: false }`
[INFO] running `Command { std: "docker" "exec" "-e" "SOURCE_DIR=/opt/rustwide/workdir" "-e" "CARGO_HOME=/opt/rustwide/cargo-home" "-e" "RUSTUP_HOME=/opt/rustwide/rustup-home" "-e" "CARGO_TARGET_DIR=/opt/rustwide/target" "-w" "/opt/rustwide/workdir" "--user" "0:0" "cf1f2ee0b33b3986446f2d09657ad601d5807d6be61fca98331c6286f15deee7" "/opt/rustwide/cargo-home/bin/cargo" "+1.99.0-beta.8" "metadata" "--no-deps" "--format-version=1", kill_on_drop: false }`
[INFO] running `Command { std: "docker" "inspect" "cf1f2ee0b33b3986446f2d09657ad601d5807d6be61fca98331c6286f15deee7", kill_on_drop: false }`
[INFO] running `Command { std: "docker" "exec" "-e" "SOURCE_DIR=/opt/rustwide/workdir" "-e" "CARGO_HOME=/opt/rustwide/cargo-home" "-e" "RUSTUP_HOME=/opt/rustwide/rustup-home" "-e" "CARGO_TARGET_DIR=/opt/rustwide/target" "-e" "CARGO_INCREMENTAL=0" "-e" "RUST_BACKTRACE=full" "-e" "RUSTFLAGS=--cap-lints=warn" "-e" "RUSTDOCFLAGS=--cap-lints=warn" "-w" "/opt/rustwide/workdir" "--user" "0:0" "cf1f2ee0b33b3986446f2d09657ad601d5807d6be61fca98331c6286f15deee7" "/opt/rustwide/cargo-home/bin/cargo" "+1.99.0-beta.8" "build" "--frozen" "--message-format=json" "--release", kill_on_drop: false }`
[INFO] [stderr]    Compiling parking v2.2.1
[INFO] [stderr]    Compiling crossbeam-utils v0.8.23
[INFO] [stderr]    Compiling libnghttp2-sys v0.1.13+1.68.1
[INFO] [stderr]    Compiling libz-sys v1.1.30
[INFO] [stderr]    Compiling openssl-sys v0.9.117
[INFO] [stderr]    Compiling curl-sys v0.4.91+curl-8.22.0
[INFO] [stderr]    Compiling rustix v1.1.5
[INFO] [stderr]    Compiling syn v2.0.119
[INFO] [stderr]    Compiling encoding_rs v0.8.42
[INFO] [stderr]    Compiling curl v0.4.51
[INFO] [stderr]    Compiling futures-io v0.3.34
[INFO] [stderr]    Compiling bitflags v2.13.2
[INFO] [stderr]    Compiling linux-raw-sys v0.12.1
[INFO] [stderr]    Compiling eyre v0.6.14
[INFO] [stderr]    Compiling socket2 v0.6.5
[INFO] [stderr]    Compiling fastrand v2.5.0
[INFO] [stderr]    Compiling multiversion_no_op v1.0.0
[INFO] [stderr]    Compiling simdutf8 v0.1.5
[INFO] [stderr]    Compiling event-listener v5.4.2
[INFO] [stderr]    Compiling core_detect v1.0.0
[INFO] [stderr]    Compiling isahc v1.8.3
[INFO] [stderr]    Compiling futures-lite v2.6.1
[INFO] [stderr]    Compiling url v2.5.8
[INFO] [stderr]    Compiling indenter v0.3.4
[INFO] [stderr]    Compiling waker-fn v1.2.0
[INFO] [stderr]    Compiling urlencoding v1.3.3
[INFO] [stderr]    Compiling concurrent-queue v2.5.0
[INFO] [stderr]    Compiling event-listener-strategy v0.5.4
[INFO] [stderr]    Compiling async-channel v2.5.0
[INFO] [stderr]    Compiling sluice v0.6.0
[INFO] [stderr]    Compiling polling v3.11.0
[INFO] [stderr]    Compiling tracing-attributes v0.1.31
[INFO] [stderr]    Compiling pin-project-internal v1.1.13
[INFO] [stderr]    Compiling tracing v0.1.44
[INFO] [stderr]    Compiling pin-project v1.1.13
[INFO] [stderr]    Compiling tracing-futures v0.2.5
[INFO] [stderr]    Compiling typeform-rs v0.2.1 (/opt/rustwide/workdir)
[INFO] [stderr]     Finished `release` profile [optimized] target(s) in 1m 04s
[INFO] running `Command { std: "docker" "inspect" "cf1f2ee0b33b3986446f2d09657ad601d5807d6be61fca98331c6286f15deee7", kill_on_drop: false }`
[INFO] running `Command { std: "docker" "exec" "-e" "SOURCE_DIR=/opt/rustwide/workdir" "-e" "CARGO_HOME=/opt/rustwide/cargo-home" "-e" "RUSTUP_HOME=/opt/rustwide/rustup-home" "-e" "CARGO_TARGET_DIR=/opt/rustwide/target" "-e" "CARGO_INCREMENTAL=0" "-e" "RUST_BACKTRACE=full" "-e" "RUSTFLAGS=--cap-lints=warn" "-e" "RUSTDOCFLAGS=--cap-lints=warn" "-w" "/opt/rustwide/workdir" "--user" "0:0" "cf1f2ee0b33b3986446f2d09657ad601d5807d6be61fca98331c6286f15deee7" "/opt/rustwide/cargo-home/bin/cargo" "+1.99.0-beta.8" "test" "--frozen" "--no-run" "--message-format=json" "--release", kill_on_drop: false }`
[INFO] [stderr]    Compiling typeform-rs v0.2.1 (/opt/rustwide/workdir)
[INFO] [stdout] warning: unused result of type `isahc::Request<()>`
[INFO] [stdout]    --> src/lib.rs:331:9
[INFO] [stdout]     |
[INFO] [stdout] 331 | / ...   Request::get(format!("https://api.typeform.com/forms/ED6iRRjj/responses/448xvbqqrfemwrz4cu038448xvqx6d3w/fields/wYuykcQCh8F...
[INFO] [stdout] 332 | | ...       .body(())
[INFO] [stdout] 333 | | ...       .expect("Failed to build a request.");
[INFO] [stdout]     | |________________________________________________^
[INFO] [stdout]     |
[INFO] [stdout] note: the lint level is defined here
[INFO] [stdout]    --> src/lib.rs:17:5
[INFO] [stdout]     |
[INFO] [stdout]  17 |     unused_results,
[INFO] [stdout]     |     ^^^^^^^^^^^^^^
[INFO] [stdout] 
[INFO] [stdout] 
[INFO] [stderr]     Finished `release` profile [optimized] target(s) in 2.95s
[INFO] running `Command { std: "docker" "inspect" "cf1f2ee0b33b3986446f2d09657ad601d5807d6be61fca98331c6286f15deee7", kill_on_drop: false }`
[INFO] running `Command { std: "docker" "exec" "-e" "SOURCE_DIR=/opt/rustwide/workdir" "-e" "CARGO_HOME=/opt/rustwide/cargo-home" "-e" "RUSTUP_HOME=/opt/rustwide/rustup-home" "-e" "CARGO_TARGET_DIR=/opt/rustwide/target" "-e" "CARGO_INCREMENTAL=0" "-e" "RUST_BACKTRACE=full" "-e" "RUSTFLAGS=--cap-lints=warn" "-e" "RUSTDOCFLAGS=--cap-lints=warn" "-w" "/opt/rustwide/workdir" "--user" "0:0" "cf1f2ee0b33b3986446f2d09657ad601d5807d6be61fca98331c6286f15deee7" "/opt/rustwide/cargo-home/bin/cargo" "+1.99.0-beta.8" "test" "--frozen" "--release", kill_on_drop: false }`
[INFO] [stderr] warning: unused result of type `isahc::Request<()>`
[INFO] [stderr]    --> src/lib.rs:331:9
[INFO] [stderr]     |
[INFO] [stderr] 331 | / ...   Request::get(format!("https://api.typeform.com/forms/ED6iRRjj/responses/448xvbqqrfemwrz4cu038448xvqx6d3w/fields/wYuykcQCh8F...
[INFO] [stderr] 332 | | ...       .body(())
[INFO] [stderr] 333 | | ...       .expect("Failed to build a request.");
[INFO] [stderr]     | |________________________________________________^
[INFO] [stderr]     |
[INFO] [stderr] note: the lint level is defined here
[INFO] [stderr]    --> src/lib.rs:17:5
[INFO] [stderr]     |
[INFO] [stderr]  17 |     unused_results,
[INFO] [stderr]     |     ^^^^^^^^^^^^^^
[INFO] [stderr] 
[INFO] [stderr] warning: `typeform-rs` (lib test) generated 1 warning
[INFO] [stderr]     Finished `release` profile [optimized] target(s) in 0.09s
[INFO] [stderr]      Running unittests src/lib.rs (/opt/rustwide/target/release/deps/typeform_rs-65664b58be5f4180)
[INFO] [stdout] 
[INFO] [stdout] running 5 tests
[INFO] [stdout] test tests::build_request ... ok
[INFO] [stdout] test tests::parse_valid_responses3_from_json_should_pass ... FAILED
[INFO] [stdout] test tests::parse_valid_responses_from_json_should_pass ... FAILED
[INFO] [stdout] test tests::parse_valid_responses2_from_json_should_pass ... FAILED
[INFO] [stdout] test tests::parse_valid_responses4_from_json_should_pass ... FAILED
[INFO] [stdout] 
[INFO] [stdout] failures:
[INFO] [stdout] 
[INFO] [stdout] ---- tests::parse_valid_responses3_from_json_should_pass stdout ----
[INFO] [stdout] 
[INFO] [stdout] thread 'tests::parse_valid_responses3_from_json_should_pass' (1504) panicked at src/lib.rs:315:65:
[INFO] [stdout] Failed to open a file.: Os { code: 2, kind: NotFound, message: "No such file or directory" }
[INFO] [stdout] stack backtrace:
[INFO] [stdout]    0:     0x56a1875697a1 - <<std[70759c8f55707aa4]::sys::backtrace::BacktraceLock>::print::DisplayBacktrace as core[df12db4294e9bfd3]::fmt::Display>::fmt
[INFO] [stdout]    1:     0x56a18757db8a - core[df12db4294e9bfd3]::fmt::write
[INFO] [stdout]    2:     0x56a18756dc3c - <alloc[2182bb758b4b3781]::vec::Vec<u8> as core[df12db4294e9bfd3]::io::write::Write>::write_fmt
[INFO] [stdout]    3:     0x56a187545d96 - std[70759c8f55707aa4]::panicking::default_hook::{closure#0}
[INFO] [stdout]    4:     0x56a187561f09 - std[70759c8f55707aa4]::panicking::default_hook
[INFO] [stdout]    5:     0x56a1874e6860 - test[9d35eded1c95d3be]::test_main_inner::<test[9d35eded1c95d3be]::test_main_static::{closure#0}>::{closure#0}
[INFO] [stdout]    6:     0x56a1875620c2 - std[70759c8f55707aa4]::panicking::panic_with_hook
[INFO] [stdout]    7:     0x56a187545e42 - std[70759c8f55707aa4]::panicking::panic_handler::{closure#0}
[INFO] [stdout]    8:     0x56a18753ebc9 - std[70759c8f55707aa4]::sys::backtrace::__rust_end_short_backtrace::<std[70759c8f55707aa4]::panicking::panic_handler::{closure#0}, !>
[INFO] [stdout]    9:     0x56a187546a3d - __rustc[8fa7c3cbc660c2b3]::rust_begin_unwind
[INFO] [stdout]   10:     0x56a18757e2bc - core[df12db4294e9bfd3]::panicking::panic_fmt
[INFO] [stdout]   11:     0x56a18757e092 - core[df12db4294e9bfd3]::result::unwrap_failed
[INFO] [stdout]   12:     0x56a1874d705b - typeform_rs[8e4367c36c83af71]::tests::parse_valid_responses3_from_json_should_pass
[INFO] [stdout]   13:     0x56a1874d9839 - <typeform_rs[8e4367c36c83af71]::tests::parse_valid_responses3_from_json_should_pass::{closure#0} as core[df12db4294e9bfd3]::ops::function::FnOnce<()>>::call_once
[INFO] [stdout]   14:     0x56a1874d9b4b - test[9d35eded1c95d3be]::__rust_begin_short_backtrace::<core[df12db4294e9bfd3]::result::Result<(), alloc[2182bb758b4b3781]::string::String>, fn() -> core[df12db4294e9bfd3]::result::Result<(), alloc[2182bb758b4b3781]::string::String>>
[INFO] [stdout]   15:     0x56a1874e71b5 - test[9d35eded1c95d3be]::run_test::{closure#0}
[INFO] [stdout]   16:     0x56a1874e0a74 - std[70759c8f55707aa4]::sys::backtrace::__rust_begin_short_backtrace::<test[9d35eded1c95d3be]::run_test::{closure#1}, ()>
[INFO] [stdout]   17:     0x56a1874ea312 - <std[70759c8f55707aa4]::thread::lifecycle::spawn_unchecked<test[9d35eded1c95d3be]::run_test::{closure#1}, ()>::{closure#1} as core[df12db4294e9bfd3]::ops::function::FnOnce<()>>::call_once::{shim:vtable#0}
[INFO] [stdout]   18:     0x56a187569079 - <std[70759c8f55707aa4]::sys::thread::unix::Thread>::new::thread_start
[INFO] [stdout]   19:     0x71ef46fe2dfa - <unknown>
[INFO] [stdout]   20:     0x71ef470763d4 - clone
[INFO] [stdout]   21:                0x0 - <unknown>
[INFO] [stdout] 
[INFO] [stdout] ---- tests::parse_valid_responses_from_json_should_pass stdout ----
[INFO] [stdout] 
[INFO] [stdout] thread 'tests::parse_valid_responses_from_json_should_pass' (1506) panicked at src/lib.rs:299:64:
[INFO] [stdout] Failed to open a file.: Os { code: 2, kind: NotFound, message: "No such file or directory" }
[INFO] [stdout] stack backtrace:
[INFO] [stdout]    0:     0x56a1875697a1 - <<std[70759c8f55707aa4]::sys::backtrace::BacktraceLock>::print::DisplayBacktrace as core[df12db4294e9bfd3]::fmt::Display>::fmt
[INFO] [stdout]    1:     0x56a18757db8a - core[df12db4294e9bfd3]::fmt::write
[INFO] [stdout]    2:     0x56a18756dc3c - <alloc[2182bb758b4b3781]::vec::Vec<u8> as core[df12db4294e9bfd3]::io::write::Write>::write_fmt
[INFO] [stdout]    3:     0x56a187545d96 - std[70759c8f55707aa4]::panicking::default_hook::{closure#0}
[INFO] [stdout]    4:     0x56a187561f09 - std[70759c8f55707aa4]::panicking::default_hook
[INFO] [stdout]    5:     0x56a1874e6860 - test[9d35eded1c95d3be]::test_main_inner::<test[9d35eded1c95d3be]::test_main_static::{closure#0}>::{closure#0}
[INFO] [stdout]    6:     0x56a1875620c2 - std[70759c8f55707aa4]::panicking::panic_with_hook
[INFO] [stdout]    7:     0x56a187545e42 - std[70759c8f55707aa4]::panicking::panic_handler::{closure#0}
[INFO] [stdout]    8:     0x56a18753ebc9 - std[70759c8f55707aa4]::sys::backtrace::__rust_end_short_backtrace::<std[70759c8f55707aa4]::panicking::panic_handler::{closure#0}, !>
[INFO] [stdout]    9:     0x56a187546a3d - __rustc[8fa7c3cbc660c2b3]::rust_begin_unwind
[INFO] [stdout]   10:     0x56a18757e2bc - core[df12db4294e9bfd3]::panicking::panic_fmt
[INFO] [stdout]   11:     0x56a18757e092 - core[df12db4294e9bfd3]::result::unwrap_failed
[INFO] [stdout]   12:     0x56a1874d6d1b - typeform_rs[8e4367c36c83af71]::tests::parse_valid_responses_from_json_should_pass
[INFO] [stdout]   13:     0x56a1874d97f9 - <typeform_rs[8e4367c36c83af71]::tests::parse_valid_responses_from_json_should_pass::{closure#0} as core[df12db4294e9bfd3]::ops::function::FnOnce<()>>::call_once
[INFO] [stdout]   14:     0x56a1874d9b4b - test[9d35eded1c95d3be]::__rust_begin_short_backtrace::<core[df12db4294e9bfd3]::result::Result<(), alloc[2182bb758b4b3781]::string::String>, fn() -> core[df12db4294e9bfd3]::result::Result<(), alloc[2182bb758b4b3781]::string::String>>
[INFO] [stdout]   15:     0x56a1874e71b5 - test[9d35eded1c95d3be]::run_test::{closure#0}
[INFO] [stdout]   16:     0x56a1874e0a74 - std[70759c8f55707aa4]::sys::backtrace::__rust_begin_short_backtrace::<test[9d35eded1c95d3be]::run_test::{closure#1}, ()>
[INFO] [stdout]   17:     0x56a1874ea312 - <std[70759c8f55707aa4]::thread::lifecycle::spawn_unchecked<test[9d35eded1c95d3be]::run_test::{closure#1}, ()>::{closure#1} as core[df12db4294e9bfd3]::ops::function::FnOnce<()>>::call_once::{shim:vtable#0}
[INFO] [stdout]   18:     0x56a187569079 - <std[70759c8f55707aa4]::sys::thread::unix::Thread>::new::thread_start
[INFO] [stdout]   19:     0x71ef46fe2dfa - <unknown>
[INFO] [stdout]   20:     0x71ef470763d4 - clone
[INFO] [stdout]   21:                0x0 - <unknown>
[INFO] [stdout] 
[INFO] [stdout] ---- tests::parse_valid_responses2_from_json_should_pass stdout ----
[INFO] [stdout] 
[INFO] [stdout] thread 'tests::parse_valid_responses2_from_json_should_pass' (1503) panicked at src/lib.rs:307:65:
[INFO] [stdout] Failed to open a file.: Os { code: 2, kind: NotFound, message: "No such file or directory" }
[INFO] [stdout] stack backtrace:
[INFO] [stdout]    0:     0x56a1875697a1 - <<std[70759c8f55707aa4]::sys::backtrace::BacktraceLock>::print::DisplayBacktrace as core[df12db4294e9bfd3]::fmt::Display>::fmt
[INFO] [stdout]    1:     0x56a18757db8a - core[df12db4294e9bfd3]::fmt::write
[INFO] [stdout]    2:     0x56a18756dc3c - <alloc[2182bb758b4b3781]::vec::Vec<u8> as core[df12db4294e9bfd3]::io::write::Write>::write_fmt
[INFO] [stdout]    3:     0x56a187545d96 - std[70759c8f55707aa4]::panicking::default_hook::{closure#0}
[INFO] [stdout]    4:     0x56a187561f09 - std[70759c8f55707aa4]::panicking::default_hook
[INFO] [stdout]    5:     0x56a1874e6860 - test[9d35eded1c95d3be]::test_main_inner::<test[9d35eded1c95d3be]::test_main_static::{closure#0}>::{closure#0}
[INFO] [stdout]    6:     0x56a1875620c2 - std[70759c8f55707aa4]::panicking::panic_with_hook
[INFO] [stdout]    7:     0x56a187545e42 - std[70759c8f55707aa4]::panicking::panic_handler::{closure#0}
[INFO] [stdout]    8:     0x56a18753ebc9 - std[70759c8f55707aa4]::sys::backtrace::__rust_end_short_backtrace::<std[70759c8f55707aa4]::panicking::panic_handler::{closure#0}, !>
[INFO] [stdout]    9:     0x56a187546a3d - __rustc[8fa7c3cbc660c2b3]::rust_begin_unwind
[INFO] [stdout]   10:     0x56a18757e2bc - core[df12db4294e9bfd3]::panicking::panic_fmt
[INFO] [stdout]   11:     0x56a18757e092 - core[df12db4294e9bfd3]::result::unwrap_failed
[INFO] [stdout]   12:     0x56a1874d6ebb - typeform_rs[8e4367c36c83af71]::tests::parse_valid_responses2_from_json_should_pass
[INFO] [stdout]   13:     0x56a1874d9819 - <typeform_rs[8e4367c36c83af71]::tests::parse_valid_responses2_from_json_should_pass::{closure#0} as core[df12db4294e9bfd3]::ops::function::FnOnce<()>>::call_once
[INFO] [stdout]   14:     0x56a1874d9b4b - test[9d35eded1c95d3be]::__rust_begin_short_backtrace::<core[df12db4294e9bfd3]::result::Result<(), alloc[2182bb758b4b3781]::string::String>, fn() -> core[df12db4294e9bfd3]::result::Result<(), alloc[2182bb758b4b3781]::string::String>>
[INFO] [stdout]   15:     0x56a1874e71b5 - test[9d35eded1c95d3be]::run_test::{closure#0}
[INFO] [stdout]   16:     0x56a1874e0a74 - std[70759c8f55707aa4]::sys::backtrace::__rust_begin_short_backtrace::<test[9d35eded1c95d3be]::run_test::{closure#1}, ()>
[INFO] [stdout]   17:     0x56a1874ea312 - <std[70759c8f55707aa4]::thread::lifecycle::spawn_unchecked<test[9d35eded1c95d3be]::run_test::{closure#1}, ()>::{closure#1} as core[df12db4294e9bfd3]::ops::function::FnOnce<()>>::call_once::{shim:vtable#0}
[INFO] [stdout]   18:     0x56a187569079 - <std[70759c8f55707aa4]::sys::thread::unix::Thread>::new::thread_start
[INFO] [stdout]   19:     0x71ef46fe2dfa - <unknown>
[INFO] [stdout]   20:     0x71ef470763d4 - clone
[INFO] [stdout]   21:                0x0 - <unknown>
[INFO] [stdout] 
[INFO] [stdout] ---- tests::parse_valid_responses4_from_json_should_pass stdout ----
[INFO] [stdout] 
[INFO] [stdout] thread 'tests::parse_valid_responses4_from_json_should_pass' (1505) panicked at src/lib.rs:323:65:
[INFO] [stdout] Failed to open a file.: Os { code: 2, kind: NotFound, message: "No such file or directory" }
[INFO] [stdout] stack backtrace:
[INFO] [stdout]    0:     0x56a1875697a1 - <<std[70759c8f55707aa4]::sys::backtrace::BacktraceLock>::print::DisplayBacktrace as core[df12db4294e9bfd3]::fmt::Display>::fmt
[INFO] [stdout]    1:     0x56a18757db8a - core[df12db4294e9bfd3]::fmt::write
[INFO] [stdout]    2:     0x56a18756dc3c - <alloc[2182bb758b4b3781]::vec::Vec<u8> as core[df12db4294e9bfd3]::io::write::Write>::write_fmt
[INFO] [stdout]    3:     0x56a187545d96 - std[70759c8f55707aa4]::panicking::default_hook::{closure#0}
[INFO] [stdout]    4:     0x56a187561f09 - std[70759c8f55707aa4]::panicking::default_hook
[INFO] [stdout]    5:     0x56a1874e6860 - test[9d35eded1c95d3be]::test_main_inner::<test[9d35eded1c95d3be]::test_main_static::{closure#0}>::{closure#0}
[INFO] [stdout]    6:     0x56a1875620c2 - std[70759c8f55707aa4]::panicking::panic_with_hook
[INFO] [stdout]    7:     0x56a187545e42 - std[70759c8f55707aa4]::panicking::panic_handler::{closure#0}
[INFO] [stdout]    8:     0x56a18753ebc9 - std[70759c8f55707aa4]::sys::backtrace::__rust_end_short_backtrace::<std[70759c8f55707aa4]::panicking::panic_handler::{closure#0}, !>
[INFO] [stdout]    9:     0x56a187546a3d - __rustc[8fa7c3cbc660c2b3]::rust_begin_unwind
[INFO] [stdout]   10:     0x56a18757e2bc - core[df12db4294e9bfd3]::panicking::panic_fmt
[INFO] [stdout]   11:     0x56a18757e092 - core[df12db4294e9bfd3]::result::unwrap_failed
[INFO] [stdout]   12:     0x56a1874d71fb - typeform_rs[8e4367c36c83af71]::tests::parse_valid_responses4_from_json_should_pass
[INFO] [stdout]   13:     0x56a1874d9859 - <typeform_rs[8e4367c36c83af71]::tests::parse_valid_responses4_from_json_should_pass::{closure#0} as core[df12db4294e9bfd3]::ops::function::FnOnce<()>>::call_once
[INFO] [stdout]   14:     0x56a1874d9b4b - test[9d35eded1c95d3be]::__rust_begin_short_backtrace::<core[df12db4294e9bfd3]::result::Result<(), alloc[2182bb758b4b3781]::string::String>, fn() -> core[df12db4294e9bfd3]::result::Result<(), alloc[2182bb758b4b3781]::string::String>>
[INFO] [stdout]   15:     0x56a1874e71b5 - test[9d35eded1c95d3be]::run_test::{closure#0}
[INFO] [stdout]   16:     0x56a1874e0a74 - std[70759c8f55707aa4]::sys::backtrace::__rust_begin_short_backtrace::<test[9d35eded1c95d3be]::run_test::{closure#1}, ()>
[INFO] [stdout]   17:     0x56a1874ea312 - <std[70759c8f55707aa4]::thread::lifecycle::spawn_unchecked<test[9d35eded1c95d3be]::run_test::{closure#1}, ()>::{closure#1} as core[df12db4294e9bfd3]::ops::function::FnOnce<()>>::call_once::{shim:vtable#0}
[INFO] [stdout]   18:     0x56a187569079 - <std[70759c8f55707aa4]::sys::thread::unix::Thread>::new::thread_start
[INFO] [stdout]   19:     0x71ef46fe2dfa - <unknown>
[INFO] [stdout]   20:     0x71ef470763d4 - clone
[INFO] [stdout]   21:                0x0 - <unknown>
[INFO] [stdout] 
[INFO] [stdout] 
[INFO] [stdout] failures:
[INFO] [stdout]     tests::parse_valid_responses2_from_json_should_pass
[INFO] [stdout]     tests::parse_valid_responses3_from_json_should_pass
[INFO] [stdout]     tests::parse_valid_responses4_from_json_should_pass
[INFO] [stdout]     tests::parse_valid_responses_from_json_should_pass
[INFO] [stdout] 
[INFO] [stdout] test result: FAILED. 1 passed; 4 failed; 0 ignored; 0 measured; 0 filtered out; finished in 0.00s
[INFO] [stdout] 
[INFO] [stderr] error: test failed, to rerun pass `--lib`
[INFO] running `Command { std: "docker" "inspect" "cf1f2ee0b33b3986446f2d09657ad601d5807d6be61fca98331c6286f15deee7", kill_on_drop: false }`
[INFO] running `Command { std: "docker" "rm" "-f" "cf1f2ee0b33b3986446f2d09657ad601d5807d6be61fca98331c6286f15deee7", kill_on_drop: false }`
[INFO] [stdout] cf1f2ee0b33b3986446f2d09657ad601d5807d6be61fca98331c6286f15deee7
