[INFO] fetching crate typedown-lang 0.44.1...
[INFO] testing typedown-lang-0.44.1 against 1.99.0-beta.8+cargoflags=--release for beta-release-1.100-2
[INFO] extracting crate typedown-lang 0.44.1 into /workspace/builds/worker-0-tc1/source
[INFO] started tweaking crates.io crate typedown-lang 0.44.1
[INFO] finished tweaking crates.io crate typedown-lang 0.44.1
[INFO] tweaked toml for crates.io crate typedown-lang 0.44.1 written to /workspace/builds/worker-0-tc1/source/Cargo.toml
[INFO] validating manifest of crates.io crate typedown-lang 0.44.1 on toolchain 1.99.0-beta.8
[INFO] running `Command { std: CARGO_HOME="/workspace/cargo-home" RUSTUP_HOME="/workspace/rustup-home" "/workspace/cargo-home/bin/cargo" "+1.99.0-beta.8" "metadata" "--manifest-path" "Cargo.toml" "--no-deps", kill_on_drop: false }`
[INFO] crate crates.io crate typedown-lang 0.44.1 already has a lockfile, it will not be regenerated
[INFO] running `Command { std: CARGO_HOME="/workspace/cargo-home" RUSTUP_HOME="/workspace/rustup-home" "/workspace/cargo-home/bin/cargo" "+1.99.0-beta.8" "fetch" "--manifest-path" "Cargo.toml", kill_on_drop: false }`
[INFO] [stderr]     Updating crates.io index
[INFO] [stderr]  Downloading crates ...
[INFO] [stderr]   Downloaded unescaper v0.2.0
[INFO] [stderr]   Downloaded typedown-macros v0.44.1
[INFO] [stderr]   Downloaded typedown-types v0.44.1
[INFO] [stderr]   Downloaded typedown-incremental v0.44.1
[INFO] [stderr]   Downloaded enum-as-inner v0.7.0
[INFO] [stderr]   Downloaded ambassador v0.5.1
[INFO] [stderr]   Downloaded rustc-stable-hash v0.1.2
[INFO] running `Command { std: "docker" "create" "-v" "/var/lib/crater-agent-workspace/builds/worker-0-tc1/source:/opt/rustwide/workdir:ro,Z" "-v" "/var/lib/crater-agent-workspace/builds/worker-0-tc1/target:/opt/rustwide/target:rw,Z" "-v" "/var/lib/crater-agent-workspace/cargo-home:/opt/rustwide/cargo-home:ro,Z" "-v" "/var/lib/crater-agent-workspace/rustup-home:/opt/rustwide/rustup-home:ro,Z" "-m" "1610612736" "--network" "none" "ghcr.io/rust-lang/crates-build-env/linux@sha256:77db811e55d90add9212f6832c23229e3de5f1c1f9905e8cb07319ea15df73ac" "sleep" "infinity", kill_on_drop: false }`
[INFO] [stdout] 6ae4bb9f96ce27210b2e224187b7213d7a6606a1cd22f9d948614647421f2db5
[INFO] running `Command { std: "docker" "start" "6ae4bb9f96ce27210b2e224187b7213d7a6606a1cd22f9d948614647421f2db5", kill_on_drop: false }`
[INFO] running `Command { std: "docker" "inspect" "6ae4bb9f96ce27210b2e224187b7213d7a6606a1cd22f9d948614647421f2db5", kill_on_drop: false }`
[INFO] running `Command { std: "docker" "exec" "-e" "SOURCE_DIR=/opt/rustwide/workdir" "-e" "CARGO_HOME=/opt/rustwide/cargo-home" "-e" "RUSTUP_HOME=/opt/rustwide/rustup-home" "-e" "CARGO_TARGET_DIR=/opt/rustwide/target" "-w" "/opt/rustwide/workdir" "--user" "0:0" "6ae4bb9f96ce27210b2e224187b7213d7a6606a1cd22f9d948614647421f2db5" "/opt/rustwide/cargo-home/bin/cargo" "+1.99.0-beta.8" "metadata" "--no-deps" "--format-version=1", kill_on_drop: false }`
[INFO] running `Command { std: "docker" "inspect" "6ae4bb9f96ce27210b2e224187b7213d7a6606a1cd22f9d948614647421f2db5", kill_on_drop: false }`
[INFO] running `Command { std: "docker" "exec" "-e" "SOURCE_DIR=/opt/rustwide/workdir" "-e" "CARGO_HOME=/opt/rustwide/cargo-home" "-e" "RUSTUP_HOME=/opt/rustwide/rustup-home" "-e" "CARGO_TARGET_DIR=/opt/rustwide/target" "-e" "CARGO_INCREMENTAL=0" "-e" "RUST_BACKTRACE=full" "-e" "RUSTFLAGS=--cap-lints=warn" "-e" "RUSTDOCFLAGS=--cap-lints=warn" "-w" "/opt/rustwide/workdir" "--user" "0:0" "6ae4bb9f96ce27210b2e224187b7213d7a6606a1cd22f9d948614647421f2db5" "/opt/rustwide/cargo-home/bin/cargo" "+1.99.0-beta.8" "build" "--frozen" "--message-format=json" "--release", kill_on_drop: false }`
[INFO] [stderr]    Compiling thiserror v2.0.19
[INFO] [stderr]    Compiling indexmap v2.14.1
[INFO] [stderr]    Compiling syn v2.0.119
[INFO] [stderr]    Compiling syn v3.0.3
[INFO] [stderr]    Compiling rustix v1.1.4
[INFO] [stderr]    Compiling serde_core v1.0.229
[INFO] [stderr]    Compiling aho-corasick v1.1.4
[INFO] [stderr]    Compiling either v1.17.0
[INFO] [stderr]    Compiling html-escape v0.2.15
[INFO] [stderr]    Compiling dashmap v6.2.1
[INFO] [stderr]    Compiling inventory v0.3.24
[INFO] [stderr]    Compiling rustc-stable-hash v0.1.2
[INFO] [stderr]    Compiling itertools v0.10.5
[INFO] [stderr]    Compiling toml_edit v0.25.13+spec-1.1.0
[INFO] [stderr]    Compiling proc-macro-crate v3.5.0
[INFO] [stderr]    Compiling regex-automata v0.4.16
[INFO] [stderr]    Compiling tempfile v3.27.0
[INFO] [stderr]    Compiling serde_json v1.0.151
[INFO] [stderr]    Compiling thiserror-impl v2.0.19
[INFO] [stderr]    Compiling typedown-macros v0.44.1
[INFO] [stderr]    Compiling unescaper v0.2.0
[INFO] [stderr]    Compiling num_enum_derive v0.7.6
[INFO] [stderr]    Compiling derive_more-impl v2.1.1
[INFO] [stderr]    Compiling strum_macros v0.28.0
[INFO] [stderr]    Compiling ambassador v0.5.1
[INFO] [stderr]    Compiling enum-as-inner v0.7.0
[INFO] [stderr]    Compiling num_enum v0.7.6
[INFO] [stderr]    Compiling typedown-types v0.44.1
[INFO] [stderr]    Compiling derive_more v2.1.1
[INFO] [stderr]    Compiling strum v0.28.0
[INFO] [stderr]    Compiling regex v1.13.1
[INFO] [stderr]    Compiling typedown-incremental v0.44.1
[INFO] [stderr]    Compiling typedown-lang v0.44.1 (/opt/rustwide/workdir)
[INFO] [stderr]     Finished `release` profile [optimized] target(s) in 1m 26s
[INFO] running `Command { std: "docker" "inspect" "6ae4bb9f96ce27210b2e224187b7213d7a6606a1cd22f9d948614647421f2db5", kill_on_drop: false }`
[INFO] running `Command { std: "docker" "exec" "-e" "SOURCE_DIR=/opt/rustwide/workdir" "-e" "CARGO_HOME=/opt/rustwide/cargo-home" "-e" "RUSTUP_HOME=/opt/rustwide/rustup-home" "-e" "CARGO_TARGET_DIR=/opt/rustwide/target" "-e" "CARGO_INCREMENTAL=0" "-e" "RUST_BACKTRACE=full" "-e" "RUSTFLAGS=--cap-lints=warn" "-e" "RUSTDOCFLAGS=--cap-lints=warn" "-w" "/opt/rustwide/workdir" "--user" "0:0" "6ae4bb9f96ce27210b2e224187b7213d7a6606a1cd22f9d948614647421f2db5" "/opt/rustwide/cargo-home/bin/cargo" "+1.99.0-beta.8" "test" "--frozen" "--no-run" "--message-format=json" "--release", kill_on_drop: false }`
[INFO] [stderr]    Compiling getrandom v0.3.4
[INFO] [stderr]    Compiling ppv-lite86 v0.2.21
[INFO] [stderr]    Compiling wait-timeout v0.2.1
[INFO] [stderr]    Compiling dissimilar v1.0.11
[INFO] [stderr]    Compiling rusty-fork v0.3.1
[INFO] [stderr]    Compiling rand_core v0.9.5
[INFO] [stderr]    Compiling expect-test v1.5.1
[INFO] [stderr]    Compiling rand_xorshift v0.4.0
[INFO] [stderr]    Compiling rand v0.9.5
[INFO] [stderr]    Compiling rand_chacha v0.9.0
[INFO] [stderr]    Compiling proptest v1.11.0
[INFO] [stderr]    Compiling typedown-lang v0.44.1 (/opt/rustwide/workdir)
[INFO] [stderr]     Finished `release` profile [optimized] target(s) in 1m 37s
[INFO] running `Command { std: "docker" "inspect" "6ae4bb9f96ce27210b2e224187b7213d7a6606a1cd22f9d948614647421f2db5", kill_on_drop: false }`
[INFO] running `Command { std: "docker" "exec" "-e" "SOURCE_DIR=/opt/rustwide/workdir" "-e" "CARGO_HOME=/opt/rustwide/cargo-home" "-e" "RUSTUP_HOME=/opt/rustwide/rustup-home" "-e" "CARGO_TARGET_DIR=/opt/rustwide/target" "-e" "CARGO_INCREMENTAL=0" "-e" "RUST_BACKTRACE=full" "-e" "RUSTFLAGS=--cap-lints=warn" "-e" "RUSTDOCFLAGS=--cap-lints=warn" "-w" "/opt/rustwide/workdir" "--user" "0:0" "6ae4bb9f96ce27210b2e224187b7213d7a6606a1cd22f9d948614647421f2db5" "/opt/rustwide/cargo-home/bin/cargo" "+1.99.0-beta.8" "test" "--frozen" "--release", kill_on_drop: false }`
[INFO] [stderr]     Finished `release` profile [optimized] target(s) in 0.11s
[INFO] [stderr]      Running unittests src/lib.rs (/opt/rustwide/target/release/deps/typedown_lang-492b312a04aa03d0)
[INFO] [stdout] 
[INFO] [stdout] running 796 tests
[INFO] [stdout] test db::codec::tests::decode_bool_false_correctly ... ok
[INFO] [stdout] test db::codec::tests::decode_bool_true_correctly ... ok
[INFO] [stdout] test db::codec::tests::encode_bool_true_correctly ... ok
[INFO] [stdout] test db::codec::tests::encode_bool_false_correctly ... ok
[INFO] [stdout] test db::codec::tests::option_u32_roundtrip ... ok
[INFO] [stdout] test db::codec::tests::char_rountrip ... ok
[INFO] [stdout] test db::codec::tests::isize_roundtrip ... ok
[INFO] [stdout] test db::codec::tests::option_string_roundtrip ... ok
[INFO] [stdout] test db::codec::tests::i8_roundtrip ... ok
[INFO] [stdout] test db::codec::tests::i128_roundtrip ... ok
[INFO] [stdout] test db::codec::tests::hashmap_roundtrip ... ok
[INFO] [stdout] test db::codec::tests::box_roundtrip ... ok
[INFO] [stdout] test db::codec::tests::i64_roundtrip ... ok
[INFO] [stdout] test db::codec::tests::either_roundtrip ... ok
[INFO] [stdout] test db::codec::tests::f64_roundtrip ... ok
[INFO] [stdout] test db::codec::tests::i32_roundtrip ... ok
[INFO] [stdout] test db::codec::tests::bool_roundtrip ... ok
[INFO] [stdout] test db::codec::tests::diagnostic_roundtrip ... ok
[INFO] [stdout] test db::codec::tests::i16_roundtrip ... ok
[INFO] [stdout] test db::codec::tests::green_node_roundtrip ... ok
[INFO] [stdout] test db::codec::tests::pathbuf_roundtrip ... ok
[INFO] [stdout] test db::codec::tests::u16_roundtrip ... ok
[INFO] [stdout] test db::codec::tests::u32_roundtrip ... ok
[INFO] [stdout] test db::derived::check_custom_components::tests::builtin_container_skipped ... ok
[INFO] [stdout] test db::derived::check_custom_components::tests::container_name_kebab ... ok
[INFO] [stdout] test db::derived::check_custom_components::tests::container_name_no_space ... ok
[INFO] [stdout] test db::derived::check_custom_components::tests::container_name_simple ... ok
[INFO] [stdout] test db::derived::check_custom_components::tests::known_component_by_kebab_matches_pascal_contract ... ok
[INFO] [stdout] test db::codec::tests::tuple3_roundtrip ... ok
[INFO] [stdout] test db::derived::check_custom_components::tests::missing_required_prop_emits_diagnostic ... ok
[INFO] [stdout] test db::derived::check_custom_components::tests::prop_names_empty_without_block ... ok
[INFO] [stdout] test db::derived::check_custom_components::tests::prop_names_extracted ... ok
[INFO] [stdout] test db::derived::check_custom_components::tests::shorthand_name_kebab ... ok
[INFO] [stdout] test db::derived::check_custom_components::tests::unknown_component_emits_diagnostic ... ok
[INFO] [stdout] test db::derived::check_custom_components::tests::unknown_prop_emits_diagnostic ... ok
[INFO] [stdout] test db::derived::check_schemas::tests::check_schemas_allows_nested_schemas_with_unique_names ... ok
[INFO] [stdout] test db::derived::check_schemas::tests::check_schemas_detects_duplicate_schema_names ... ok
[INFO] [stdout] test db::derived::check_schemas::tests::evaluate_resource_with_nested_schema_resolves_correctly ... ok
[INFO] [stdout] test db::derived::evaluate::evaluate_resource::tests::arithmetic_ops_evaluate_correctly ... ok
[INFO] [stdout] test db::derived::evaluate::evaluate_resource::tests::asset_file_loaded_and_evaluated ... ok
[INFO] [stdout] test db::derived::evaluate::evaluate_resource::tests::blob_format_matches_asset_kind ... ok
[INFO] [stdout] test db::derived::evaluate::evaluate_resource::tests::binary_add_evaluates_to_sum ... ok
[INFO] [stdout] test db::derived::evaluate::evaluate_resource::tests::circular_fref_does_not_panic ... ok
[INFO] [stdout] test db::derived::evaluate::evaluate_resource::tests::comparison_ops_evaluate_correctly ... ok
[INFO] [stdout] test db::derived::evaluate::evaluate_resource::tests::evaluate_asset_produces_blob ... ok
[INFO] [stdout] test db::derived::evaluate::evaluate_resource::tests::evaluate_content_field ... ok
[INFO] [stdout] test db::derived::evaluate::evaluate_resource::tests::bool_to_string_produces_string_repr ... ok
[INFO] [stdout] test db::derived::evaluate::evaluate_resource::tests::evaluate_math_field ... ok
[INFO] [stdout] test db::derived::evaluate::evaluate_resource::tests::evaluate_resource_with_computed_field ... ok
[INFO] [stdout] test db::derived::evaluate::evaluate_resource::tests::evaluate_resource_valid_person ... ok
[INFO] [stdout] test db::derived::evaluate::evaluate_resource::tests::evaluate_resource_wrong_type_has_diagnostics ... ok
[INFO] [stdout] test db::derived::evaluate::evaluate_resource::tests::evaluate_string_with_inline_math ... ok
[INFO] [stdout] test db::codec::tests::syntax_kind_roundtrip ... ok
[INFO] [stdout] test db::derived::evaluate::evaluate_resource::tests::fref_prop_accesses_field_on_referenced_resource ... ok
[INFO] [stdout] test db::derived::evaluate::evaluate_resource::tests::evaluate_string_with_multiple_inline_math ... ok
[INFO] [stdout] test db::codec::tests::vec_u8_roundtrip ... ok
[INFO] [stdout] test db::derived::evaluate::evaluate_resource::tests::imports_resolve_module_fields ... ok
[INFO] [stdout] test db::derived::evaluate::evaluate_resource::tests::index_out_of_bounds_emits_diagnostic ... ok
[INFO] [stdout] test db::derived::evaluate::evaluate_resource::tests::logical_ops_evaluate_correctly ... ok
[INFO] [stdout] test db::derived::evaluate::evaluate_resource::tests::list_index_evaluates_correctly ... ok
[INFO] [stdout] test db::derived::evaluate::evaluate_resource::tests::lazy_fref_field_access ... ok
[INFO] [stdout] test db::derived::evaluate::evaluate_resource::tests::missing_nullable_field_no_diagnostics ... ok
[INFO] [stdout] test db::derived::evaluate::evaluate_resource::tests::missing_field_evaluates_to_null ... ok
[INFO] [stdout] test db::derived::evaluate::evaluate_resource::tests::missing_field_evaluates_to_default_value ... ok
[INFO] [stdout] test db::derived::evaluate::evaluate_resource::tests::missing_field_with_default_no_diagnostics ... ok
[INFO] [stdout] test db::derived::evaluate::evaluate_resource::tests::missing_required_field_has_diagnostics ... ok
[INFO] [stdout] test db::derived::evaluate::evaluate_resource::tests::null_evaluates_to_null_obj ... ok
[INFO] [stdout] test db::derived::evaluate::evaluate_resource::tests::optional_field_accepts_value ... ok
[INFO] [stdout] test db::derived::evaluate::evaluate_resource::tests::optional_field_can_be_omitted ... ok
[INFO] [stdout] test db::codec::tests::u128_roundtrip ... ok
[INFO] [stdout] test db::derived::evaluate::evaluate_resource::tests::nullable_type_ref_has_diagnostics ... ok
[INFO] [stdout] test db::derived::evaluate::evaluate_resource::tests::optional_field_wrong_type_has_diagnostics ... ok
[INFO] [stdout] test db::derived::evaluate::evaluate_resource::tests::optional_field_accepts_null ... ok
[INFO] [stdout] test db::derived::evaluate::evaluate_resource::tests::number_to_string_produces_string_repr ... ok
[INFO] [stdout] test db::derived::evaluate::evaluate_resource::tests::string_interpolation_evaluates_expr_parts ... ok
[INFO] [stdout] test db::derived::evaluate::evaluate_resource::tests::self_ref_accesses_own_field ... ok
[INFO] [stdout] test db::codec::tests::string_roundtrip ... ok
[INFO] [stdout] test db::derived::evaluate::evaluate_resource::tests::str_index_evaluates_correctly ... ok
[INFO] [stdout] test db::derived::evaluate::evaluate_resource::tests::string_comparison_evaluates_correctly ... ok
[INFO] [stdout] test db::derived::evaluate::evaluate_resource::tests::string_to_string_produces_same_value ... ok
[INFO] [stdout] test db::derived::evaluate::evaluate_resource::tests::tag_expr_strips_tag_and_evaluates_inner ... ok
[INFO] [stdout] test db::codec::tests::tuple2_roundtrip ... ok
[INFO] [stdout] test db::derived::evaluate::evaluate_resource::tests::schema_in_root_dir_is_resource ... ok
[INFO] [stdout] test db::derived::evaluate::evaluate_typ::tests::construct_bool ... ok
[INFO] [stdout] test db::derived::evaluate::evaluate_typ::tests::construct_list ... ok
[INFO] [stdout] test db::derived::evaluate::evaluate_typ::tests::construct_num ... ok
[INFO] [stdout] test db::derived::evaluate::evaluate_typ::tests::construct_object_typ_fallback_to_dict ... ok
[INFO] [stdout] test db::derived::evaluate::evaluate_resource::tests::unary_negation_evaluates_correctly ... ok
[INFO] [stdout] test db::codec::tests::usize_roundtrip ... ok
[INFO] [stdout] test db::derived::evaluate::evaluate_typ::tests::construct_str ... ok
[INFO] [stdout] test db::derived::evaluate::evaluate_typ::tests::construct_str_returns_none_for_wrong_typ ... ok
[INFO] [stdout] test db::derived::evaluate::evaluate_typ::tests::display_name_anonymous_product ... ok
[INFO] [stdout] test db::derived::evaluate::evaluate_typ::tests::display_name_builtin_types ... ok
[INFO] [stdout] test db::derived::evaluate::evaluate_typ::tests::display_name_instantiated_list ... ok
[INFO] [stdout] test db::derived::evaluate::evaluate_typ::tests::display_name_instantiated_dict ... ok
[INFO] [stdout] test db::derived::evaluate::evaluate_typ::tests::display_name_product_typ ... ok
[INFO] [stdout] test db::derived::evaluate::evaluate_typ::tests::display_name_literal_types ... ok
[INFO] [stdout] test db::derived::evaluate::evaluate_typ::tests::construct_schema ... ok
[INFO] [stdout] test db::derived::evaluate::evaluate_typ::tests::display_name_sum_typ ... ok
[INFO] [stdout] test db::derived::evaluate::evaluate_resource::tests::unary_extras_evaluate_correctly ... ok
[INFO] [stdout] test db::derived::evaluate::evaluate_typ::tests::construct_typ_typ_rejects_non_schema ... ok
[INFO] [stdout] test db::derived::evaluate::evaluate_typ::tests::evaluate_closure_as_value ... ok
[INFO] [stdout] test db::derived::evaluate::evaluate_typ::tests::construct_typ_typ ... ok
[INFO] [stdout] test db::derived::evaluate::evaluate_typ::tests::evaluate_closure_call_simple_arithmetic ... ok
[INFO] [stdout] test db::derived::evaluate::evaluate_typ::tests::display_name_user_defined_schema ... ok
[INFO] [stdout] test db::derived::evaluate::evaluate_typ::tests::construct_product ... ok
[INFO] [stdout] test db::derived::evaluate::evaluate_typ::tests::evaluate_closure_higher_order ... ok
[INFO] [stdout] test db::derived::evaluate::evaluate_typ::tests::evaluate_closure_identity ... ok
[INFO] [stdout] test db::derived::evaluate::evaluate_typ::tests::evaluate_closure_boolean_logic ... ok
[INFO] [stdout] test db::derived::evaluate::evaluate_typ::tests::evaluate_mixed_union_schema ... ok
[INFO] [stdout] test db::derived::evaluate::evaluate_typ::tests::evaluate_closure_self_ref ... ok
[INFO] [stdout] test db::derived::evaluate::evaluate_typ::tests::evaluate_nested_closure ... ok
[INFO] [stdout] test db::derived::evaluate::evaluate_typ::tests::evaluate_pipe_enum_schema ... ok
[INFO] [stdout] test db::derived::evaluate::evaluate_typ::tests::evaluate_enum_schema ... ok
[INFO] [stdout] test db::derived::evaluate::evaluate_typ::tests::evaluate_closure_call_two_params ... ok
[INFO] [stdout] test db::derived::evaluate::evaluate_typ::tests::evaluate_schema_with_default_and_computed_emits_diagnostic ... ok
[INFO] [stdout] test db::derived::evaluate::evaluate_typ::tests::evaluate_schema_with_invalid_computed_param_count_emits_diagnostic ... ok
[INFO] [stdout] test db::derived::evaluate::evaluate_typ::tests::evaluate_schema_with_valid_default_no_diagnostics ... ok
[INFO] [stdout] test db::derived::evaluate::evaluate_typ::tests::evaluate_schema_with_invalid_default_emits_diagnostic ... ok
[INFO] [stdout] test db::derived::evaluate::evaluate_typ::tests::evaluate_typ_builtin_schema_returns_schema_typ ... ok
[INFO] [stdout] test db::derived::evaluate::evaluate_typ::tests::evaluate_typ_duplicate_property_has_diagnostic ... ok
[INFO] [stdout] test db::derived::evaluate::evaluate_typ::tests::evaluate_schema_with_invalid_computed_ret_typ_emits_diagnostic ... ok
[INFO] [stdout] test db::derived::evaluate::evaluate_typ::tests::evaluate_typ_fref_resolves_referenced_typ ... ok
[INFO] [stdout] test db::codec::tests::u8_roundtrip ... ok
[INFO] [stdout] test db::derived::evaluate::evaluate_typ::tests::evaluate_typ_instantiate_bounded_typ_violating_bound_produces_diagnostic ... ok
[INFO] [stdout] test db::derived::evaluate::evaluate_typ::tests::evaluate_typ_circular_schema_refs ... ok
[INFO] [stdout] test db::derived::evaluate::evaluate_typ::tests::evaluate_typ_asset_returns_blob_typ ... ok
[INFO] [stdout] test db::derived::evaluate::evaluate_typ::tests::evaluate_closure_comparison ... ok
[INFO] [stdout] test db::derived::evaluate::evaluate_typ::tests::evaluate_typ_schema_with_valid_default_fixture ... ok
[INFO] [stdout] test db::derived::evaluate::evaluate_typ::tests::evaluate_typ_wrong_properties_typ_has_diagnostics ... ok
[INFO] [stdout] test db::derived::evaluate::evaluate_typ::tests::evaluate_schema_with_computed_field ... ok
[INFO] [stdout] test db::derived::evaluate::evaluate_typ::tests::evaluate_typ_schema_with_mismatched_default_fixture ... ok
[INFO] [stdout] test db::derived::evaluate::evaluate_typ::tests::extends_builtin_typ_emits_unresolved_diagnostic ... ok
[INFO] [stdout] test db::derived::evaluate::evaluate_typ::tests::evaluate_user_defined_schema_has_declared_fields ... ok
[INFO] [stdout] test db::derived::evaluate::evaluate_typ::tests::extends_field_narrowed_to_subschema_no_diagnostic ... ok
[INFO] [stdout] test db::derived::evaluate::evaluate_typ::tests::evaluate_typ_wrong_property_descriptor_has_diagnostics ... ok
[INFO] [stdout] test db::derived::evaluate::evaluate_typ::tests::evaluate_typ_no_properties_returns_empty_schema ... ok
[INFO] [stdout] test db::derived::evaluate::evaluate_typ::tests::evaluate_closure_captures_defining_file_self ... ok
[INFO] [stdout] test db::derived::evaluate::evaluate_typ::tests::extends_field_widening_emits_diagnostic ... ok
[INFO] [stdout] test db::derived::evaluate::evaluate_typ::tests::evaluate_schema_with_explicit_typ_tag ... ok
[INFO] [stdout] test db::derived::evaluate::evaluate_typ::tests::extends_identical_field_typ_no_diagnostic ... ok
[INFO] [stdout] test db::derived::evaluate::evaluate_typ::tests::extends_no_own_properties_inherits_all ... ok
[INFO] [stdout] test db::derived::evaluate::evaluate_typ::tests::extends_literal_narrowing_no_diagnostic ... ok
[INFO] [stdout] test db::derived::evaluate::evaluate_typ::tests::extends_student_is_subtype_of_person ... ok
[INFO] [stdout] test db::derived::evaluate::evaluate_typ::tests::extends_override_default_no_diagnostic ... ok
[INFO] [stdout] test db::derived::evaluate::evaluate_typ::tests::extends_sets_parent_typ ... ok
[INFO] [stdout] test db::derived::evaluate::evaluate_typ::tests::extends_transitive_nominal_subtyping ... ok
[INFO] [stdout] test db::derived::evaluate::evaluate_typ::tests::extends_circular_emits_diagnostic ... ok
[INFO] [stdout] test db::derived::evaluate::evaluate_typ::tests::evaluate_user_defined_schema_returns_schema_typ ... ok
[INFO] [stdout] test db::derived::evaluate::evaluate_typ::tests::extends_unresolved_emits_diagnostic ... ok
[INFO] [stdout] test db::derived::evaluate::evaluate_typ::tests::extends_inherits_parent_fields ... ok
[INFO] [stdout] test db::derived::evaluate::utils::tests::test_not_constructible_diagnostic_emitted ... ok
[INFO] [stdout] test db::derived::evaluate::utils::tests::test_runtime_typ_mapping ... ok
[INFO] [stdout] test db::derived::get_builtin_typs::tests::config_site_has_expected_fields ... ok
[INFO] [stdout] test db::derived::evaluate::utils::tests::test_dunder_methods_call_and_index ... ok
[INFO] [stdout] test db::derived::get_builtin_typs::tests::config_version_is_required ... ok
[INFO] [stdout] test db::derived::evaluate::evaluate_typ::tests::evaluate_typ_list_field_in_schema ... ok
[INFO] [stdout] test db::derived::get_builtin_typs::tests::config_typ_has_expected_fields ... ok
[INFO] [stdout] test db::derived::get_builtin_typs::tests::instantiate_arity0_typ_with_no_args ... ok
[INFO] [stdout] test db::derived::get_builtin_typs::tests::sum_typ_flattening ... ok
[INFO] [stdout] test db::derived::get_builtin_typs::tests::instantiate_arity0_typ_with_extra_args_produces_diagnostic ... ok
[INFO] [stdout] test db::derived::get_builtin_typs::tests::instantiate_bounded_type_violating_bound_produces_diagnostic ... ok
[INFO] [stdout] test db::derived::get_builtin_typs::tests::instantiate_record_with_correct_arity ... ok
[INFO] [stdout] test db::derived::get_builtin_typs::tests::instantiate_list_wrong_arity_produces_diagnostic ... ok
[INFO] [stdout] test db::derived::get_builtin_typs::tests::instantiate_record_wrong_arity_produces_diagnostic ... ok
[INFO] [stdout] test db::derived::get_component_contract::tests::parse_component_without_props_key ... ok
[INFO] [stdout] test db::derived::get_component_contract::tests::parse_invalid_json ... ok
[INFO] [stdout] test db::derived::get_builtin_typs::tests::instantiate_list_with_correct_arity ... ok
[INFO] [stdout] test db::derived::evaluate::evaluate_typ::tests::extends_transitive_chain_inherits_all_fields ... ok
[INFO] [stdout] test db::derived::get_component_contract::tests::parse_skips_missing_source ... ok
[INFO] [stdout] test db::derived::get_component_contract::tests::parse_component_no_props ... ok
[INFO] [stdout] test db::derived::get_vault_config::tests::layout_slots_form ... ok
[INFO] [stdout] test db::derived::get_vault_config::tests::layout_not_found ... ok
[INFO] [stdout] test db::derived::get_component_contract::tests::parse_component_with_props ... ok
[INFO] [stdout] test db::derived::get_vault_config::tests::repo_object_form ... ok
[INFO] [stdout] test db::derived::get_vault_config::tests::layout_string_form ... ok
[INFO] [stdout] test db::derived::get_component_contract::tests::parse_empty_json ... ok
[INFO] [stdout] test db::derived::get_vault_config::tests::empty_nav_when_not_configured ... ok
[INFO] [stdout] test db::derived::get_vault_config::tests::repo_string_shorthand ... ok
[INFO] [stdout] test db::derived::name_resolver::referee::tests::referee_on_file_root_node_returns_none ... ok
[INFO] [stdout] test db::derived::name_resolver::referee::tests::fref_relative_path_resolves_from_source_file_directory ... ok
[INFO] [stdout] test db::derived::name_resolver::referee::tests::fref_with_nonexistent_path_resolves_to_none ... ok
[INFO] [stdout] test db::derived::name_resolver::referee::tests::fref_resolves_to_target_resource_symbol ... ok
[INFO] [stdout] test db::derived::get_vault_config::tests::extracts_nav_items ... ok
[INFO] [stdout] test db::derived::name_resolver::referee::tests::referee_resolves_closure_param ... ok
[INFO] [stdout] test db::derived::name_resolver::resolution_index::tests::get_references_filters_correctly ... ok
[INFO] [stdout] test db::derived::name_resolver::referee::tests::referee_resolves_nested_closure_outer_param ... ok
[INFO] [stdout] test db::derived::name_resolver::resolution_index::tests::resolution_index_finds_fref ... ok
[INFO] [stdout] test db::derived::name_resolver::resolve::tests::resolve_closure_params_are_not_unresolved ... ok
[INFO] [stdout] test db::derived::name_resolver::resolve::tests::resolve_closure_unresolved_ident_emits_diagnostic ... ok
[INFO] [stdout] test db::derived::name_resolver::scope::tests::scope_for_file_hir_returns_file_scope ... ok
[INFO] [stdout] test db::derived::name_resolver::referee::tests::referee_unresolved_ident_in_closure_returns_none ... ok
[INFO] [stdout] test db::codec::tests::vec_i32_roundtrip ... ok
[INFO] [stdout] test db::derived::name_resolver::resolution_index::tests::resolution_index_finds_type_reference ... ok
[INFO] [stdout] test db::derived::name_resolver::resolution_index::tests::resolution_index_empty_for_untyped ... ok
[INFO] [stdout] test db::derived::name_resolver::scope::tests::nested_closure_runtime_scope_panics - should panic ... ok
[INFO] [stdout] test db::derived::name_resolver::resolve::tests::resolve_unresolved_import_emits_diagnostic ... ok
[INFO] [stdout] test db::derived::name_resolver::scope::tests::scope_for_markdown_body_and_interpolation ... ok
[INFO] [stdout] test db::derived::name_resolver::scope::tests::scope_for_yaml_frontmatter_node ... ok
[INFO] [stdout] test db::derived::name_resolver::scope::tests::scope_nested_closure_in_markdown_body ... ok
[INFO] [stdout] test db::derived::name_resolver::scope::tests::scope_inside_closure_returns_fn_scope ... ok
[INFO] [stdout] test db::derived::name_resolver::scope::tests::scope_nested_closure_in_yaml_frontmatter ... ok
[INFO] [stdout] test db::derived::parse_file::tests::parse_file_with_path_handle ... ok
[INFO] [stdout] test db::derived::parse_file::tests::parse_file_without_frontmatter_path_handle ... ok
[INFO] [stdout] test db::derived::parse_file::tests::parse_file_with_content_handle ... ok
[INFO] [stdout] test db::derived::typechecker::actual_node_typ::tests::actual_node_typ_bool_returns_lit ... ok
[INFO] [stdout] test db::derived::typechecker::actual_node_typ::tests::actual_node_typ_date_string_returns_simple_date ... ok
[INFO] [stdout] test db::derived::typechecker::actual_node_typ::tests::actual_node_typ_fref_returns_resource_typ ... ok
[INFO] [stdout] test db::derived::typechecker::actual_node_typ::tests::actual_node_typ_sequence_returns_list_typ ... ok
[INFO] [stdout] test db::derived::typechecker::actual_node_typ::tests::actual_node_type_of_schema_file_top_level_mapping_is_schema_type ... ok
[INFO] [stdout] test db::derived::typechecker::actual_node_typ::tests::actual_node_typ_relative_fref_resolves_from_file_directory ... ok
[INFO] [stdout] test db::derived::typechecker::actual_node_typ::tests::infer_anonymous_mapping_narrows_lit_fields ... ok
[INFO] [stdout] test db::derived::typechecker::actual_node_typ::tests::actual_node_type_method_call_to_string_returns_string_type ... ok
[INFO] [stdout] test db::derived::typechecker::actual_node_typ::tests::actual_node_typ_string_lit_returns_lit ... ok
[INFO] [stdout] test db::derived::typechecker::expected_node_typ::tests::expected_node_typ_known_field_returns_member ... ok
[INFO] [stdout] test db::derived::typechecker::expected_node_typ::tests::expected_node_typ_sequence_item ... ok
[INFO] [stdout] test db::derived::typechecker::actual_node_typ::tests::actual_node_typ_num_returns_lit ... ok
[INFO] [stdout] test db::derived::typechecker::expected_node_typ::tests::expected_node_typ_nested_schema_property_field ... ok
[INFO] [stdout] test db::derived::typechecker::actual_node_typ::tests::actual_node_typ_to_string_field_access_returns_func_type ... ok
[INFO] [stdout] test db::derived::parse_file::tests::parse_file_without_frontmatter_content_handle ... ok
[INFO] [stdout] test db::derived::typechecker::expected_node_typ::tests::expected_node_typ_untyped_mapping_returns_none ... ok
[INFO] [stdout] test db::derived::typechecker::expected_node_typ::tests::expected_node_typ_union_field_value ... ok
[INFO] [stdout] test db::derived::typechecker::typecheck::tests::typecheck_binary_valid ... ok
[INFO] [stdout] test db::derived::typechecker::expected_node_typ::tests::expected_node_typ_no_frontmatter_returns_product ... ok
[INFO] [stdout] test db::derived::typechecker::typecheck::tests::typecheck_comparison_null_null_valid ... ok
[INFO] [stdout] test db::derived::typechecker::typecheck::tests::typecheck_closure_self_ref ... ok
[INFO] [stdout] test db::derived::typechecker::typecheck::tests::typecheck_comparison_null_valid ... ok
[INFO] [stdout] test db::derived::typechecker::typecheck::tests::typecheck_binary_wrong_typ ... ok
[INFO] [stdout] test db::derived::typechecker::typecheck::tests::typecheck_comparison_valid ... ok
[INFO] [stdout] test db::derived::typechecker::typecheck::tests::typecheck_binary_expr_wrong_field_typ ... ok
[INFO] [stdout] test db::derived::typechecker::typecheck::tests::typecheck_binary_expr_in_schema_number_field ... ok
[INFO] [stdout] test db::derived::typechecker::typecheck::tests::typecheck_circular_schema_no_errors ... ok
[INFO] [stdout] test db::derived::typechecker::typecheck::tests::typecheck_content_with_pipe_union_invalid ... ok
[INFO] [stdout] test db::derived::typechecker::typecheck::tests::typecheck_contrived_missing_required_nested ... ok
[INFO] [stdout] test db::derived::typechecker::typecheck::tests::typecheck_binary_expr_wrong_operand_typ ... ok
[INFO] [stdout] test db::derived::typechecker::typecheck::tests::typecheck_content_with_postfix_optional_no_errors ... ok
[INFO] [stdout] test db::derived::name_resolver::resolution_index::tests::references_finds_asset_referrers ... ok
[INFO] [stdout] test db::derived::typechecker::typecheck::tests::typecheck_circular_content_no_errors ... ok
[INFO] [stdout] test db::derived::name_resolver::resolution_index::tests::references_finds_usages_across_files ... ok
[INFO] [stdout] test db::derived::typechecker::typecheck::tests::typecheck_date_time_fields_accept_quoted_strings ... ok
[INFO] [stdout] test db::derived::typechecker::typecheck::tests::typecheck_contrived_wrong_lit_number ... ok
[INFO] [stdout] test db::derived::typechecker::typecheck::tests::typecheck_fref_narrower_union_field ... ok
[INFO] [stdout] test db::derived::typechecker::typecheck::tests::typecheck_contrived_valid ... ok
[INFO] [stdout] test db::derived::typechecker::typecheck::tests::typecheck_internal_file_infers_product ... ok
[INFO] [stdout] test db::derived::typechecker::typecheck::tests::typecheck_invalid_dict_sum_has_errors ... ok
[INFO] [stdout] test db::derived::typechecker::typecheck::tests::typecheck_content_with_pipe_union_valid ... ok
[INFO] [stdout] test db::derived::typechecker::typecheck::tests::typecheck_contrived_mixed_accepts_lit_bool ... ok
[INFO] [stdout] test db::derived::typechecker::typecheck::tests::typecheck_contrived_mixed_accepts_lit_number ... ok
[INFO] [stdout] test db::derived::typechecker::typecheck::tests::typecheck_invalid_list_sum_has_errors ... ok
[INFO] [stdout] test db::derived::typechecker::typecheck::tests::typecheck_literal_typ_mismatch ... ok
[INFO] [stdout] test db::derived::typechecker::typecheck::tests::typecheck_excess_field_has_diagnostics ... ok
[INFO] [stdout] test db::derived::typechecker::typecheck::tests::typecheck_literal_typ_valid ... ok
[INFO] [stdout] test db::derived::typechecker::typecheck::tests::typecheck_mixed_union_accepts_literal ... ok
[INFO] [stdout] test db::derived::typechecker::typecheck::tests::typecheck_mixed_union_accepts_number ... ok
[INFO] [stdout] test db::derived::typechecker::typecheck::tests::typecheck_markdown_body_with_interpolation ... ok
[INFO] [stdout] test db::derived::typechecker::typecheck::tests::typecheck_logical_with_comparisons_valid ... ok
[INFO] [stdout] test db::derived::typechecker::typecheck::tests::typecheck_mixed_union_rejects_bool ... ok
[INFO] [stdout] test db::derived::typechecker::typecheck::tests::typecheck_mixed_union_accepts_string ... ok
[INFO] [stdout] test db::derived::typechecker::typecheck::tests::typecheck_logical_wrong_operand ... ok
[INFO] [stdout] test db::derived::typechecker::typecheck::tests::typecheck_math_only_string_as_math_field ... ok
[INFO] [stdout] test db::derived::typechecker::typecheck::tests::typecheck_mapping_without_typ_infers_product_no_errors ... ok
[INFO] [stdout] test db::derived::typechecker::typecheck::tests::typecheck_paren_expr_in_schema_field ... ok
[INFO] [stdout] test db::derived::typechecker::typecheck::tests::typecheck_prefix_valid ... ok
[INFO] [stdout] test db::derived::typechecker::typecheck::tests::typecheck_nested_product_valid ... ok
[INFO] [stdout] test db::derived::typechecker::typecheck::tests::typecheck_schema_missing_properties_field ... ok
[INFO] [stdout] test db::derived::typechecker::typecheck::tests::typecheck_nested_wrong_type_has_diagnostics ... ok
[INFO] [stdout] test db::derived::typechecker::typecheck::tests::typecheck_prefix_wrong_typ ... ok
[INFO] [stdout] test db::derived::typechecker::typecheck::tests::typecheck_nested_product_wrong_field_typ ... ok
[INFO] [stdout] test db::derived::typechecker::typecheck::tests::typecheck_nested_valid_no_errors ... ok
[INFO] [stdout] test db::derived::typechecker::typecheck::tests::typecheck_schema_prop_descriptor_extra_field_no_typecheck_errors ... ok
[INFO] [stdout] test db::derived::typechecker::typecheck::tests::typecheck_schema_with_bare_user_typ_ref ... ok
[INFO] [stdout] test db::derived::typechecker::typecheck::tests::typecheck_mapping_with_ident_value ... ok
[INFO] [stdout] test db::derived::typechecker::typecheck::tests::typecheck_nested_paren_binary_valid ... ok
[INFO] [stdout] test db::derived::typechecker::typecheck::tests::typecheck_schema_prop_descriptor_missing_typ_has_errors ... ok
[INFO] [stdout] test db::derived::typechecker::typecheck::tests::typecheck_schema_with_explicit_typ_tag_no_errors ... ok
[INFO] [stdout] test db::derived::typechecker::typecheck::tests::typecheck_math_field_valid ... ok
[INFO] [stdout] test db::derived::typechecker::typecheck::tests::typecheck_nested_paren_binary_wrong ... ok
[INFO] [stdout] test db::derived::typechecker::typecheck::tests::typecheck_schema_with_list_of_user_typ_no_errors ... ok
[INFO] [stdout] test db::derived::typechecker::typecheck::tests::typecheck_schema_simple_props_no_errors ... ok
[INFO] [stdout] test db::derived::typechecker::typecheck::tests::typecheck_schema_properties_not_mapping_has_errors ... ok
[INFO] [stdout] test db::derived::typechecker::typecheck::tests::typecheck_schema_with_list_typ_no_errors ... ok
[INFO] [stdout] test db::derived::typechecker::typecheck::tests::typecheck_schema_missing_properties_has_diagnostics ... ok
[INFO] [stdout] test db::derived::typechecker::typecheck::tests::typecheck_string_lit_index_no_errors ... ok
[INFO] [stdout] test db::derived::typechecker::typecheck::tests::typecheck_schema_with_lit_typ_no_errors ... ok
[INFO] [stdout] test db::derived::typechecker::typecheck::tests::typecheck_schema_with_nested_typ_no_errors ... ok
[INFO] [stdout] test db::derived::typechecker::typecheck::tests::typecheck_schema_with_postfix_optional_no_errors ... ok
[INFO] [stdout] test db::derived::typechecker::typecheck::tests::typecheck_unresolved_typ_has_diagnostics ... ok
[INFO] [stdout] test db::derived::typechecker::typecheck::tests::typecheck_schema_with_pipe_union_no_errors ... ok
[INFO] [stdout] test db::derived::typechecker::typecheck::tests::typecheck_schema_with_union_typ_no_errors ... ok
[INFO] [stdout] test db::derived::typechecker::typecheck::tests::typecheck_valid_list_sum_no_errors ... ok
[INFO] [stdout] test db::derived::typechecker::typecheck::tests::typecheck_valid_dict_sum_no_errors ... ok
[INFO] [stdout] test db::codec::tests::u64_roundtrip ... ok
[INFO] [stdout] test db::derived::typechecker::typecheck::tests::typecheck_string_with_inline_math_no_errors ... ok
[INFO] [stdout] test db::derived::typechecker::typecheck::tests::typecheck_with_imports_no_errors ... ok
[INFO] [stdout] test db::derived::typechecker::typecheck::tests::typecheck_unary_expr_in_schema_field ... ok
[INFO] [stdout] test db::types::derived::obj_system::datetime::utils::tests::iso_time_invalid ... ok
[INFO] [stdout] test db::types::derived::obj_system::datetime::utils::tests::iso_time_valid ... ok
[INFO] [stdout] test db::types::derived::obj_system::existential::tests::existential_typ_delegates_call_typ_to_body ... ok
[INFO] [stdout] test db::derived::typechecker::typecheck::tests::typecheck_with_imports_wrong_typ_has_diagnostics ... ok
[INFO] [stdout] test db::types::derived::obj_system::datetime::utils::tests::iso_date_invalid ... ok
[INFO] [stdout] test db::types::derived::obj_system::existential::tests::existential_typ_delegates_static_operations_to_body ... ok
[INFO] [stdout] test db::types::derived::obj_system::literal::tests::lit_typ_delegates_static_operations_to_underlying_type ... ok
[INFO] [stdout] test db::types::derived::obj_system::datetime::utils::tests::iso_datetime_valid ... ok
[INFO] [stdout] test db::types::derived::obj_system::native_func::tests::test_native_func_optional_this ... ok
[INFO] [stdout] test db::derived::typechecker::typecheck::tests::typecheck_string_with_multiple_inline_math_no_errors ... ok
[INFO] [stdout] test db::types::derived::obj_system::obj::tests::object_type_to_string_lookup_returns_func_type ... ok
[INFO] [stdout] test db::types::derived::obj_system::datetime::utils::tests::iso_datetime_invalid ... ok
[INFO] [stdout] test db::derived::typechecker::typecheck::tests::typecheck_schema_with_self_ref ... ok
[INFO] [stdout] test db::types::derived::obj_system::sum::tests::sum_type_lookup_field_type_returns_none_if_missing_on_any_member ... ok
[INFO] [stdout] test db::types::derived::obj_system::sum::tests::sum_type_lookup_field_type_unions_field_types_when_present_on_all_members ... ok
[INFO] [stdout] test db::types::derived::obj_system::typecheck::utils::tests::bare_type_and_existential_reciprocal_subtyping ... ok
[INFO] [stdout] test db::types::derived::obj_system::typecheck::utils::tests::builtin_type_is_typ ... ok
[INFO] [stdout] test db::types::derived::obj_system::typecheck::utils::tests::dict_accepts_covariant_key_and_value_typs ... ok
[INFO] [stdout] test db::types::derived::obj_system::typecheck::utils::tests::date_rejects_string ... ok
[INFO] [stdout] test db::types::derived::obj_system::datetime::utils::tests::iso_date_valid ... ok
[INFO] [stdout] test db::types::derived::obj_system::typecheck::utils::tests::boolean_accepts_boolean_literal ... ok
[INFO] [stdout] test db::types::derived::obj_system::typecheck::utils::tests::compatible_simple_same_typ ... ok
[INFO] [stdout] test db::types::derived::obj_system::typecheck::utils::tests::dict_accepts_same_value_typ ... ok
[INFO] [stdout] test db::types::derived::obj_system::existential::tests::existential_typ_delegates_index_typ_to_body ... ok
[INFO] [stdout] test db::types::derived::obj_system::typecheck::utils::tests::dict_rejects_different_value_type ... ok
[INFO] [stdout] test db::types::derived::obj_system::never::tests::never_type_operations_always_return_never ... ok
[INFO] [stdout] test db::types::derived::obj_system::typecheck::utils::tests::dict_rejects_non_dict ... ok
[INFO] [stdout] test db::derived::typechecker::typecheck::tests::typecheck_schema_with_optional_no_errors ... ok
[INFO] [stdout] test db::types::derived::obj_system::typecheck::utils::tests::dict_rejects_wider_value_type ... ok
[INFO] [stdout] test db::types::derived::obj_system::typecheck::utils::tests::existential_multi_param_and_nested ... ok
[INFO] [stdout] test db::types::derived::obj_system::typecheck::utils::tests::func_rejects_arity_mismatch ... ok
[INFO] [stdout] test db::types::derived::obj_system::typecheck::utils::tests::existential_subtype_bounded_body ... ok
[INFO] [stdout] test db::types::derived::obj_system::typecheck::utils::tests::existential_supertype_witnesses_body ... ok
[INFO] [stdout] test db::types::derived::obj_system::typecheck::utils::tests::existential_vs_existential_subtyping ... ok
[INFO] [stdout] test db::types::derived::obj_system::typecheck::utils::tests::existential_witness_bound_accumulation ... ok
[INFO] [stdout] test db::types::derived::obj_system::typecheck::utils::tests::func_accepts_covariant_return ... ok
[INFO] [stdout] test db::types::derived::obj_system::typecheck::utils::tests::func_accepts_contravariant_param ... ok
[INFO] [stdout] test db::types::derived::obj_system::typecheck::utils::tests::func_accepts_same_signature ... ok
[INFO] [stdout] test db::types::derived::obj_system::typecheck::utils::tests::func_rejects_wider_return ... ok
[INFO] [stdout] test db::types::derived::obj_system::typecheck::utils::tests::list_rejects_non_list ... ok
[INFO] [stdout] test db::types::derived::obj_system::typecheck::utils::tests::func_rejects_narrower_param ... ok
[INFO] [stdout] test db::types::derived::obj_system::typecheck::utils::tests::list_accepts_same_elem_type ... ok
[INFO] [stdout] test db::types::derived::obj_system::typecheck::utils::tests::list_accepts_covariant_elem_type ... ok
[INFO] [stdout] test db::types::derived::obj_system::typecheck::utils::tests::incompatible_simple_different_typ ... ok
[INFO] [stdout] test db::types::derived::obj_system::typecheck::utils::tests::lit_compatible_with_base_simple ... ok
[INFO] [stdout] test db::types::derived::obj_system::typecheck::utils::tests::list_rejects_different_elem_type ... ok
[INFO] [stdout] test db::types::derived::obj_system::typecheck::utils::tests::lit_incompatible_different_value ... ok
[INFO] [stdout] test db::types::derived::obj_system::typecheck::utils::tests::lit_incompatible_with_wrong_simple ... ok
[INFO] [stdout] test db::types::derived::obj_system::typecheck::utils::tests::lit_compatible_same_value ... ok
[INFO] [stdout] test db::types::derived::obj_system::typecheck::utils::tests::lit_number_compatible_with_number ... ok
[INFO] [stdout] test db::types::derived::obj_system::typecheck::utils::tests::never_accepted_by_any_type ... ok
[INFO] [stdout] test db::types::derived::obj_system::typecheck::utils::tests::lit_number_incompatible_with_string ... ok
[INFO] [stdout] test db::types::derived::obj_system::typecheck::utils::tests::never_accepted_by_sum ... ok
[INFO] [stdout] test db::types::derived::obj_system::typecheck::utils::tests::literal_rejects_different_value ... ok
[INFO] [stdout] test db::types::derived::obj_system::typecheck::utils::tests::never_is_bottom_typ ... ok
[INFO] [stdout] test db::types::derived::obj_system::typecheck::utils::tests::literal_sum_accepts_matching_literal ... ok
[INFO] [stdout] test db::types::derived::obj_system::typecheck::utils::tests::literal_accepts_same_value ... ok
[INFO] [stdout] test db::types::derived::obj_system::typecheck::utils::tests::literal_sum_rejects_non_matching_literal ... ok
[INFO] [stdout] test db::types::derived::obj_system::typecheck::utils::tests::nullable_accepts_base_type ... ok
[INFO] [stdout] test db::types::derived::obj_system::typecheck::utils::tests::non_nullable_rejects_null ... ok
[INFO] [stdout] test db::types::derived::obj_system::typecheck::utils::tests::null_rejects_non_null ... ok
[INFO] [stdout] test db::types::derived::obj_system::typecheck::utils::tests::product_accepts_missing_nullable_field ... ok
[INFO] [stdout] test db::types::derived::obj_system::typecheck::utils::tests::nothing_accepted_by_never ... ok
[INFO] [stdout] test db::types::derived::obj_system::typecheck::utils::tests::nullable_accepts_null ... ok
[INFO] [stdout] test db::types::derived::obj_system::typecheck::utils::tests::product_accepts_matching_product ... ok
[INFO] [stdout] test db::types::derived::obj_system::typecheck::utils::tests::product_rejects_missing_required_field ... ok
[INFO] [stdout] test db::types::derived::obj_system::typecheck::utils::tests::list_rejects_wider_elem_type ... ok
[INFO] [stdout] test db::types::derived::obj_system::typecheck::utils::tests::product_accepts_superset_fields ... ok
[INFO] [stdout] test db::types::derived::obj_system::typecheck::utils::tests::product_rejects_wrong_field_type ... ok
[INFO] [stdout] test db::types::derived::obj_system::typecheck::utils::tests::schema_rejects_product_with_wrong_field ... ok
[INFO] [stdout] test db::types::derived::obj_system::typecheck::utils::tests::string_accepts_date ... ok
[INFO] [stdout] test db::types::derived::obj_system::typecheck::utils::tests::string_rejects_mixed_sum ... ok
[INFO] [stdout] test db::types::derived::obj_system::typecheck::utils::tests::string_accepts_datetime ... ok
[INFO] [stdout] test db::types::derived::obj_system::typecheck::utils::tests::string_accepts_sum_of_string_literals ... ok
[INFO] [stdout] test db::types::derived::obj_system::typecheck::utils::tests::string_rejects_number_literal ... ok
[INFO] [stdout] test db::types::derived::obj_system::typecheck::utils::tests::sum_accepts_member_typ ... ok
[INFO] [stdout] test db::types::derived::obj_system::typecheck::utils::tests::string_accepts_time ... ok
[INFO] [stdout] test db::types::derived::obj_system::typecheck::utils::tests::sum_rejects_non_member_typ ... ok
[INFO] [stdout] test db::derived::typechecker::typecheck::tests::typecheck_wrong_field_typ_has_diagnostics ... ok
[INFO] [stdout] test db::types::derived::obj_system::typecheck::utils::tests::type_type_is_typ ... ok
[INFO] [stdout] test db::types::derived::obj_system::typecheck::utils::tests::type_variable_bounded_delegation ... ok
[INFO] [stdout] test db::types::derived::obj_system::typecheck::utils::tests::type_variable_unbound_rejects_concrete_type ... ok
[INFO] [stdout] test db::types::derived::obj_system::typecheck::utils::tests::sum_rejects_wider_sum ... ok
[INFO] [stdout] test db::types::derived::obj_system::typecheck::utils::tests::number_accepts_number_lit ... ok
[INFO] [stdout] test db::types::derived::obj_system::typecheck::utils::tests::typed_dict_rejects_untyped_dict ... ok
[INFO] [stdout] test db::types::derived::obj_system::typecheck::utils::tests::typed_list_rejects_untyped_list ... ok
[INFO] [stdout] test db::types::derived::obj_system::typecheck::utils::tests::type_variable_strict_equality ... ok
[INFO] [stdout] test db::types::derived::obj_system::typecheck::utils::tests::untyped_dict_accepts_typed_dict ... ok
[INFO] [stdout] test db::types::derived::symbol::tests::is_image_returns_false_for_non_image_formats ... ok
[INFO] [stdout] test db::types::derived::obj_system::typecheck::utils::tests::type_variable_transitive_variable_bound ... ok
[INFO] [stdout] test db::types::derived::obj_system::typecheck::utils::tests::untyped_list_accepts_any_list ... ok
[INFO] [stdout] test db::types::derived::symbol::tests::is_image_returns_true_for_image_formats ... ok
[INFO] [stdout] test db::utils::tests::is_content_file_accepts_md ... ok
[INFO] [stdout] test db::utils::tests::is_content_file_accepts_td ... ok
[INFO] [stdout] test db::utils::tests::snake_to_kebab_converts ... ok
[INFO] [stdout] test db::types::derived::obj_system::variable::tests::variable_typ_delegates_to_upper_bound ... ok
[INFO] [stdout] test db::utils::tests::is_content_file_rejects_other ... ok
[INFO] [stdout] test db::utils::tests::strip_content_extension_strips_md ... ok
[INFO] [stdout] test db::utils::tests::strip_content_extension_preserves_other ... ok
[INFO] [stdout] test db::utils::tests::strip_content_extension_strips_td ... ok
[INFO] [stdout] test integrations::format::tests::blank_line_after_heading ... ok
[INFO] [stdout] test db::types::derived::obj_system::typecheck::utils::tests::schema_accepts_matching_product ... ok
[INFO] [stdout] test integrations::format::tests::blank_line_before_heading ... ok
[INFO] [stdout] test integrations::format::tests::bullet_list ... ok
[INFO] [stdout] test integrations::format::tests::collapse_blank_lines_test ... ok
[INFO] [stdout] test db::types::derived::obj_system::typecheck::utils::tests::string_accepts_string_lit ... ok
[INFO] [stdout] test db::types::derived::obj_system::typecheck::utils::tests::sum_accepts_lit_of_member_typ ... ok
[INFO] [stdout] test db::types::derived::obj_system::typecheck::utils::tests::sum_accepts_subsum ... ok
[INFO] [stdout] test db::derived::typechecker::typecheck::tests::typecheck_valid_person_no_errors ... ok
[INFO] [stdout] test integrations::format::tests::heading_extra_spaces ... ok
[INFO] [stdout] test integrations::format::tests::heading_then_list ... ok
[INFO] [stdout] test integrations::format::tests::idempotent ... ok
[INFO] [stdout] test integrations::format::tests::list_then_paragraph ... ok
[INFO] [stdout] test integrations::format::tests::full_document ... ok
[INFO] [stdout] test integrations::format::tests::heading_spacing ... ok
[INFO] [stdout] test integrations::format::tests::math_block_in_list_preserved ... ok
[INFO] [stdout] test integrations::format::tests::idempotent_with_lists ... ok
[INFO] [stdout] test integrations::format::tests::nested_bullet_list ... ok
[INFO] [stdout] test integrations::format::tests::list_then_heading ... ok
[INFO] [stdout] test integrations::format::tests::nested_list_three_levels ... ok
[INFO] [stdout] test integrations::format::tests::math_block_preserved ... ok
[INFO] [stdout] test integrations::format::tests::trailing_newline ... ok
[INFO] [stdout] test integrations::format::tests::trailing_whitespace ... ok
[INFO] [stdout] test integrations::format::tests::mixed_bullet_prefixes ... ok
[INFO] [stdout] test integrations::format::tests::nested_ordered_in_bullet ... ok
[INFO] [stdout] test integrations::format::tests::paragraph_then_list ... ok
[INFO] [stdout] test integrations::format::tests::paragraph_then_paragraph ... ok
[INFO] [stdout] test integrations::format::tests::standalone_media ... ok
[INFO] [stdout] test integrations::json_schema::tests::array_of_strings ... ok
[INFO] [stdout] test db::types::derived::obj_system::typecheck::utils::tests::schema_is_typ ... ok
[INFO] [stdout] test integrations::json_schema::tests::dict_object ... ok
[INFO] [stdout] test integrations::json_schema::tests::primitive_required ... ok
[INFO] [stdout] test integrations::json_schema::tests::unknown_type_returns_none ... ok
[INFO] [stdout] test integrations::json_schema::tests::optional_array ... ok
[INFO] [stdout] test integrations::lint::tests::clean_file ... ok
[INFO] [stdout] test integrations::json_schema::tests::primitive_optional_null ... ok
[INFO] [stdout] test integrations::lint::tests::consecutive_blank_lines ... ok
[INFO] [stdout] test integrations::lint::tests::descriptive_link_text ... ok
[INFO] [stdout] test integrations::lint::tests::heading_missing_blank_line ... ok
[INFO] [stdout] test integrations::json_schema::tests::product_object ... ok
[INFO] [stdout] test integrations::lint::tests::blocks_with_blank_lines ... ok
[INFO] [stdout] test integrations::lint::tests::heading_missing_space ... ok
[INFO] [stdout] test integrations::lint::tests::generic_link_text ... ok
[INFO] [stdout] test integrations::lint::tests::duplicate_headings ... ok
[INFO] [stdout] test integrations::lint::tests::image_with_alt_text ... ok
[INFO] [stdout] test integrations::lint::tests::list_then_paragraph_missing_blank_line ... ok
[INFO] [stdout] test integrations::json_schema::tests::primitive_optional_undefined ... ok
[INFO] [stdout] test integrations::lint::tests::heading_after_frontmatter_no_blank_line_warning ... ok
[INFO] [stdout] test integrations::lint::tests::no_trailing_whitespace ... ok
[INFO] [stdout] test integrations::lint::tests::missing_alt_text ... ok
[INFO] [stdout] test integrations::lint::tests::multiple_h1 ... ok
[INFO] [stdout] test syntax::lex::tests::file_stream_lookahead_eof ... ok
[INFO] [stdout] test syntax::lex::tests::md_brackets ... ok
[INFO] [stdout] test syntax::lex::tests::intraword_underscore_single ... ok
[INFO] [stdout] test syntax::lex::tests::intraword_underscore_multiple ... ok
[INFO] [stdout] test integrations::lint::tests::paragraph_then_list_missing_blank_line ... ok
[INFO] [stdout] test integrations::lint::tests::single_h1 ... ok
[INFO] [stdout] test integrations::lint::tests::trailing_whitespace ... ok
[INFO] [stdout] test integrations::json_schema::tests::missing_type_returns_none ... ok
[INFO] [stdout] test syntax::lex::tests::md_code_block ... ok
[INFO] [stdout] test syntax::lex::tests::md_dq_string_with_interpolation ... ok
[INFO] [stdout] test syntax::lex::tests::md_dq_string_with_symbols ... ok
[INFO] [stdout] test syntax::lex::tests::md_empty_dq_string ... ok
[INFO] [stdout] test syntax::lex::tests::md_formula ... ok
[INFO] [stdout] test syntax::lex::tests::md_html_entity_bare_ampersand ... ok
[INFO] [stdout] test syntax::lex::tests::md_html_entity_invalid_no_semicolon ... ok
[INFO] [stdout] test syntax::lex::tests::md_html_entity_named ... ok
[INFO] [stdout] test syntax::lex::tests::md_html_entity_numeric_decimal ... ok
[INFO] [stdout] test syntax::lex::tests::md_html_entity_numeric_hex ... ok
[INFO] [stdout] test syntax::lex::tests::md_html_entity_numeric_hex_lowercase ... ok
[INFO] [stdout] test syntax::lex::tests::md_dollar_inside_double_dollar ... ok
[INFO] [stdout] test syntax::lex::tests::md_html_entity_with_space ... ok
[INFO] [stdout] test syntax::lex::tests::md_dq_string ... ok
[INFO] [stdout] test syntax::lex::tests::md_inline_code ... ok
[INFO] [stdout] test syntax::lex::tests::md_inline_math ... ok
[INFO] [stdout] test syntax::lex::tests::md_inline_math_double_dollar ... ok
[INFO] [stdout] test syntax::lex::tests::md_math_block ... ok
[INFO] [stdout] test syntax::lex::tests::md_math_block_triple_dollar ... ok
[INFO] [stdout] test syntax::lex::tests::md_sq_string ... ok
[INFO] [stdout] test syntax::lex::tests::md_newline ... ok
[INFO] [stdout] test integrations::format::tests::media_in_list_item ... ok
[INFO] [stdout] test syntax::lex::tests::md_number ... ok
[INFO] [stdout] test syntax::lex::tests::md_symbol_hash ... ok
[INFO] [stdout] test syntax::lex::tests::md_unterminated_math ... ok
[INFO] [stdout] test syntax::lex::tests::md_text ... ok
[INFO] [stdout] test syntax::lex::tests::underscore_italic_not_intraword ... ok
[INFO] [stdout] test syntax::lex::tests::md_whitespace ... ok
[INFO] [stdout] test syntax::lex::tests::yaml_arrow_op ... ok
[INFO] [stdout] test syntax::lex::tests::underscore_start_of_word_is_symbol ... ok
[INFO] [stdout] test syntax::lex::tests::yaml_bang_op ... ok
[INFO] [stdout] test syntax::lex::tests::yaml_brackets ... ok
[INFO] [stdout] test syntax::lex::tests::yaml_colon ... ok
[INFO] [stdout] test syntax::lex::tests::yaml_comment ... ok
[INFO] [stdout] test syntax::lex::tests::yaml_crlf ... ok
[INFO] [stdout] test syntax::lex::tests::yaml_dq_string ... ok
[INFO] [stdout] test syntax::lex::tests::yaml_empty_line_no_indent ... ok
[INFO] [stdout] test syntax::lex::tests::yaml_empty_string ... ok
[INFO] [stdout] test syntax::lex::tests::yaml_bang_equals_op ... ok
[INFO] [stdout] test syntax::lex::tests::yaml_ident ... ok
[INFO] [stdout] test syntax::lex::tests::yaml_indent ... ok
[INFO] [stdout] test syntax::lex::tests::yaml_inline_math_in_sq_string ... ok
[INFO] [stdout] test syntax::lex::tests::yaml_inline_math_with_text_prefix ... ok
[INFO] [stdout] test syntax::lex::tests::yaml_interp_in_string ... ok
[INFO] [stdout] test syntax::lex::tests::yaml_mapping_line ... ok
[INFO] [stdout] test syntax::lex::tests::yaml_inline_math_in_dq_string ... ok
[INFO] [stdout] test syntax::lex::tests::yaml_newline ... ok
[INFO] [stdout] test syntax::lex::tests::yaml_number_integer ... ok
[INFO] [stdout] test syntax::lex::tests::yaml_number_missing_exponent_digits ... ok
[INFO] [stdout] test syntax::lex::tests::yaml_number_scientific ... ok
[INFO] [stdout] test syntax::lex::tests::yaml_number_trailing_dot ... ok
[INFO] [stdout] test syntax::lex::tests::yaml_question_mark_op ... ok
[INFO] [stdout] test syntax::lex::tests::yaml_sq_string ... ok
[INFO] [stdout] test syntax::lex::tests::md_symbol_bold ... ok
[INFO] [stdout] test syntax::lex::tests::yaml_string_with_escape ... ok
[INFO] [stdout] test syntax::lex::tests::yaml_triple_dash ... ok
[INFO] [stdout] test syntax::lex::tests::yaml_unterminated_string ... ok
[INFO] [stdout] test syntax::lex::tests::yaml_whitespace_after_token ... ok
[INFO] [stdout] test syntax::parse::tests::expr::ast_closure_expr_and_param_list ... ok
[INFO] [stdout] test syntax::parse::tests::expr::error_empty_expression ... ok
[INFO] [stdout] test syntax::parse::tests::expr::error_extra_comma_in_list ... ok
[INFO] [stdout] test syntax::parse::tests::expr::error_missing_operand ... ok
[INFO] [stdout] test syntax::parse::tests::expr::error_missing_value_in_mapping ... ok
[INFO] [stdout] test syntax::parse::tests::expr::error_unclosed_dict ... ok
[INFO] [stdout] test syntax::parse::tests::expr::error_unclosed_paren ... ok
[INFO] [stdout] test syntax::lex::tests::yaml_number_decimal ... ok
[INFO] [stdout] test syntax::parse::tests::expr::error_unclosed_list ... ok
[INFO] [stdout] test syntax::parse::tests::expr::error_unclosed_string ... ok
[INFO] [stdout] test syntax::parse::tests::expr::parse_binary_expression ... ok
[INFO] [stdout] test syntax::parse::tests::expr::parse_call_expression ... ok
[INFO] [stdout] test syntax::parse::tests::expr::parse_closure_as_rhs ... ok
[INFO] [stdout] test syntax::parse::tests::expr::parse_closure_bare_ident_no_diagnostic ... ok
[INFO] [stdout] test syntax::parse::tests::expr::parse_closure_bare_ident_param ... ok
[INFO] [stdout] test syntax::parse::tests::expr::parse_closure_invalid_lhs ... ok
[INFO] [stdout] test syntax::parse::tests::expr::parse_closure_expr_param ... ok
[INFO] [stdout] test syntax::parse::tests::expr::parse_closure_non_ident_param ... ok
[INFO] [stdout] test syntax::parse::tests::expr::parse_closure_valid_multi_param_no_diagnostic ... ok
[INFO] [stdout] test syntax::parse::tests::expr::parse_closure_with_method_call ... ok
[INFO] [stdout] test syntax::parse::tests::expr::parse_closure_with_params ... ok
[INFO] [stdout] test syntax::parse::tests::expr::parse_closure_with_postfix ... ok
[INFO] [stdout] test syntax::parse::tests::expr::parse_comparison ... ok
[INFO] [stdout] test syntax::parse::tests::expr::parse_closure_valid_single_param_no_diagnostic ... ok
[INFO] [stdout] test syntax::parse::tests::expr::parse_complex_expression ... ok
[INFO] [stdout] test syntax::parse::tests::expr::parse_dangling_empty_param_list ... ok
[INFO] [stdout] test syntax::parse::tests::expr::parse_dangling_param_list ... ok
[INFO] [stdout] test syntax::parse::tests::expr::parse_closure_trailing_comma_params ... ok
[INFO] [stdout] test syntax::parse::tests::expr::parse_dangling_param_list_with_whitespace ... ok
[INFO] [stdout] test syntax::parse::tests::expr::parse_dangling_param_list_as_lhs ... ok
[INFO] [stdout] test syntax::parse::tests::expr::parse_dictionary_literal ... ok
[INFO] [stdout] test syntax::parse::tests::expr::parse_divide_before_add ... ok
[INFO] [stdout] test syntax::parse::tests::expr::parse_division ... ok
[INFO] [stdout] test syntax::parse::tests::expr::parse_double_quoted_string ... ok
[INFO] [stdout] test syntax::parse::tests::expr::parse_empty_list_literal ... ok
[INFO] [stdout] test syntax::parse::tests::expr::parse_empty_param_list_closure ... ok
[INFO] [stdout] test syntax::parse::tests::expr::parse_identifier_literal ... ok
[INFO] [stdout] test syntax::parse::tests::expr::parse_dangling_param_list_as_rhs ... ok
[INFO] [stdout] test syntax::parse::tests::expr::parse_index_multiple ... ok
[INFO] [stdout] test syntax::parse::tests::expr::parse_index_chained ... ok
[INFO] [stdout] test syntax::parse::tests::expr::parse_index_single ... ok
[INFO] [stdout] test syntax::parse::tests::expr::parse_index_with_expression ... ok
[INFO] [stdout] test syntax::parse::tests::expr::parse_left_associative_addition ... ok
[INFO] [stdout] test db::utils::tests::kebab_to_pascal_converts_hyphenated ... ok
[INFO] [stdout] test syntax::parse::tests::expr::parse_left_associative_subtraction ... ok
[INFO] [stdout] test db::utils::tests::kebab_to_pascal_preserves_pascal ... ok
[INFO] [stdout] test integrations::lint::tests::unique_headings ... ok
[INFO] [stdout] test syntax::lex::tests::underscore_at_word_end_is_symbol ... ok
[INFO] [stdout] test syntax::parse::tests::expr::parse_index_on_call ... ok
[INFO] [stdout] test syntax::parse::tests::expr::parse_multiplication ... ok
[INFO] [stdout] test syntax::parse::tests::expr::parse_multiply_before_subtract ... ok
[INFO] [stdout] test syntax::parse::tests::expr::parse_nested_list_literal ... ok
[INFO] [stdout] test syntax::parse::tests::expr::parse_nullary_closure ... ok
[INFO] [stdout] test syntax::parse::tests::expr::parse_nullary_closure_ident ... ok
[INFO] [stdout] test syntax::parse::tests::expr::parse_nullary_closure_with_binary_body ... ok
[INFO] [stdout] test syntax::parse::tests::expr::parse_number_literal ... ok
[INFO] [stdout] test syntax::parse::tests::expr::parse_list_literal ... ok
[INFO] [stdout] test syntax::parse::tests::expr::parse_parenthesized_expression ... ok
[INFO] [stdout] test syntax::parse::tests::expr::parse_logical_and ... ok
[INFO] [stdout] test syntax::parse::tests::expr::parse_multi_param_closure ... ok
[INFO] [stdout] test syntax::parse::tests::expr::parse_nested_closure ... ok
[INFO] [stdout] test syntax::parse::tests::expr::parse_nested_parens ... ok
[INFO] [stdout] test syntax::parse::tests::expr::parse_single_quoted_string ... ok
[INFO] [stdout] test syntax::parse::tests::expr::parse_subtraction ... ok
[INFO] [stdout] test syntax::parse::tests::expr::parse_postfix_question ... ok
[INFO] [stdout] test syntax::parse::tests::expr::parse_postfix_question_on_index ... ok
[INFO] [stdout] test syntax::parse::tests::expr::parse_unary_minus_in_binary ... ok
[INFO] [stdout] test syntax::parse::tests::expr::parse_postfix_question_on_member_access ... ok
[INFO] [stdout] test syntax::parse::tests::expr::parse_precedence ... ok
[INFO] [stdout] test syntax::parse::tests::expr::parse_unary_minus_right_side ... ok
[INFO] [stdout] test syntax::parse::tests::expr::parse_unclosed_empty_param_list ... ok
[INFO] [stdout] test syntax::parse::tests::markdown::parse_arrow_not_list ... ok
[INFO] [stdout] test syntax::parse::tests::expr::parse_unary_negation ... ok
[INFO] [stdout] test syntax::parse::tests::expr::parse_precedence_multiply_add ... ok
[INFO] [stdout] test syntax::parse::tests::markdown::parse_backslash_escape_italic ... ok
[INFO] [stdout] test syntax::parse::tests::markdown::parse_backslash_escape_bracket ... ok
[INFO] [stdout] test syntax::parse::tests::markdown::parse_backslash_non_escapable ... ok
[INFO] [stdout] test syntax::lex::tests::md_code_block_invalid_range_chars ... ok
[INFO] [stdout] test syntax::lex::tests::md_code_block_unclosed_range ... ok
[INFO] [stdout] test syntax::parse::tests::markdown::parse_arrow_inside_list_no_error ... ok
[INFO] [stdout] test syntax::parse::tests::markdown::parse_backslash_escape_hash ... ok
[INFO] [stdout] test syntax::lex::tests::md_code_block_with_line_ranges ... ok
[INFO] [stdout] test syntax::parse::tests::markdown::parse_blockquote_ends_on_empty_line ... ok
[INFO] [stdout] test db::codec::tests::red_node_roundtrip ... ok
[INFO] [stdout] test syntax::lex::tests::md_code_block_with_ranges_no_diags ... ok
[INFO] [stdout] test syntax::parse::tests::expr::parse_decimal_literal ... ok
[INFO] [stdout] test syntax::parse::tests::markdown::parse_blockquote_multiline ... ok
[INFO] [stdout] test syntax::parse::tests::markdown::parse_blockquote_multiple_bare_blank_lines ... ok
[INFO] [stdout] test syntax::parse::tests::markdown::parse_blockquote_two_paragraphs_bare_separator ... ok
[INFO] [stdout] test syntax::parse::tests::markdown::parse_body_empty ... ok
[INFO] [stdout] test syntax::parse::tests::markdown::parse_blockquote_with_link ... ok
[INFO] [stdout] test syntax::parse::tests::expr::parse_unclosed_param_list ... ok
[INFO] [stdout] test db::codec::tests::tuple1_roundtrip ... ok
[INFO] [stdout] test syntax::parse::tests::markdown::parse_blockquote_simple ... ok
[INFO] [stdout] test syntax::parse::tests::markdown::parse_blockquote_then_list ... ok
[INFO] [stdout] test syntax::parse::tests::markdown::parse_ambiguous_dedent_not_sibling ... ok
[INFO] [stdout] test db::codec::tests::unit_roundtrip ... ok
[INFO] [stdout] test syntax::parse::tests::markdown::parse_bold_then_strikethrough ... ok
[INFO] [stdout] test syntax::parse::tests::markdown::parse_bullet_list_blank_line_before_blockquote ... ok
[INFO] [stdout] test syntax::parse::tests::markdown::parse_bold_and_italic_mixed ... ok
[INFO] [stdout] test syntax::parse::tests::markdown::parse_bullet_list_blank_line_before_continuation ... ok
[INFO] [stdout] test syntax::parse::tests::markdown::parse_body_only_blank_lines ... ok
[INFO] [stdout] test syntax::parse::tests::markdown::parse_bold_in_paragraph ... ok
[INFO] [stdout] test syntax::parse::tests::markdown::parse_bold_italic_simple ... ok
[INFO] [stdout] test syntax::parse::tests::markdown::parse_brackets_without_url_are_plain_text ... ok
[INFO] [stdout] test syntax::parse::tests::markdown::parse_bullet_list_blank_line_with_spaces ... ok
[INFO] [stdout] test syntax::parse::tests::markdown::parse_code_block_with_line_ranges ... ok
[INFO] [stdout] test syntax::parse::tests::markdown::parse_container_after_list_item_no_diagnostics ... ok
[INFO] [stdout] test syntax::parse::tests::markdown::parse_container_block_empty ... ok
[INFO] [stdout] test syntax::parse::tests::markdown::parse_bold_simple ... ok
[INFO] [stdout] test syntax::parse::tests::markdown::parse_bullet_list_blank_line_before_nested_list ... ok
[INFO] [stdout] test syntax::parse::tests::markdown::parse_bullet_list_dash ... ok
[INFO] [stdout] test syntax::parse::tests::markdown::parse_bullet_list_blank_line_before_nested_paragraphs ... ok
[INFO] [stdout] test syntax::parse::tests::markdown::parse_bullet_list_plus ... ok
[INFO] [stdout] test syntax::parse::tests::markdown::parse_bullet_list_star ... ok
[INFO] [stdout] test syntax::parse::tests::markdown::parse_code_block_simple ... ok
[INFO] [stdout] test syntax::parse::tests::markdown::parse_container_block_kebab_case ... ok
[INFO] [stdout] test syntax::parse::tests::markdown::parse_bullet_in_ordered_list ... ok
[INFO] [stdout] test syntax::parse::tests::markdown::parse_container_block_kebab_case_no_space ... ok
[INFO] [stdout] test syntax::parse::tests::markdown::parse_container_block_with_decimal_number_prop ... ok
[INFO] [stdout] test syntax::parse::tests::markdown::parse_container_block_kebab_case_with_space ... ok
[INFO] [stdout] test syntax::parse::tests::markdown::parse_container_block_no_space_with_props ... ok
[INFO] [stdout] test syntax::parse::tests::markdown::parse_container_block_with_invalid_prop_key ... ok
[INFO] [stdout] test syntax::parse::tests::markdown::parse_container_block_simple ... ok
[INFO] [stdout] test syntax::parse::tests::markdown::parse_container_block_with_leading_slot_separator_no_diagnostics ... ok
[INFO] [stdout] test syntax::parse::tests::markdown::parse_container_block_with_code_block ... ok
[INFO] [stdout] test syntax::parse::tests::markdown::parse_container_block_with_negative_number_prop ... ok
[INFO] [stdout] test syntax::parse::tests::markdown::parse_container_block_with_props_and_slots ... ok
[INFO] [stdout] test syntax::parse::tests::markdown::parse_container_block_with_number_prop_no_diagnostics ... ok
[INFO] [stdout] test syntax::parse::tests::markdown::parse_bullet_list_blank_line_between_items ... ok
[INFO] [stdout] test syntax::parse::tests::markdown::parse_container_block_with_bare_boolean_prop ... ok
[INFO] [stdout] test syntax::parse::tests::markdown::parse_container_block_with_props_no_diagnostics ... ok
[INFO] [stdout] test syntax::parse::tests::markdown::parse_container_block_with_consecutive_slot_separators_no_diagnostics ... ok
[INFO] [stdout] test syntax::parse::tests::markdown::parse_container_block_with_bare_boolean_prop_no_diagnostics ... ok
[INFO] [stdout] test syntax::parse::tests::markdown::parse_container_block_with_missing_prop_value ... ok
[INFO] [stdout] test syntax::parse::tests::markdown::parse_container_block_with_slots_only ... ok
[INFO] [stdout] test syntax::parse::tests::markdown::parse_container_block_with_slot_separator_trailing_tokens ... ok
[INFO] [stdout] test syntax::parse::tests::markdown::parse_container_block_with_props_only ... ok
[INFO] [stdout] test syntax::parse::tests::markdown::parse_container_shorthand_with_props ... ok
[INFO] [stdout] test syntax::parse::tests::markdown::parse_container_with_slot_separator_blank_lines ... ok
[INFO] [stdout] test syntax::parse::tests::markdown::parse_container_block_with_title ... ok
[INFO] [stdout] test syntax::parse::tests::markdown::parse_container_multiple_blank_lines_before_close ... ok
[INFO] [stdout] test syntax::parse::tests::markdown::parse_container_shorthand_kebab_case ... ok
[INFO] [stdout] test syntax::parse::tests::markdown::parse_container_block_with_title_no_diagnostics ... ok
[INFO] [stdout] test syntax::parse::tests::markdown::parse_container_shorthand_simple ... ok
[INFO] [stdout] test syntax::parse::tests::markdown::parse_horizontal_rule_stars ... ok
[INFO] [stdout] test syntax::parse::tests::markdown::parse_deep_nested_exits ... ok
[INFO] [stdout] test syntax::parse::tests::markdown::parse_horizontal_rule_underscores ... ok
[INFO] [stdout] test syntax::parse::tests::markdown::parse_indented_table_in_blockquote ... ok
[INFO] [stdout] test syntax::parse::tests::markdown::parse_indented_table_in_list ... ok
[INFO] [stdout] test syntax::parse::tests::markdown::parse_container_block_with_valueless_prop ... ok
[INFO] [stdout] test syntax::parse::tests::markdown::parse_heading_with_strikethrough ... ok
[INFO] [stdout] test syntax::parse::tests::markdown::parse_indented_table_in_list_with_continuation ... ok
[INFO] [stdout] test syntax::parse::tests::markdown::parse_heading_paragraph_heading ... ok
[INFO] [stdout] test syntax::parse::tests::markdown::parse_container_block_with_unclosed_props ... ok
[INFO] [stdout] test syntax::parse::tests::markdown::parse_heading_simple ... ok
[INFO] [stdout] test syntax::parse::tests::markdown::parse_container_block_without_props_or_slots ... ok
[INFO] [stdout] test syntax::parse::tests::markdown::parse_indented_table_then_paragraph ... ok
[INFO] [stdout] test syntax::parse::tests::markdown::parse_inline_code_json_object ... ok
[INFO] [stdout] test syntax::parse::tests::markdown::parse_container_blank_line_before_close ... ok
[INFO] [stdout] test syntax::parse::tests::markdown::parse_heading_levels ... ok
[INFO] [stdout] test syntax::parse::tests::markdown::parse_heading_then_paragraph_then_list ... ok
[INFO] [stdout] test syntax::parse::tests::markdown::parse_container_block_with_number_props ... ok
[INFO] [stdout] test syntax::parse::tests::markdown::parse_horizontal_rule_dashes ... ok
[INFO] [stdout] test syntax::parse::tests::markdown::parse_inline_code_simple ... ok
[INFO] [stdout] test syntax::parse::tests::markdown::parse_inline_code_with_range_like_braces ... ok
[INFO] [stdout] test syntax::parse::tests::markdown::parse_link_with_inline_code_text ... ok
[INFO] [stdout] test syntax::parse::tests::markdown::parse_link_in_list_item ... ok
[INFO] [stdout] test syntax::parse::tests::markdown::parse_list_in_blockquote_blank_line_with_prefix ... ok
[INFO] [stdout] test syntax::parse::tests::markdown::parse_list_in_blockquote_multiple_bare_blank_lines ... ok
[INFO] [stdout] test syntax::parse::tests::markdown::parse_list_then_heading ... ok
[INFO] [stdout] test syntax::parse::tests::markdown::parse_italic_in_heading ... ok
[INFO] [stdout] test syntax::parse::tests::markdown::parse_italic_simple ... ok
[INFO] [stdout] test syntax::parse::tests::markdown::parse_link_url_with_asterisks ... ok
[INFO] [stdout] test syntax::parse::tests::markdown::parse_multiple_containers_with_titles_no_diagnostics ... ok
[INFO] [stdout] test syntax::parse::tests::markdown::parse_inline_math_simple ... ok
[INFO] [stdout] test syntax::parse::tests::markdown::parse_link_url_with_backslash ... ok
[INFO] [stdout] test syntax::parse::tests::markdown::parse_media_in_paragraph ... ok
[INFO] [stdout] test syntax::parse::tests::markdown::parse_link_url_with_special_chars ... ok
[INFO] [stdout] test syntax::parse::tests::markdown::parse_interpolation_in_paragraph ... ok
[INFO] [stdout] test syntax::parse::tests::markdown::parse_container_block_with_props_and_leading_slot_separator_no_diagnostics ... ok
[INFO] [stdout] test syntax::parse::tests::markdown::parse_math_block_no_heading_error ... ok
[INFO] [stdout] test syntax::parse::tests::markdown::parse_list_with_bold ... ok
[INFO] [stdout] test syntax::parse::tests::markdown::parse_link_simple ... ok
[INFO] [stdout] test syntax::parse::tests::markdown::parse_inline_code_with_braces_object ... ok
[INFO] [stdout] test syntax::parse::tests::markdown::parse_nested_blockquote_bare_blank_line ... ok
[INFO] [stdout] test syntax::parse::tests::markdown::parse_media_simple ... ok
[INFO] [stdout] test syntax::parse::tests::markdown::parse_nested_bullet_list ... ok
[INFO] [stdout] test syntax::parse::tests::markdown::parse_nested_ordered_siblings ... ok
[INFO] [stdout] test syntax::parse::tests::markdown::parse_nested_bold_in_italic ... ok
[INFO] [stdout] test syntax::parse::tests::markdown::parse_nested_siblings ... ok
[INFO] [stdout] test syntax::parse::tests::markdown::parse_ordered_in_bullet_list ... ok
[INFO] [stdout] test syntax::parse::tests::markdown::parse_nested_task_list ... ok
[INFO] [stdout] test syntax::parse::tests::markdown::parse_ordered_list_blank_line_before_blockquote ... ok
[INFO] [stdout] test syntax::parse::tests::markdown::parse_ordered_list_blank_line_before_nested_paragraphs ... ok
[INFO] [stdout] test syntax::parse::tests::markdown::parse_ordered_list_blank_line_between_items ... ok
[INFO] [stdout] test syntax::parse::tests::markdown::parse_ordered_then_unordered ... ok
[INFO] [stdout] test syntax::parse::tests::markdown::parse_ordered_list_blank_line_before_continuation ... ok
[INFO] [stdout] test syntax::parse::tests::markdown::parse_paragraph_with_inline ... ok
[INFO] [stdout] test syntax::parse::tests::markdown::parse_paragraph_simple ... ok
[INFO] [stdout] test syntax::parse::tests::markdown::parse_table_indented_rows ... ok
[INFO] [stdout] test syntax::parse::tests::markdown::parse_ordered_list_simple ... ok
[INFO] [stdout] test syntax::parse::tests::markdown::parse_multiple_links_in_paragraph ... ok
[INFO] [stdout] test syntax::parse::tests::markdown::parse_table_mixed_indentation ... ok
[INFO] [stdout] test syntax::parse::tests::markdown::parse_not_horizontal_rule_with_text ... ok
[INFO] [stdout] test syntax::parse::tests::markdown::parse_paragraph_then_indented_table ... ok
[INFO] [stdout] test syntax::parse::tests::markdown::parse_strikethrough_in_blockquote ... ok
[INFO] [stdout] test syntax::parse::tests::markdown::parse_paragraph_with_nested_list ... ok
[INFO] [stdout] test syntax::parse::tests::markdown::parse_strikethrough_simple ... ok
[INFO] [stdout] test syntax::parse::tests::markdown::parse_sequential_containers_no_diagnostics ... ok
[INFO] [stdout] test syntax::parse::tests::markdown::parse_ordered_list_with_links ... ok
[INFO] [stdout] test syntax::parse::tests::markdown::parse_table_with_links ... ok
[INFO] [stdout] test syntax::parse::tests::markdown::parse_task_list_mixed ... ok
[INFO] [stdout] test syntax::parse::tests::markdown::parse_table_simple ... ok
[INFO] [stdout] test syntax::parse::tests::markdown::recover_mismatched_inline_formatting ... ok
[INFO] [stdout] test syntax::parse::tests::markdown::parse_tag_brackets_are_plain_text ... ok
[INFO] [stdout] test syntax::parse::tests::markdown::parse_task_list_simple ... ok
[INFO] [stdout] test syntax::parse::tests::markdown::recover_unclosed_bold ... ok
[INFO] [stdout] test syntax::parse::tests::typedown::parse_all_project_tracker_files ... ok
[INFO] [stdout] test syntax::parse::tests::markdown::parse_ordered_list_blank_line_before_nested_list ... ok
[INFO] [stdout] test syntax::parse::tests::typedown::parse_braces_in_prose ... ok
[INFO] [stdout] test syntax::parse::tests::typedown::parse_backslash_brace ... ok
[INFO] [stdout] test syntax::parse::tests::typedown::parse_container_nested_in_bullet_list ... ok
[INFO] [stdout] test syntax::parse::tests::typedown::parse_braces_in_container ... ok
[INFO] [stdout] test syntax::parse::tests::typedown::parse_container_nested_in_blockquote ... ok
[INFO] [stdout] test syntax::parse::tests::typedown::parse_typedown_container_shorthand_no_frontmatter ... ok
[INFO] [stdout] test syntax::parse::tests::typedown::parse_container_nested_in_ordered_list ... ok
[INFO] [stdout] test syntax::parse::tests::typedown::parse_container_with_slots_nested_in_bullet_list ... ok
[INFO] [stdout] test syntax::parse::tests::typedown::parse_typedown_double_dash_no_frontmatter ... ok
[INFO] [stdout] test syntax::parse::tests::typedown::parse_inline_code_with_braces ... ok
[INFO] [stdout] test syntax::parse::tests::typedown::parse_typedown_four_dashes_no_frontmatter ... ok
[INFO] [stdout] test syntax::parse::tests::typedown::parse_typedown_fref_in_frontmatter_then_markdown ... ok
[INFO] [stdout] test syntax::parse::tests::typedown::parse_typedown_interpolation_with_fref ... ok
[INFO] [stdout] test syntax::parse::tests::typedown::parse_typedown_no_frontmatter ... ok
[INFO] [stdout] test syntax::parse::tests::typedown::parse_typedown_simple_frontmatter_and_body ... ok
[INFO] [stdout] test syntax::parse::tests::typedown::parse_typedown_single_dash_no_frontmatter ... ok
[INFO] [stdout] test syntax::parse::tests::typedown::parse_typedown_write_tests_file ... ok
[INFO] [stdout] test syntax::parse::tests::typedown::parse_typedown_complex_frontmatter_and_body ... ok
[INFO] [stdout] test syntax::parse::tests::markdown::parse_triple_nested_list ... ok
[INFO] [stdout] test syntax::parse::tests::typedown::parse_typedown_yaml_then_markdown ... ok
[INFO] [stdout] test syntax::parse::tests::markdown::parse_unclosed_bracket_as_text ... ok
[INFO] [stdout] test syntax::parse::tests::yaml::complex_mixed_block_strings_and_nesting ... ok
[INFO] [stdout] test syntax::parse::tests::markdown::parse_table_then_paragraph ... ok
[INFO] [stdout] test syntax::parse::tests::typedown::parse_typedown_folded_block_then_markdown ... ok
[INFO] [stdout] test syntax::parse::tests::markdown::parse_paragraph_multiple ... ok
[INFO] [stdout] test syntax::parse::tests::yaml::block_sequence ... ok
[INFO] [stdout] test syntax::parse::tests::typedown::parse_typedown_empty_file ... ok
[INFO] [stdout] test syntax::parse::tests::markdown::parse_table_with_bold_cells ... ok
[INFO] [stdout] test syntax::parse::tests::markdown::parse_unclosed_media_bracket_as_text ... ok
[INFO] [stdout] test syntax::parse::tests::yaml::block_string_in_sequence ... ok
[INFO] [stdout] test syntax::parse::tests::yaml::document_empty ... ok
[INFO] [stdout] test syntax::parse::tests::yaml::document_matches_frontmatter_structure ... ok
[INFO] [stdout] test syntax::parse::tests::yaml::document_nested_mapping ... ok
[INFO] [stdout] test syntax::parse::tests::yaml::literal_block_str_insufficient_indent ... ok
[INFO] [stdout] test syntax::parse::tests::yaml::inline_nested_sequence_multi_items ... ok
[INFO] [stdout] test syntax::parse::tests::yaml::inline_seq_first_map_then_list ... ok
[INFO] [stdout] test syntax::parse::tests::yaml::mapping_with_literal_block_string ... ok
[INFO] [stdout] test syntax::parse::tests::yaml::map_of_seq_of_map_of_seq ... ok
[INFO] [stdout] test syntax::parse::tests::yaml::flow_list_value ... ok
[INFO] [stdout] test syntax::parse::tests::yaml::inline_nested_sequence ... ok
[INFO] [stdout] test syntax::parse::tests::yaml::deep_nested_with_block_string ... ok
[INFO] [stdout] test syntax::parse::tests::yaml::mapping_with_folded_block_string ... ok
[INFO] [stdout] test syntax::parse::tests::yaml::mapping_in_sequence ... ok
[INFO] [stdout] test syntax::parse::tests::yaml::folded_block_str_insufficient_indent ... ok
[INFO] [stdout] test syntax::parse::tests::yaml::multi_entry_inline_mapping ... ok
[INFO] [stdout] test syntax::parse::tests::yaml::seq_alternating_list_and_map ... ok
[INFO] [stdout] test syntax::parse::tests::yaml::multiple_key_values ... ok
[INFO] [stdout] test syntax::parse::tests::yaml::nested_mapping ... ok
[INFO] [stdout] test syntax::parse::tests::yaml::document_simple_mapping ... ok
[INFO] [stdout] test syntax::parse::tests::yaml::nested_sequence ... ok
[INFO] [stdout] test syntax::parse::tests::yaml::empty_frontmatter ... ok
[INFO] [stdout] test syntax::parse::tests::yaml::multi_key_mixed_seq_and_map ... ok
[INFO] [stdout] test syntax::parse::tests::yaml::recover_yaml_missing_closing_marker ... ok
[INFO] [stdout] test syntax::parse::tests::yaml::seq_empty_dash_then_nested ... ok
[INFO] [stdout] test syntax::parse::tests::yaml::seq_mixed_single_and_multi_inner ... ok
[INFO] [stdout] test syntax::parse::tests::yaml::seq_with_folded_block_string ... ok
[INFO] [stdout] test syntax::parse::tests::yaml::seq_with_literal_block_string ... ok
[INFO] [stdout] test syntax::parse::tests::yaml::sequence_in_mapping ... ok
[INFO] [stdout] test syntax::parse::tests::yaml::single_key_value ... ok
[INFO] [stdout] test syntax::parse::tests::yaml::string_value ... ok
[INFO] [stdout] test syntax::parse::tests::yaml::triple_nested_sequence ... ok
[INFO] [stdout] test syntax::parse::tests::yaml::unquoted_multiword_value_has_parse_error ... ok
[INFO] [stdout] test db::codec::tests::vec_option_i64_roundtrip ... ok
[INFO] [stdout] test db::codec::tests::vec_string_roundtrip ... ok
[INFO] [stdout] 
[INFO] [stdout] test result: ok. 796 passed; 0 failed; 0 ignored; 0 measured; 0 filtered out; finished in 2.56s
[INFO] [stdout] 
[INFO] [stderr]    Doc-tests typedown_lang
[INFO] [stderr] error[E0576]: cannot find method or associated constant `__TYPEDOWN_DERIVED_ID` in trait `::typedown_incremental::DerivedId`
[INFO] [stderr]   --> src/db/derived/check_schemas.rs:16:1
[INFO] [stderr]    |
[INFO] [stderr] 16 | #[query_derived]
[INFO] [stderr]    | ^^^^^^^^^^^^^^^^ not found in `::typedown_incremental::DerivedId`
[INFO] [stderr]    |
[INFO] [stderr]    = note: this error originates in the attribute macro `query_derived` (in Nightly builds, run with -Z macro-backtrace for more info)
[INFO] [stderr] 
[INFO] [stderr] error[E0576]: cannot find method or associated constant `__TYPEDOWN_DERIVED_ID` in trait `::typedown_incremental::DerivedId`
[INFO] [stderr]   --> src/db/derived/name_resolver/builtin_scope.rs:14:1
[INFO] [stderr]    |
[INFO] [stderr] 14 | #[query_derived]
[INFO] [stderr]    | ^^^^^^^^^^^^^^^^ not found in `::typedown_incremental::DerivedId`
[INFO] [stderr]    |
[INFO] [stderr]    = note: this error originates in the attribute macro `query_derived` (in Nightly builds, run with -Z macro-backtrace for more info)
[INFO] [stderr] 
[INFO] [stderr] error[E0576]: cannot find method or associated constant `__TYPEDOWN_INTERNED_ID` in trait `::typedown_incremental::InternedId`
[INFO] [stderr]   --> src/db/derived/name_resolver/file_symbol.rs:9:1
[INFO] [stderr]    |
[INFO] [stderr]  9 |   #[query_interned]
[INFO] [stderr]    |   ^^^^^^^^^^^^^^^^^ not found in `::typedown_incremental::InternedId`
[INFO] [stderr]    |
[INFO] [stderr]   ::: /opt/rustwide/cargo-home/registry/src/index.crates.io-1949cf8c6b5b557f/typedown-incremental-0.44.1/src/id/interned.rs:10:3
[INFO] [stderr]    |
[INFO] [stderr] 10 | /   fn iter<DB: crate::QueryDatabase + ?Sized>(db: &DB) -> Vec<Self>
[INFO] [stderr] 11 | |   where
[INFO] [stderr] 12 | |     Self: Sized;
[INFO] [stderr]    | |________________- associated function `iter` defined here
[INFO] [stderr]    |
[INFO] [stderr]    = note: this error originates in the attribute macro `query_interned` (in Nightly builds, run with -Z macro-backtrace for more info)
[INFO] [stderr] help: maybe you meant this associated function
[INFO] [stderr]    |
[INFO] [stderr]  9 - #[query_interned]
[INFO] [stderr]  9 + iter
[INFO] [stderr]    |
[INFO] [stderr] 
[INFO] [stderr] error[E0576]: cannot find method or associated constant `__TYPEDOWN_DERIVED_ID` in trait `::typedown_incremental::DerivedId`
[INFO] [stderr]   --> src/db/derived/name_resolver/resolution_index.rs:84:1
[INFO] [stderr]    |
[INFO] [stderr] 84 | #[query_derived]
[INFO] [stderr]    | ^^^^^^^^^^^^^^^^ not found in `::typedown_incremental::DerivedId`
[INFO] [stderr]    |
[INFO] [stderr]    = note: this error originates in the attribute macro `query_derived` (in Nightly builds, run with -Z macro-backtrace for more info)
[INFO] [stderr] 
[INFO] [stderr] error[E0576]: cannot find method or associated constant `__TYPEDOWN_INTERNED_ID` in trait `::typedown_incremental::InternedId`
[INFO] [stderr]   --> src/db/derived/name_resolver/scope.rs:8:1
[INFO] [stderr]    |
[INFO] [stderr]  8 |   #[query_interned]
[INFO] [stderr]    |   ^^^^^^^^^^^^^^^^^ not found in `::typedown_incremental::InternedId`
[INFO] [stderr]    |
[INFO] [stderr]   ::: /opt/rustwide/cargo-home/registry/src/index.crates.io-1949cf8c6b5b557f/typedown-incremental-0.44.1/src/id/interned.rs:10:3
[INFO] [stderr]    |
[INFO] [stderr] 10 | /   fn iter<DB: crate::QueryDatabase + ?Sized>(db: &DB) -> Vec<Self>
[INFO] [stderr] 11 | |   where
[INFO] [stderr] 12 | |     Self: Sized;
[INFO] [stderr]    | |________________- associated function `iter` defined here
[INFO] [stderr]    |
[INFO] [stderr]    = note: this error originates in the attribute macro `query_interned` (in Nightly builds, run with -Z macro-backtrace for more info)
[INFO] [stderr] help: maybe you meant this associated function
[INFO] [stderr]    |
[INFO] [stderr]  8 - #[query_interned]
[INFO] [stderr]  8 + iter
[INFO] [stderr]    |
[INFO] [stderr] 
[INFO] [stderr] error[E0576]: cannot find method or associated constant `__TYPEDOWN_DERIVED_ID` in trait `::typedown_incremental::DerivedId`
[INFO] [stderr]    --> src/db/types/derived/obj_system/base.rs:211:1
[INFO] [stderr]     |
[INFO] [stderr] 211 | #[query_derived]
[INFO] [stderr]     | ^^^^^^^^^^^^^^^^ not found in `::typedown_incremental::DerivedId`
[INFO] [stderr]     |
[INFO] [stderr]     = note: this error originates in the attribute macro `query_derived` (in Nightly builds, run with -Z macro-backtrace for more info)
[INFO] [stderr] 
[INFO] [stderr] error[E0576]: cannot find method or associated constant `__TYPEDOWN_DERIVED_ID` in trait `::typedown_incremental::DerivedId`
[INFO] [stderr]  --> src/db/types/derived/obj_system/blob.rs:9:1
[INFO] [stderr]   |
[INFO] [stderr] 9 | #[query_derived]
[INFO] [stderr]   | ^^^^^^^^^^^^^^^^ not found in `::typedown_incremental::DerivedId`
[INFO] [stderr]   |
[INFO] [stderr]   = note: this error originates in the attribute macro `query_derived` (in Nightly builds, run with -Z macro-backtrace for more info)
[INFO] [stderr] 
[INFO] [stderr] error[E0576]: cannot find method or associated constant `__TYPEDOWN_DERIVED_ID` in trait `::typedown_incremental::DerivedId`
[INFO] [stderr]   --> src/db/types/derived/obj_system/blob.rs:48:1
[INFO] [stderr]    |
[INFO] [stderr] 48 | #[query_derived]
[INFO] [stderr]    | ^^^^^^^^^^^^^^^^ not found in `::typedown_incremental::DerivedId`
[INFO] [stderr]    |
[INFO] [stderr]    = note: this error originates in the attribute macro `query_derived` (in Nightly builds, run with -Z macro-backtrace for more info)
[INFO] [stderr] 
[INFO] [stderr] error[E0576]: cannot find method or associated constant `__TYPEDOWN_DERIVED_ID` in trait `::typedown_incremental::DerivedId`
[INFO] [stderr]   --> src/db/types/derived/obj_system/bool.rs:10:1
[INFO] [stderr]    |
[INFO] [stderr] 10 | #[query_derived]
[INFO] [stderr]    | ^^^^^^^^^^^^^^^^ not found in `::typedown_incremental::DerivedId`
[INFO] [stderr]    |
[INFO] [stderr]    = note: this error originates in the attribute macro `query_derived` (in Nightly builds, run with -Z macro-backtrace for more info)
[INFO] [stderr] 
[INFO] [stderr] error[E0576]: cannot find method or associated constant `__TYPEDOWN_DERIVED_ID` in trait `::typedown_incremental::DerivedId`
[INFO] [stderr]   --> src/db/types/derived/obj_system/bool.rs:53:1
[INFO] [stderr]    |
[INFO] [stderr] 53 | #[query_derived]
[INFO] [stderr]    | ^^^^^^^^^^^^^^^^ not found in `::typedown_incremental::DerivedId`
[INFO] [stderr]    |
[INFO] [stderr]    = note: this error originates in the attribute macro `query_derived` (in Nightly builds, run with -Z macro-backtrace for more info)
[INFO] [stderr] 
[INFO] [stderr] error[E0576]: cannot find method or associated constant `__TYPEDOWN_DERIVED_ID` in trait `::typedown_incremental::DerivedId`
[INFO] [stderr]   --> src/db/types/derived/obj_system/datetime/mod.rs:15:1
[INFO] [stderr]    |
[INFO] [stderr] 15 | #[query_derived]
[INFO] [stderr]    | ^^^^^^^^^^^^^^^^ not found in `::typedown_incremental::DerivedId`
[INFO] [stderr]    |
[INFO] [stderr]    = note: this error originates in the attribute macro `query_derived` (in Nightly builds, run with -Z macro-backtrace for more info)
[INFO] [stderr] 
[INFO] [stderr] error[E0576]: cannot find method or associated constant `__TYPEDOWN_DERIVED_ID` in trait `::typedown_incremental::DerivedId`
[INFO] [stderr]   --> src/db/types/derived/obj_system/datetime/mod.rs:62:1
[INFO] [stderr]    |
[INFO] [stderr] 62 | #[query_derived]
[INFO] [stderr]    | ^^^^^^^^^^^^^^^^ not found in `::typedown_incremental::DerivedId`
[INFO] [stderr]    |
[INFO] [stderr]    = note: this error originates in the attribute macro `query_derived` (in Nightly builds, run with -Z macro-backtrace for more info)
[INFO] [stderr] 
[INFO] [stderr] error[E0576]: cannot find method or associated constant `__TYPEDOWN_DERIVED_ID` in trait `::typedown_incremental::DerivedId`
[INFO] [stderr]    --> src/db/types/derived/obj_system/datetime/mod.rs:122:1
[INFO] [stderr]     |
[INFO] [stderr] 122 | #[query_derived]
[INFO] [stderr]     | ^^^^^^^^^^^^^^^^ not found in `::typedown_incremental::DerivedId`
[INFO] [stderr]     |
[INFO] [stderr]     = note: this error originates in the attribute macro `query_derived` (in Nightly builds, run with -Z macro-backtrace for more info)
[INFO] [stderr] 
[INFO] [stderr] error[E0576]: cannot find method or associated constant `__TYPEDOWN_DERIVED_ID` in trait `::typedown_incremental::DerivedId`
[INFO] [stderr]    --> src/db/types/derived/obj_system/datetime/mod.rs:169:1
[INFO] [stderr]     |
[INFO] [stderr] 169 | #[query_derived]
[INFO] [stderr]     | ^^^^^^^^^^^^^^^^ not found in `::typedown_incremental::DerivedId`
[INFO] [stderr]     |
[INFO] [stderr]     = note: this error originates in the attribute macro `query_derived` (in Nightly builds, run with -Z macro-backtrace for more info)
[INFO] [stderr] 
[INFO] [stderr] error[E0576]: cannot find method or associated constant `__TYPEDOWN_DERIVED_ID` in trait `::typedown_incremental::DerivedId`
[INFO] [stderr]    --> src/db/types/derived/obj_system/datetime/mod.rs:229:1
[INFO] [stderr]     |
[INFO] [stderr] 229 | #[query_derived]
[INFO] [stderr]     | ^^^^^^^^^^^^^^^^ not found in `::typedown_incremental::DerivedId`
[INFO] [stderr]     |
[INFO] [stderr]     = note: this error originates in the attribute macro `query_derived` (in Nightly builds, run with -Z macro-backtrace for more info)
[INFO] [stderr] 
[INFO] [stderr] error[E0576]: cannot find method or associated constant `__TYPEDOWN_DERIVED_ID` in trait `::typedown_incremental::DerivedId`
[INFO] [stderr]    --> src/db/types/derived/obj_system/datetime/mod.rs:276:1
[INFO] [stderr]     |
[INFO] [stderr] 276 | #[query_derived]
[INFO] [stderr]     | ^^^^^^^^^^^^^^^^ not found in `::typedown_incremental::DerivedId`
[INFO] [stderr]     |
[INFO] [stderr]     = note: this error originates in the attribute macro `query_derived` (in Nightly builds, run with -Z macro-backtrace for more info)
[INFO] [stderr] 
[INFO] [stderr] error[E0576]: cannot find method or associated constant `__TYPEDOWN_DERIVED_ID` in trait `::typedown_incremental::DerivedId`
[INFO] [stderr]   --> src/db/types/derived/obj_system/dict.rs:17:1
[INFO] [stderr]    |
[INFO] [stderr] 17 | #[query_derived]
[INFO] [stderr]    | ^^^^^^^^^^^^^^^^ not found in `::typedown_incremental::DerivedId`
[INFO] [stderr]    |
[INFO] [stderr]    = note: this error originates in the attribute macro `query_derived` (in Nightly builds, run with -Z macro-backtrace for more info)
[INFO] [stderr] 
[INFO] [stderr] error[E0576]: cannot find method or associated constant `__TYPEDOWN_DERIVED_ID` in trait `::typedown_incremental::DerivedId`
[INFO] [stderr]    --> src/db/types/derived/obj_system/dict.rs:188:1
[INFO] [stderr]     |
[INFO] [stderr] 188 | #[query_derived(custom_hash)]
[INFO] [stderr]     | ^^^^^^^^^^^^^^^^^^^^^^^^^^^^^ not found in `::typedown_incremental::DerivedId`
[INFO] [stderr]     |
[INFO] [stderr]     = note: this error originates in the attribute macro `query_derived` (in Nightly builds, run with -Z macro-backtrace for more info)
[INFO] [stderr] 
[INFO] [stderr] error[E0576]: cannot find method or associated constant `__TYPEDOWN_DERIVED_ID` in trait `::typedown_incremental::DerivedId`
[INFO] [stderr]   --> src/db/types/derived/obj_system/existential.rs:10:1
[INFO] [stderr]    |
[INFO] [stderr] 10 | #[query_derived]
[INFO] [stderr]    | ^^^^^^^^^^^^^^^^ not found in `::typedown_incremental::DerivedId`
[INFO] [stderr]    |
[INFO] [stderr]    = note: this error originates in the attribute macro `query_derived` (in Nightly builds, run with -Z macro-backtrace for more info)
[INFO] [stderr] 
[INFO] [stderr] error[E0576]: cannot find method or associated constant `__TYPEDOWN_DERIVED_ID` in trait `::typedown_incremental::DerivedId`
[INFO] [stderr]   --> src/db/types/derived/obj_system/func.rs:14:1
[INFO] [stderr]    |
[INFO] [stderr] 14 | #[query_derived]
[INFO] [stderr]    | ^^^^^^^^^^^^^^^^ not found in `::typedown_incremental::DerivedId`
[INFO] [stderr]    |
[INFO] [stderr]    = note: this error originates in the attribute macro `query_derived` (in Nightly builds, run with -Z macro-backtrace for more info)
[INFO] [stderr] 
[INFO] [stderr] error[E0576]: cannot find method or associated constant `__TYPEDOWN_DERIVED_ID` in trait `::typedown_incremental::DerivedId`
[INFO] [stderr]   --> src/db/types/derived/obj_system/func.rs:76:1
[INFO] [stderr]    |
[INFO] [stderr] 76 | #[query_derived]
[INFO] [stderr]    | ^^^^^^^^^^^^^^^^ not found in `::typedown_incremental::DerivedId`
[INFO] [stderr]    |
[INFO] [stderr]    = note: this error originates in the attribute macro `query_derived` (in Nightly builds, run with -Z macro-backtrace for more info)
[INFO] [stderr] 
[INFO] [stderr] error[E0576]: cannot find method or associated constant `__TYPEDOWN_DERIVED_ID` in trait `::typedown_incremental::DerivedId`
[INFO] [stderr]  --> src/db/types/derived/obj_system/icon.rs:9:1
[INFO] [stderr]   |
[INFO] [stderr] 9 | #[query_derived]
[INFO] [stderr]   | ^^^^^^^^^^^^^^^^ not found in `::typedown_incremental::DerivedId`
[INFO] [stderr]   |
[INFO] [stderr]   = note: this error originates in the attribute macro `query_derived` (in Nightly builds, run with -Z macro-backtrace for more info)
[INFO] [stderr] 
[INFO] [stderr] error[E0576]: cannot find method or associated constant `__TYPEDOWN_DERIVED_ID` in trait `::typedown_incremental::DerivedId`
[INFO] [stderr]   --> src/db/types/derived/obj_system/icon.rs:42:1
[INFO] [stderr]    |
[INFO] [stderr] 42 | #[query_derived]
[INFO] [stderr]    | ^^^^^^^^^^^^^^^^ not found in `::typedown_incremental::DerivedId`
[INFO] [stderr]    |
[INFO] [stderr]    = note: this error originates in the attribute macro `query_derived` (in Nightly builds, run with -Z macro-backtrace for more info)
[INFO] [stderr] 
[INFO] [stderr] error[E0576]: cannot find method or associated constant `__TYPEDOWN_DERIVED_ID` in trait `::typedown_incremental::DerivedId`
[INFO] [stderr]   --> src/db/types/derived/obj_system/list.rs:16:1
[INFO] [stderr]    |
[INFO] [stderr] 16 | #[query_derived]
[INFO] [stderr]    | ^^^^^^^^^^^^^^^^ not found in `::typedown_incremental::DerivedId`
[INFO] [stderr]    |
[INFO] [stderr]    = note: this error originates in the attribute macro `query_derived` (in Nightly builds, run with -Z macro-backtrace for more info)
[INFO] [stderr] 
[INFO] [stderr] error[E0576]: cannot find method or associated constant `__TYPEDOWN_DERIVED_ID` in trait `::typedown_incremental::DerivedId`
[INFO] [stderr]    --> src/db/types/derived/obj_system/list.rs:141:1
[INFO] [stderr]     |
[INFO] [stderr] 141 | #[query_derived(custom_hash)]
[INFO] [stderr]     | ^^^^^^^^^^^^^^^^^^^^^^^^^^^^^ not found in `::typedown_incremental::DerivedId`
[INFO] [stderr]     |
[INFO] [stderr]     = note: this error originates in the attribute macro `query_derived` (in Nightly builds, run with -Z macro-backtrace for more info)
[INFO] [stderr] 
[INFO] [stderr] error[E0576]: cannot find method or associated constant `__TYPEDOWN_DERIVED_ID` in trait `::typedown_incremental::DerivedId`
[INFO] [stderr]   --> src/db/types/derived/obj_system/literal.rs:11:1
[INFO] [stderr]    |
[INFO] [stderr] 11 | #[query_derived]
[INFO] [stderr]    | ^^^^^^^^^^^^^^^^ not found in `::typedown_incremental::DerivedId`
[INFO] [stderr]    |
[INFO] [stderr]    = note: this error originates in the attribute macro `query_derived` (in Nightly builds, run with -Z macro-backtrace for more info)
[INFO] [stderr] 
[INFO] [stderr] error[E0576]: cannot find method or associated constant `__TYPEDOWN_DERIVED_ID` in trait `::typedown_incremental::DerivedId`
[INFO] [stderr]  --> src/db/types/derived/obj_system/math.rs:9:1
[INFO] [stderr]   |
[INFO] [stderr] 9 | #[query_derived]
[INFO] [stderr]   | ^^^^^^^^^^^^^^^^ not found in `::typedown_incremental::DerivedId`
[INFO] [stderr]   |
[INFO] [stderr]   = note: this error originates in the attribute macro `query_derived` (in Nightly builds, run with -Z macro-backtrace for more info)
[INFO] [stderr] 
[INFO] [stderr] error[E0576]: cannot find method or associated constant `__TYPEDOWN_DERIVED_ID` in trait `::typedown_incremental::DerivedId`
[INFO] [stderr]   --> src/db/types/derived/obj_system/math.rs:52:1
[INFO] [stderr]    |
[INFO] [stderr] 52 | #[query_derived]
[INFO] [stderr]    | ^^^^^^^^^^^^^^^^ not found in `::typedown_incremental::DerivedId`
[INFO] [stderr]    |
[INFO] [stderr]    = note: this error originates in the attribute macro `query_derived` (in Nightly builds, run with -Z macro-backtrace for more info)
[INFO] [stderr] 
[INFO] [stderr] error[E0576]: cannot find method or associated constant `__TYPEDOWN_DERIVED_ID` in trait `::typedown_incremental::DerivedId`
[INFO] [stderr]  --> src/db/types/derived/obj_system/never.rs:9:1
[INFO] [stderr]   |
[INFO] [stderr] 9 | #[query_derived]
[INFO] [stderr]   | ^^^^^^^^^^^^^^^^ not found in `::typedown_incremental::DerivedId`
[INFO] [stderr]   |
[INFO] [stderr]   = note: this error originates in the attribute macro `query_derived` (in Nightly builds, run with -Z macro-backtrace for more info)
[INFO] [stderr] 
[INFO] [stderr] error[E0576]: cannot find method or associated constant `__TYPEDOWN_DERIVED_ID` in trait `::typedown_incremental::DerivedId`
[INFO] [stderr]  --> src/db/types/derived/obj_system/null.rs:9:1
[INFO] [stderr]   |
[INFO] [stderr] 9 | #[query_derived]
[INFO] [stderr]   | ^^^^^^^^^^^^^^^^ not found in `::typedown_incremental::DerivedId`
[INFO] [stderr]   |
[INFO] [stderr]   = note: this error originates in the attribute macro `query_derived` (in Nightly builds, run with -Z macro-backtrace for more info)
[INFO] [stderr] 
[INFO] [stderr] error[E0576]: cannot find method or associated constant `__TYPEDOWN_DERIVED_ID` in trait `::typedown_incremental::DerivedId`
[INFO] [stderr]   --> src/db/types/derived/obj_system/null.rs:50:1
[INFO] [stderr]    |
[INFO] [stderr] 50 | #[query_derived]
[INFO] [stderr]    | ^^^^^^^^^^^^^^^^ not found in `::typedown_incremental::DerivedId`
[INFO] [stderr]    |
[INFO] [stderr]    = note: this error originates in the attribute macro `query_derived` (in Nightly builds, run with -Z macro-backtrace for more info)
[INFO] [stderr] 
[INFO] [stderr] error[E0576]: cannot find method or associated constant `__TYPEDOWN_DERIVED_ID` in trait `::typedown_incremental::DerivedId`
[INFO] [stderr]   --> src/db/types/derived/obj_system/number.rs:10:1
[INFO] [stderr]    |
[INFO] [stderr] 10 | #[query_derived]
[INFO] [stderr]    | ^^^^^^^^^^^^^^^^ not found in `::typedown_incremental::DerivedId`
[INFO] [stderr]    |
[INFO] [stderr]    = note: this error originates in the attribute macro `query_derived` (in Nightly builds, run with -Z macro-backtrace for more info)
[INFO] [stderr] 
[INFO] [stderr] error[E0576]: cannot find method or associated constant `__TYPEDOWN_DERIVED_ID` in trait `::typedown_incremental::DerivedId`
[INFO] [stderr]   --> src/db/types/derived/obj_system/number.rs:53:1
[INFO] [stderr]    |
[INFO] [stderr] 53 | #[query_derived]
[INFO] [stderr]    | ^^^^^^^^^^^^^^^^ not found in `::typedown_incremental::DerivedId`
[INFO] [stderr]    |
[INFO] [stderr]    = note: this error originates in the attribute macro `query_derived` (in Nightly builds, run with -Z macro-backtrace for more info)
[INFO] [stderr] 
[INFO] [stderr] error[E0576]: cannot find method or associated constant `__TYPEDOWN_DERIVED_ID` in trait `::typedown_incremental::DerivedId`
[INFO] [stderr]   --> src/db/types/derived/obj_system/obj.rs:14:1
[INFO] [stderr]    |
[INFO] [stderr] 14 | #[query_derived]
[INFO] [stderr]    | ^^^^^^^^^^^^^^^^ not found in `::typedown_incremental::DerivedId`
[INFO] [stderr]    |
[INFO] [stderr]    = note: this error originates in the attribute macro `query_derived` (in Nightly builds, run with -Z macro-backtrace for more info)
[INFO] [stderr] 
[INFO] [stderr] error[E0576]: cannot find method or associated constant `__TYPEDOWN_DERIVED_ID` in trait `::typedown_incremental::DerivedId`
[INFO] [stderr]   --> src/db/types/derived/obj_system/product.rs:56:1
[INFO] [stderr]    |
[INFO] [stderr] 56 | #[query_derived(custom_hash)]
[INFO] [stderr]    | ^^^^^^^^^^^^^^^^^^^^^^^^^^^^^ not found in `::typedown_incremental::DerivedId`
[INFO] [stderr]    |
[INFO] [stderr]    = note: this error originates in the attribute macro `query_derived` (in Nightly builds, run with -Z macro-backtrace for more info)
[INFO] [stderr] 
[INFO] [stderr] error[E0576]: cannot find method or associated constant `__TYPEDOWN_DERIVED_ID` in trait `::typedown_incremental::DerivedId`
[INFO] [stderr]    --> src/db/types/derived/obj_system/product.rs:119:1
[INFO] [stderr]     |
[INFO] [stderr] 119 | #[query_derived(custom_hash)]
[INFO] [stderr]     | ^^^^^^^^^^^^^^^^^^^^^^^^^^^^^ not found in `::typedown_incremental::DerivedId`
[INFO] [stderr]     |
[INFO] [stderr]     = note: this error originates in the attribute macro `query_derived` (in Nightly builds, run with -Z macro-backtrace for more info)
[INFO] [stderr] 
[INFO] [stderr] error[E0576]: cannot find method or associated constant `__TYPEDOWN_DERIVED_ID` in trait `::typedown_incremental::DerivedId`
[INFO] [stderr]   --> src/db/types/derived/obj_system/schema.rs:28:1
[INFO] [stderr]    |
[INFO] [stderr] 28 | #[query_derived]
[INFO] [stderr]    | ^^^^^^^^^^^^^^^^ not found in `::typedown_incremental::DerivedId`
[INFO] [stderr]    |
[INFO] [stderr]    = note: this error originates in the attribute macro `query_derived` (in Nightly builds, run with -Z macro-backtrace for more info)
[INFO] [stderr] 
[INFO] [stderr] error[E0576]: cannot find method or associated constant `__TYPEDOWN_DERIVED_ID` in trait `::typedown_incremental::DerivedId`
[INFO] [stderr]   --> src/db/types/derived/obj_system/schema.rs:90:1
[INFO] [stderr]    |
[INFO] [stderr] 90 | #[query_derived(custom_hash)]
[INFO] [stderr]    | ^^^^^^^^^^^^^^^^^^^^^^^^^^^^^ not found in `::typedown_incremental::DerivedId`
[INFO] [stderr]    |
[INFO] [stderr]    = note: this error originates in the attribute macro `query_derived` (in Nightly builds, run with -Z macro-backtrace for more info)
[INFO] [stderr] 
[INFO] [stderr] error[E0576]: cannot find method or associated constant `__TYPEDOWN_DERIVED_ID` in trait `::typedown_incremental::DerivedId`
[INFO] [stderr]    --> src/db/types/derived/obj_system/schema.rs:262:1
[INFO] [stderr]     |
[INFO] [stderr] 262 | #[query_derived(custom_hash)]
[INFO] [stderr]     | ^^^^^^^^^^^^^^^^^^^^^^^^^^^^^ not found in `::typedown_incremental::DerivedId`
[INFO] [stderr]     |
[INFO] [stderr]     = note: this error originates in the attribute macro `query_derived` (in Nightly builds, run with -Z macro-backtrace for more info)
[INFO] [stderr] 
[INFO] [stderr] error[E0576]: cannot find method or associated constant `__TYPEDOWN_DERIVED_ID` in trait `::typedown_incremental::DerivedId`
[INFO] [stderr]   --> src/db/types/derived/obj_system/string.rs:11:1
[INFO] [stderr]    |
[INFO] [stderr] 11 | #[query_derived]
[INFO] [stderr]    | ^^^^^^^^^^^^^^^^ not found in `::typedown_incremental::DerivedId`
[INFO] [stderr]    |
[INFO] [stderr]    = note: this error originates in the attribute macro `query_derived` (in Nightly builds, run with -Z macro-backtrace for more info)
[INFO] [stderr] 
[INFO] [stderr] error[E0576]: cannot find method or associated constant `__TYPEDOWN_DERIVED_ID` in trait `::typedown_incremental::DerivedId`
[INFO] [stderr]   --> src/db/types/derived/obj_system/string.rs:62:1
[INFO] [stderr]    |
[INFO] [stderr] 62 | #[query_derived]
[INFO] [stderr]    | ^^^^^^^^^^^^^^^^ not found in `::typedown_incremental::DerivedId`
[INFO] [stderr]    |
[INFO] [stderr]    = note: this error originates in the attribute macro `query_derived` (in Nightly builds, run with -Z macro-backtrace for more info)
[INFO] [stderr] 
[INFO] [stderr] error[E0576]: cannot find method or associated constant `__TYPEDOWN_DERIVED_ID` in trait `::typedown_incremental::DerivedId`
[INFO] [stderr]   --> src/db/types/derived/obj_system/sum.rs:12:1
[INFO] [stderr]    |
[INFO] [stderr] 12 | #[query_derived]
[INFO] [stderr]    | ^^^^^^^^^^^^^^^^ not found in `::typedown_incremental::DerivedId`
[INFO] [stderr]    |
[INFO] [stderr]    = note: this error originates in the attribute macro `query_derived` (in Nightly builds, run with -Z macro-backtrace for more info)
[INFO] [stderr] 
[INFO] [stderr] error[E0576]: cannot find method or associated constant `__TYPEDOWN_DERIVED_ID` in trait `::typedown_incremental::DerivedId`
[INFO] [stderr]   --> src/db/types/derived/obj_system/variable.rs:10:1
[INFO] [stderr]    |
[INFO] [stderr] 10 | #[query_derived]
[INFO] [stderr]    | ^^^^^^^^^^^^^^^^ not found in `::typedown_incremental::DerivedId`
[INFO] [stderr]    |
[INFO] [stderr]    = note: this error originates in the attribute macro `query_derived` (in Nightly builds, run with -Z macro-backtrace for more info)
[INFO] [stderr] 
[INFO] [stderr] error[E0576]: cannot find method or associated constant `__TYPEDOWN_DERIVED_ID` in trait `::typedown_incremental::DerivedId`
[INFO] [stderr]  --> src/db/types/derived/obj_system/vault.rs:9:1
[INFO] [stderr]   |
[INFO] [stderr] 9 | #[query_derived]
[INFO] [stderr]   | ^^^^^^^^^^^^^^^^ not found in `::typedown_incremental::DerivedId`
[INFO] [stderr]   |
[INFO] [stderr]   = note: this error originates in the attribute macro `query_derived` (in Nightly builds, run with -Z macro-backtrace for more info)
[INFO] [stderr] 
[INFO] [stderr] error[E0576]: cannot find method or associated constant `__TYPEDOWN_INTERNED_ID` in trait `::typedown_incremental::InternedId`
[INFO] [stderr]    --> src/db/types/derived/symbol/mod.rs:420:1
[INFO] [stderr]     |
[INFO] [stderr] 420 |   #[query_interned]
[INFO] [stderr]     |   ^^^^^^^^^^^^^^^^^ not found in `::typedown_incremental::InternedId`
[INFO] [stderr]     |
[INFO] [stderr]    ::: /opt/rustwide/cargo-home/registry/src/index.crates.io-1949cf8c6b5b557f/typedown-incremental-0.44.1/src/id/interned.rs:10:3
[INFO] [stderr]     |
[INFO] [stderr]  10 | /   fn iter<DB: crate::QueryDatabase + ?Sized>(db: &DB) -> Vec<Self>
[INFO] [stderr]  11 | |   where
[INFO] [stderr]  12 | |     Self: Sized;
[INFO] [stderr]     | |________________- associated function `iter` defined here
[INFO] [stderr]     |
[INFO] [stderr]     = note: this error originates in the attribute macro `query_interned` (in Nightly builds, run with -Z macro-backtrace for more info)
[INFO] [stderr] help: maybe you meant this associated function
[INFO] [stderr]     |
[INFO] [stderr] 420 - #[query_interned]
[INFO] [stderr] 420 + iter
[INFO] [stderr]     |
[INFO] [stderr] 
[INFO] [stderr] error[E0576]: cannot find method or associated constant `__TYPEDOWN_DERIVED_ID` in trait `::typedown_incremental::DerivedId`
[INFO] [stderr]    --> src/db/types/derived/symbol/mod.rs:458:1
[INFO] [stderr]     |
[INFO] [stderr] 458 | #[query_derived(no_hash, custom_hash)]
[INFO] [stderr]     | ^^^^^^^^^^^^^^^^^^^^^^^^^^^^^^^^^^^^^^ not found in `::typedown_incremental::DerivedId`
[INFO] [stderr]     |
[INFO] [stderr]     = note: this error originates in the attribute macro `query_derived` (in Nightly builds, run with -Z macro-backtrace for more info)
[INFO] [stderr] 
[INFO] [stderr] error[E0576]: cannot find method or associated constant `__TYPEDOWN_INTERNED_ID` in trait `::typedown_incremental::InternedId`
[INFO] [stderr]    --> src/db/types/derived/symbol/mod.rs:542:1
[INFO] [stderr]     |
[INFO] [stderr] 542 |   #[query_interned]
[INFO] [stderr]     |   ^^^^^^^^^^^^^^^^^ not found in `::typedown_incremental::InternedId`
[INFO] [stderr]     |
[INFO] [stderr]    ::: /opt/rustwide/cargo-home/registry/src/index.crates.io-1949cf8c6b5b557f/typedown-incremental-0.44.1/src/id/interned.rs:10:3
[INFO] [stderr]     |
[INFO] [stderr]  10 | /   fn iter<DB: crate::QueryDatabase + ?Sized>(db: &DB) -> Vec<Self>
[INFO] [stderr]  11 | |   where
[INFO] [stderr]  12 | |     Self: Sized;
[INFO] [stderr]     | |________________- associated function `iter` defined here
[INFO] [stderr]     |
[INFO] [stderr]     = note: this error originates in the attribute macro `query_interned` (in Nightly builds, run with -Z macro-backtrace for more info)
[INFO] [stderr] help: maybe you meant this associated function
[INFO] [stderr]     |
[INFO] [stderr] 542 - #[query_interned]
[INFO] [stderr] 542 + iter
[INFO] [stderr]     |
[INFO] [stderr] 
[INFO] [stderr] error[E0576]: cannot find method or associated constant `__TYPEDOWN_DERIVED_ID` in trait `::typedown_incremental::DerivedId`
[INFO] [stderr]    --> src/db/types/derived/symbol/mod.rs:549:1
[INFO] [stderr]     |
[INFO] [stderr] 549 | #[query_derived]
[INFO] [stderr]     | ^^^^^^^^^^^^^^^^ not found in `::typedown_incremental::DerivedId`
[INFO] [stderr]     |
[INFO] [stderr]     = note: this error originates in the attribute macro `query_derived` (in Nightly builds, run with -Z macro-backtrace for more info)
[INFO] [stderr] 
[INFO] [stderr] error[E0576]: cannot find method or associated constant `__TYPEDOWN_DERIVED_ID` in trait `::typedown_incremental::DerivedId`
[INFO] [stderr]    --> src/db/types/derived/symbol/mod.rs:554:1
[INFO] [stderr]     |
[INFO] [stderr] 554 | #[query_derived]
[INFO] [stderr]     | ^^^^^^^^^^^^^^^^ not found in `::typedown_incremental::DerivedId`
[INFO] [stderr]     |
[INFO] [stderr]     = note: this error originates in the attribute macro `query_derived` (in Nightly builds, run with -Z macro-backtrace for more info)
[INFO] [stderr] 
[INFO] [stderr] error[E0576]: cannot find method or associated constant `__TYPEDOWN_DERIVED_ID` in trait `::typedown_incremental::DerivedId`
[INFO] [stderr]    --> src/db/types/derived/mod.rs:196:1
[INFO] [stderr]     |
[INFO] [stderr] 196 | #[query_derived]
[INFO] [stderr]     | ^^^^^^^^^^^^^^^^ not found in `::typedown_incremental::DerivedId`
[INFO] [stderr]     |
[INFO] [stderr]     = note: this error originates in the attribute macro `query_derived` (in Nightly builds, run with -Z macro-backtrace for more info)
[INFO] [stderr] 
[INFO] [stderr] error[E0576]: cannot find method or associated constant `__TYPEDOWN_DERIVED_ID` in trait `::typedown_incremental::DerivedId`
[INFO] [stderr]    --> src/db/types/derived/mod.rs:217:1
[INFO] [stderr]     |
[INFO] [stderr] 217 | #[query_derived]
[INFO] [stderr]     | ^^^^^^^^^^^^^^^^ not found in `::typedown_incremental::DerivedId`
[INFO] [stderr]     |
[INFO] [stderr]     = note: this error originates in the attribute macro `query_derived` (in Nightly builds, run with -Z macro-backtrace for more info)
[INFO] [stderr] 
[INFO] [stderr] error[E0576]: cannot find method or associated constant `__TYPEDOWN_DERIVED_ID` in trait `::typedown_incremental::DerivedId`
[INFO] [stderr]    --> src/db/types/derived/mod.rs:222:1
[INFO] [stderr]     |
[INFO] [stderr] 222 | #[query_derived]
[INFO] [stderr]     | ^^^^^^^^^^^^^^^^ not found in `::typedown_incremental::DerivedId`
[INFO] [stderr]     |
[INFO] [stderr]     = note: this error originates in the attribute macro `query_derived` (in Nightly builds, run with -Z macro-backtrace for more info)
[INFO] [stderr] 
[INFO] [stderr] error[E0576]: cannot find method or associated constant `__TYPEDOWN_DERIVED_ID` in trait `::typedown_incremental::DerivedId`
[INFO] [stderr]    --> src/db/types/derived/mod.rs:248:1
[INFO] [stderr]     |
[INFO] [stderr] 248 | #[query_derived]
[INFO] [stderr]     | ^^^^^^^^^^^^^^^^ not found in `::typedown_incremental::DerivedId`
[INFO] [stderr]     |
[INFO] [stderr]     = note: this error originates in the attribute macro `query_derived` (in Nightly builds, run with -Z macro-backtrace for more info)
[INFO] [stderr] 
[INFO] [stderr] error[E0576]: cannot find method or associated constant `__TYPEDOWN_DERIVED_ID` in trait `::typedown_incremental::DerivedId`
[INFO] [stderr]    --> src/db/types/derived/mod.rs:258:1
[INFO] [stderr]     |
[INFO] [stderr] 258 | #[query_derived]
[INFO] [stderr]     | ^^^^^^^^^^^^^^^^ not found in `::typedown_incremental::DerivedId`
[INFO] [stderr]     |
[INFO] [stderr]     = note: this error originates in the attribute macro `query_derived` (in Nightly builds, run with -Z macro-backtrace for more info)
[INFO] [stderr] 
[INFO] [stderr] error[E0576]: cannot find method or associated constant `__TYPEDOWN_DERIVED_ID` in trait `::typedown_incremental::DerivedId`
[INFO] [stderr]    --> src/db/types/derived/mod.rs:263:1
[INFO] [stderr]     |
[INFO] [stderr] 263 | #[query_derived]
[INFO] [stderr]     | ^^^^^^^^^^^^^^^^ not found in `::typedown_incremental::DerivedId`
[INFO] [stderr]     |
[INFO] [stderr]     = note: this error originates in the attribute macro `query_derived` (in Nightly builds, run with -Z macro-backtrace for more info)
[INFO] [stderr] 
[INFO] [stderr] error[E0576]: cannot find method or associated constant `__TYPEDOWN_DERIVED_ID` in trait `::typedown_incremental::DerivedId`
[INFO] [stderr]    --> src/db/types/derived/mod.rs:268:1
[INFO] [stderr]     |
[INFO] [stderr] 268 | #[query_derived]
[INFO] [stderr]     | ^^^^^^^^^^^^^^^^ not found in `::typedown_incremental::DerivedId`
[INFO] [stderr]     |
[INFO] [stderr]     = note: this error originates in the attribute macro `query_derived` (in Nightly builds, run with -Z macro-backtrace for more info)
[INFO] [stderr] 
[INFO] [stderr] error[E0576]: cannot find method or associated constant `__TYPEDOWN_DERIVED_ID` in trait `::typedown_incremental::DerivedId`
[INFO] [stderr]    --> src/db/types/derived/mod.rs:273:1
[INFO] [stderr]     |
[INFO] [stderr] 273 | #[query_derived]
[INFO] [stderr]     | ^^^^^^^^^^^^^^^^ not found in `::typedown_incremental::DerivedId`
[INFO] [stderr]     |
[INFO] [stderr]     = note: this error originates in the attribute macro `query_derived` (in Nightly builds, run with -Z macro-backtrace for more info)
[INFO] [stderr] 
[INFO] [stderr] error[E0576]: cannot find method or associated constant `__TYPEDOWN_DERIVED_ID` in trait `::typedown_incremental::DerivedId`
[INFO] [stderr]    --> src/db/types/derived/mod.rs:279:1
[INFO] [stderr]     |
[INFO] [stderr] 279 | #[query_derived]
[INFO] [stderr]     | ^^^^^^^^^^^^^^^^ not found in `::typedown_incremental::DerivedId`
[INFO] [stderr]     |
[INFO] [stderr]     = note: this error originates in the attribute macro `query_derived` (in Nightly builds, run with -Z macro-backtrace for more info)
[INFO] [stderr] 
[INFO] [stderr] error[E0576]: cannot find method or associated constant `__TYPEDOWN_DERIVED_ID` in trait `::typedown_incremental::DerivedId`
[INFO] [stderr]    --> src/db/types/derived/mod.rs:285:1
[INFO] [stderr]     |
[INFO] [stderr] 285 | #[query_derived]
[INFO] [stderr]     | ^^^^^^^^^^^^^^^^ not found in `::typedown_incremental::DerivedId`
[INFO] [stderr]     |
[INFO] [stderr]     = note: this error originates in the attribute macro `query_derived` (in Nightly builds, run with -Z macro-backtrace for more info)
[INFO] [stderr] 
[INFO] [stderr] error[E0576]: cannot find method or associated constant `__TYPEDOWN_INPUT_ID` in trait `::typedown_incremental::InputId`
[INFO] [stderr]   --> src/db/types/inputs.rs:89:1
[INFO] [stderr]    |
[INFO] [stderr] 89 |   #[query_input]
[INFO] [stderr]    |   ^^^^^^^^^^^^^^ not found in `::typedown_incremental::InputId`
[INFO] [stderr]    |
[INFO] [stderr]   ::: /opt/rustwide/cargo-home/registry/src/index.crates.io-1949cf8c6b5b557f/typedown-incremental-0.44.1/src/id/input.rs:11:3
[INFO] [stderr]    |
[INFO] [stderr] 11 | /   fn iter<DB: crate::QueryDatabase + ?Sized>(db: &DB) -> Vec<Self>
[INFO] [stderr] 12 | |   where
[INFO] [stderr] 13 | |     Self: Sized;
[INFO] [stderr]    | |________________- associated function `iter` defined here
[INFO] [stderr]    |
[INFO] [stderr]    = note: this error originates in the attribute macro `query_input` (in Nightly builds, run with -Z macro-backtrace for more info)
[INFO] [stderr] help: maybe you meant this associated function
[INFO] [stderr]    |
[INFO] [stderr] 89 - #[query_input]
[INFO] [stderr] 89 + iter
[INFO] [stderr]    |
[INFO] [stderr] 
[INFO] [stderr] error[E0576]: cannot find method or associated constant `__TYPEDOWN_INPUT_ID` in trait `::typedown_incremental::InputId`
[INFO] [stderr]    --> src/db/types/inputs.rs:171:1
[INFO] [stderr]     |
[INFO] [stderr] 171 |   #[query_input]
[INFO] [stderr]     |   ^^^^^^^^^^^^^^ not found in `::typedown_incremental::InputId`
[INFO] [stderr]     |
[INFO] [stderr]    ::: /opt/rustwide/cargo-home/registry/src/index.crates.io-1949cf8c6b5b557f/typedown-incremental-0.44.1/src/id/input.rs:11:3
[INFO] [stderr]     |
[INFO] [stderr]  11 | /   fn iter<DB: crate::QueryDatabase + ?Sized>(db: &DB) -> Vec<Self>
[INFO] [stderr]  12 | |   where
[INFO] [stderr]  13 | |     Self: Sized;
[INFO] [stderr]     | |________________- associated function `iter` defined here
[INFO] [stderr]     |
[INFO] [stderr]     = note: this error originates in the attribute macro `query_input` (in Nightly builds, run with -Z macro-backtrace for more info)
[INFO] [stderr] help: maybe you meant this associated function
[INFO] [stderr]     |
[INFO] [stderr] 171 - #[query_input]
[INFO] [stderr] 171 + iter
[INFO] [stderr]     |
[INFO] [stderr] 
[INFO] [stderr] error[E0576]: cannot find method or associated constant `__TYPEDOWN_INTERNED_ID` in trait `::typedown_incremental::InternedId`
[INFO] [stderr]   --> src/db/types/interned.rs:18:1
[INFO] [stderr]    |
[INFO] [stderr] 18 |   #[query_interned]
[INFO] [stderr]    |   ^^^^^^^^^^^^^^^^^ not found in `::typedown_incremental::InternedId`
[INFO] [stderr]    |
[INFO] [stderr]   ::: /opt/rustwide/cargo-home/registry/src/index.crates.io-1949cf8c6b5b557f/typedown-incremental-0.44.1/src/id/interned.rs:10:3
[INFO] [stderr]    |
[INFO] [stderr] 10 | /   fn iter<DB: crate::QueryDatabase + ?Sized>(db: &DB) -> Vec<Self>
[INFO] [stderr] 11 | |   where
[INFO] [stderr] 12 | |     Self: Sized;
[INFO] [stderr]    | |________________- associated function `iter` defined here
[INFO] [stderr]    |
[INFO] [stderr]    = note: this error originates in the attribute macro `query_interned` (in Nightly builds, run with -Z macro-backtrace for more info)
[INFO] [stderr] help: maybe you meant this associated function
[INFO] [stderr]    |
[INFO] [stderr] 18 - #[query_interned]
[INFO] [stderr] 18 + iter
[INFO] [stderr]    |
[INFO] [stderr] 
[INFO] [stderr] error[E0576]: cannot find method or associated constant `__TYPEDOWN_INTERNED_ID` in trait `::typedown_incremental::InternedId`
[INFO] [stderr]   --> src/db/types/interned.rs:54:1
[INFO] [stderr]    |
[INFO] [stderr] 54 |   #[query_interned]
[INFO] [stderr]    |   ^^^^^^^^^^^^^^^^^ not found in `::typedown_incremental::InternedId`
[INFO] [stderr]    |
[INFO] [stderr]   ::: /opt/rustwide/cargo-home/registry/src/index.crates.io-1949cf8c6b5b557f/typedown-incremental-0.44.1/src/id/interned.rs:10:3
[INFO] [stderr]    |
[INFO] [stderr] 10 | /   fn iter<DB: crate::QueryDatabase + ?Sized>(db: &DB) -> Vec<Self>
[INFO] [stderr] 11 | |   where
[INFO] [stderr] 12 | |     Self: Sized;
[INFO] [stderr]    | |________________- associated function `iter` defined here
[INFO] [stderr]    |
[INFO] [stderr]    = note: this error originates in the attribute macro `query_interned` (in Nightly builds, run with -Z macro-backtrace for more info)
[INFO] [stderr] help: maybe you meant this associated function
[INFO] [stderr]    |
[INFO] [stderr] 54 - #[query_interned]
[INFO] [stderr] 54 + iter
[INFO] [stderr]    |
[INFO] [stderr] 
[INFO] [stderr] error[E0576]: cannot find method or associated constant `__TYPEDOWN_INTERNED_ID` in trait `::typedown_incremental::InternedId`
[INFO] [stderr]   --> src/db/types/interned.rs:76:1
[INFO] [stderr]    |
[INFO] [stderr] 76 |   #[query_interned]
[INFO] [stderr]    |   ^^^^^^^^^^^^^^^^^ not found in `::typedown_incremental::InternedId`
[INFO] [stderr]    |
[INFO] [stderr]   ::: /opt/rustwide/cargo-home/registry/src/index.crates.io-1949cf8c6b5b557f/typedown-incremental-0.44.1/src/id/interned.rs:10:3
[INFO] [stderr]    |
[INFO] [stderr] 10 | /   fn iter<DB: crate::QueryDatabase + ?Sized>(db: &DB) -> Vec<Self>
[INFO] [stderr] 11 | |   where
[INFO] [stderr] 12 | |     Self: Sized;
[INFO] [stderr]    | |________________- associated function `iter` defined here
[INFO] [stderr]    |
[INFO] [stderr]    = note: this error originates in the attribute macro `query_interned` (in Nightly builds, run with -Z macro-backtrace for more info)
[INFO] [stderr] help: maybe you meant this associated function
[INFO] [stderr]    |
[INFO] [stderr] 76 - #[query_interned]
[INFO] [stderr] 76 + iter
[INFO] [stderr]    |
[INFO] [stderr] 
[INFO] [stderr] error: aborting due to 64 previous errors
[INFO] [stderr] 
[INFO] [stderr] For more information about this error, try `rustc --explain E0576`.
[INFO] [stderr] error: doctest failed, to rerun pass `--doc`
[INFO] [stderr] 
[INFO] [stderr] Caused by:
[INFO] [stderr]   process didn't exit successfully: `/opt/rustwide/rustup-home/toolchains/1.99.0-beta.8-x86_64-unknown-linux-gnu/bin/rustdoc --edition=2024 --crate-type lib --color auto --crate-name typedown_lang --test src/lib.rs --test-run-directory /opt/rustwide/workdir --extern ambassador=/opt/rustwide/target/release/deps/libambassador-0ee011eb0d15275a.so --extern bitflags=/opt/rustwide/target/release/deps/libbitflags-76ed6ab22427693a.rlib --extern dashmap=/opt/rustwide/target/release/deps/libdashmap-924a1c3728d306aa.rlib --extern derive_more=/opt/rustwide/target/release/deps/libderive_more-f1f8586ece735a30.rlib --extern enum_as_inner=/opt/rustwide/target/release/deps/libenum_as_inner-a992e81d1b31ed43.so --extern expect_test=/opt/rustwide/target/release/deps/libexpect_test-4bbfeea56a323ab0.rlib --extern hashbrown=/opt/rustwide/target/release/deps/libhashbrown-f2f6bc6154a0c980.rlib --extern inventory=/opt/rustwide/target/release/deps/libinventory-bf7a76b5eb8c17c4.rlib --extern proptest=/opt/rustwide/target/release/deps/libproptest-600cee7ea96678b9.rlib --extern regex=/opt/rustwide/target/release/deps/libregex-0e2b6b95e0cb342e.rlib --extern serde_json=/opt/rustwide/target/release/deps/libserde_json-2265bbf7eeb475d2.rlib --extern smallvec=/opt/rustwide/target/release/deps/libsmallvec-954ea7f71314f350.rlib --extern strum=/opt/rustwide/target/release/deps/libstrum-6ef4a3252f0132c6.rlib --extern typedown_incremental=/opt/rustwide/target/release/deps/libtypedown_incremental-ee31e887efeee5b7.rlib --extern typedown_lang=/opt/rustwide/target/release/deps/libtypedown_lang-121d703c8d12dcef.rlib --extern typedown_macros=/opt/rustwide/target/release/deps/libtypedown_macros-349fa2e6e203284a.so --extern typedown_types=/opt/rustwide/target/release/deps/libtypedown_types-4b12740d3546831e.rlib -L dependency=/opt/rustwide/target/release/deps -C embed-bitcode=no --cfg 'feature="default"' --check-cfg 'cfg(docsrs,test)' --check-cfg 'cfg(feature, values("default", "export", "serde"))' --cap-lints=warn --error-format human` (exit status: 1)
[INFO] [stderr] note: test exited abnormally; to see the full output pass --no-capture to the harness.
[INFO] running `Command { std: "docker" "inspect" "6ae4bb9f96ce27210b2e224187b7213d7a6606a1cd22f9d948614647421f2db5", kill_on_drop: false }`
[INFO] running `Command { std: "docker" "rm" "-f" "6ae4bb9f96ce27210b2e224187b7213d7a6606a1cd22f9d948614647421f2db5", kill_on_drop: false }`
[INFO] [stdout] 6ae4bb9f96ce27210b2e224187b7213d7a6606a1cd22f9d948614647421f2db5
