[INFO] fetching crate typedconfig-derive 0.4.0...
[INFO] testing typedconfig-derive-0.4.0 against 1.99.0-beta.8+cargoflags=--release for beta-release-1.100-2
[INFO] extracting crate typedconfig-derive 0.4.0 into /workspace/builds/worker-5-tc1/source
[INFO] started tweaking crates.io crate typedconfig-derive 0.4.0
[INFO] finished tweaking crates.io crate typedconfig-derive 0.4.0
[INFO] tweaked toml for crates.io crate typedconfig-derive 0.4.0 written to /workspace/builds/worker-5-tc1/source/Cargo.toml
[INFO] validating manifest of crates.io crate typedconfig-derive 0.4.0 on toolchain 1.99.0-beta.8
[INFO] running `Command { std: CARGO_HOME="/workspace/cargo-home" RUSTUP_HOME="/workspace/rustup-home" "/workspace/cargo-home/bin/cargo" "+1.99.0-beta.8" "metadata" "--manifest-path" "Cargo.toml" "--no-deps", kill_on_drop: false }`
[INFO] crate crates.io crate typedconfig-derive 0.4.0 already has a lockfile, it will not be regenerated
[INFO] running `Command { std: CARGO_HOME="/workspace/cargo-home" RUSTUP_HOME="/workspace/rustup-home" "/workspace/cargo-home/bin/cargo" "+1.99.0-beta.8" "fetch" "--manifest-path" "Cargo.toml", kill_on_drop: false }`
[INFO] [stderr]     Updating crates.io index
[INFO] [stderr]  Downloading crates ...
[INFO] [stderr]   Downloaded typedconfig-core v0.4.0
[INFO] [stderr]   Downloaded typedmap v0.6.0
[INFO] running `Command { std: "docker" "create" "-v" "/var/lib/crater-agent-workspace/builds/worker-5-tc1/source:/opt/rustwide/workdir:ro,Z" "-v" "/var/lib/crater-agent-workspace/builds/worker-5-tc1/target:/opt/rustwide/target:rw,Z" "-v" "/var/lib/crater-agent-workspace/cargo-home:/opt/rustwide/cargo-home:ro,Z" "-v" "/var/lib/crater-agent-workspace/rustup-home:/opt/rustwide/rustup-home:ro,Z" "-m" "1610612736" "--network" "none" "ghcr.io/rust-lang/crates-build-env/linux@sha256:77db811e55d90add9212f6832c23229e3de5f1c1f9905e8cb07319ea15df73ac" "sleep" "infinity", kill_on_drop: false }`
[INFO] [stdout] dc2614f0a2b609f03dd42b2ff6a168c4f3cb48f8462497354ccda71cfc60b222
[INFO] running `Command { std: "docker" "start" "dc2614f0a2b609f03dd42b2ff6a168c4f3cb48f8462497354ccda71cfc60b222", kill_on_drop: false }`
[INFO] running `Command { std: "docker" "inspect" "dc2614f0a2b609f03dd42b2ff6a168c4f3cb48f8462497354ccda71cfc60b222", kill_on_drop: false }`
[INFO] running `Command { std: "docker" "exec" "-e" "SOURCE_DIR=/opt/rustwide/workdir" "-e" "CARGO_HOME=/opt/rustwide/cargo-home" "-e" "RUSTUP_HOME=/opt/rustwide/rustup-home" "-e" "CARGO_TARGET_DIR=/opt/rustwide/target" "-w" "/opt/rustwide/workdir" "--user" "0:0" "dc2614f0a2b609f03dd42b2ff6a168c4f3cb48f8462497354ccda71cfc60b222" "/opt/rustwide/cargo-home/bin/cargo" "+1.99.0-beta.8" "metadata" "--no-deps" "--format-version=1", kill_on_drop: false }`
[INFO] running `Command { std: "docker" "inspect" "dc2614f0a2b609f03dd42b2ff6a168c4f3cb48f8462497354ccda71cfc60b222", kill_on_drop: false }`
[INFO] running `Command { std: "docker" "exec" "-e" "SOURCE_DIR=/opt/rustwide/workdir" "-e" "CARGO_HOME=/opt/rustwide/cargo-home" "-e" "RUSTUP_HOME=/opt/rustwide/rustup-home" "-e" "CARGO_TARGET_DIR=/opt/rustwide/target" "-e" "CARGO_INCREMENTAL=0" "-e" "RUST_BACKTRACE=full" "-e" "RUSTFLAGS=--cap-lints=warn" "-e" "RUSTDOCFLAGS=--cap-lints=warn" "-w" "/opt/rustwide/workdir" "--user" "0:0" "dc2614f0a2b609f03dd42b2ff6a168c4f3cb48f8462497354ccda71cfc60b222" "/opt/rustwide/cargo-home/bin/cargo" "+1.99.0-beta.8" "build" "--frozen" "--message-format=json" "--release", kill_on_drop: false }`
[INFO] [stderr]    Compiling typedmap v0.6.0
[INFO] [stderr]    Compiling typedconfig-core v0.4.0
[INFO] [stderr]    Compiling quote v1.0.44
[INFO] [stderr]    Compiling syn v2.0.114
[INFO] [stderr]    Compiling typedconfig-derive v0.4.0 (/opt/rustwide/workdir)
[INFO] [stderr]     Finished `release` profile [optimized] target(s) in 5.55s
[INFO] running `Command { std: "docker" "inspect" "dc2614f0a2b609f03dd42b2ff6a168c4f3cb48f8462497354ccda71cfc60b222", kill_on_drop: false }`
[INFO] running `Command { std: "docker" "exec" "-e" "SOURCE_DIR=/opt/rustwide/workdir" "-e" "CARGO_HOME=/opt/rustwide/cargo-home" "-e" "RUSTUP_HOME=/opt/rustwide/rustup-home" "-e" "CARGO_TARGET_DIR=/opt/rustwide/target" "-e" "CARGO_INCREMENTAL=0" "-e" "RUST_BACKTRACE=full" "-e" "RUSTFLAGS=--cap-lints=warn" "-e" "RUSTDOCFLAGS=--cap-lints=warn" "-w" "/opt/rustwide/workdir" "--user" "0:0" "dc2614f0a2b609f03dd42b2ff6a168c4f3cb48f8462497354ccda71cfc60b222" "/opt/rustwide/cargo-home/bin/cargo" "+1.99.0-beta.8" "test" "--frozen" "--no-run" "--message-format=json" "--release", kill_on_drop: false }`
[INFO] [stderr]    Compiling typedconfig-derive v0.4.0 (/opt/rustwide/workdir)
[INFO] [stderr]     Finished `release` profile [optimized] target(s) in 0.55s
[INFO] running `Command { std: "docker" "inspect" "dc2614f0a2b609f03dd42b2ff6a168c4f3cb48f8462497354ccda71cfc60b222", kill_on_drop: false }`
[INFO] running `Command { std: "docker" "exec" "-e" "SOURCE_DIR=/opt/rustwide/workdir" "-e" "CARGO_HOME=/opt/rustwide/cargo-home" "-e" "RUSTUP_HOME=/opt/rustwide/rustup-home" "-e" "CARGO_TARGET_DIR=/opt/rustwide/target" "-e" "CARGO_INCREMENTAL=0" "-e" "RUST_BACKTRACE=full" "-e" "RUSTFLAGS=--cap-lints=warn" "-e" "RUSTDOCFLAGS=--cap-lints=warn" "-w" "/opt/rustwide/workdir" "--user" "0:0" "dc2614f0a2b609f03dd42b2ff6a168c4f3cb48f8462497354ccda71cfc60b222" "/opt/rustwide/cargo-home/bin/cargo" "+1.99.0-beta.8" "test" "--frozen" "--release", kill_on_drop: false }`
[INFO] [stderr]     Finished `release` profile [optimized] target(s) in 0.02s
[INFO] [stderr]      Running unittests src/lib.rs (/opt/rustwide/target/release/deps/typedconfig_derive-e3e15c9036e764cc)
[INFO] [stdout] 
[INFO] [stdout] running 0 tests
[INFO] [stdout] 
[INFO] [stderr]    Doc-tests typedconfig_derive
[INFO] [stdout] test result: ok. 0 passed; 0 failed; 0 ignored; 0 measured; 0 filtered out; finished in 0.00s
[INFO] [stdout] 
[INFO] [stdout] 
[INFO] [stdout] running 2 tests
[INFO] [stdout] test src/lib.rs - (line 20) ... FAILED
[INFO] [stdout] test src/lib.rs - derive_typed_config (line 76) ... FAILED
[INFO] [stdout] 
[INFO] [stdout] failures:
[INFO] [stdout] 
[INFO] [stdout] ---- src/lib.rs - (line 20) stdout ----
[INFO] [stdout] error[E0432]: unresolved import `typedconfig`
[INFO] [stdout]   --> src/lib.rs:21:5
[INFO] [stdout]    |
[INFO] [stdout] 21 | use typedconfig::TypedConfig;
[INFO] [stdout]    |     ^^^^^^^^^^^ use of unresolved module or unlinked crate `typedconfig`
[INFO] [stdout]    |
[INFO] [stdout]    = help: if you wanted to use a crate named `typedconfig`, use `cargo add typedconfig` to add it to your `Cargo.toml`
[INFO] [stdout] 
[INFO] [stdout] error: cannot find attribute `value` in this scope
[INFO] [stdout]   --> src/lib.rs:25:7
[INFO] [stdout]    |
[INFO] [stdout] 25 |     #[value(u16)]
[INFO] [stdout]    |       ^^^^^
[INFO] [stdout]    |
[INFO] [stdout] help: `value` is an attribute that can be used by the derive macro `TypedConfig`, you might be missing a `derive` attribute
[INFO] [stdout]    |
[INFO] [stdout] 24 + #[derive(TypedConfig)]
[INFO] [stdout] 25 | enum AppConfig {
[INFO] [stdout]    |
[INFO] [stdout] 
[INFO] [stdout] error: cannot find attribute `value` in this scope
[INFO] [stdout]   --> src/lib.rs:27:7
[INFO] [stdout]    |
[INFO] [stdout] 27 |     #[value(String)]
[INFO] [stdout]    |       ^^^^^
[INFO] [stdout]    |
[INFO] [stdout] help: `value` is an attribute that can be used by the derive macro `TypedConfig`, you might be missing a `derive` attribute
[INFO] [stdout]    |
[INFO] [stdout] 24 + #[derive(TypedConfig)]
[INFO] [stdout] 25 | enum AppConfig {
[INFO] [stdout]    |
[INFO] [stdout] 
[INFO] [stdout] error: cannot find attribute `value` in this scope
[INFO] [stdout]   --> src/lib.rs:29:7
[INFO] [stdout]    |
[INFO] [stdout] 29 |     #[value(bool)]
[INFO] [stdout]    |       ^^^^^
[INFO] [stdout]    |
[INFO] [stdout] help: `value` is an attribute that can be used by the derive macro `TypedConfig`, you might be missing a `derive` attribute
[INFO] [stdout]    |
[INFO] [stdout] 24 + #[derive(TypedConfig)]
[INFO] [stdout] 25 | enum AppConfig {
[INFO] [stdout]    |
[INFO] [stdout] 
[INFO] [stdout] error[E0425]: cannot find type `Port` in this scope
[INFO] [stdout]   --> src/lib.rs:41:35
[INFO] [stdout]    |
[INFO] [stdout] 41 |     let port: &u16 = config.get::<Port>();
[INFO] [stdout]    |                                   ^^^^ not found in this scope
[INFO] [stdout]    |
[INFO] [stdout] help: there is an enum variant `crate::AppConfig::Port`; try using the variant's enum
[INFO] [stdout]    |
[INFO] [stdout] 41 -     let port: &u16 = config.get::<Port>();
[INFO] [stdout] 41 +     let port: &u16 = config.get::<crate::AppConfig>();
[INFO] [stdout]    |
[INFO] [stdout] 
[INFO] [stdout] error[E0425]: cannot find type `DatabaseUrl` in this scope
[INFO] [stdout]   --> src/lib.rs:42:36
[INFO] [stdout]    |
[INFO] [stdout] 42 |     let db: &String = config.get::<DatabaseUrl>();
[INFO] [stdout]    |                                    ^^^^^^^^^^^ not found in this scope
[INFO] [stdout]    |
[INFO] [stdout] help: there is an enum variant `crate::AppConfig::DatabaseUrl`; try using the variant's enum
[INFO] [stdout]    |
[INFO] [stdout] 42 -     let db: &String = config.get::<DatabaseUrl>();
[INFO] [stdout] 42 +     let db: &String = config.get::<crate::AppConfig>();
[INFO] [stdout]    |
[INFO] [stdout] 
[INFO] [stdout] error[E0433]: cannot find type `AppConfigContainer` in this scope
[INFO] [stdout]   --> src/lib.rs:34:18
[INFO] [stdout]    |
[INFO] [stdout] 34 |     let config = AppConfigContainer::init(
[INFO] [stdout]    |                  ^^^^^^^^^^^^^^^^^^ use of undeclared type `AppConfigContainer`
[INFO] [stdout] 
[INFO] [stdout] error: aborting due to 7 previous errors
[INFO] [stdout] 
[INFO] [stdout] Some errors have detailed explanations: E0425, E0432, E0433.
[INFO] [stdout] For more information about an error, try `rustc --explain E0425`.
[INFO] [stdout] Couldn't compile the test.
[INFO] [stdout] ---- src/lib.rs - derive_typed_config (line 76) stdout ----
[INFO] [stdout] error[E0432]: unresolved import `typedconfig`
[INFO] [stdout]   --> src/lib.rs:77:5
[INFO] [stdout]    |
[INFO] [stdout] 77 | use typedconfig::TypedConfig;
[INFO] [stdout]    |     ^^^^^^^^^^^ use of unresolved module or unlinked crate `typedconfig`
[INFO] [stdout]    |
[INFO] [stdout]    = help: if you wanted to use a crate named `typedconfig`, use `cargo add typedconfig` to add it to your `Cargo.toml`
[INFO] [stdout] 
[INFO] [stdout] error: cannot find attribute `value` in this scope
[INFO] [stdout]   --> src/lib.rs:81:7
[INFO] [stdout]    |
[INFO] [stdout] 81 |     #[value(String)]
[INFO] [stdout]    |       ^^^^^
[INFO] [stdout]    |
[INFO] [stdout] help: `value` is an attribute that can be used by the derive macro `TypedConfig`, you might be missing a `derive` attribute
[INFO] [stdout]    |
[INFO] [stdout] 80 + #[derive(TypedConfig)]
[INFO] [stdout] 81 | enum MyConfig {
[INFO] [stdout]    |
[INFO] [stdout] 
[INFO] [stdout] error: cannot find attribute `value` in this scope
[INFO] [stdout]   --> src/lib.rs:83:7
[INFO] [stdout]    |
[INFO] [stdout] 83 |     #[value(u16)]
[INFO] [stdout]    |       ^^^^^
[INFO] [stdout]    |
[INFO] [stdout] help: `value` is an attribute that can be used by the derive macro `TypedConfig`, you might be missing a `derive` attribute
[INFO] [stdout]    |
[INFO] [stdout] 80 + #[derive(TypedConfig)]
[INFO] [stdout] 81 | enum MyConfig {
[INFO] [stdout]    |
[INFO] [stdout] 
[INFO] [stdout] error[E0422]: cannot find struct, variant or union type `MyConfigStruct` in this scope
[INFO] [stdout]   --> src/lib.rs:87:21
[INFO] [stdout]    |
[INFO] [stdout] 87 | let config_struct = MyConfigStruct {
[INFO] [stdout]    |                     ^^^^^^^^^^^^^^ not found in this scope
[INFO] [stdout] 
[INFO] [stdout] error[E0425]: cannot find type `Host` in this scope
[INFO] [stdout]   --> src/lib.rs:92:25
[INFO] [stdout]    |
[INFO] [stdout] 92 | let host = config.get::<Host>();
[INFO] [stdout]    |                         ^^^^ not found in this scope
[INFO] [stdout]    |
[INFO] [stdout] help: you might be missing a type parameter
[INFO] [stdout]    |
[INFO] [stdout] 76 | fn main() { #[allow(non_snake_case)] fn _doctest_main_src_lib_rs_76_0<Host>() {
[INFO] [stdout]    |                                                                      ++++++
[INFO] [stdout] 
[INFO] [stdout] error[E0433]: cannot find type `MyConfigContainer` in this scope
[INFO] [stdout]   --> src/lib.rs:91:14
[INFO] [stdout]    |
[INFO] [stdout] 91 | let config = MyConfigContainer::from(config_struct);
[INFO] [stdout]    |              ^^^^^^^^^^^^^^^^^ use of undeclared type `MyConfigContainer`
[INFO] [stdout] 
[INFO] [stdout] error: aborting due to 6 previous errors
[INFO] [stdout] 
[INFO] [stdout] Some errors have detailed explanations: E0422, E0425, E0432, E0433.
[INFO] [stdout] For more information about an error, try `rustc --explain E0422`.
[INFO] [stdout] Couldn't compile the test.
[INFO] [stdout] 
[INFO] [stdout] failures:
[INFO] [stdout]     src/lib.rs - (line 20)
[INFO] [stdout]     src/lib.rs - derive_typed_config (line 76)
[INFO] [stdout] 
[INFO] [stdout] test result: FAILED. 0 passed; 2 failed; 0 ignored; 0 measured; 0 filtered out; finished in 0.12s
[INFO] [stdout] 
[INFO] [stdout] all doctests ran in 0.26s; merged doctests compilation took 0.14s
[INFO] [stderr] error: doctest failed, to rerun pass `--doc`
[INFO] running `Command { std: "docker" "inspect" "dc2614f0a2b609f03dd42b2ff6a168c4f3cb48f8462497354ccda71cfc60b222", kill_on_drop: false }`
[INFO] running `Command { std: "docker" "rm" "-f" "dc2614f0a2b609f03dd42b2ff6a168c4f3cb48f8462497354ccda71cfc60b222", kill_on_drop: false }`
[INFO] [stdout] dc2614f0a2b609f03dd42b2ff6a168c4f3cb48f8462497354ccda71cfc60b222
