[INFO] fetching crate typed_web_routes_macro 0.1.0...
[INFO] testing typed_web_routes_macro-0.1.0 against 1.100.0-beta.1+cargoflags=--release for beta-release-1.100-2
[INFO] extracting crate typed_web_routes_macro 0.1.0 into /workspace/builds/worker-3-tc2/source
[INFO] started tweaking crates.io crate typed_web_routes_macro 0.1.0
[INFO] finished tweaking crates.io crate typed_web_routes_macro 0.1.0
[INFO] tweaked toml for crates.io crate typed_web_routes_macro 0.1.0 written to /workspace/builds/worker-3-tc2/source/Cargo.toml
[INFO] validating manifest of crates.io crate typed_web_routes_macro 0.1.0 on toolchain 1.100.0-beta.1
[INFO] running `Command { std: CARGO_HOME="/workspace/cargo-home" RUSTUP_HOME="/workspace/rustup-home" "/workspace/cargo-home/bin/cargo" "+1.100.0-beta.1" "metadata" "--manifest-path" "Cargo.toml" "--no-deps", kill_on_drop: false }`
[INFO] crate crates.io crate typed_web_routes_macro 0.1.0 already has a lockfile, it will not be regenerated
[INFO] running `Command { std: CARGO_HOME="/workspace/cargo-home" RUSTUP_HOME="/workspace/rustup-home" "/workspace/cargo-home/bin/cargo" "+1.100.0-beta.1" "fetch" "--manifest-path" "Cargo.toml", kill_on_drop: false }`
[INFO] running `Command { std: "docker" "create" "-v" "/var/lib/crater-agent-workspace/builds/worker-3-tc2/source:/opt/rustwide/workdir:ro,Z" "-v" "/var/lib/crater-agent-workspace/builds/worker-3-tc2/target:/opt/rustwide/target:rw,Z" "-v" "/var/lib/crater-agent-workspace/cargo-home:/opt/rustwide/cargo-home:ro,Z" "-v" "/var/lib/crater-agent-workspace/rustup-home:/opt/rustwide/rustup-home:ro,Z" "-m" "1610612736" "--network" "none" "ghcr.io/rust-lang/crates-build-env/linux@sha256:77db811e55d90add9212f6832c23229e3de5f1c1f9905e8cb07319ea15df73ac" "sleep" "infinity", kill_on_drop: false }`
[INFO] [stdout] a5a56576ce9ed28c33877c81af7e471965dc3e1a01f81dd8222fd258fa53df5b
[INFO] running `Command { std: "docker" "start" "a5a56576ce9ed28c33877c81af7e471965dc3e1a01f81dd8222fd258fa53df5b", kill_on_drop: false }`
[INFO] running `Command { std: "docker" "inspect" "a5a56576ce9ed28c33877c81af7e471965dc3e1a01f81dd8222fd258fa53df5b", kill_on_drop: false }`
[INFO] running `Command { std: "docker" "exec" "-e" "SOURCE_DIR=/opt/rustwide/workdir" "-e" "CARGO_HOME=/opt/rustwide/cargo-home" "-e" "RUSTUP_HOME=/opt/rustwide/rustup-home" "-e" "CARGO_TARGET_DIR=/opt/rustwide/target" "-w" "/opt/rustwide/workdir" "--user" "0:0" "a5a56576ce9ed28c33877c81af7e471965dc3e1a01f81dd8222fd258fa53df5b" "/opt/rustwide/cargo-home/bin/cargo" "+1.100.0-beta.1" "metadata" "--no-deps" "--format-version=1", kill_on_drop: false }`
[INFO] running `Command { std: "docker" "inspect" "a5a56576ce9ed28c33877c81af7e471965dc3e1a01f81dd8222fd258fa53df5b", kill_on_drop: false }`
[INFO] running `Command { std: "docker" "exec" "-e" "SOURCE_DIR=/opt/rustwide/workdir" "-e" "CARGO_HOME=/opt/rustwide/cargo-home" "-e" "RUSTUP_HOME=/opt/rustwide/rustup-home" "-e" "CARGO_TARGET_DIR=/opt/rustwide/target" "-e" "CARGO_INCREMENTAL=0" "-e" "RUST_BACKTRACE=full" "-e" "RUSTFLAGS=--cap-lints=warn" "-e" "RUSTDOCFLAGS=--cap-lints=warn" "-w" "/opt/rustwide/workdir" "--user" "0:0" "a5a56576ce9ed28c33877c81af7e471965dc3e1a01f81dd8222fd258fa53df5b" "/opt/rustwide/cargo-home/bin/cargo" "+1.100.0-beta.1" "build" "--frozen" "--message-format=json" "--release", kill_on_drop: false }`
[INFO] [stderr]    Compiling unicode-ident v1.0.24
[INFO] [stderr]    Compiling proc-macro2 v1.0.107
[INFO] [stderr]    Compiling quote v1.0.47
[INFO] [stderr]    Compiling syn v3.0.5
[INFO] [stderr]    Compiling typed_web_routes_macro v0.1.0 (/opt/rustwide/workdir)
[INFO] [stderr]     Finished `release` profile [optimized] target(s) in 6.37s
[INFO] running `Command { std: "docker" "inspect" "a5a56576ce9ed28c33877c81af7e471965dc3e1a01f81dd8222fd258fa53df5b", kill_on_drop: false }`
[INFO] running `Command { std: "docker" "exec" "-e" "SOURCE_DIR=/opt/rustwide/workdir" "-e" "CARGO_HOME=/opt/rustwide/cargo-home" "-e" "RUSTUP_HOME=/opt/rustwide/rustup-home" "-e" "CARGO_TARGET_DIR=/opt/rustwide/target" "-e" "CARGO_INCREMENTAL=0" "-e" "RUST_BACKTRACE=full" "-e" "RUSTFLAGS=--cap-lints=warn" "-e" "RUSTDOCFLAGS=--cap-lints=warn" "-w" "/opt/rustwide/workdir" "--user" "0:0" "a5a56576ce9ed28c33877c81af7e471965dc3e1a01f81dd8222fd258fa53df5b" "/opt/rustwide/cargo-home/bin/cargo" "+1.100.0-beta.1" "test" "--frozen" "--no-run" "--message-format=json" "--release", kill_on_drop: false }`
[INFO] [stderr]    Compiling typed_web_routes_macro v0.1.0 (/opt/rustwide/workdir)
[INFO] [stderr]     Finished `release` profile [optimized] target(s) in 1.06s
[INFO] running `Command { std: "docker" "inspect" "a5a56576ce9ed28c33877c81af7e471965dc3e1a01f81dd8222fd258fa53df5b", kill_on_drop: false }`
[INFO] running `Command { std: "docker" "exec" "-e" "SOURCE_DIR=/opt/rustwide/workdir" "-e" "CARGO_HOME=/opt/rustwide/cargo-home" "-e" "RUSTUP_HOME=/opt/rustwide/rustup-home" "-e" "CARGO_TARGET_DIR=/opt/rustwide/target" "-e" "CARGO_INCREMENTAL=0" "-e" "RUST_BACKTRACE=full" "-e" "RUSTFLAGS=--cap-lints=warn" "-e" "RUSTDOCFLAGS=--cap-lints=warn" "-w" "/opt/rustwide/workdir" "--user" "0:0" "a5a56576ce9ed28c33877c81af7e471965dc3e1a01f81dd8222fd258fa53df5b" "/opt/rustwide/cargo-home/bin/cargo" "+1.100.0-beta.1" "test" "--frozen" "--release", kill_on_drop: false }`
[INFO] [stderr]     Finished `release` profile [optimized] target(s) in 0.05s
[INFO] [stderr]      Running unittests src/lib.rs (/opt/rustwide/target/release/build/typed_web_routes_macro/7a4bd77924af3635/out/typed_web_routes_macro-7a4bd77924af3635)
[INFO] [stdout] 
[INFO] [stdout] running 3 tests
[INFO] [stdout] test tests::test_escape ... ok
[INFO] [stdout] test parse_route_pattern::tests::test ... ok
[INFO] [stdout] test tests::test_case_conversion ... ok
[INFO] [stdout] 
[INFO] [stdout] test result: ok. 3 passed; 0 failed; 0 ignored; 0 measured; 0 filtered out; finished in 0.00s
[INFO] [stdout] 
[INFO] [stderr]    Doc-tests typed_web_routes_macro
[INFO] [stdout] 
[INFO] [stdout] running 8 tests
[INFO] [stdout] test src/lib.rs - web_routes (line 165) ... FAILED
[INFO] [stdout] test src/lib.rs - web_routes (line 24) ... FAILED
[INFO] [stdout] test src/lib.rs - web_routes (line 53) ... FAILED
[INFO] [stdout] test src/lib.rs - web_routes (line 40) ... FAILED
[INFO] [stdout] test src/lib.rs - web_routes (line 143) ... FAILED
[INFO] [stdout] test src/lib.rs - web_routes (line 77) ... FAILED
[INFO] [stdout] test src/lib.rs - web_routes (line 99) ... FAILED
[INFO] [stdout] test src/lib.rs - web_routes (line 175) ... FAILED
[INFO] [stdout] 
[INFO] [stdout] failures:
[INFO] [stdout] 
[INFO] [stdout] ---- src/lib.rs - web_routes (line 165) stdout ----
[INFO] [stdout] error: cannot find derive macro `WebRoutes` in this scope
[INFO] [stdout]    --> src/lib.rs:166:10
[INFO] [stdout]     |
[INFO] [stdout] 166 | #[derive(WebRoutes)]
[INFO] [stdout]     |          ^^^^^^^^^
[INFO] [stdout] 
[INFO] [stdout] error: cannot find attribute `route` in this scope
[INFO] [stdout]    --> src/lib.rs:168:7
[INFO] [stdout]     |
[INFO] [stdout] 168 |     #[route(pattern = "/post/{post}")]
[INFO] [stdout]     |       ^^^^^
[INFO] [stdout] 
[INFO] [stdout] error: aborting due to 2 previous errors
[INFO] [stdout] 
[INFO] [stdout] Couldn't compile the test.
[INFO] [stdout] ---- src/lib.rs - web_routes (line 24) stdout ----
[INFO] [stdout] error[E0432]: unresolved import `typed_web_routes`
[INFO] [stdout]   --> src/lib.rs:25:5
[INFO] [stdout]    |
[INFO] [stdout] 25 | use typed_web_routes::WebRoutes;
[INFO] [stdout]    |     ^^^^^^^^^^^^^^^^ use of unresolved module or unlinked crate `typed_web_routes`
[INFO] [stdout]    |
[INFO] [stdout]    = help: if you wanted to use a crate named `typed_web_routes`, use `cargo add typed_web_routes` to add it to your `Cargo.toml`
[INFO] [stdout] 
[INFO] [stdout] error: cannot find attribute `route` in this scope
[INFO] [stdout]   --> src/lib.rs:29:7
[INFO] [stdout]    |
[INFO] [stdout] 29 |     #[route(pattern = "/")]
[INFO] [stdout]    |       ^^^^^
[INFO] [stdout]    |
[INFO] [stdout] help: `route` is an attribute that can be used by the derive macro `WebRoutes`, you might be missing a `derive` attribute
[INFO] [stdout]    |
[INFO] [stdout] 28 + #[derive(WebRoutes)]
[INFO] [stdout] 29 | enum Routes {
[INFO] [stdout]    |
[INFO] [stdout] 
[INFO] [stdout] error: cannot find attribute `route` in this scope
[INFO] [stdout]   --> src/lib.rs:31:7
[INFO] [stdout]    |
[INFO] [stdout] 31 |     #[route(pattern = "/post/{post}")]
[INFO] [stdout]    |       ^^^^^
[INFO] [stdout]    |
[INFO] [stdout] help: `route` is an attribute that can be used by the derive macro `WebRoutes`, you might be missing a `derive` attribute
[INFO] [stdout]    |
[INFO] [stdout] 28 + #[derive(WebRoutes)]
[INFO] [stdout] 29 | enum Routes {
[INFO] [stdout]    |
[INFO] [stdout] 
[INFO] [stdout] error: cannot find attribute `route` in this scope
[INFO] [stdout]   --> src/lib.rs:33:7
[INFO] [stdout]    |
[INFO] [stdout] 33 |     #[route(pattern = "/search")]
[INFO] [stdout]    |       ^^^^^
[INFO] [stdout]    |
[INFO] [stdout] help: `route` is an attribute that can be used by the derive macro `WebRoutes`, you might be missing a `derive` attribute
[INFO] [stdout]    |
[INFO] [stdout] 28 + #[derive(WebRoutes)]
[INFO] [stdout] 29 | enum Routes {
[INFO] [stdout]    |
[INFO] [stdout] 
[INFO] [stdout] error: aborting due to 4 previous errors
[INFO] [stdout] 
[INFO] [stdout] For more information about this error, try `rustc --explain E0432`.
[INFO] [stdout] Couldn't compile the test.
[INFO] [stdout] ---- src/lib.rs - web_routes (line 53) stdout ----
[INFO] [stdout] error[E0433]: cannot find type `Routes` in this scope
[INFO] [stdout]   --> src/lib.rs:55:19
[INFO] [stdout]    |
[INFO] [stdout] 55 |     let builder = Routes::builder_with_url_prefix("http://localhost:8080");
[INFO] [stdout]    |                   ^^^^^^ use of undeclared type `Routes`
[INFO] [stdout] 
[INFO] [stdout] error: aborting due to 1 previous error
[INFO] [stdout] 
[INFO] [stdout] For more information about this error, try `rustc --explain E0433`.
[INFO] [stdout] Couldn't compile the test.
[INFO] [stdout] ---- src/lib.rs - web_routes (line 40) stdout ----
[INFO] [stdout] error[E0433]: cannot find type `Routes` in this scope
[INFO] [stdout]   --> src/lib.rs:42:19
[INFO] [stdout]    |
[INFO] [stdout] 42 |     let builder = Routes::builder();
[INFO] [stdout]    |                   ^^^^^^ use of undeclared type `Routes`
[INFO] [stdout] 
[INFO] [stdout] error: aborting due to 1 previous error
[INFO] [stdout] 
[INFO] [stdout] For more information about this error, try `rustc --explain E0433`.
[INFO] [stdout] Couldn't compile the test.
[INFO] [stdout] ---- src/lib.rs - web_routes (line 143) stdout ----
[INFO] [stdout] error: cannot find derive macro `WebRoutes` in this scope
[INFO] [stdout]    --> src/lib.rs:144:10
[INFO] [stdout]     |
[INFO] [stdout] 144 | #[derive(WebRoutes)]
[INFO] [stdout]     |          ^^^^^^^^^
[INFO] [stdout] 
[INFO] [stdout] error: cannot find attribute `route` in this scope
[INFO] [stdout]    --> src/lib.rs:145:3
[INFO] [stdout]     |
[INFO] [stdout] 145 | #[route(typed_web_routes = some_other_name)] // <-- enum
[INFO] [stdout]     |   ^^^^^
[INFO] [stdout] 
[INFO] [stdout] error: cannot find attribute `route` in this scope
[INFO] [stdout]    --> src/lib.rs:147:7
[INFO] [stdout]     |
[INFO] [stdout] 147 |     #[route(rename = "show-post", pattern = "/post/{post}")] // <-- variant
[INFO] [stdout]     |       ^^^^^
[INFO] [stdout] 
[INFO] [stdout] error: cannot find attribute `route` in this scope
[INFO] [stdout]    --> src/lib.rs:149:11
[INFO] [stdout]     |
[INFO] [stdout] 149 |         #[route(rename = "post")] // <-- field
[INFO] [stdout]     |           ^^^^^
[INFO] [stdout] 
[INFO] [stdout] error: aborting due to 4 previous errors
[INFO] [stdout] 
[INFO] [stdout] Couldn't compile the test.
[INFO] [stdout] ---- src/lib.rs - web_routes (line 77) stdout ----
[INFO] [stdout] error[E0433]: cannot find type `Routes` in this scope
[INFO] [stdout]   --> src/lib.rs:79:17
[INFO] [stdout]    |
[INFO] [stdout] 79 |     let route = Routes::info_by_name("Search").unwrap();
[INFO] [stdout]    |                 ^^^^^^ use of undeclared type `Routes`
[INFO] [stdout] 
[INFO] [stdout] error[E0308]: mismatched types
[INFO] [stdout]   --> src/lib.rs:83:38
[INFO] [stdout]    |
[INFO] [stdout] 83 |         &[("term", &"abc"), ("page", &2)]
[INFO] [stdout]    |                                      ^^ expected `&&str`, found `&{integer}`
[INFO] [stdout]    |
[INFO] [stdout]    = note: expected reference `&&str`
[INFO] [stdout]               found reference `&{integer}`
[INFO] [stdout] 
[INFO] [stdout] error: aborting due to 2 previous errors
[INFO] [stdout] 
[INFO] [stdout] Some errors have detailed explanations: E0308, E0433.
[INFO] [stdout] For more information about an error, try `rustc --explain E0308`.
[INFO] [stdout] Couldn't compile the test.
[INFO] [stdout] ---- src/lib.rs - web_routes (line 99) stdout ----
[INFO] [stdout] error[E0432]: unresolved import `typed_web_routes`
[INFO] [stdout]    --> src/lib.rs:100:5
[INFO] [stdout]     |
[INFO] [stdout] 100 | use typed_web_routes::PathQuery;
[INFO] [stdout]     |     ^^^^^^^^^^^^^^^^ use of unresolved module or unlinked crate `typed_web_routes`
[INFO] [stdout]     |
[INFO] [stdout]     = help: if you wanted to use a crate named `typed_web_routes`, use `cargo add typed_web_routes` to add it to your `Cargo.toml`
[INFO] [stdout] 
[INFO] [stdout] error[E0433]: cannot find module or crate `axum` in this scope
[INFO] [stdout]    --> src/lib.rs:103:15
[INFO] [stdout]     |
[INFO] [stdout] 103 |     let app = axum::routing::Router::new()
[INFO] [stdout]     |               ^^^^ use of unresolved module or unlinked crate `axum`
[INFO] [stdout]     |
[INFO] [stdout]     = help: if you wanted to use a crate named `axum`, use `cargo add axum` to add it to your `Cargo.toml`
[INFO] [stdout] 
[INFO] [stdout] error[E0425]: cannot find value `listener` in this scope
[INFO] [stdout]    --> src/lib.rs:108:17
[INFO] [stdout]     |
[INFO] [stdout] 108 |     axum::serve(listener, app).await;
[INFO] [stdout]     |                 ^^^^^^^^ not found in this scope
[INFO] [stdout] 
[INFO] [stdout] error[E0425]: cannot find type `Routes_Post` in this scope
[INFO] [stdout]    --> src/lib.rs:113:45
[INFO] [stdout]     |
[INFO] [stdout] 113 | async fn post(PathQuery(request): PathQuery<Routes_Post>) {
[INFO] [stdout]     |                                             ^^^^^^^^^^^ not found in this scope
[INFO] [stdout]     |
[INFO] [stdout] help: you might be missing a type parameter
[INFO] [stdout]     |
[INFO] [stdout] 113 | async fn post<Routes_Post>(PathQuery(request): PathQuery<Routes_Post>) {
[INFO] [stdout]     |              +++++++++++++
[INFO] [stdout] 
[INFO] [stdout] error[E0425]: cannot find type `Routes_Search` in this scope
[INFO] [stdout]    --> src/lib.rs:117:47
[INFO] [stdout]     |
[INFO] [stdout] 117 | async fn search(PathQuery(request): PathQuery<Routes_Search>) {
[INFO] [stdout]     |                                               ^^^^^^^^^^^^^ not found in this scope
[INFO] [stdout]     |
[INFO] [stdout] help: you might be missing a type parameter
[INFO] [stdout]     |
[INFO] [stdout] 117 | async fn search<Routes_Search>(PathQuery(request): PathQuery<Routes_Search>) {
[INFO] [stdout]     |                +++++++++++++++
[INFO] [stdout] 
[INFO] [stdout] error[E0433]: cannot find type `Routes` in this scope
[INFO] [stdout]    --> src/lib.rs:104:16
[INFO] [stdout]     |
[INFO] [stdout] 104 |         .route(Routes::HOME.pattern, get(home))
[INFO] [stdout]     |                ^^^^^^ use of undeclared type `Routes`
[INFO] [stdout] 
[INFO] [stdout] error[E0425]: cannot find function `get` in this scope
[INFO] [stdout]    --> src/lib.rs:104:38
[INFO] [stdout]     |
[INFO] [stdout] 104 |         .route(Routes::HOME.pattern, get(home))
[INFO] [stdout]     |                                      ^^^ not found in this scope
[INFO] [stdout] 
[INFO] [stdout] error[E0433]: cannot find type `Routes` in this scope
[INFO] [stdout]    --> src/lib.rs:105:16
[INFO] [stdout]     |
[INFO] [stdout] 105 |         .route(Routes::POST.pattern, get(post))
[INFO] [stdout]     |                ^^^^^^ use of undeclared type `Routes`
[INFO] [stdout] 
[INFO] [stdout] error[E0425]: cannot find function `get` in this scope
[INFO] [stdout]    --> src/lib.rs:105:38
[INFO] [stdout]     |
[INFO] [stdout] 105 |         .route(Routes::POST.pattern, get(post))
[INFO] [stdout]     |                                      ^^^ not found in this scope
[INFO] [stdout] 
[INFO] [stdout] error[E0433]: cannot find type `Routes` in this scope
[INFO] [stdout]    --> src/lib.rs:106:16
[INFO] [stdout]     |
[INFO] [stdout] 106 |         .route(Routes::SEARCH.pattern, get(search));
[INFO] [stdout]     |                ^^^^^^ use of undeclared type `Routes`
[INFO] [stdout] 
[INFO] [stdout] error[E0425]: cannot find function `get` in this scope
[INFO] [stdout]    --> src/lib.rs:106:40
[INFO] [stdout]     |
[INFO] [stdout] 106 |         .route(Routes::SEARCH.pattern, get(search));
[INFO] [stdout]     |                                        ^^^ not found in this scope
[INFO] [stdout] 
[INFO] [stdout] error[E0433]: cannot find module or crate `axum` in this scope
[INFO] [stdout]    --> src/lib.rs:108:5
[INFO] [stdout]     |
[INFO] [stdout] 108 |     axum::serve(listener, app).await;
[INFO] [stdout]     |     ^^^^ use of unresolved module or unlinked crate `axum`
[INFO] [stdout]     |
[INFO] [stdout]     = help: if you wanted to use a crate named `axum`, use `cargo add axum` to add it to your `Cargo.toml`
[INFO] [stdout] 
[INFO] [stdout] error[E0752]: `main` function is not allowed to be `async`
[INFO] [stdout]    --> src/lib.rs:102:1
[INFO] [stdout]     |
[INFO] [stdout] 102 | async fn main() {
[INFO] [stdout]     | ^^^^^^^^^^^^^^^ `main` function is not allowed to be `async`
[INFO] [stdout] 
[INFO] [stdout] error: aborting due to 13 previous errors
[INFO] [stdout] 
[INFO] [stdout] Some errors have detailed explanations: E0425, E0432, E0433, E0752.
[INFO] [stdout] For more information about an error, try `rustc --explain E0425`.
[INFO] [stdout] Couldn't compile the test.
[INFO] [stdout] ---- src/lib.rs - web_routes (line 175) stdout ----
[INFO] [stdout] error: cannot find derive macro `Deserialize` in this scope
[INFO] [stdout]    --> src/lib.rs:243:17
[INFO] [stdout]     |
[INFO] [stdout] 243 | #[derive(Debug, Deserialize)]
[INFO] [stdout]     |                 ^^^^^^^^^^^
[INFO] [stdout] 
[INFO] [stdout] error[E0405]: cannot find trait `WebRoutes` in this scope
[INFO] [stdout]    --> src/lib.rs:176:6
[INFO] [stdout]     |
[INFO] [stdout] 176 | impl WebRoutes for Routes {
[INFO] [stdout]     |      ^^^^^^^^^ not found in this scope
[INFO] [stdout] 
[INFO] [stdout] error[E0425]: cannot find type `Routes` in this scope
[INFO] [stdout]    --> src/lib.rs:176:20
[INFO] [stdout]     |
[INFO] [stdout] 176 | impl WebRoutes for Routes {
[INFO] [stdout]     |                    ^^^^^^ not found in this scope
[INFO] [stdout] 
[INFO] [stdout] error[E0425]: cannot find type `RouteInfo` in this scope
[INFO] [stdout]    --> src/lib.rs:177:29
[INFO] [stdout]     |
[INFO] [stdout] 177 |     const ROUTES: &'static [RouteInfo] = &[Routes_Post::INFO];
[INFO] [stdout]     |                             ^^^^^^^^^ not found in this scope
[INFO] [stdout] 
[INFO] [stdout] error[E0425]: cannot find type `Routes` in this scope
[INFO] [stdout]    --> src/lib.rs:195:6
[INFO] [stdout]     |
[INFO] [stdout] 195 | impl Routes {
[INFO] [stdout]     |      ^^^^^^ not found in this scope
[INFO] [stdout] 
[INFO] [stdout] error[E0425]: cannot find type `RouteInfo` in this scope
[INFO] [stdout]    --> src/lib.rs:196:21
[INFO] [stdout]     |
[INFO] [stdout] 196 |     pub const POST: RouteInfo = Routes_Post::INFO;
[INFO] [stdout]     |                     ^^^^^^^^^ not found in this scope
[INFO] [stdout] 
[INFO] [stdout] error[E0405]: cannot find trait `Display` in this scope
[INFO] [stdout]    --> src/lib.rs:205:6
[INFO] [stdout]     |
[INFO] [stdout] 205 | impl Display for Routes_Post {
[INFO] [stdout]     |      ^^^^^^^ not found in this scope
[INFO] [stdout]     |
[INFO] [stdout] help: consider importing this trait
[INFO] [stdout]     |
[INFO] [stdout] 175 + use std::fmt::Display;
[INFO] [stdout]     |
[INFO] [stdout] 
[INFO] [stdout] error[E0425]: cannot find type `Formatter` in this scope
[INFO] [stdout]    --> src/lib.rs:206:27
[INFO] [stdout]     |
[INFO] [stdout] 206 |     fn fmt(&self, f: &mut Formatter<'_>) -> Result { /* ... */ }
[INFO] [stdout]     |                           ^^^^^^^^^ not found in this scope
[INFO] [stdout]     |
[INFO] [stdout] help: consider importing this struct
[INFO] [stdout]     |
[INFO] [stdout] 175 + use std::fmt::Formatter;
[INFO] [stdout]     |
[INFO] [stdout] 
[INFO] [stdout] error[E0405]: cannot find trait `WebRoute` in this scope
[INFO] [stdout]    --> src/lib.rs:209:6
[INFO] [stdout]     |
[INFO] [stdout] 209 | impl WebRoute for Routes_Post {
[INFO] [stdout]     |      ^^^^^^^^ not found in this scope
[INFO] [stdout] 
[INFO] [stdout] error[E0425]: cannot find type `RouteInfo` in this scope
[INFO] [stdout]    --> src/lib.rs:213:17
[INFO] [stdout]     |
[INFO] [stdout] 213 |     const INFO: RouteInfo = RouteInfo {
[INFO] [stdout]     |                 ^^^^^^^^^ not found in this scope
[INFO] [stdout] 
[INFO] [stdout] error[E0422]: cannot find struct, variant or union type `RouteInfo` in this scope
[INFO] [stdout]    --> src/lib.rs:213:29
[INFO] [stdout]     |
[INFO] [stdout] 213 |     const INFO: RouteInfo = RouteInfo {
[INFO] [stdout]     |                             ^^^^^^^^^ not found in this scope
[INFO] [stdout] 
[INFO] [stdout] warning: type `Routes__Builder` should have an upper camel case name
[INFO] [stdout]    --> src/lib.rs:191:8
[INFO] [stdout]     |
[INFO] [stdout] 191 | struct Routes__Builder {
[INFO] [stdout]     |        ^^^^^^^^^^^^^^^ help: convert the identifier to upper camel case: `RoutesBuilder`
[INFO] [stdout]     |
[INFO] [stdout]     = note: `#[warn(non_camel_case_types)]` (part of `#[warn(nonstandard_style)]`) on by default
[INFO] [stdout] 
[INFO] [stdout] warning: type `Routes_Post` should have an upper camel case name
[INFO] [stdout]    --> src/lib.rs:200:8
[INFO] [stdout]     |
[INFO] [stdout] 200 | struct Routes_Post {
[INFO] [stdout]     |        ^^^^^^^^^^^ help: convert the identifier to upper camel case: `RoutesPost`
[INFO] [stdout] 
[INFO] [stdout] warning: type `Routes_Post__Path` should have an upper camel case name
[INFO] [stdout]    --> src/lib.rs:244:8
[INFO] [stdout]     |
[INFO] [stdout] 244 | struct Routes_Post__Path {
[INFO] [stdout]     |        ^^^^^^^^^^^^^^^^^ help: convert the identifier to upper camel case: `RoutesPostPath`
[INFO] [stdout] 
[INFO] [stdout] error[E0433]: cannot find type `PatternToken` in this scope
[INFO] [stdout]    --> src/lib.rs:217:13
[INFO] [stdout]     |
[INFO] [stdout] 217 |             PatternToken::Fixed("/post/"),
[INFO] [stdout]     |             ^^^^^^^^^^^^ use of undeclared type `PatternToken`
[INFO] [stdout] 
[INFO] [stdout] error[E0433]: cannot find type `PatternToken` in this scope
[INFO] [stdout]    --> src/lib.rs:218:13
[INFO] [stdout]     |
[INFO] [stdout] 218 |             PatternToken::Parameter { name: "post", is_catch_all: false },
[INFO] [stdout]     |             ^^^^^^^^^^^^ use of undeclared type `PatternToken`
[INFO] [stdout] 
[INFO] [stdout] error: aborting due to 13 previous errors; 3 warnings emitted
[INFO] [stdout] 
[INFO] [stdout] Some errors have detailed explanations: E0405, E0422, E0425, E0433.
[INFO] [stdout] For more information about an error, try `rustc --explain E0405`.
[INFO] [stdout] Couldn't compile the test.
[INFO] [stdout] 
[INFO] [stdout] failures:
[INFO] [stdout]     src/lib.rs - web_routes (line 143)
[INFO] [stdout]     src/lib.rs - web_routes (line 165)
[INFO] [stdout]     src/lib.rs - web_routes (line 175)
[INFO] [stdout]     src/lib.rs - web_routes (line 24)
[INFO] [stdout]     src/lib.rs - web_routes (line 40)
[INFO] [stdout]     src/lib.rs - web_routes (line 53)
[INFO] [stdout]     src/lib.rs - web_routes (line 77)
[INFO] [stdout]     src/lib.rs - web_routes (line 99)
[INFO] [stdout] 
[INFO] [stdout] test result: FAILED. 0 passed; 8 failed; 0 ignored; 0 measured; 0 filtered out; finished in 0.33s
[INFO] [stdout] 
[INFO] [stdout] all doctests ran in 0.62s; merged doctests compilation took 0.28s
[INFO] [stderr] error: doctest failed, to rerun pass `--doc`
[INFO] running `Command { std: "docker" "inspect" "a5a56576ce9ed28c33877c81af7e471965dc3e1a01f81dd8222fd258fa53df5b", kill_on_drop: false }`
[INFO] running `Command { std: "docker" "rm" "-f" "a5a56576ce9ed28c33877c81af7e471965dc3e1a01f81dd8222fd258fa53df5b", kill_on_drop: false }`
[INFO] [stdout] a5a56576ce9ed28c33877c81af7e471965dc3e1a01f81dd8222fd258fa53df5b
