[INFO] fetching crate typed_web_routes 0.1.0...
[INFO] testing typed_web_routes-0.1.0 against 1.99.0-beta.8+cargoflags=--release for beta-release-1.100-2
[INFO] extracting crate typed_web_routes 0.1.0 into /workspace/builds/worker-3-tc1/source
[INFO] started tweaking crates.io crate typed_web_routes 0.1.0
[INFO] finished tweaking crates.io crate typed_web_routes 0.1.0
[INFO] tweaked toml for crates.io crate typed_web_routes 0.1.0 written to /workspace/builds/worker-3-tc1/source/Cargo.toml
[INFO] validating manifest of crates.io crate typed_web_routes 0.1.0 on toolchain 1.99.0-beta.8
[INFO] running `Command { std: CARGO_HOME="/workspace/cargo-home" RUSTUP_HOME="/workspace/rustup-home" "/workspace/cargo-home/bin/cargo" "+1.99.0-beta.8" "metadata" "--manifest-path" "Cargo.toml" "--no-deps", kill_on_drop: false }`
[INFO] crate crates.io crate typed_web_routes 0.1.0 already has a lockfile, it will not be regenerated
[INFO] running `Command { std: CARGO_HOME="/workspace/cargo-home" RUSTUP_HOME="/workspace/rustup-home" "/workspace/cargo-home/bin/cargo" "+1.99.0-beta.8" "fetch" "--manifest-path" "Cargo.toml", kill_on_drop: false }`
[INFO] [stderr]     Updating crates.io index
[INFO] [stderr]  Downloading crates ...
[INFO] [stderr]   Downloaded typed_web_routes_macro v0.1.0
[INFO] running `Command { std: "docker" "create" "-v" "/var/lib/crater-agent-workspace/builds/worker-3-tc1/source:/opt/rustwide/workdir:ro,Z" "-v" "/var/lib/crater-agent-workspace/builds/worker-3-tc1/target:/opt/rustwide/target:rw,Z" "-v" "/var/lib/crater-agent-workspace/cargo-home:/opt/rustwide/cargo-home:ro,Z" "-v" "/var/lib/crater-agent-workspace/rustup-home:/opt/rustwide/rustup-home:ro,Z" "-m" "1610612736" "--network" "none" "ghcr.io/rust-lang/crates-build-env/linux@sha256:77db811e55d90add9212f6832c23229e3de5f1c1f9905e8cb07319ea15df73ac" "sleep" "infinity", kill_on_drop: false }`
[INFO] [stdout] 792b0652a25cd0f6d076b2f633c6a2548e5ffa878bcf67607eb724d48759c2a3
[INFO] running `Command { std: "docker" "start" "792b0652a25cd0f6d076b2f633c6a2548e5ffa878bcf67607eb724d48759c2a3", kill_on_drop: false }`
[INFO] running `Command { std: "docker" "inspect" "792b0652a25cd0f6d076b2f633c6a2548e5ffa878bcf67607eb724d48759c2a3", kill_on_drop: false }`
[INFO] running `Command { std: "docker" "exec" "-e" "SOURCE_DIR=/opt/rustwide/workdir" "-e" "CARGO_HOME=/opt/rustwide/cargo-home" "-e" "RUSTUP_HOME=/opt/rustwide/rustup-home" "-e" "CARGO_TARGET_DIR=/opt/rustwide/target" "-w" "/opt/rustwide/workdir" "--user" "0:0" "792b0652a25cd0f6d076b2f633c6a2548e5ffa878bcf67607eb724d48759c2a3" "/opt/rustwide/cargo-home/bin/cargo" "+1.99.0-beta.8" "metadata" "--no-deps" "--format-version=1", kill_on_drop: false }`
[INFO] running `Command { std: "docker" "inspect" "792b0652a25cd0f6d076b2f633c6a2548e5ffa878bcf67607eb724d48759c2a3", kill_on_drop: false }`
[INFO] running `Command { std: "docker" "exec" "-e" "SOURCE_DIR=/opt/rustwide/workdir" "-e" "CARGO_HOME=/opt/rustwide/cargo-home" "-e" "RUSTUP_HOME=/opt/rustwide/rustup-home" "-e" "CARGO_TARGET_DIR=/opt/rustwide/target" "-e" "CARGO_INCREMENTAL=0" "-e" "RUST_BACKTRACE=full" "-e" "RUSTFLAGS=--cap-lints=warn" "-e" "RUSTDOCFLAGS=--cap-lints=warn" "-w" "/opt/rustwide/workdir" "--user" "0:0" "792b0652a25cd0f6d076b2f633c6a2548e5ffa878bcf67607eb724d48759c2a3" "/opt/rustwide/cargo-home/bin/cargo" "+1.99.0-beta.8" "build" "--frozen" "--message-format=json" "--release", kill_on_drop: false }`
[INFO] [stderr]    Compiling syn v3.0.5
[INFO] [stderr]    Compiling serde_core v1.0.229
[INFO] [stderr]    Compiling serde v1.0.229
[INFO] [stderr]    Compiling serde_derive v1.0.229
[INFO] [stderr]    Compiling typed_web_routes_macro v0.1.0
[INFO] [stderr]    Compiling typed_web_routes v0.1.0 (/opt/rustwide/workdir)
[INFO] [stderr]     Finished `release` profile [optimized] target(s) in 6.36s
[INFO] running `Command { std: "docker" "inspect" "792b0652a25cd0f6d076b2f633c6a2548e5ffa878bcf67607eb724d48759c2a3", kill_on_drop: false }`
[INFO] running `Command { std: "docker" "exec" "-e" "SOURCE_DIR=/opt/rustwide/workdir" "-e" "CARGO_HOME=/opt/rustwide/cargo-home" "-e" "RUSTUP_HOME=/opt/rustwide/rustup-home" "-e" "CARGO_TARGET_DIR=/opt/rustwide/target" "-e" "CARGO_INCREMENTAL=0" "-e" "RUST_BACKTRACE=full" "-e" "RUSTFLAGS=--cap-lints=warn" "-e" "RUSTDOCFLAGS=--cap-lints=warn" "-w" "/opt/rustwide/workdir" "--user" "0:0" "792b0652a25cd0f6d076b2f633c6a2548e5ffa878bcf67607eb724d48759c2a3" "/opt/rustwide/cargo-home/bin/cargo" "+1.99.0-beta.8" "test" "--frozen" "--no-run" "--message-format=json" "--release", kill_on_drop: false }`
[INFO] [stderr]    Compiling typed_web_routes v0.1.0 (/opt/rustwide/workdir)
[INFO] [stderr]     Finished `release` profile [optimized] target(s) in 0.58s
[INFO] running `Command { std: "docker" "inspect" "792b0652a25cd0f6d076b2f633c6a2548e5ffa878bcf67607eb724d48759c2a3", kill_on_drop: false }`
[INFO] running `Command { std: "docker" "exec" "-e" "SOURCE_DIR=/opt/rustwide/workdir" "-e" "CARGO_HOME=/opt/rustwide/cargo-home" "-e" "RUSTUP_HOME=/opt/rustwide/rustup-home" "-e" "CARGO_TARGET_DIR=/opt/rustwide/target" "-e" "CARGO_INCREMENTAL=0" "-e" "RUST_BACKTRACE=full" "-e" "RUSTFLAGS=--cap-lints=warn" "-e" "RUSTDOCFLAGS=--cap-lints=warn" "-w" "/opt/rustwide/workdir" "--user" "0:0" "792b0652a25cd0f6d076b2f633c6a2548e5ffa878bcf67607eb724d48759c2a3" "/opt/rustwide/cargo-home/bin/cargo" "+1.99.0-beta.8" "test" "--frozen" "--release", kill_on_drop: false }`
[INFO] [stderr]     Finished `release` profile [optimized] target(s) in 0.04s
[INFO] [stderr]      Running unittests src/lib.rs (/opt/rustwide/target/release/deps/typed_web_routes-5c1130e0fc29c182)
[INFO] [stdout] 
[INFO] [stdout] running 4 tests
[INFO] [stdout] test url_writer::tests::test_url_prefix ... ok
[INFO] [stdout] test url_writer::tests::test_display ... ok
[INFO] [stdout] test tests::derive ... ok
[INFO] [stdout] test url_writer::tests::test_str ... ok
[INFO] [stdout] 
[INFO] [stdout] test result: ok. 4 passed; 0 failed; 0 ignored; 0 measured; 0 filtered out; finished in 0.01s
[INFO] [stdout] 
[INFO] [stderr]    Doc-tests typed_web_routes
[INFO] [stdout] 
[INFO] [stdout] running 8 tests
[INFO] [stdout] test src/../README.md - (line 64) ... FAILED
[INFO] [stdout] test src/../README.md - (line 27) ... FAILED
[INFO] [stdout] test src/../README.md - (line 40) ... FAILED
[INFO] [stdout] test src/../README.md - (line 86) ... FAILED
[INFO] [stdout] test src/../README.md - (line 152) ... FAILED
[INFO] [stdout] test src/../README.md - (line 130) ... FAILED
[INFO] [stdout] test src/../README.md - (line 11) ... ok
[INFO] [stdout] test src/../README.md - (line 162) ... FAILED
[INFO] [stdout] 
[INFO] [stdout] failures:
[INFO] [stdout] 
[INFO] [stdout] ---- src/../README.md - (line 64) stdout ----
[INFO] [stdout] error[E0433]: cannot find type `Routes` in this scope
[INFO] [stdout]   --> src/../README.md:66:17
[INFO] [stdout]    |
[INFO] [stdout] 66 |     let route = Routes::info_by_name("Search").unwrap();
[INFO] [stdout]    |                 ^^^^^^ use of undeclared type `Routes`
[INFO] [stdout] 
[INFO] [stdout] error[E0308]: mismatched types
[INFO] [stdout]   --> src/../README.md:70:38
[INFO] [stdout]    |
[INFO] [stdout] 70 |         &[("term", &"abc"), ("page", &2)]
[INFO] [stdout]    |                                      ^^ expected `&&str`, found `&{integer}`
[INFO] [stdout]    |
[INFO] [stdout]    = note: expected reference `&&str`
[INFO] [stdout]               found reference `&{integer}`
[INFO] [stdout] 
[INFO] [stdout] error: aborting due to 2 previous errors
[INFO] [stdout] 
[INFO] [stdout] Some errors have detailed explanations: E0308, E0433.
[INFO] [stdout] For more information about an error, try `rustc --explain E0308`.
[INFO] [stdout] Couldn't compile the test.
[INFO] [stdout] ---- src/../README.md - (line 27) stdout ----
[INFO] [stdout] error[E0433]: cannot find type `Routes` in this scope
[INFO] [stdout]   --> src/../README.md:29:19
[INFO] [stdout]    |
[INFO] [stdout] 29 |     let builder = Routes::builder();
[INFO] [stdout]    |                   ^^^^^^ use of undeclared type `Routes`
[INFO] [stdout] 
[INFO] [stdout] error: aborting due to 1 previous error
[INFO] [stdout] 
[INFO] [stdout] For more information about this error, try `rustc --explain E0433`.
[INFO] [stdout] Couldn't compile the test.
[INFO] [stdout] ---- src/../README.md - (line 40) stdout ----
[INFO] [stdout] error[E0433]: cannot find type `Routes` in this scope
[INFO] [stdout]   --> src/../README.md:42:19
[INFO] [stdout]    |
[INFO] [stdout] 42 |     let builder = Routes::builder_with_url_prefix("http://localhost:8080");
[INFO] [stdout]    |                   ^^^^^^ use of undeclared type `Routes`
[INFO] [stdout] 
[INFO] [stdout] error: aborting due to 1 previous error
[INFO] [stdout] 
[INFO] [stdout] For more information about this error, try `rustc --explain E0433`.
[INFO] [stdout] Couldn't compile the test.
[INFO] [stdout] ---- src/../README.md - (line 86) stdout ----
[INFO] [stdout] error[E0432]: unresolved import `typed_web_routes::PathQuery`
[INFO] [stdout]   --> src/../README.md:88:5
[INFO] [stdout]    |
[INFO] [stdout] 88 | use typed_web_routes::PathQuery;
[INFO] [stdout]    |     ^^^^^^^^^^^^^^^^^^---------
[INFO] [stdout]    |                       |
[INFO] [stdout]    |                       no `PathQuery` in the root
[INFO] [stdout] 
[INFO] [stdout] error[E0433]: cannot find module or crate `axum` in this scope
[INFO] [stdout]   --> src/../README.md:91:15
[INFO] [stdout]    |
[INFO] [stdout] 91 |     let app = axum::routing::Router::new()
[INFO] [stdout]    |               ^^^^ use of unresolved module or unlinked crate `axum`
[INFO] [stdout]    |
[INFO] [stdout]    = help: if you wanted to use a crate named `axum`, use `cargo add axum` to add it to your `Cargo.toml`
[INFO] [stdout] 
[INFO] [stdout] error[E0425]: cannot find value `listener` in this scope
[INFO] [stdout]   --> src/../README.md:96:17
[INFO] [stdout]    |
[INFO] [stdout] 96 |     axum::serve(listener, app).await;
[INFO] [stdout]    |                 ^^^^^^^^ not found in this scope
[INFO] [stdout] 
[INFO] [stdout] error[E0425]: cannot find type `Routes_Post` in this scope
[INFO] [stdout]    --> src/../README.md:101:45
[INFO] [stdout]     |
[INFO] [stdout] 101 | async fn post(PathQuery(request): PathQuery<Routes_Post>) {
[INFO] [stdout]     |                                             ^^^^^^^^^^^ not found in this scope
[INFO] [stdout]     |
[INFO] [stdout] help: you might be missing a type parameter
[INFO] [stdout]     |
[INFO] [stdout] 101 | async fn post<Routes_Post>(PathQuery(request): PathQuery<Routes_Post>) {
[INFO] [stdout]     |              +++++++++++++
[INFO] [stdout] 
[INFO] [stdout] error[E0425]: cannot find type `Routes_Search` in this scope
[INFO] [stdout]    --> src/../README.md:105:47
[INFO] [stdout]     |
[INFO] [stdout] 105 | async fn search(PathQuery(request): PathQuery<Routes_Search>) {
[INFO] [stdout]     |                                               ^^^^^^^^^^^^^ not found in this scope
[INFO] [stdout]     |
[INFO] [stdout] help: you might be missing a type parameter
[INFO] [stdout]     |
[INFO] [stdout] 105 | async fn search<Routes_Search>(PathQuery(request): PathQuery<Routes_Search>) {
[INFO] [stdout]     |                +++++++++++++++
[INFO] [stdout] 
[INFO] [stdout] error[E0433]: cannot find type `Routes` in this scope
[INFO] [stdout]   --> src/../README.md:92:16
[INFO] [stdout]    |
[INFO] [stdout] 92 |         .route(Routes::HOME.pattern, get(home))
[INFO] [stdout]    |                ^^^^^^ use of undeclared type `Routes`
[INFO] [stdout] 
[INFO] [stdout] error[E0425]: cannot find function `get` in this scope
[INFO] [stdout]   --> src/../README.md:92:38
[INFO] [stdout]    |
[INFO] [stdout] 92 |         .route(Routes::HOME.pattern, get(home))
[INFO] [stdout]    |                                      ^^^ not found in this scope
[INFO] [stderr] error: doctest failed, to rerun pass `--doc`
[INFO] [stdout] 
[INFO] [stdout] error[E0433]: cannot find type `Routes` in this scope
[INFO] [stdout]   --> src/../README.md:93:16
[INFO] [stdout]    |
[INFO] [stdout] 93 |         .route(Routes::POST.pattern, get(post))
[INFO] [stdout]    |                ^^^^^^ use of undeclared type `Routes`
[INFO] [stdout] 
[INFO] [stdout] error[E0425]: cannot find function `get` in this scope
[INFO] [stdout]   --> src/../README.md:93:38
[INFO] [stdout]    |
[INFO] [stdout] 93 |         .route(Routes::POST.pattern, get(post))
[INFO] [stdout]    |                                      ^^^ not found in this scope
[INFO] [stdout] 
[INFO] [stdout] error[E0433]: cannot find type `Routes` in this scope
[INFO] [stdout]   --> src/../README.md:94:16
[INFO] [stdout]    |
[INFO] [stdout] 94 |         .route(Routes::SEARCH.pattern, get(search));
[INFO] [stdout]    |                ^^^^^^ use of undeclared type `Routes`
[INFO] [stdout] 
[INFO] [stdout] error[E0425]: cannot find function `get` in this scope
[INFO] [stdout]   --> src/../README.md:94:40
[INFO] [stdout]    |
[INFO] [stdout] 94 |         .route(Routes::SEARCH.pattern, get(search));
[INFO] [stdout]    |                                        ^^^ not found in this scope
[INFO] [stdout] 
[INFO] [stdout] error[E0433]: cannot find module or crate `axum` in this scope
[INFO] [stdout]   --> src/../README.md:96:5
[INFO] [stdout]    |
[INFO] [stdout] 96 |     axum::serve(listener, app).await;
[INFO] [stdout]    |     ^^^^ use of unresolved module or unlinked crate `axum`
[INFO] [stdout]    |
[INFO] [stdout]    = help: if you wanted to use a crate named `axum`, use `cargo add axum` to add it to your `Cargo.toml`
[INFO] [stdout] 
[INFO] [stdout] error[E0752]: `main` function is not allowed to be `async`
[INFO] [stdout]   --> src/../README.md:90:1
[INFO] [stdout]    |
[INFO] [stdout] 90 | async fn main() {
[INFO] [stdout]    | ^^^^^^^^^^^^^^^ `main` function is not allowed to be `async`
[INFO] [stdout] 
[INFO] [stdout] error: aborting due to 13 previous errors
[INFO] [stdout] 
[INFO] [stdout] Some errors have detailed explanations: E0425, E0432, E0433, E0752.
[INFO] [stdout] For more information about an error, try `rustc --explain E0425`.
[INFO] [stdout] Couldn't compile the test.
[INFO] [stdout] ---- src/../README.md - (line 152) stdout ----
[INFO] [stdout] error: cannot find derive macro `WebRoutes` in this scope
[INFO] [stdout]    --> src/../README.md:153:10
[INFO] [stdout]     |
[INFO] [stdout] 153 | #[derive(WebRoutes)]
[INFO] [stdout]     |          ^^^^^^^^^
[INFO] [stdout] 
[INFO] [stdout] error: cannot find attribute `route` in this scope
[INFO] [stdout]    --> src/../README.md:155:7
[INFO] [stdout]     |
[INFO] [stdout] 155 |     #[route(pattern = "/post/{post}")]
[INFO] [stdout]     |       ^^^^^
[INFO] [stdout] 
[INFO] [stdout] error: aborting due to 2 previous errors
[INFO] [stdout] 
[INFO] [stdout] Couldn't compile the test.
[INFO] [stdout] ---- src/../README.md - (line 130) stdout ----
[INFO] [stdout] error: cannot find derive macro `WebRoutes` in this scope
[INFO] [stdout]    --> src/../README.md:132:10
[INFO] [stdout]     |
[INFO] [stdout] 132 | #[derive(WebRoutes)]
[INFO] [stdout]     |          ^^^^^^^^^
[INFO] [stdout] 
[INFO] [stdout] error: cannot find attribute `route` in this scope
[INFO] [stdout]    --> src/../README.md:133:3
[INFO] [stdout]     |
[INFO] [stdout] 133 | #[route(typed_web_routes = some_other_name)] // <-- enum
[INFO] [stdout]     |   ^^^^^
[INFO] [stdout]     |
[INFO] [stdout]     = note: `route` is an attribute that can be used by the derive macro `WebRoutes`, you might be missing a `derive` attribute
[INFO] [stdout] 
[INFO] [stdout] error: cannot find attribute `route` in this scope
[INFO] [stdout]    --> src/../README.md:135:7
[INFO] [stdout]     |
[INFO] [stdout] 135 |     #[route(rename = "show-post", pattern = "/post/{post}")] // <-- variant
[INFO] [stdout]     |       ^^^^^
[INFO] [stdout]     |
[INFO] [stdout] help: `route` is an attribute that can be used by the derive macro `WebRoutes`, you might be missing a `derive` attribute
[INFO] [stdout]     |
[INFO] [stdout] 134 + #[derive(WebRoutes)]
[INFO] [stdout] 135 | enum Routes {
[INFO] [stdout]     |
[INFO] [stdout] 
[INFO] [stdout] error: cannot find attribute `route` in this scope
[INFO] [stdout]    --> src/../README.md:137:11
[INFO] [stdout]     |
[INFO] [stdout] 137 |         #[route(rename = "post")] // <-- field
[INFO] [stdout]     |           ^^^^^
[INFO] [stdout]     |
[INFO] [stdout] help: `route` is an attribute that can be used by the derive macro `WebRoutes`, you might be missing a `derive` attribute
[INFO] [stdout]     |
[INFO] [stdout] 134 + #[derive(WebRoutes)]
[INFO] [stdout] 135 | enum Routes {
[INFO] [stdout]     |
[INFO] [stdout] 
[INFO] [stdout] error: aborting due to 4 previous errors
[INFO] [stdout] 
[INFO] [stdout] Couldn't compile the test.
[INFO] [stdout] ---- src/../README.md - (line 162) stdout ----
[INFO] [stdout] error: cannot find derive macro `Deserialize` in this scope
[INFO] [stdout]    --> src/../README.md:230:17
[INFO] [stdout]     |
[INFO] [stdout] 230 | #[derive(Debug, Deserialize)]
[INFO] [stdout]     |                 ^^^^^^^^^^^
[INFO] [stdout] 
[INFO] [stdout] error[E0405]: cannot find trait `WebRoutes` in this scope
[INFO] [stdout]    --> src/../README.md:163:6
[INFO] [stdout]     |
[INFO] [stdout] 163 | impl WebRoutes for Routes {
[INFO] [stdout]     |      ^^^^^^^^^ not found in this scope
[INFO] [stdout] 
[INFO] [stdout] error[E0425]: cannot find type `Routes` in this scope
[INFO] [stdout]    --> src/../README.md:163:20
[INFO] [stdout]     |
[INFO] [stdout] 163 | impl WebRoutes for Routes {
[INFO] [stdout]     |                    ^^^^^^ not found in this scope
[INFO] [stdout] 
[INFO] [stdout] error[E0425]: cannot find type `RouteInfo` in this scope
[INFO] [stdout]    --> src/../README.md:164:29
[INFO] [stdout]     |
[INFO] [stdout] 164 |     const ROUTES: &'static [RouteInfo] = &[Routes_Post::INFO];
[INFO] [stdout]     |                             ^^^^^^^^^ not found in this scope
[INFO] [stdout] 
[INFO] [stdout] error[E0425]: cannot find type `Routes` in this scope
[INFO] [stdout]    --> src/../README.md:182:6
[INFO] [stdout]     |
[INFO] [stdout] 182 | impl Routes {
[INFO] [stdout]     |      ^^^^^^ not found in this scope
[INFO] [stdout] 
[INFO] [stdout] error[E0425]: cannot find type `RouteInfo` in this scope
[INFO] [stdout]    --> src/../README.md:183:21
[INFO] [stdout]     |
[INFO] [stdout] 183 |     pub const POST: RouteInfo = Routes_Post::INFO;
[INFO] [stdout]     |                     ^^^^^^^^^ not found in this scope
[INFO] [stdout] 
[INFO] [stdout] error[E0405]: cannot find trait `Display` in this scope
[INFO] [stdout]    --> src/../README.md:192:6
[INFO] [stdout]     |
[INFO] [stdout] 192 | impl Display for Routes_Post {
[INFO] [stdout]     |      ^^^^^^^ not found in this scope
[INFO] [stdout]     |
[INFO] [stdout] help: consider importing this trait
[INFO] [stdout]     |
[INFO] [stdout] 162 + use std::fmt::Display;
[INFO] [stdout]     |
[INFO] [stdout] 
[INFO] [stdout] error[E0425]: cannot find type `Formatter` in this scope
[INFO] [stdout]    --> src/../README.md:193:27
[INFO] [stdout]     |
[INFO] [stdout] 193 |     fn fmt(&self, f: &mut Formatter<'_>) -> Result { /* ... */ }
[INFO] [stdout]     |                           ^^^^^^^^^ not found in this scope
[INFO] [stdout]     |
[INFO] [stdout] help: consider importing this struct
[INFO] [stdout]     |
[INFO] [stdout] 162 + use std::fmt::Formatter;
[INFO] [stdout]     |
[INFO] [stdout] 
[INFO] [stdout] error[E0405]: cannot find trait `WebRoute` in this scope
[INFO] [stdout]    --> src/../README.md:196:6
[INFO] [stdout]     |
[INFO] [stdout] 196 | impl WebRoute for Routes_Post {
[INFO] [stdout]     |      ^^^^^^^^ not found in this scope
[INFO] [stdout] 
[INFO] [stdout] error[E0425]: cannot find type `RouteInfo` in this scope
[INFO] [stdout]    --> src/../README.md:200:17
[INFO] [stdout]     |
[INFO] [stdout] 200 |     const INFO: RouteInfo = RouteInfo {
[INFO] [stdout]     |                 ^^^^^^^^^ not found in this scope
[INFO] [stdout] 
[INFO] [stdout] error[E0422]: cannot find struct, variant or union type `RouteInfo` in this scope
[INFO] [stdout]    --> src/../README.md:200:29
[INFO] [stdout]     |
[INFO] [stdout] 200 |     const INFO: RouteInfo = RouteInfo {
[INFO] [stdout]     |                             ^^^^^^^^^ not found in this scope
[INFO] [stdout] 
[INFO] [stdout] warning: type `Routes__Builder` should have an upper camel case name
[INFO] [stdout]    --> src/../README.md:178:8
[INFO] [stdout]     |
[INFO] [stdout] 178 | struct Routes__Builder {
[INFO] [stdout]     |        ^^^^^^^^^^^^^^^ help: convert the identifier to upper camel case: `RoutesBuilder`
[INFO] [stdout]     |
[INFO] [stdout]     = note: `#[warn(non_camel_case_types)]` (part of `#[warn(nonstandard_style)]`) on by default
[INFO] [stdout] 
[INFO] [stdout] warning: type `Routes_Post` should have an upper camel case name
[INFO] [stdout]    --> src/../README.md:187:8
[INFO] [stdout]     |
[INFO] [stdout] 187 | struct Routes_Post {
[INFO] [stdout]     |        ^^^^^^^^^^^ help: convert the identifier to upper camel case: `RoutesPost`
[INFO] [stdout] 
[INFO] [stdout] warning: type `Routes_Post__Path` should have an upper camel case name
[INFO] [stdout]    --> src/../README.md:231:8
[INFO] [stdout]     |
[INFO] [stdout] 231 | struct Routes_Post__Path {
[INFO] [stdout]     |        ^^^^^^^^^^^^^^^^^ help: convert the identifier to upper camel case: `RoutesPostPath`
[INFO] [stdout] 
[INFO] [stdout] error[E0433]: cannot find type `PatternToken` in this scope
[INFO] [stdout]    --> src/../README.md:204:13
[INFO] [stdout]     |
[INFO] [stdout] 204 |             PatternToken::Fixed("/post/"),
[INFO] [stdout]     |             ^^^^^^^^^^^^ use of undeclared type `PatternToken`
[INFO] [stdout] 
[INFO] [stdout] error[E0433]: cannot find type `PatternToken` in this scope
[INFO] [stdout]    --> src/../README.md:205:13
[INFO] [stdout]     |
[INFO] [stdout] 205 |             PatternToken::Parameter { name: "post", is_catch_all: false },
[INFO] [stdout]     |             ^^^^^^^^^^^^ use of undeclared type `PatternToken`
[INFO] [stdout] 
[INFO] [stdout] error: aborting due to 13 previous errors; 3 warnings emitted
[INFO] [stdout] 
[INFO] [stdout] Some errors have detailed explanations: E0405, E0422, E0425, E0433.
[INFO] [stdout] For more information about an error, try `rustc --explain E0405`.
[INFO] [stdout] Couldn't compile the test.
[INFO] [stdout] 
[INFO] [stdout] failures:
[INFO] [stdout]     src/../README.md - (line 130)
[INFO] [stdout]     src/../README.md - (line 152)
[INFO] [stdout]     src/../README.md - (line 162)
[INFO] [stdout]     src/../README.md - (line 27)
[INFO] [stdout]     src/../README.md - (line 40)
[INFO] [stdout]     src/../README.md - (line 64)
[INFO] [stdout]     src/../README.md - (line 86)
[INFO] [stdout] 
[INFO] [stdout] test result: FAILED. 1 passed; 7 failed; 0 ignored; 0 measured; 0 filtered out; finished in 0.36s
[INFO] [stdout] 
[INFO] [stdout] all doctests ran in 0.60s; merged doctests compilation took 0.24s
[INFO] running `Command { std: "docker" "inspect" "792b0652a25cd0f6d076b2f633c6a2548e5ffa878bcf67607eb724d48759c2a3", kill_on_drop: false }`
[INFO] running `Command { std: "docker" "rm" "-f" "792b0652a25cd0f6d076b2f633c6a2548e5ffa878bcf67607eb724d48759c2a3", kill_on_drop: false }`
[INFO] [stdout] 792b0652a25cd0f6d076b2f633c6a2548e5ffa878bcf67607eb724d48759c2a3
