[INFO] fetching crate typed_future 1.0.0...
[INFO] testing typed_future-1.0.0 against 1.100.0-beta.1+cargoflags=--release for beta-release-1.100-2
[INFO] extracting crate typed_future 1.0.0 into /workspace/builds/worker-4-tc2/source
[INFO] started tweaking crates.io crate typed_future 1.0.0
[INFO] finished tweaking crates.io crate typed_future 1.0.0
[INFO] tweaked toml for crates.io crate typed_future 1.0.0 written to /workspace/builds/worker-4-tc2/source/Cargo.toml
[INFO] validating manifest of crates.io crate typed_future 1.0.0 on toolchain 1.100.0-beta.1
[INFO] running `Command { std: CARGO_HOME="/workspace/cargo-home" RUSTUP_HOME="/workspace/rustup-home" "/workspace/cargo-home/bin/cargo" "+1.100.0-beta.1" "metadata" "--manifest-path" "Cargo.toml" "--no-deps", kill_on_drop: false }`
[INFO] crate crates.io crate typed_future 1.0.0 already has a lockfile, it will not be regenerated
[INFO] running `Command { std: CARGO_HOME="/workspace/cargo-home" RUSTUP_HOME="/workspace/rustup-home" "/workspace/cargo-home/bin/cargo" "+1.100.0-beta.1" "fetch" "--manifest-path" "Cargo.toml", kill_on_drop: false }`
[INFO] running `Command { std: "docker" "create" "-v" "/var/lib/crater-agent-workspace/builds/worker-4-tc2/source:/opt/rustwide/workdir:ro,Z" "-v" "/var/lib/crater-agent-workspace/builds/worker-4-tc2/target:/opt/rustwide/target:rw,Z" "-v" "/var/lib/crater-agent-workspace/cargo-home:/opt/rustwide/cargo-home:ro,Z" "-v" "/var/lib/crater-agent-workspace/rustup-home:/opt/rustwide/rustup-home:ro,Z" "-m" "1610612736" "--network" "none" "ghcr.io/rust-lang/crates-build-env/linux@sha256:77db811e55d90add9212f6832c23229e3de5f1c1f9905e8cb07319ea15df73ac" "sleep" "infinity", kill_on_drop: false }`
[INFO] [stdout] bd24a30cc2eda4c42a02c8dbbbc3b7f65e27300fac332b8df2ce39d97a0932cd
[INFO] running `Command { std: "docker" "start" "bd24a30cc2eda4c42a02c8dbbbc3b7f65e27300fac332b8df2ce39d97a0932cd", kill_on_drop: false }`
[INFO] running `Command { std: "docker" "inspect" "bd24a30cc2eda4c42a02c8dbbbc3b7f65e27300fac332b8df2ce39d97a0932cd", kill_on_drop: false }`
[INFO] running `Command { std: "docker" "exec" "-e" "SOURCE_DIR=/opt/rustwide/workdir" "-e" "CARGO_HOME=/opt/rustwide/cargo-home" "-e" "RUSTUP_HOME=/opt/rustwide/rustup-home" "-e" "CARGO_TARGET_DIR=/opt/rustwide/target" "-w" "/opt/rustwide/workdir" "--user" "0:0" "bd24a30cc2eda4c42a02c8dbbbc3b7f65e27300fac332b8df2ce39d97a0932cd" "/opt/rustwide/cargo-home/bin/cargo" "+1.100.0-beta.1" "metadata" "--no-deps" "--format-version=1", kill_on_drop: false }`
[INFO] running `Command { std: "docker" "inspect" "bd24a30cc2eda4c42a02c8dbbbc3b7f65e27300fac332b8df2ce39d97a0932cd", kill_on_drop: false }`
[INFO] running `Command { std: "docker" "exec" "-e" "SOURCE_DIR=/opt/rustwide/workdir" "-e" "CARGO_HOME=/opt/rustwide/cargo-home" "-e" "RUSTUP_HOME=/opt/rustwide/rustup-home" "-e" "CARGO_TARGET_DIR=/opt/rustwide/target" "-e" "CARGO_INCREMENTAL=0" "-e" "RUST_BACKTRACE=full" "-e" "RUSTFLAGS=--cap-lints=warn" "-e" "RUSTDOCFLAGS=--cap-lints=warn" "-w" "/opt/rustwide/workdir" "--user" "0:0" "bd24a30cc2eda4c42a02c8dbbbc3b7f65e27300fac332b8df2ce39d97a0932cd" "/opt/rustwide/cargo-home/bin/cargo" "+1.100.0-beta.1" "build" "--frozen" "--message-format=json" "--release", kill_on_drop: false }`
[INFO] [stderr]    Compiling syn v2.0.117
[INFO] [stderr]    Compiling typed_future v1.0.0 (/opt/rustwide/workdir)
[INFO] [stderr]     Finished `release` profile [optimized] target(s) in 9.28s
[INFO] running `Command { std: "docker" "inspect" "bd24a30cc2eda4c42a02c8dbbbc3b7f65e27300fac332b8df2ce39d97a0932cd", kill_on_drop: false }`
[INFO] running `Command { std: "docker" "exec" "-e" "SOURCE_DIR=/opt/rustwide/workdir" "-e" "CARGO_HOME=/opt/rustwide/cargo-home" "-e" "RUSTUP_HOME=/opt/rustwide/rustup-home" "-e" "CARGO_TARGET_DIR=/opt/rustwide/target" "-e" "CARGO_INCREMENTAL=0" "-e" "RUST_BACKTRACE=full" "-e" "RUSTFLAGS=--cap-lints=warn" "-e" "RUSTDOCFLAGS=--cap-lints=warn" "-w" "/opt/rustwide/workdir" "--user" "0:0" "bd24a30cc2eda4c42a02c8dbbbc3b7f65e27300fac332b8df2ce39d97a0932cd" "/opt/rustwide/cargo-home/bin/cargo" "+1.100.0-beta.1" "test" "--frozen" "--no-run" "--message-format=json" "--release", kill_on_drop: false }`
[INFO] [stderr]    Compiling typed_future v1.0.0 (/opt/rustwide/workdir)
[INFO] [stderr]     Finished `release` profile [optimized] target(s) in 5.69s
[INFO] running `Command { std: "docker" "inspect" "bd24a30cc2eda4c42a02c8dbbbc3b7f65e27300fac332b8df2ce39d97a0932cd", kill_on_drop: false }`
[INFO] running `Command { std: "docker" "exec" "-e" "SOURCE_DIR=/opt/rustwide/workdir" "-e" "CARGO_HOME=/opt/rustwide/cargo-home" "-e" "RUSTUP_HOME=/opt/rustwide/rustup-home" "-e" "CARGO_TARGET_DIR=/opt/rustwide/target" "-e" "CARGO_INCREMENTAL=0" "-e" "RUST_BACKTRACE=full" "-e" "RUSTFLAGS=--cap-lints=warn" "-e" "RUSTDOCFLAGS=--cap-lints=warn" "-w" "/opt/rustwide/workdir" "--user" "0:0" "bd24a30cc2eda4c42a02c8dbbbc3b7f65e27300fac332b8df2ce39d97a0932cd" "/opt/rustwide/cargo-home/bin/cargo" "+1.100.0-beta.1" "test" "--frozen" "--release", kill_on_drop: false }`
[INFO] [stderr]     Finished `release` profile [optimized] target(s) in 0.05s
[INFO] [stderr]      Running unittests src/lib.rs (/opt/rustwide/target/release/build/typed_future/dae9f3c003500c31/out/typed_future-dae9f3c003500c31)
[INFO] [stdout] 
[INFO] [stdout] running 3 tests
[INFO] [stdout] test parsing::parsing_test ... ok
[INFO] [stdout] test input::parsing_test ... ok
[INFO] [stdout] test end_to_end ... ok
[INFO] [stdout] 
[INFO] [stdout] test result: ok. 3 passed; 0 failed; 0 ignored; 0 measured; 0 filtered out; finished in 0.01s
[INFO] [stdout] 
[INFO] [stderr]    Doc-tests typed_future
[INFO] [stdout] 
[INFO] [stdout] running 3 tests
[INFO] [stdout] test src/lib.rs - typed_future (line 14) ... FAILED
[INFO] [stdout] test src/lib.rs - (line 31) ... FAILED
[INFO] [stdout] test src/lib.rs - (line 4) ... ok
[INFO] [stdout] 
[INFO] [stdout] failures:
[INFO] [stdout] 
[INFO] [stdout] ---- src/lib.rs - typed_future (line 14) stdout ----
[INFO] [stdout] error: free function without a body
[INFO] [stdout]   --> src/lib.rs:15:1
[INFO] [stdout]    |
[INFO] [stdout] 15 | pub fn new(arg1 : type1, arg2 : type2, argn : typen) -> return_type;
[INFO] [stdout]    | ^^^^^^^^^^^^^^^^^^^^^^^^^^^^^^^^^^^^^^^^^^^^^^^^^^^^^^^^^^^^^^^^^^^-
[INFO] [stdout]    |                                                                    |
[INFO] [stdout]    |                                                                    help: provide a definition for the function: `{ <body> }`
[INFO] [stdout] 
[INFO] [stdout] error[E0425]: cannot find type `type1` in this scope
[INFO] [stdout]   --> src/lib.rs:15:19
[INFO] [stdout]    |
[INFO] [stdout] 15 | pub fn new(arg1 : type1, arg2 : type2, argn : typen) -> return_type;
[INFO] [stdout]    |                   ^^^^^ not found in this scope
[INFO] [stdout] 
[INFO] [stdout] error[E0425]: cannot find type `type2` in this scope
[INFO] [stdout]   --> src/lib.rs:15:33
[INFO] [stdout]    |
[INFO] [stdout] 15 | pub fn new(arg1 : type1, arg2 : type2, argn : typen) -> return_type;
[INFO] [stdout]    |                                 ^^^^^ not found in this scope
[INFO] [stdout] 
[INFO] [stdout] error[E0425]: cannot find type `typen` in this scope
[INFO] [stdout]   --> src/lib.rs:15:47
[INFO] [stdout]    |
[INFO] [stdout] 15 | pub fn new(arg1 : type1, arg2 : type2, argn : typen) -> return_type;
[INFO] [stdout]    |                                               ^^^^^ not found in this scope
[INFO] [stdout] 
[INFO] [stdout] error[E0425]: cannot find type `return_type` in this scope
[INFO] [stdout]   --> src/lib.rs:15:57
[INFO] [stdout]    |
[INFO] [stdout] 15 | pub fn new(arg1 : type1, arg2 : type2, argn : typen) -> return_type;
[INFO] [stdout]    |                                                         ^^^^^^^^^^^ not found in this scope
[INFO] [stdout] 
[INFO] [stdout] error[E0423]: cannot find value `Future` in module `core::future`
[INFO] [stdout]   --> src/lib.rs:16:15
[INFO] [stdout]    |
[INFO] [stdout] 16 | core::future::Future;
[INFO] [stdout]    |               ^^^^^^ not found in `core::future`
[INFO] [stdout]    |
[INFO] [stdout]    = note: a trait named `core::future::Future` exists in another namespace
[INFO] [stdout] 
[INFO] [stdout] error: aborting due to 6 previous errors
[INFO] [stdout] 
[INFO] [stdout] Some errors have detailed explanations: E0423, E0425.
[INFO] [stdout] For more information about an error, try `rustc --explain E0423`.
[INFO] [stdout] Couldn't compile the test.
[INFO] [stdout] ---- src/lib.rs - (line 31) stdout ----
[INFO] [stdout] error: free function without a body
[INFO] [stdout]   --> src/lib.rs:32:1
[INFO] [stdout]    |
[INFO] [stdout] 32 | pub fn new(arg1 : type1, arg2 : type2, argn : typen) -> return_type;
[INFO] [stdout]    | ^^^^^^^^^^^^^^^^^^^^^^^^^^^^^^^^^^^^^^^^^^^^^^^^^^^^^^^^^^^^^^^^^^^-
[INFO] [stdout]    |                                                                    |
[INFO] [stdout]    |                                                                    help: provide a definition for the function: `{ <body> }`
[INFO] [stdout] 
[INFO] [stdout] error[E0425]: cannot find type `type1` in this scope
[INFO] [stdout]   --> src/lib.rs:32:19
[INFO] [stdout]    |
[INFO] [stdout] 32 | pub fn new(arg1 : type1, arg2 : type2, argn : typen) -> return_type;
[INFO] [stdout]    |                   ^^^^^ not found in this scope
[INFO] [stdout] 
[INFO] [stdout] error[E0425]: cannot find type `type2` in this scope
[INFO] [stdout]   --> src/lib.rs:32:33
[INFO] [stdout]    |
[INFO] [stdout] 32 | pub fn new(arg1 : type1, arg2 : type2, argn : typen) -> return_type;
[INFO] [stdout]    |                                 ^^^^^ not found in this scope
[INFO] [stdout] 
[INFO] [stdout] error[E0425]: cannot find type `typen` in this scope
[INFO] [stdout]   --> src/lib.rs:32:47
[INFO] [stdout]    |
[INFO] [stdout] 32 | pub fn new(arg1 : type1, arg2 : type2, argn : typen) -> return_type;
[INFO] [stdout]    |                                               ^^^^^ not found in this scope
[INFO] [stdout] 
[INFO] [stdout] error[E0425]: cannot find type `return_type` in this scope
[INFO] [stdout]   --> src/lib.rs:32:57
[INFO] [stdout]    |
[INFO] [stdout] 32 | pub fn new(arg1 : type1, arg2 : type2, argn : typen) -> return_type;
[INFO] [stdout]    |                                                         ^^^^^^^^^^^ not found in this scope
[INFO] [stdout] 
[INFO] [stdout] error[E0423]: cannot find value `Future` in module `core::future`
[INFO] [stdout]   --> src/lib.rs:33:15
[INFO] [stderr] error: doctest failed, to rerun pass `--doc`
[INFO] [stdout]    |
[INFO] [stdout] 33 | core::future::Future;
[INFO] [stdout]    |               ^^^^^^ not found in `core::future`
[INFO] [stdout]    |
[INFO] [stdout]    = note: a trait named `core::future::Future` exists in another namespace
[INFO] [stdout] 
[INFO] [stdout] error: aborting due to 6 previous errors
[INFO] [stdout] 
[INFO] [stdout] Some errors have detailed explanations: E0423, E0425.
[INFO] [stdout] For more information about an error, try `rustc --explain E0423`.
[INFO] [stdout] Couldn't compile the test.
[INFO] [stdout] 
[INFO] [stdout] failures:
[INFO] [stdout]     src/lib.rs - (line 31)
[INFO] [stdout]     src/lib.rs - typed_future (line 14)
[INFO] [stdout] 
[INFO] [stdout] test result: FAILED. 1 passed; 2 failed; 0 ignored; 0 measured; 0 filtered out; finished in 0.34s
[INFO] [stdout] 
[INFO] running `Command { std: "docker" "inspect" "bd24a30cc2eda4c42a02c8dbbbc3b7f65e27300fac332b8df2ce39d97a0932cd", kill_on_drop: false }`
[INFO] running `Command { std: "docker" "rm" "-f" "bd24a30cc2eda4c42a02c8dbbbc3b7f65e27300fac332b8df2ce39d97a0932cd", kill_on_drop: false }`
[INFO] [stdout] bd24a30cc2eda4c42a02c8dbbbc3b7f65e27300fac332b8df2ce39d97a0932cd
