[INFO] fetching crate typ-editor 0.3.3...
[INFO] testing typ-editor-0.3.3 against 1.100.0-beta.1+cargoflags=--release for beta-release-1.100-2
[INFO] extracting crate typ-editor 0.3.3 into /workspace/builds/worker-6-tc2/source
[INFO] started tweaking crates.io crate typ-editor 0.3.3
[INFO] removed 0 missing tests
[INFO] finished tweaking crates.io crate typ-editor 0.3.3
[INFO] tweaked toml for crates.io crate typ-editor 0.3.3 written to /workspace/builds/worker-6-tc2/source/Cargo.toml
[INFO] validating manifest of crates.io crate typ-editor 0.3.3 on toolchain 1.100.0-beta.1
[INFO] running `Command { std: CARGO_HOME="/workspace/cargo-home" RUSTUP_HOME="/workspace/rustup-home" "/workspace/cargo-home/bin/cargo" "+1.100.0-beta.1" "metadata" "--manifest-path" "Cargo.toml" "--no-deps", kill_on_drop: false }`
[INFO] crate crates.io crate typ-editor 0.3.3 already has a lockfile, it will not be regenerated
[INFO] running `Command { std: CARGO_HOME="/workspace/cargo-home" RUSTUP_HOME="/workspace/rustup-home" "/workspace/cargo-home/bin/cargo" "+1.100.0-beta.1" "fetch" "--manifest-path" "Cargo.toml", kill_on_drop: false }`
[INFO] [stderr] warning: `package.homepage` is redundant with `package.repository`
[INFO] [stderr]   --> Cargo.toml:24:12
[INFO] [stderr]    |
[INFO] [stderr] 24 | homepage = "https://github.com/Pranjal-SB/type"
[INFO] [stderr]    |            ^^^^^^^^^^^^^^^^^^^^^^^^^^^^^^^^^^^^
[INFO] [stderr] ...
[INFO] [stderr] 29 | repository = "https://github.com/Pranjal-SB/type"
[INFO] [stderr]    |              ------------------------------------
[INFO] [stderr]    |
[INFO] [stderr]    = note: `cargo::redundant_homepage` is set to `warn` by default
[INFO] [stderr] help: consider removing `package.homepage`
[INFO] [stderr] warning: `typ-editor` (manifest) generated 1 warning
[INFO] running `Command { std: "docker" "create" "-v" "/var/lib/crater-agent-workspace/builds/worker-6-tc2/source:/opt/rustwide/workdir:ro,Z" "-v" "/var/lib/crater-agent-workspace/builds/worker-6-tc2/target:/opt/rustwide/target:rw,Z" "-v" "/var/lib/crater-agent-workspace/cargo-home:/opt/rustwide/cargo-home:ro,Z" "-v" "/var/lib/crater-agent-workspace/rustup-home:/opt/rustwide/rustup-home:ro,Z" "-m" "1610612736" "--network" "none" "ghcr.io/rust-lang/crates-build-env/linux@sha256:77db811e55d90add9212f6832c23229e3de5f1c1f9905e8cb07319ea15df73ac" "sleep" "infinity", kill_on_drop: false }`
[INFO] [stdout] ebbe6813282ca83ae9f1dc232060c3453bc3d12a74f79a454b3b41ee3b8e7609
[INFO] running `Command { std: "docker" "start" "ebbe6813282ca83ae9f1dc232060c3453bc3d12a74f79a454b3b41ee3b8e7609", kill_on_drop: false }`
[INFO] running `Command { std: "docker" "inspect" "ebbe6813282ca83ae9f1dc232060c3453bc3d12a74f79a454b3b41ee3b8e7609", kill_on_drop: false }`
[INFO] running `Command { std: "docker" "exec" "-e" "SOURCE_DIR=/opt/rustwide/workdir" "-e" "CARGO_HOME=/opt/rustwide/cargo-home" "-e" "RUSTUP_HOME=/opt/rustwide/rustup-home" "-e" "CARGO_TARGET_DIR=/opt/rustwide/target" "-w" "/opt/rustwide/workdir" "--user" "0:0" "ebbe6813282ca83ae9f1dc232060c3453bc3d12a74f79a454b3b41ee3b8e7609" "/opt/rustwide/cargo-home/bin/cargo" "+1.100.0-beta.1" "metadata" "--no-deps" "--format-version=1", kill_on_drop: false }`
[INFO] running `Command { std: "docker" "inspect" "ebbe6813282ca83ae9f1dc232060c3453bc3d12a74f79a454b3b41ee3b8e7609", kill_on_drop: false }`
[INFO] running `Command { std: "docker" "exec" "-e" "SOURCE_DIR=/opt/rustwide/workdir" "-e" "CARGO_HOME=/opt/rustwide/cargo-home" "-e" "RUSTUP_HOME=/opt/rustwide/rustup-home" "-e" "CARGO_TARGET_DIR=/opt/rustwide/target" "-e" "CARGO_INCREMENTAL=0" "-e" "RUST_BACKTRACE=full" "-e" "RUSTFLAGS=--cap-lints=warn" "-e" "RUSTDOCFLAGS=--cap-lints=warn" "-w" "/opt/rustwide/workdir" "--user" "0:0" "ebbe6813282ca83ae9f1dc232060c3453bc3d12a74f79a454b3b41ee3b8e7609" "/opt/rustwide/cargo-home/bin/cargo" "+1.100.0-beta.1" "build" "--frozen" "--message-format=json" "--release", kill_on_drop: false }`
[INFO] [stderr] warning: `package.homepage` is redundant with `package.repository`
[INFO] [stderr]   --> Cargo.toml:24:12
[INFO] [stderr]    |
[INFO] [stderr] 24 | homepage = "https://github.com/Pranjal-SB/type"
[INFO] [stderr]    |            ^^^^^^^^^^^^^^^^^^^^^^^^^^^^^^^^^^^^
[INFO] [stderr] ...
[INFO] [stderr] 29 | repository = "https://github.com/Pranjal-SB/type"
[INFO] [stderr]    |              ------------------------------------
[INFO] [stderr]    |
[INFO] [stderr]    = note: `cargo::redundant_homepage` is set to `warn` by default
[INFO] [stderr] help: consider removing `package.homepage`
[INFO] [stderr] warning: `typ-editor` (manifest) generated 1 warning
[INFO] [stderr]    Compiling find-msvc-tools v0.1.11
[INFO] [stderr]    Compiling tree-sitter-language v0.1.7
[INFO] [stderr]    Compiling aho-corasick v1.1.5
[INFO] [stderr]    Compiling syn v2.0.119
[INFO] [stderr]    Compiling bitflags v2.13.1
[INFO] [stderr]    Compiling zerovec-derive v0.11.6
[INFO] [stderr]    Compiling crossbeam-utils v0.8.22
[INFO] [stderr]    Compiling unicode-segmentation v1.13.3
[INFO] [stderr]    Compiling darling_core v0.24.0
[INFO] [stderr]    Compiling cc v1.4.4
[INFO] [stderr]    Compiling either v1.17.0
[INFO] [stderr]    Compiling unicode-width v0.2.2
[INFO] [stderr]    Compiling str_indices v0.4.4
[INFO] [stderr]    Compiling itertools v0.14.0
[INFO] [stderr]    Compiling hashbrown v0.17.1
[INFO] [stderr]    Compiling ropey v1.6.1
[INFO] [stderr]    Compiling castaway v0.2.4
[INFO] [stderr]    Compiling mio v1.2.2
[INFO] [stderr]    Compiling errno v0.3.14
[INFO] [stderr]    Compiling regex-automata v0.4.18
[INFO] [stderr]    Compiling instability v0.3.13
[INFO] [stderr]    Compiling signal-hook v0.3.18
[INFO] [stderr]    Compiling convert_case v0.10.0
[INFO] [stderr]    Compiling compact_str v0.9.1
[INFO] [stderr]    Compiling lru v0.18.2
[INFO] [stderr]    Compiling signal-hook-registry v1.4.8
[INFO] [stderr]    Compiling synstructure v0.13.2
[INFO] [stderr]    Compiling unicode-truncate v2.0.1
[INFO] [stderr]    Compiling kasuari v0.4.12
[INFO] [stderr]    Compiling serde_derive v1.0.229
[INFO] [stderr]    Compiling rustix v1.1.4
[INFO] [stderr]    Compiling inotify-sys v0.1.8
[INFO] [stderr]    Compiling zerofrom-derive v0.1.7
[INFO] [stderr]    Compiling yoke-derive v0.8.2
[INFO] [stderr]    Compiling darling_macro v0.24.0
[INFO] [stderr]    Compiling strum_macros v0.28.0
[INFO] [stderr]    Compiling darling v0.24.0
[INFO] [stderr]    Compiling critical-section v1.2.0
[INFO] [stderr]    Compiling crossbeam-epoch v0.9.20
[INFO] [stderr]    Compiling zerofrom v0.1.8
[INFO] [stderr]    Compiling indoc v2.0.7
[INFO] [stderr]    Compiling yoke v0.8.3
[INFO] [stderr]    Compiling zerovec v0.11.8
[INFO] [stderr]    Compiling zerotrie v0.2.5
[INFO] [stderr]    Compiling derive_more-impl v2.1.1
[INFO] [stderr]    Compiling tinystr v0.8.4
[INFO] [stderr]    Compiling potential_utf v0.1.6
[INFO] [stderr]    Compiling parking_lot_core v0.9.12
[INFO] [stderr]    Compiling icu_collections v2.3.0
[INFO] [stderr]    Compiling icu_locale_core v2.3.0
[INFO] [stderr]    Compiling tree-house-bindings v0.3.2
[INFO] [stderr]    Compiling time-core v0.1.9
[INFO] [stderr]    Compiling crossbeam-deque v0.8.7
[INFO] [stderr]    Compiling litrs v1.0.0
[INFO] [stderr]    Compiling deranged v0.5.8
[INFO] [stderr]    Compiling strum v0.28.0
[INFO] [stderr]    Compiling ratatui-core v0.1.2
[INFO] [stderr]    Compiling bstr v1.13.1
[INFO] [stderr]    Compiling num-conv v0.2.2
[INFO] [stderr]    Compiling num_threads v0.1.7
[INFO] [stderr]    Compiling form_urlencoded v1.2.2
[INFO] [stderr]    Compiling icu_provider v2.3.1
[INFO] [stderr]    Compiling serde v1.0.229
[INFO] [stderr]    Compiling icu_normalizer v2.3.0
[INFO] [stderr]    Compiling icu_properties v2.3.0
[INFO] [stderr]    Compiling time v0.3.55
[INFO] [stderr]    Compiling document-features v0.2.12
[INFO] [stderr]    Compiling regex-cursor v0.1.5
[INFO] [stderr]    Compiling signal-hook-mio v0.2.5
[INFO] [stderr]    Compiling parking_lot v0.12.5
[INFO] [stderr]    Compiling idna_adapter v1.2.2
[INFO] [stderr]    Compiling idna v1.1.0
[INFO] [stderr]    Compiling serde_json v1.0.151
[INFO] [stderr]    Compiling derive_more v2.1.1
[INFO] [stderr]    Compiling tree-sitter-md v0.5.3
[INFO] [stderr]    Compiling tree-sitter-rust v0.24.2
[INFO] [stderr]    Compiling tree-sitter-toml-ng v0.7.0
[INFO] [stderr]    Compiling tree-sitter-yaml v0.7.2
[INFO] [stderr]    Compiling tree-sitter-json v0.24.8
[INFO] [stderr]    Compiling line-clipping v0.3.8
[INFO] [stderr]    Compiling libloading v0.8.9
[INFO] [stderr]    Compiling encoding_rs v0.8.35
[INFO] [stderr]    Compiling grep-matcher v0.1.9
[INFO] [stderr]    Compiling diff v0.1.13
[INFO] [stderr]    Compiling yansi v1.0.1
[INFO] [stderr]    Compiling hashbrown v0.15.5
[INFO] [stderr]    Compiling ratatui-widgets v0.3.2
[INFO] [stderr]    Compiling pretty_assertions v1.4.1
[INFO] [stderr]    Compiling encoding_rs_io v0.1.8
[INFO] [stderr]    Compiling inotify v0.11.5
[INFO] [stderr]    Compiling crossterm v0.29.0
[INFO] [stderr]    Compiling url v2.5.8
[INFO] [stderr]    Compiling globset v0.4.20
[INFO] [stderr]    Compiling regex v1.13.1
[INFO] [stderr]    Compiling crossbeam-channel v0.5.16
[INFO] [stderr]    Compiling notify-types v2.1.0
[INFO] [stderr]    Compiling kstring v2.0.4
[INFO] [stderr]    Compiling arc-swap v1.9.2
[INFO] [stderr]    Compiling memmap2 v0.9.11
[INFO] [stderr]    Compiling unicode-width v0.1.12
[INFO] [stderr]    Compiling winnow v1.0.4
[INFO] [stderr]    Compiling once_cell v1.21.4
[INFO] [stderr]    Compiling grep-searcher v0.1.17
[INFO] [stderr]    Compiling lsp-server v0.10.0
[INFO] [stderr]    Compiling toml_parser v1.1.3+spec-1.1.0
[INFO] [stderr]    Compiling notify v8.2.0
[INFO] [stderr]    Compiling ignore v0.4.33
[INFO] [stderr]    Compiling ratatui-crossterm v0.1.2
[INFO] [stderr]    Compiling gen-lsp-types v0.11.0
[INFO] [stderr]    Compiling ratatui-macros v0.7.2
[INFO] [stderr]    Compiling grep-regex v0.1.14
[INFO] [stderr]    Compiling nucleo-matcher v0.3.1
[INFO] [stderr]    Compiling tree-house v0.4.0
[INFO] [stderr]    Compiling toml_datetime v1.1.1+spec-1.1.0
[INFO] [stderr]    Compiling serde_spanned v1.1.1
[INFO] [stderr]    Compiling toml_writer v1.1.2+spec-1.1.0
[INFO] [stderr]    Compiling toml v1.1.6+spec-1.1.0
[INFO] [stderr]    Compiling typ-find v0.3.3
[INFO] [stderr]    Compiling typ-syntax v0.3.3
[INFO] [stderr]    Compiling typ-buffer v0.3.3
[INFO] [stderr]    Compiling ratatui v0.30.2
[INFO] [stderr]    Compiling typ-lsp v0.3.3
[INFO] [stderr]    Compiling typ-core v0.3.3
[INFO] [stderr]    Compiling typ-panel-tree v0.3.3
[INFO] [stderr]    Compiling typ-panel-editor v0.3.3
[INFO] [stderr]    Compiling typ-registry v0.3.3
[INFO] [stderr]    Compiling typ-picker v0.3.3
[INFO] [stderr]    Compiling typ-app v0.3.3
[INFO] [stderr]    Compiling typ-editor v0.3.3 (/opt/rustwide/workdir)
[INFO] [stderr]     Finished `release` profile [optimized] target(s) in 3m 55s
[INFO] running `Command { std: "docker" "inspect" "ebbe6813282ca83ae9f1dc232060c3453bc3d12a74f79a454b3b41ee3b8e7609", kill_on_drop: false }`
[INFO] running `Command { std: "docker" "exec" "-e" "SOURCE_DIR=/opt/rustwide/workdir" "-e" "CARGO_HOME=/opt/rustwide/cargo-home" "-e" "RUSTUP_HOME=/opt/rustwide/rustup-home" "-e" "CARGO_TARGET_DIR=/opt/rustwide/target" "-e" "CARGO_INCREMENTAL=0" "-e" "RUST_BACKTRACE=full" "-e" "RUSTFLAGS=--cap-lints=warn" "-e" "RUSTDOCFLAGS=--cap-lints=warn" "-w" "/opt/rustwide/workdir" "--user" "0:0" "ebbe6813282ca83ae9f1dc232060c3453bc3d12a74f79a454b3b41ee3b8e7609" "/opt/rustwide/cargo-home/bin/cargo" "+1.100.0-beta.1" "test" "--frozen" "--no-run" "--message-format=json" "--release", kill_on_drop: false }`
[INFO] [stderr] warning: `package.homepage` is redundant with `package.repository`
[INFO] [stderr]   --> Cargo.toml:24:12
[INFO] [stderr]    |
[INFO] [stderr] 24 | homepage = "https://github.com/Pranjal-SB/type"
[INFO] [stderr]    |            ^^^^^^^^^^^^^^^^^^^^^^^^^^^^^^^^^^^^
[INFO] [stderr] ...
[INFO] [stderr] 29 | repository = "https://github.com/Pranjal-SB/type"
[INFO] [stderr]    |              ------------------------------------
[INFO] [stderr]    |
[INFO] [stderr]    = note: `cargo::redundant_homepage` is set to `warn` by default
[INFO] [stderr] help: consider removing `package.homepage`
[INFO] [stderr] warning: `typ-editor` (manifest) generated 1 warning
[INFO] [stderr]    Compiling typ-editor v0.3.3 (/opt/rustwide/workdir)
[INFO] [stderr]     Finished `release` profile [optimized] target(s) in 1.89s
[INFO] running `Command { std: "docker" "inspect" "ebbe6813282ca83ae9f1dc232060c3453bc3d12a74f79a454b3b41ee3b8e7609", kill_on_drop: false }`
[INFO] running `Command { std: "docker" "exec" "-e" "SOURCE_DIR=/opt/rustwide/workdir" "-e" "CARGO_HOME=/opt/rustwide/cargo-home" "-e" "RUSTUP_HOME=/opt/rustwide/rustup-home" "-e" "CARGO_TARGET_DIR=/opt/rustwide/target" "-e" "CARGO_INCREMENTAL=0" "-e" "RUST_BACKTRACE=full" "-e" "RUSTFLAGS=--cap-lints=warn" "-e" "RUSTDOCFLAGS=--cap-lints=warn" "-w" "/opt/rustwide/workdir" "--user" "0:0" "ebbe6813282ca83ae9f1dc232060c3453bc3d12a74f79a454b3b41ee3b8e7609" "/opt/rustwide/cargo-home/bin/cargo" "+1.100.0-beta.1" "test" "--frozen" "--release", kill_on_drop: false }`
[INFO] [stderr] warning: `package.homepage` is redundant with `package.repository`
[INFO] [stderr]   --> Cargo.toml:24:12
[INFO] [stderr]    |
[INFO] [stderr] 24 | homepage = "https://github.com/Pranjal-SB/type"
[INFO] [stderr]    |            ^^^^^^^^^^^^^^^^^^^^^^^^^^^^^^^^^^^^
[INFO] [stderr] ...
[INFO] [stderr] 29 | repository = "https://github.com/Pranjal-SB/type"
[INFO] [stderr]    |              ------------------------------------
[INFO] [stderr]    |
[INFO] [stderr]    = note: `cargo::redundant_homepage` is set to `warn` by default
[INFO] [stderr] help: consider removing `package.homepage`
[INFO] [stderr] warning: `typ-editor` (manifest) generated 1 warning
[INFO] [stderr]     Finished `release` profile [optimized] target(s) in 0.21s
[INFO] [stderr]      Running unittests src/main.rs (/opt/rustwide/target/release/build/typ-editor/ed6adaabdfbf4e6f/out/typ-ed6adaabdfbf4e6f)
[INFO] [stdout] 
[INFO] [stdout] running 4 tests
[INFO] [stderr]      Running tests/cli.rs (/opt/rustwide/target/release/build/typ-editor/13798c2aab0cd683/out/cli-13798c2aab0cd683)
[INFO] [stdout] test tests::a_directory_is_a_workspace_with_nothing_open ... ok
[INFO] [stdout] test tests::a_missing_file_in_a_real_directory_is_a_file_to_create ... ok
[INFO] [stdout] test tests::a_missing_parent_directory_is_still_an_error ... ok
[INFO] [stdout] test tests::an_existing_file_opens_with_its_directory_as_the_workspace ... ok
[INFO] [stdout] 
[INFO] [stdout] test result: ok. 4 passed; 0 failed; 0 ignored; 0 measured; 0 filtered out; finished in 0.00s
[INFO] [stdout] 
[INFO] [stdout] 
[INFO] [stdout] running 4 tests
[INFO] [stdout] test a_bad_path_after_a_good_one_still_exits_nonzero ... ok
[INFO] [stdout] test help_flag_names_the_binary ... ok
[INFO] [stdout] test version_flag_prints_and_exits_zero ... ok
[INFO] [stdout] test missing_path_exits_nonzero_with_a_message_on_stderr ... ok
[INFO] [stdout] 
[INFO] [stdout] test result: ok. 4 passed; 0 failed; 0 ignored; 0 measured; 0 filtered out; finished in 0.01s
[INFO] [stdout] 
[INFO] [stderr]      Running tests/manifests.rs (/opt/rustwide/target/release/build/typ-editor/10a3443bca322ef3/out/manifests-10a3443bca322ef3)
[INFO] [stdout] 
[INFO] [stdout] running 2 tests
[INFO] [stdout] test every_crate_declares_what_crates_io_requires ... FAILED
[INFO] [stdout] test every_path_dependency_names_the_workspace_version ... FAILED
[INFO] [stdout] 
[INFO] [stdout] failures:
[INFO] [stdout] 
[INFO] [stdout] ---- every_crate_declares_what_crates_io_requires stdout ----
[INFO] [stdout] 
[INFO] [stdout] thread 'every_crate_declares_what_crates_io_requires' (2567) panicked at tests/manifests.rs:29:10:
[INFO] [stdout] crates/ exists: Os { code: 2, kind: NotFound, message: "No such file or directory" }
[INFO] [stdout] stack backtrace:
[INFO] [stdout]    0:     0x6102ec9965d1 - <<std[617be2ca0a6fd877]::sys::backtrace::BacktraceLock>::print::DisplayBacktrace as core[a373ad73a504971]::fmt::Display>::fmt
[INFO] [stdout]    1:     0x6102ec9aa82a - core[a373ad73a504971]::fmt::write
[INFO] [stdout]    2:     0x6102ec99aadc - <alloc[2e1b2a31b91974c5]::vec::Vec<u8> as core[a373ad73a504971]::io::write::Write>::write_fmt
[INFO] [stdout]    3:     0x6102ec972146 - std[617be2ca0a6fd877]::panicking::default_hook::{closure#0}
[INFO] [stdout]    4:     0x6102ec98e659 - std[617be2ca0a6fd877]::panicking::default_hook
[INFO] [stdout]    5:     0x6102ec92a3d0 - test[aada8e7e76ba119b]::test_main_inner::{closure#0}
[INFO] [stdout]    6:     0x6102ec98e812 - std[617be2ca0a6fd877]::panicking::panic_with_hook
[INFO] [stdout]    7:     0x6102ec9721f2 - std[617be2ca0a6fd877]::panicking::panic_handler::{closure#0}
[INFO] [stdout]    8:     0x6102ec96acd9 - std[617be2ca0a6fd877]::sys::backtrace::__rust_end_short_backtrace::<std[617be2ca0a6fd877]::panicking::panic_handler::{closure#0}, !>
[INFO] [stdout]    9:     0x6102ec972dfd - __rustc[ea4f61d10b84890b]::rust_begin_unwind
[INFO] [stdout]   10:     0x6102ec9aaf5c - core[a373ad73a504971]::panicking::panic_fmt
[INFO] [stdout]   11:     0x6102ec9aad32 - core[a373ad73a504971]::result::unwrap_failed
[INFO] [stdout]   12:     0x6102ec91b342 - <manifests[2ea5445e8dbb3765]::every_crate_declares_what_crates_io_requires::{closure#0} as core[a373ad73a504971]::ops::function::FnOnce<()>>::call_once
[INFO] [stdout]   13:     0x6102ec91d81b - test[aada8e7e76ba119b]::__rust_begin_short_backtrace::<core[a373ad73a504971]::result::Result<(), alloc[2e1b2a31b91974c5]::string::String>, fn() -> core[a373ad73a504971]::result::Result<(), alloc[2e1b2a31b91974c5]::string::String>>
[INFO] [stdout]   14:     0x6102ec92a9f5 - test[aada8e7e76ba119b]::run_test::{closure#0}
[INFO] [stdout]   15:     0x6102ec9242e4 - std[617be2ca0a6fd877]::sys::backtrace::__rust_begin_short_backtrace::<test[aada8e7e76ba119b]::run_test::{closure#1}, ()>
[INFO] [stdout]   16:     0x6102ec92da82 - <std[617be2ca0a6fd877]::thread::lifecycle::spawn_unchecked<test[aada8e7e76ba119b]::run_test::{closure#1}, ()>::{closure#1} as core[a373ad73a504971]::ops::function::FnOnce<()>>::call_once::{shim:vtable#0}
[INFO] [stdout]   17:     0x6102ec995acf - <std[617be2ca0a6fd877]::sys::thread::unix::Thread>::new::thread_start
[INFO] [stdout]   18:     0x70c487a22dfa - <unknown>
[INFO] [stdout]   19:     0x70c487ab63d4 - clone
[INFO] [stdout]   20:                0x0 - <unknown>
[INFO] [stdout] 
[INFO] [stdout] ---- every_path_dependency_names_the_workspace_version stdout ----
[INFO] [stdout] 
[INFO] [stdout] thread 'every_path_dependency_names_the_workspace_version' (2568) panicked at tests/manifests.rs:74:76:
[INFO] [stdout] root manifest: Os { code: 2, kind: NotFound, message: "No such file or directory" }
[INFO] [stdout] stack backtrace:
[INFO] [stdout]    0:     0x6102ec9965d1 - <<std[617be2ca0a6fd877]::sys::backtrace::BacktraceLock>::print::DisplayBacktrace as core[a373ad73a504971]::fmt::Display>::fmt
[INFO] [stdout]    1:     0x6102ec9aa82a - core[a373ad73a504971]::fmt::write
[INFO] [stdout]    2:     0x6102ec99aadc - <alloc[2e1b2a31b91974c5]::vec::Vec<u8> as core[a373ad73a504971]::io::write::Write>::write_fmt
[INFO] [stdout]    3:     0x6102ec972146 - std[617be2ca0a6fd877]::panicking::default_hook::{closure#0}
[INFO] [stdout]    4:     0x6102ec98e659 - std[617be2ca0a6fd877]::panicking::default_hook
[INFO] [stdout]    5:     0x6102ec92a3d0 - test[aada8e7e76ba119b]::test_main_inner::{closure#0}
[INFO] [stdout]    6:     0x6102ec98e812 - std[617be2ca0a6fd877]::panicking::panic_with_hook
[INFO] [stdout]    7:     0x6102ec9721f2 - std[617be2ca0a6fd877]::panicking::panic_handler::{closure#0}
[INFO] [stdout]    8:     0x6102ec96acd9 - std[617be2ca0a6fd877]::sys::backtrace::__rust_end_short_backtrace::<std[617be2ca0a6fd877]::panicking::panic_handler::{closure#0}, !>
[INFO] [stdout]    9:     0x6102ec972dfd - __rustc[ea4f61d10b84890b]::rust_begin_unwind
[INFO] [stdout]   10:     0x6102ec9aaf5c - core[a373ad73a504971]::panicking::panic_fmt
[INFO] [stdout]   11:     0x6102ec9aad32 - core[a373ad73a504971]::result::unwrap_failed
[INFO] [stdout]   12:     0x6102ec91b91b - <manifests[2ea5445e8dbb3765]::every_path_dependency_names_the_workspace_version::{closure#0} as core[a373ad73a504971]::ops::function::FnOnce<()>>::call_once
[INFO] [stdout]   13:     0x6102ec91d81b - test[aada8e7e76ba119b]::__rust_begin_short_backtrace::<core[a373ad73a504971]::result::Result<(), alloc[2e1b2a31b91974c5]::string::String>, fn() -> core[a373ad73a504971]::result::Result<(), alloc[2e1b2a31b91974c5]::string::String>>
[INFO] [stdout]   14:     0x6102ec92a9f5 - test[aada8e7e76ba119b]::run_test::{closure#0}
[INFO] [stdout]   15:     0x6102ec9242e4 - std[617be2ca0a6fd877]::sys::backtrace::__rust_begin_short_backtrace::<test[aada8e7e76ba119b]::run_test::{closure#1}, ()>
[INFO] [stdout]   16:     0x6102ec92da82 - <std[617be2ca0a6fd877]::thread::lifecycle::spawn_unchecked<test[aada8e7e76ba119b]::run_test::{closure#1}, ()>::{closure#1} as core[a373ad73a504971]::ops::function::FnOnce<()>>::call_once::{shim:vtable#0}
[INFO] [stdout]   17:     0x6102ec995acf - <std[617be2ca0a6fd877]::sys::thread::unix::Thread>::new::thread_start
[INFO] [stdout]   18:     0x70c487a22dfa - <unknown>
[INFO] [stdout]   19:     0x70c487ab63d4 - clone
[INFO] [stdout]   20:                0x0 - <unknown>
[INFO] [stdout] 
[INFO] [stdout] 
[INFO] [stdout] failures:
[INFO] [stdout]     every_crate_declares_what_crates_io_requires
[INFO] [stderr] error: test failed, to rerun pass `--test manifests`
[INFO] [stdout]     every_path_dependency_names_the_workspace_version
[INFO] [stdout] 
[INFO] [stdout] test result: FAILED. 0 passed; 2 failed; 0 ignored; 0 measured; 0 filtered out; finished in 0.00s
[INFO] [stdout] 
[INFO] running `Command { std: "docker" "inspect" "ebbe6813282ca83ae9f1dc232060c3453bc3d12a74f79a454b3b41ee3b8e7609", kill_on_drop: false }`
[INFO] running `Command { std: "docker" "rm" "-f" "ebbe6813282ca83ae9f1dc232060c3453bc3d12a74f79a454b3b41ee3b8e7609", kill_on_drop: false }`
[INFO] [stdout] ebbe6813282ca83ae9f1dc232060c3453bc3d12a74f79a454b3b41ee3b8e7609
