[INFO] fetching crate ty-backend_t 0.1.0...
[INFO] testing ty-backend_t-0.1.0 against 1.100.0-beta.1+cargoflags=--release for beta-release-1.100-2
[INFO] extracting crate ty-backend_t 0.1.0 into /workspace/builds/worker-2-tc2/source
[INFO] started tweaking crates.io crate ty-backend_t 0.1.0
[INFO] finished tweaking crates.io crate ty-backend_t 0.1.0
[INFO] tweaked toml for crates.io crate ty-backend_t 0.1.0 written to /workspace/builds/worker-2-tc2/source/Cargo.toml
[INFO] validating manifest of crates.io crate ty-backend_t 0.1.0 on toolchain 1.100.0-beta.1
[INFO] running `Command { std: CARGO_HOME="/workspace/cargo-home" RUSTUP_HOME="/workspace/rustup-home" "/workspace/cargo-home/bin/cargo" "+1.100.0-beta.1" "metadata" "--manifest-path" "Cargo.toml" "--no-deps", kill_on_drop: false }`
[INFO] crate crates.io crate ty-backend_t 0.1.0 already has a lockfile, it will not be regenerated
[INFO] running `Command { std: CARGO_HOME="/workspace/cargo-home" RUSTUP_HOME="/workspace/rustup-home" "/workspace/cargo-home/bin/cargo" "+1.100.0-beta.1" "fetch" "--manifest-path" "Cargo.toml", kill_on_drop: false }`
[INFO] running `Command { std: "docker" "create" "-v" "/var/lib/crater-agent-workspace/builds/worker-2-tc2/source:/opt/rustwide/workdir:ro,Z" "-v" "/var/lib/crater-agent-workspace/builds/worker-2-tc2/target:/opt/rustwide/target:rw,Z" "-v" "/var/lib/crater-agent-workspace/cargo-home:/opt/rustwide/cargo-home:ro,Z" "-v" "/var/lib/crater-agent-workspace/rustup-home:/opt/rustwide/rustup-home:ro,Z" "-m" "1610612736" "--network" "none" "ghcr.io/rust-lang/crates-build-env/linux@sha256:77db811e55d90add9212f6832c23229e3de5f1c1f9905e8cb07319ea15df73ac" "sleep" "infinity", kill_on_drop: false }`
[INFO] [stdout] 91ef0604a01ab89d7dbe7feb8646c767f034011b453b8922482177c31567ef55
[INFO] running `Command { std: "docker" "start" "91ef0604a01ab89d7dbe7feb8646c767f034011b453b8922482177c31567ef55", kill_on_drop: false }`
[INFO] running `Command { std: "docker" "inspect" "91ef0604a01ab89d7dbe7feb8646c767f034011b453b8922482177c31567ef55", kill_on_drop: false }`
[INFO] running `Command { std: "docker" "exec" "-e" "SOURCE_DIR=/opt/rustwide/workdir" "-e" "CARGO_HOME=/opt/rustwide/cargo-home" "-e" "RUSTUP_HOME=/opt/rustwide/rustup-home" "-e" "CARGO_TARGET_DIR=/opt/rustwide/target" "-w" "/opt/rustwide/workdir" "--user" "0:0" "91ef0604a01ab89d7dbe7feb8646c767f034011b453b8922482177c31567ef55" "/opt/rustwide/cargo-home/bin/cargo" "+1.100.0-beta.1" "metadata" "--no-deps" "--format-version=1", kill_on_drop: false }`
[INFO] running `Command { std: "docker" "inspect" "91ef0604a01ab89d7dbe7feb8646c767f034011b453b8922482177c31567ef55", kill_on_drop: false }`
[INFO] running `Command { std: "docker" "exec" "-e" "SOURCE_DIR=/opt/rustwide/workdir" "-e" "CARGO_HOME=/opt/rustwide/cargo-home" "-e" "RUSTUP_HOME=/opt/rustwide/rustup-home" "-e" "CARGO_TARGET_DIR=/opt/rustwide/target" "-e" "CARGO_INCREMENTAL=0" "-e" "RUST_BACKTRACE=full" "-e" "RUSTFLAGS=--cap-lints=warn" "-e" "RUSTDOCFLAGS=--cap-lints=warn" "-w" "/opt/rustwide/workdir" "--user" "0:0" "91ef0604a01ab89d7dbe7feb8646c767f034011b453b8922482177c31567ef55" "/opt/rustwide/cargo-home/bin/cargo" "+1.100.0-beta.1" "build" "--frozen" "--message-format=json" "--release", kill_on_drop: false }`
[INFO] [stderr]    Compiling t-ree v0.1.0
[INFO] [stderr]    Compiling ty-ree v0.1.0
[INFO] [stderr]    Compiling ty-backend_t v0.1.0 (/opt/rustwide/workdir)
[INFO] [stderr]     Finished `release` profile [optimized] target(s) in 6.96s
[INFO] running `Command { std: "docker" "inspect" "91ef0604a01ab89d7dbe7feb8646c767f034011b453b8922482177c31567ef55", kill_on_drop: false }`
[INFO] running `Command { std: "docker" "exec" "-e" "SOURCE_DIR=/opt/rustwide/workdir" "-e" "CARGO_HOME=/opt/rustwide/cargo-home" "-e" "RUSTUP_HOME=/opt/rustwide/rustup-home" "-e" "CARGO_TARGET_DIR=/opt/rustwide/target" "-e" "CARGO_INCREMENTAL=0" "-e" "RUST_BACKTRACE=full" "-e" "RUSTFLAGS=--cap-lints=warn" "-e" "RUSTDOCFLAGS=--cap-lints=warn" "-w" "/opt/rustwide/workdir" "--user" "0:0" "91ef0604a01ab89d7dbe7feb8646c767f034011b453b8922482177c31567ef55" "/opt/rustwide/cargo-home/bin/cargo" "+1.100.0-beta.1" "test" "--frozen" "--no-run" "--message-format=json" "--release", kill_on_drop: false }`
[INFO] [stderr]    Compiling ty-parser v0.1.0
[INFO] [stderr]    Compiling t-backend_c v0.1.0
[INFO] [stderr]    Compiling ty-backend_t v0.1.0 (/opt/rustwide/workdir)
[INFO] [stderr]     Finished `release` profile [optimized] target(s) in 17.57s
[INFO] running `Command { std: "docker" "inspect" "91ef0604a01ab89d7dbe7feb8646c767f034011b453b8922482177c31567ef55", kill_on_drop: false }`
[INFO] running `Command { std: "docker" "exec" "-e" "SOURCE_DIR=/opt/rustwide/workdir" "-e" "CARGO_HOME=/opt/rustwide/cargo-home" "-e" "RUSTUP_HOME=/opt/rustwide/rustup-home" "-e" "CARGO_TARGET_DIR=/opt/rustwide/target" "-e" "CARGO_INCREMENTAL=0" "-e" "RUST_BACKTRACE=full" "-e" "RUSTFLAGS=--cap-lints=warn" "-e" "RUSTDOCFLAGS=--cap-lints=warn" "-w" "/opt/rustwide/workdir" "--user" "0:0" "91ef0604a01ab89d7dbe7feb8646c767f034011b453b8922482177c31567ef55" "/opt/rustwide/cargo-home/bin/cargo" "+1.100.0-beta.1" "test" "--frozen" "--release", kill_on_drop: false }`
[INFO] [stderr]     Finished `release` profile [optimized] target(s) in 0.04s
[INFO] [stderr]      Running unittests src/lib.rs (/opt/rustwide/target/release/build/ty-backend_t/df5bb39a99b1aada/out/ty_backend_t-df5bb39a99b1aada)
[INFO] [stdout] 
[INFO] [stdout] running 83 tests
[INFO] [stdout] test tests::const_generic_suffix_let_binding ... ok
[INFO] [stdout] test tests::callable_tuple_with_named_fields ... ok
[INFO] [stdout] test tests::const_generic_suffix_empty_brackets_vector ... ok
[INFO] [stdout] test tests::const_generic_suffix_empty_brackets ... ok
[INFO] [stdout] test tests::array_repeat_literal ... ok
[INFO] [stdout] test tests::const_generic_suffix_tuple_construction ... ok
[INFO] [stdout] test tests::const_generic_suffix_empty_brackets_array ... ok
[INFO] [stdout] test tests::at_syntax_array_callable ... ok
[INFO] [stdout] test tests::const_generic_suffix_field_access ... ok
[INFO] [stdout] test tests::const_generic_suffix_popcount_in_body ... ok
[INFO] [stdout] test tests::const_generic_suffix_return_type ... ok
[INFO] [stdout] test tests::const_generic_suffix_type_definition ... ok
[INFO] [stdout] test tests::const_generic_suffix_const_alias ... ok
[INFO] [stdout] test tests::const_generic_in_function_body ... ok
[INFO] [stdout] test tests::const_generic_suffix_as_cast ... ok
[INFO] [stdout] test tests::const_generic_suffix_sizeof ... ok
[INFO] [stdout] test tests::const_generic_suffix_const_fn_in_turbofish ... ok
[INFO] [stdout] test tests::end_to_end_array_callable ... ok
[INFO] [stdout] test tests::const_generic_in_impl_body ... ok
[INFO] [stdout] test tests::construct_without_eval ... ok
[INFO] [stdout] test tests::const_generic_suffix_function_parameters ... ok
[INFO] [stdout] test tests::end_to_end_const_generic_array_type ... ok
[INFO] [stdout] test tests::end_to_end_const_generic_function ... ok
[INFO] [stdout] test tests::construct_callable_evaluates ... ok
[INFO] [stdout] test tests::const_generic_suffix_turbofish_with_const_fn ... ok
[INFO] [stdout] test tests::end_to_end_generic_array_callable ... ok
[INFO] [stdout] test tests::end_to_end_const_generic_type_with_const ... ok
[INFO] [stdout] test tests::end_to_end_generic_wrapper_type ... ok
[INFO] [stdout] test tests::end_to_end_let_type_inference_float ... ok
[INFO] [stdout] test tests::end_to_end_generic_function ... ok
[INFO] [stdout] test tests::end_to_end_generic_type_multiple_instantiations ... ok
[INFO] [stdout] test tests::example_array_callable ... FAILED
[INFO] [stdout] test tests::example_callable_tuples ... FAILED
[INFO] [stdout] test tests::example_functions ... FAILED
[INFO] [stdout] test tests::example_generic_types ... FAILED
[INFO] [stdout] test tests::example_generics ... FAILED
[INFO] [stdout] test tests::example_generics_multi ... FAILED
[INFO] [stdout] test tests::example_hello ... FAILED
[INFO] [stdout] test tests::example_impl_tuple ... FAILED
[INFO] [stdout] test tests::example_newtypes ... FAILED
[INFO] [stdout] test tests::example_ref_at_syntax ... FAILED
[INFO] [stdout] test tests::example_ref_construction ... FAILED
[INFO] [stdout] test tests::example_ref_impl_block ... FAILED
[INFO] [stdout] test tests::example_ref_implicit_fields ... FAILED
[INFO] [stdout] test tests::example_ref_ufcs ... FAILED
[INFO] [stdout] test tests::example_tuples ... FAILED
[INFO] [stdout] test tests::end_to_end_generic_function_two_params ... ok
[INFO] [stdout] test tests::end_to_end_generic_function_multiple_types ... ok
[INFO] [stdout] test tests::end_to_end_impl_block ... ok
[INFO] [stdout] test tests::end_to_end_let_type_inference_int ... ok
[INFO] [stdout] test tests::end_to_end_newtype ... ok
[INFO] [stdout] test tests::end_to_end_identity_function ... ok
[INFO] [stdout] test tests::end_to_end_generic_impl_tuple ... ok
[INFO] [stdout] test tests::lower_reference_to_pointer ... ok
[INFO] [stdout] test tests::lower_simple_function ... ok
[INFO] [stdout] test tests::monomorphize_generic_types_c ... ok
[INFO] [stdout] test tests::monomorphize_produces_correct_c ... ok
[INFO] [stdout] test tests::end_to_end_generic_impl_block ... ok
[INFO] [stdout] test tests::field_access_in_type_construction ... ok
[INFO] [stdout] test tests::end_to_end_generic_tuple_type ... ok
[INFO] [stdout] test tests::single_field_newtype_over_tuple ... ok
[INFO] [stdout] test tests::implicit_fields_in_impl ... ok
[INFO] [stdout] test tests::generic_type_in_generic_impl_return ... ok
[INFO] [stdout] test tests::turbofish_implicit_return ... ok
[INFO] [stdout] test tests::unused_generic_function_dropped ... ok
[INFO] [stdout] test tests::ufcs_callable_tuple ... ok
[INFO] [stdout] test tests::implicit_fields_tuple ... ok
[INFO] [stdout] test tests::while_loop_lowers_correctly ... ok
[INFO] [stdout] test tests::end_to_end_parsed_newtype ... ok
[INFO] [stdout] test tests::end_to_end_parsed_function ... ok
[INFO] [stdout] test tests::end_to_end_parsed_impl ... ok
[INFO] [stdout] test tests::turbofish_explicit_type_arguments ... ok
[INFO] [stdout] test tests::end_to_end_parsed_impl_tuple ... ok
[INFO] [stdout] test tests::end_to_end_parsed_if ... ok
[INFO] [stdout] test tests::generic_function_uses_generic_type ... ok
[INFO] [stdout] test tests::generic_type_in_function_return ... ok
[INFO] [stdout] test tests::end_to_end_simple_function ... ok
[INFO] [stdout] test tests::var_assign_works ... ok
[INFO] [stdout] test tests::ufcs_chaining ... ok
[INFO] [stdout] test tests::turbofish_implicit_return_newtype ... ok
[INFO] [stdout] test tests::it_on_array_newtype ... ok
[INFO] [stdout] test tests::while_loop_end_to_end ... ok
[INFO] [stdout] test tests::ufcs_function ... ok
[INFO] [stdout] 
[INFO] [stdout] failures:
[INFO] [stdout] 
[INFO] [stdout] ---- tests::example_array_callable stdout ----
[INFO] [stdout] 
[INFO] [stdout] thread 'tests::example_array_callable' (566) panicked at src/lib.rs:176:37:
[INFO] [stdout] cannot read ../examples/ty/array_callable.c.ty: No such file or directory (os error 2)
[INFO] [stdout] stack backtrace:
[INFO] [stdout]    0:     0x645c4b7a1f01 - <<std[617be2ca0a6fd877]::sys::backtrace::BacktraceLock>::print::DisplayBacktrace as core[a373ad73a504971]::fmt::Display>::fmt
[INFO] [stdout]    1:     0x645c4b7b775a - core[a373ad73a504971]::fmt::write
[INFO] [stdout]    2:     0x645c4b7a611c - <alloc[2e1b2a31b91974c5]::vec::Vec<u8> as core[a373ad73a504971]::io::write::Write>::write_fmt
[INFO] [stdout]    3:     0x645c4b77d8a6 - std[617be2ca0a6fd877]::panicking::default_hook::{closure#0}
[INFO] [stdout]    4:     0x645c4b799f79 - std[617be2ca0a6fd877]::panicking::default_hook
[INFO] [stdout]    5:     0x645c4b7154b0 - test[aada8e7e76ba119b]::test_main_inner::{closure#0}
[INFO] [stdout]    6:     0x645c4b79a132 - std[617be2ca0a6fd877]::panicking::panic_with_hook
[INFO] [stdout]    7:     0x645c4b77d952 - std[617be2ca0a6fd877]::panicking::panic_handler::{closure#0}
[INFO] [stdout]    8:     0x645c4b776429 - std[617be2ca0a6fd877]::sys::backtrace::__rust_end_short_backtrace::<std[617be2ca0a6fd877]::panicking::panic_handler::{closure#0}, !>
[INFO] [stdout]    9:     0x645c4b77e55d - __rustc[ea4f61d10b84890b]::rust_begin_unwind
[INFO] [stdout]   10:     0x645c4b7b7e8c - core[a373ad73a504971]::panicking::panic_fmt
[INFO] [stdout]   11:     0x645c4b62655a - ty_backend_t[29213b04ae65b697]::tests::compile_example::{closure#0}
[INFO] [stdout]   12:     0x645c4b6272ad - ty_backend_t[29213b04ae65b697]::tests::compile_example
[INFO] [stdout]   13:     0x645c4b62b22e - <ty_backend_t[29213b04ae65b697]::tests::example_array_callable::{closure#0} as core[a373ad73a504971]::ops::function::FnOnce<()>>::call_once
[INFO] [stdout]   14:     0x645c4b7088fb - test[aada8e7e76ba119b]::__rust_begin_short_backtrace::<core[a373ad73a504971]::result::Result<(), alloc[2e1b2a31b91974c5]::string::String>, fn() -> core[a373ad73a504971]::result::Result<(), alloc[2e1b2a31b91974c5]::string::String>>
[INFO] [stdout]   15:     0x645c4b715ad5 - test[aada8e7e76ba119b]::run_test::{closure#0}
[INFO] [stdout]   16:     0x645c4b70f3c4 - std[617be2ca0a6fd877]::sys::backtrace::__rust_begin_short_backtrace::<test[aada8e7e76ba119b]::run_test::{closure#1}, ()>
[INFO] [stdout]   17:     0x645c4b718b62 - <std[617be2ca0a6fd877]::thread::lifecycle::spawn_unchecked<test[aada8e7e76ba119b]::run_test::{closure#1}, ()>::{closure#1} as core[a373ad73a504971]::ops::function::FnOnce<()>>::call_once::{shim:vtable#0}
[INFO] [stdout]   18:     0x645c4b7a121f - <std[617be2ca0a6fd877]::sys::thread::unix::Thread>::new::thread_start
[INFO] [stdout]   19:     0x7c78cefa7dfa - <unknown>
[INFO] [stdout]   20:     0x7c78cf03b3d4 - clone
[INFO] [stdout]   21:                0x0 - <unknown>
[INFO] [stdout] 
[INFO] [stdout] ---- tests::example_callable_tuples stdout ----
[INFO] [stdout] 
[INFO] [stdout] thread 'tests::example_callable_tuples' (569) panicked at src/lib.rs:176:37:
[INFO] [stdout] cannot read ../examples/ty/callable_tuples.c.ty: No such file or directory (os error 2)
[INFO] [stdout] stack backtrace:
[INFO] [stdout]    0:     0x645c4b7a1f01 - <<std[617be2ca0a6fd877]::sys::backtrace::BacktraceLock>::print::DisplayBacktrace as core[a373ad73a504971]::fmt::Display>::fmt
[INFO] [stdout]    1:     0x645c4b7b775a - core[a373ad73a504971]::fmt::write
[INFO] [stdout]    2:     0x645c4b7a611c - <alloc[2e1b2a31b91974c5]::vec::Vec<u8> as core[a373ad73a504971]::io::write::Write>::write_fmt
[INFO] [stdout]    3:     0x645c4b77d8a6 - std[617be2ca0a6fd877]::panicking::default_hook::{closure#0}
[INFO] [stdout]    4:     0x645c4b799f79 - std[617be2ca0a6fd877]::panicking::default_hook
[INFO] [stdout]    5:     0x645c4b7154b0 - test[aada8e7e76ba119b]::test_main_inner::{closure#0}
[INFO] [stdout]    6:     0x645c4b79a132 - std[617be2ca0a6fd877]::panicking::panic_with_hook
[INFO] [stdout]    7:     0x645c4b77d952 - std[617be2ca0a6fd877]::panicking::panic_handler::{closure#0}
[INFO] [stdout]    8:     0x645c4b776429 - std[617be2ca0a6fd877]::sys::backtrace::__rust_end_short_backtrace::<std[617be2ca0a6fd877]::panicking::panic_handler::{closure#0}, !>
[INFO] [stdout]    9:     0x645c4b77e55d - __rustc[ea4f61d10b84890b]::rust_begin_unwind
[INFO] [stdout]   10:     0x645c4b7b7e8c - core[a373ad73a504971]::panicking::panic_fmt
[INFO] [stdout]   11:     0x645c4b62655a - ty_backend_t[29213b04ae65b697]::tests::compile_example::{closure#0}
[INFO] [stdout]   12:     0x645c4b6272ad - ty_backend_t[29213b04ae65b697]::tests::compile_example
[INFO] [stdout]   13:     0x645c4b62b46e - <ty_backend_t[29213b04ae65b697]::tests::example_callable_tuples::{closure#0} as core[a373ad73a504971]::ops::function::FnOnce<()>>::call_once
[INFO] [stdout]   14:     0x645c4b7088fb - test[aada8e7e76ba119b]::__rust_begin_short_backtrace::<core[a373ad73a504971]::result::Result<(), alloc[2e1b2a31b91974c5]::string::String>, fn() -> core[a373ad73a504971]::result::Result<(), alloc[2e1b2a31b91974c5]::string::String>>
[INFO] [stdout]   15:     0x645c4b715ad5 - test[aada8e7e76ba119b]::run_test::{closure#0}
[INFO] [stdout]   16:     0x645c4b70f3c4 - std[617be2ca0a6fd877]::sys::backtrace::__rust_begin_short_backtrace::<test[aada8e7e76ba119b]::run_test::{closure#1}, ()>
[INFO] [stdout]   17:     0x645c4b718b62 - <std[617be2ca0a6fd877]::thread::lifecycle::spawn_unchecked<test[aada8e7e76ba119b]::run_test::{closure#1}, ()>::{closure#1} as core[a373ad73a504971]::ops::function::FnOnce<()>>::call_once::{shim:vtable#0}
[INFO] [stdout]   18:     0x645c4b7a121f - <std[617be2ca0a6fd877]::sys::thread::unix::Thread>::new::thread_start
[INFO] [stdout]   19:     0x7c78cefa7dfa - <unknown>
[INFO] [stdout]   20:     0x7c78cf03b3d4 - clone
[INFO] [stdout]   21:                0x0 - <unknown>
[INFO] [stdout] 
[INFO] [stdout] ---- tests::example_functions stdout ----
[INFO] [stdout] 
[INFO] [stdout] thread 'tests::example_functions' (570) panicked at src/lib.rs:176:37:
[INFO] [stdout] cannot read ../examples/ty/functions.c.ty: No such file or directory (os error 2)
[INFO] [stdout] stack backtrace:
[INFO] [stdout]    0:     0x645c4b7a1f01 - <<std[617be2ca0a6fd877]::sys::backtrace::BacktraceLock>::print::DisplayBacktrace as core[a373ad73a504971]::fmt::Display>::fmt
[INFO] [stdout]    1:     0x645c4b7b775a - core[a373ad73a504971]::fmt::write
[INFO] [stdout]    2:     0x645c4b7a611c - <alloc[2e1b2a31b91974c5]::vec::Vec<u8> as core[a373ad73a504971]::io::write::Write>::write_fmt
[INFO] [stdout]    3:     0x645c4b77d8a6 - std[617be2ca0a6fd877]::panicking::default_hook::{closure#0}
[INFO] [stdout]    4:     0x645c4b799f79 - std[617be2ca0a6fd877]::panicking::default_hook
[INFO] [stdout]    5:     0x645c4b7154b0 - test[aada8e7e76ba119b]::test_main_inner::{closure#0}
[INFO] [stdout]    6:     0x645c4b79a132 - std[617be2ca0a6fd877]::panicking::panic_with_hook
[INFO] [stdout]    7:     0x645c4b77d952 - std[617be2ca0a6fd877]::panicking::panic_handler::{closure#0}
[INFO] [stdout]    8:     0x645c4b776429 - std[617be2ca0a6fd877]::sys::backtrace::__rust_end_short_backtrace::<std[617be2ca0a6fd877]::panicking::panic_handler::{closure#0}, !>
[INFO] [stdout]    9:     0x645c4b77e55d - __rustc[ea4f61d10b84890b]::rust_begin_unwind
[INFO] [stdout]   10:     0x645c4b7b7e8c - core[a373ad73a504971]::panicking::panic_fmt
[INFO] [stdout]   11:     0x645c4b62655a - ty_backend_t[29213b04ae65b697]::tests::compile_example::{closure#0}
[INFO] [stdout]   12:     0x645c4b6272ad - ty_backend_t[29213b04ae65b697]::tests::compile_example
[INFO] [stdout]   13:     0x645c4b6284ae - <ty_backend_t[29213b04ae65b697]::tests::example_functions::{closure#0} as core[a373ad73a504971]::ops::function::FnOnce<()>>::call_once
[INFO] [stdout]   14:     0x645c4b7088fb - test[aada8e7e76ba119b]::__rust_begin_short_backtrace::<core[a373ad73a504971]::result::Result<(), alloc[2e1b2a31b91974c5]::string::String>, fn() -> core[a373ad73a504971]::result::Result<(), alloc[2e1b2a31b91974c5]::string::String>>
[INFO] [stdout]   15:     0x645c4b715ad5 - test[aada8e7e76ba119b]::run_test::{closure#0}
[INFO] [stdout]   16:     0x645c4b70f3c4 - std[617be2ca0a6fd877]::sys::backtrace::__rust_begin_short_backtrace::<test[aada8e7e76ba119b]::run_test::{closure#1}, ()>
[INFO] [stdout]   17:     0x645c4b718b62 - <std[617be2ca0a6fd877]::thread::lifecycle::spawn_unchecked<test[aada8e7e76ba119b]::run_test::{closure#1}, ()>::{closure#1} as core[a373ad73a504971]::ops::function::FnOnce<()>>::call_once::{shim:vtable#0}
[INFO] [stdout]   18:     0x645c4b7a121f - <std[617be2ca0a6fd877]::sys::thread::unix::Thread>::new::thread_start
[INFO] [stdout]   19:     0x7c78cefa7dfa - <unknown>
[INFO] [stdout]   20:     0x7c78cf03b3d4 - clone
[INFO] [stdout]   21:                0x0 - <unknown>
[INFO] [stdout] 
[INFO] [stdout] ---- tests::example_generic_types stdout ----
[INFO] [stdout] 
[INFO] [stdout] thread 'tests::example_generic_types' (571) panicked at src/lib.rs:176:37:
[INFO] [stdout] cannot read ../examples/ty/generic_types.c.ty: No such file or directory (os error 2)
[INFO] [stdout] stack backtrace:
[INFO] [stdout]    0:     0x645c4b7a1f01 - <<std[617be2ca0a6fd877]::sys::backtrace::BacktraceLock>::print::DisplayBacktrace as core[a373ad73a504971]::fmt::Display>::fmt
[INFO] [stdout]    1:     0x645c4b7b775a - core[a373ad73a504971]::fmt::write
[INFO] [stdout]    2:     0x645c4b7a611c - <alloc[2e1b2a31b91974c5]::vec::Vec<u8> as core[a373ad73a504971]::io::write::Write>::write_fmt
[INFO] [stdout]    3:     0x645c4b77d8a6 - std[617be2ca0a6fd877]::panicking::default_hook::{closure#0}
[INFO] [stdout]    4:     0x645c4b799f79 - std[617be2ca0a6fd877]::panicking::default_hook
[INFO] [stdout]    5:     0x645c4b7154b0 - test[aada8e7e76ba119b]::test_main_inner::{closure#0}
[INFO] [stdout]    6:     0x645c4b79a132 - std[617be2ca0a6fd877]::panicking::panic_with_hook
[INFO] [stdout]    7:     0x645c4b77d952 - std[617be2ca0a6fd877]::panicking::panic_handler::{closure#0}
[INFO] [stdout]    8:     0x645c4b776429 - std[617be2ca0a6fd877]::sys::backtrace::__rust_end_short_backtrace::<std[617be2ca0a6fd877]::panicking::panic_handler::{closure#0}, !>
[INFO] [stdout]    9:     0x645c4b77e55d - __rustc[ea4f61d10b84890b]::rust_begin_unwind
[INFO] [stdout]   10:     0x645c4b7b7e8c - core[a373ad73a504971]::panicking::panic_fmt
[INFO] [stdout]   11:     0x645c4b62655a - ty_backend_t[29213b04ae65b697]::tests::compile_example::{closure#0}
[INFO] [stdout]   12:     0x645c4b6272ad - ty_backend_t[29213b04ae65b697]::tests::compile_example
[INFO] [stdout]   13:     0x645c4b62a0ce - <ty_backend_t[29213b04ae65b697]::tests::example_generic_types::{closure#0} as core[a373ad73a504971]::ops::function::FnOnce<()>>::call_once
[INFO] [stdout]   14:     0x645c4b7088fb - test[aada8e7e76ba119b]::__rust_begin_short_backtrace::<core[a373ad73a504971]::result::Result<(), alloc[2e1b2a31b91974c5]::string::String>, fn() -> core[a373ad73a504971]::result::Result<(), alloc[2e1b2a31b91974c5]::string::String>>
[INFO] [stdout]   15:     0x645c4b715ad5 - test[aada8e7e76ba119b]::run_test::{closure#0}
[INFO] [stdout]   16:     0x645c4b70f3c4 - std[617be2ca0a6fd877]::sys::backtrace::__rust_begin_short_backtrace::<test[aada8e7e76ba119b]::run_test::{closure#1}, ()>
[INFO] [stdout]   17:     0x645c4b718b62 - <std[617be2ca0a6fd877]::thread::lifecycle::spawn_unchecked<test[aada8e7e76ba119b]::run_test::{closure#1}, ()>::{closure#1} as core[a373ad73a504971]::ops::function::FnOnce<()>>::call_once::{shim:vtable#0}
[INFO] [stdout]   18:     0x645c4b7a121f - <std[617be2ca0a6fd877]::sys::thread::unix::Thread>::new::thread_start
[INFO] [stdout]   19:     0x7c78cefa7dfa - <unknown>
[INFO] [stdout]   20:     0x7c78cf03b3d4 - clone
[INFO] [stdout]   21:                0x0 - <unknown>
[INFO] [stdout] 
[INFO] [stdout] ---- tests::example_generics stdout ----
[INFO] [stdout] 
[INFO] [stdout] thread 'tests::example_generics' (572) panicked at src/lib.rs:176:37:
[INFO] [stdout] cannot read ../examples/ty/generics.c.ty: No such file or directory (os error 2)
[INFO] [stdout] stack backtrace:
[INFO] [stdout]    0:     0x645c4b7a1f01 - <<std[617be2ca0a6fd877]::sys::backtrace::BacktraceLock>::print::DisplayBacktrace as core[a373ad73a504971]::fmt::Display>::fmt
[INFO] [stdout]    1:     0x645c4b7b775a - core[a373ad73a504971]::fmt::write
[INFO] [stdout]    2:     0x645c4b7a611c - <alloc[2e1b2a31b91974c5]::vec::Vec<u8> as core[a373ad73a504971]::io::write::Write>::write_fmt
[INFO] [stdout]    3:     0x645c4b77d8a6 - std[617be2ca0a6fd877]::panicking::default_hook::{closure#0}
[INFO] [stdout]    4:     0x645c4b799f79 - std[617be2ca0a6fd877]::panicking::default_hook
[INFO] [stdout]    5:     0x645c4b7154b0 - test[aada8e7e76ba119b]::test_main_inner::{closure#0}
[INFO] [stdout]    6:     0x645c4b79a132 - std[617be2ca0a6fd877]::panicking::panic_with_hook
[INFO] [stdout]    7:     0x645c4b77d952 - std[617be2ca0a6fd877]::panicking::panic_handler::{closure#0}
[INFO] [stdout]    8:     0x645c4b776429 - std[617be2ca0a6fd877]::sys::backtrace::__rust_end_short_backtrace::<std[617be2ca0a6fd877]::panicking::panic_handler::{closure#0}, !>
[INFO] [stdout]    9:     0x645c4b77e55d - __rustc[ea4f61d10b84890b]::rust_begin_unwind
[INFO] [stdout]   10:     0x645c4b7b7e8c - core[a373ad73a504971]::panicking::panic_fmt
[INFO] [stdout]   11:     0x645c4b62655a - ty_backend_t[29213b04ae65b697]::tests::compile_example::{closure#0}
[INFO] [stdout]   12:     0x645c4b6272ad - ty_backend_t[29213b04ae65b697]::tests::compile_example
[INFO] [stdout]   13:     0x645c4b62812e - <ty_backend_t[29213b04ae65b697]::tests::example_generics::{closure#0} as core[a373ad73a504971]::ops::function::FnOnce<()>>::call_once
[INFO] [stdout]   14:     0x645c4b7088fb - test[aada8e7e76ba119b]::__rust_begin_short_backtrace::<core[a373ad73a504971]::result::Result<(), alloc[2e1b2a31b91974c5]::string::String>, fn() -> core[a373ad73a504971]::result::Result<(), alloc[2e1b2a31b91974c5]::string::String>>
[INFO] [stdout]   15:     0x645c4b715ad5 - test[aada8e7e76ba119b]::run_test::{closure#0}
[INFO] [stdout]   16:     0x645c4b70f3c4 - std[617be2ca0a6fd877]::sys::backtrace::__rust_begin_short_backtrace::<test[aada8e7e76ba119b]::run_test::{closure#1}, ()>
[INFO] [stdout]   17:     0x645c4b718b62 - <std[617be2ca0a6fd877]::thread::lifecycle::spawn_unchecked<test[aada8e7e76ba119b]::run_test::{closure#1}, ()>::{closure#1} as core[a373ad73a504971]::ops::function::FnOnce<()>>::call_once::{shim:vtable#0}
[INFO] [stdout]   18:     0x645c4b7a121f - <std[617be2ca0a6fd877]::sys::thread::unix::Thread>::new::thread_start
[INFO] [stdout]   19:     0x7c78cefa7dfa - <unknown>
[INFO] [stdout]   20:     0x7c78cf03b3d4 - clone
[INFO] [stdout]   21:                0x0 - <unknown>
[INFO] [stdout] 
[INFO] [stdout] ---- tests::example_generics_multi stdout ----
[INFO] [stdout] 
[INFO] [stdout] thread 'tests::example_generics_multi' (573) panicked at src/lib.rs:176:37:
[INFO] [stdout] cannot read ../examples/ty/generics_multi.c.ty: No such file or directory (os error 2)
[INFO] [stdout] stack backtrace:
[INFO] [stdout]    0:     0x645c4b7a1f01 - <<std[617be2ca0a6fd877]::sys::backtrace::BacktraceLock>::print::DisplayBacktrace as core[a373ad73a504971]::fmt::Display>::fmt
[INFO] [stdout]    1:     0x645c4b7b775a - core[a373ad73a504971]::fmt::write
[INFO] [stdout]    2:     0x645c4b7a611c - <alloc[2e1b2a31b91974c5]::vec::Vec<u8> as core[a373ad73a504971]::io::write::Write>::write_fmt
[INFO] [stdout]    3:     0x645c4b77d8a6 - std[617be2ca0a6fd877]::panicking::default_hook::{closure#0}
[INFO] [stdout]    4:     0x645c4b799f79 - std[617be2ca0a6fd877]::panicking::default_hook
[INFO] [stdout]    5:     0x645c4b7154b0 - test[aada8e7e76ba119b]::test_main_inner::{closure#0}
[INFO] [stdout]    6:     0x645c4b79a132 - std[617be2ca0a6fd877]::panicking::panic_with_hook
[INFO] [stdout]    7:     0x645c4b77d952 - std[617be2ca0a6fd877]::panicking::panic_handler::{closure#0}
[INFO] [stdout]    8:     0x645c4b776429 - std[617be2ca0a6fd877]::sys::backtrace::__rust_end_short_backtrace::<std[617be2ca0a6fd877]::panicking::panic_handler::{closure#0}, !>
[INFO] [stdout]    9:     0x645c4b77e55d - __rustc[ea4f61d10b84890b]::rust_begin_unwind
[INFO] [stdout]   10:     0x645c4b7b7e8c - core[a373ad73a504971]::panicking::panic_fmt
[INFO] [stdout]   11:     0x645c4b62655a - ty_backend_t[29213b04ae65b697]::tests::compile_example::{closure#0}
[INFO] [stdout]   12:     0x645c4b6272ad - ty_backend_t[29213b04ae65b697]::tests::compile_example
[INFO] [stdout]   13:     0x645c4b62b2ee - <ty_backend_t[29213b04ae65b697]::tests::example_generics_multi::{closure#0} as core[a373ad73a504971]::ops::function::FnOnce<()>>::call_once
[INFO] [stdout]   14:     0x645c4b7088fb - test[aada8e7e76ba119b]::__rust_begin_short_backtrace::<core[a373ad73a504971]::result::Result<(), alloc[2e1b2a31b91974c5]::string::String>, fn() -> core[a373ad73a504971]::result::Result<(), alloc[2e1b2a31b91974c5]::string::String>>
[INFO] [stdout]   15:     0x645c4b715ad5 - test[aada8e7e76ba119b]::run_test::{closure#0}
[INFO] [stdout]   16:     0x645c4b70f3c4 - std[617be2ca0a6fd877]::sys::backtrace::__rust_begin_short_backtrace::<test[aada8e7e76ba119b]::run_test::{closure#1}, ()>
[INFO] [stdout]   17:     0x645c4b718b62 - <std[617be2ca0a6fd877]::thread::lifecycle::spawn_unchecked<test[aada8e7e76ba119b]::run_test::{closure#1}, ()>::{closure#1} as core[a373ad73a504971]::ops::function::FnOnce<()>>::call_once::{shim:vtable#0}
[INFO] [stdout]   18:     0x645c4b7a121f - <std[617be2ca0a6fd877]::sys::thread::unix::Thread>::new::thread_start
[INFO] [stdout]   19:     0x7c78cefa7dfa - <unknown>
[INFO] [stdout]   20:     0x7c78cf03b3d4 - clone
[INFO] [stdout]   21:                0x0 - <unknown>
[INFO] [stdout] 
[INFO] [stdout] ---- tests::example_hello stdout ----
[INFO] [stdout] 
[INFO] [stdout] thread 'tests::example_hello' (574) panicked at src/lib.rs:176:37:
[INFO] [stdout] cannot read ../examples/ty/hello.c.ty: No such file or directory (os error 2)
[INFO] [stdout] stack backtrace:
[INFO] [stdout]    0:     0x645c4b7a1f01 - <<std[617be2ca0a6fd877]::sys::backtrace::BacktraceLock>::print::DisplayBacktrace as core[a373ad73a504971]::fmt::Display>::fmt
[INFO] [stdout]    1:     0x645c4b7b775a - core[a373ad73a504971]::fmt::write
[INFO] [stdout]    2:     0x645c4b7a611c - <alloc[2e1b2a31b91974c5]::vec::Vec<u8> as core[a373ad73a504971]::io::write::Write>::write_fmt
[INFO] [stdout]    3:     0x645c4b77d8a6 - std[617be2ca0a6fd877]::panicking::default_hook::{closure#0}
[INFO] [stdout]    4:     0x645c4b799f79 - std[617be2ca0a6fd877]::panicking::default_hook
[INFO] [stdout]    5:     0x645c4b7154b0 - test[aada8e7e76ba119b]::test_main_inner::{closure#0}
[INFO] [stdout]    6:     0x645c4b79a132 - std[617be2ca0a6fd877]::panicking::panic_with_hook
[INFO] [stdout]    7:     0x645c4b77d952 - std[617be2ca0a6fd877]::panicking::panic_handler::{closure#0}
[INFO] [stdout]    8:     0x645c4b776429 - std[617be2ca0a6fd877]::sys::backtrace::__rust_end_short_backtrace::<std[617be2ca0a6fd877]::panicking::panic_handler::{closure#0}, !>
[INFO] [stdout]    9:     0x645c4b77e55d - __rustc[ea4f61d10b84890b]::rust_begin_unwind
[INFO] [stdout]   10:     0x645c4b7b7e8c - core[a373ad73a504971]::panicking::panic_fmt
[INFO] [stdout]   11:     0x645c4b62655a - ty_backend_t[29213b04ae65b697]::tests::compile_example::{closure#0}
[INFO] [stdout]   12:     0x645c4b6272ad - ty_backend_t[29213b04ae65b697]::tests::compile_example
[INFO] [stdout]   13:     0x645c4b627d1e - <ty_backend_t[29213b04ae65b697]::tests::example_hello::{closure#0} as core[a373ad73a504971]::ops::function::FnOnce<()>>::call_once
[INFO] [stdout]   14:     0x645c4b7088fb - test[aada8e7e76ba119b]::__rust_begin_short_backtrace::<core[a373ad73a504971]::result::Result<(), alloc[2e1b2a31b91974c5]::string::String>, fn() -> core[a373ad73a504971]::result::Result<(), alloc[2e1b2a31b91974c5]::string::String>>
[INFO] [stdout]   15:     0x645c4b715ad5 - test[aada8e7e76ba119b]::run_test::{closure#0}
[INFO] [stdout]   16:     0x645c4b70f3c4 - std[617be2ca0a6fd877]::sys::backtrace::__rust_begin_short_backtrace::<test[aada8e7e76ba119b]::run_test::{closure#1}, ()>
[INFO] [stdout]   17:     0x645c4b718b62 - <std[617be2ca0a6fd877]::thread::lifecycle::spawn_unchecked<test[aada8e7e76ba119b]::run_test::{closure#1}, ()>::{closure#1} as core[a373ad73a504971]::ops::function::FnOnce<()>>::call_once::{shim:vtable#0}
[INFO] [stdout]   18:     0x645c4b7a121f - <std[617be2ca0a6fd877]::sys::thread::unix::Thread>::new::thread_start
[INFO] [stdout]   19:     0x7c78cefa7dfa - <unknown>
[INFO] [stdout]   20:     0x7c78cf03b3d4 - clone
[INFO] [stdout]   21:                0x0 - <unknown>
[INFO] [stdout] 
[INFO] [stdout] ---- tests::example_impl_tuple stdout ----
[INFO] [stdout] 
[INFO] [stdout] thread 'tests::example_impl_tuple' (575) panicked at src/lib.rs:176:37:
[INFO] [stdout] cannot read ../examples/ty/impl_tuple.c.ty: No such file or directory (os error 2)
[INFO] [stdout] stack backtrace:
[INFO] [stdout]    0:     0x645c4b7a1f01 - <<std[617be2ca0a6fd877]::sys::backtrace::BacktraceLock>::print::DisplayBacktrace as core[a373ad73a504971]::fmt::Display>::fmt
[INFO] [stdout]    1:     0x645c4b7b775a - core[a373ad73a504971]::fmt::write
[INFO] [stdout]    2:     0x645c4b7a611c - <alloc[2e1b2a31b91974c5]::vec::Vec<u8> as core[a373ad73a504971]::io::write::Write>::write_fmt
[INFO] [stdout]    3:     0x645c4b77d8a6 - std[617be2ca0a6fd877]::panicking::default_hook::{closure#0}
[INFO] [stdout]    4:     0x645c4b799f79 - std[617be2ca0a6fd877]::panicking::default_hook
[INFO] [stdout]    5:     0x645c4b7154b0 - test[aada8e7e76ba119b]::test_main_inner::{closure#0}
[INFO] [stdout]    6:     0x645c4b79a132 - std[617be2ca0a6fd877]::panicking::panic_with_hook
[INFO] [stdout]    7:     0x645c4b77d952 - std[617be2ca0a6fd877]::panicking::panic_handler::{closure#0}
[INFO] [stdout]    8:     0x645c4b776429 - std[617be2ca0a6fd877]::sys::backtrace::__rust_end_short_backtrace::<std[617be2ca0a6fd877]::panicking::panic_handler::{closure#0}, !>
[INFO] [stdout]    9:     0x645c4b77e55d - __rustc[ea4f61d10b84890b]::rust_begin_unwind
[INFO] [stdout]   10:     0x645c4b7b7e8c - core[a373ad73a504971]::panicking::panic_fmt
[INFO] [stdout]   11:     0x645c4b62655a - ty_backend_t[29213b04ae65b697]::tests::compile_example::{closure#0}
[INFO] [stdout]   12:     0x645c4b6272ad - ty_backend_t[29213b04ae65b697]::tests::compile_example
[INFO] [stdout]   13:     0x645c4b6299be - <ty_backend_t[29213b04ae65b697]::tests::example_impl_tuple::{closure#0} as core[a373ad73a504971]::ops::function::FnOnce<()>>::call_once
[INFO] [stdout]   14:     0x645c4b7088fb - test[aada8e7e76ba119b]::__rust_begin_short_backtrace::<core[a373ad73a504971]::result::Result<(), alloc[2e1b2a31b91974c5]::string::String>, fn() -> core[a373ad73a504971]::result::Result<(), alloc[2e1b2a31b91974c5]::string::String>>
[INFO] [stdout]   15:     0x645c4b715ad5 - test[aada8e7e76ba119b]::run_test::{closure#0}
[INFO] [stdout]   16:     0x645c4b70f3c4 - std[617be2ca0a6fd877]::sys::backtrace::__rust_begin_short_backtrace::<test[aada8e7e76ba119b]::run_test::{closure#1}, ()>
[INFO] [stdout]   17:     0x645c4b718b62 - <std[617be2ca0a6fd877]::thread::lifecycle::spawn_unchecked<test[aada8e7e76ba119b]::run_test::{closure#1}, ()>::{closure#1} as core[a373ad73a504971]::ops::function::FnOnce<()>>::call_once::{shim:vtable#0}
[INFO] [stdout]   18:     0x645c4b7a121f - <std[617be2ca0a6fd877]::sys::thread::unix::Thread>::new::thread_start
[INFO] [stdout]   19:     0x7c78cefa7dfa - <unknown>
[INFO] [stdout]   20:     0x7c78cf03b3d4 - clone
[INFO] [stdout]   21:                0x0 - <unknown>
[INFO] [stdout] 
[INFO] [stdout] ---- tests::example_newtypes stdout ----
[INFO] [stdout] 
[INFO] [stdout] thread 'tests::example_newtypes' (576) panicked at src/lib.rs:176:37:
[INFO] [stdout] cannot read ../examples/ty/newtypes.c.ty: No such file or directory (os error 2)
[INFO] [stdout] stack backtrace:
[INFO] [stdout]    0:     0x645c4b7a1f01 - <<std[617be2ca0a6fd877]::sys::backtrace::BacktraceLock>::print::DisplayBacktrace as core[a373ad73a504971]::fmt::Display>::fmt
[INFO] [stdout]    1:     0x645c4b7b775a - core[a373ad73a504971]::fmt::write
[INFO] [stdout]    2:     0x645c4b7a611c - <alloc[2e1b2a31b91974c5]::vec::Vec<u8> as core[a373ad73a504971]::io::write::Write>::write_fmt
[INFO] [stdout]    3:     0x645c4b77d8a6 - std[617be2ca0a6fd877]::panicking::default_hook::{closure#0}
[INFO] [stdout]    4:     0x645c4b799f79 - std[617be2ca0a6fd877]::panicking::default_hook
[INFO] [stdout]    5:     0x645c4b7154b0 - test[aada8e7e76ba119b]::test_main_inner::{closure#0}
[INFO] [stdout]    6:     0x645c4b79a132 - std[617be2ca0a6fd877]::panicking::panic_with_hook
[INFO] [stdout]    7:     0x645c4b77d952 - std[617be2ca0a6fd877]::panicking::panic_handler::{closure#0}
[INFO] [stdout]    8:     0x645c4b776429 - std[617be2ca0a6fd877]::sys::backtrace::__rust_end_short_backtrace::<std[617be2ca0a6fd877]::panicking::panic_handler::{closure#0}, !>
[INFO] [stdout]    9:     0x645c4b77e55d - __rustc[ea4f61d10b84890b]::rust_begin_unwind
[INFO] [stdout]   10:     0x645c4b7b7e8c - core[a373ad73a504971]::panicking::panic_fmt
[INFO] [stdout]   11:     0x645c4b62655a - ty_backend_t[29213b04ae65b697]::tests::compile_example::{closure#0}
[INFO] [stdout]   12:     0x645c4b6272ad - ty_backend_t[29213b04ae65b697]::tests::compile_example
[INFO] [stdout]   13:     0x645c4b6281ee - <ty_backend_t[29213b04ae65b697]::tests::example_newtypes::{closure#0} as core[a373ad73a504971]::ops::function::FnOnce<()>>::call_once
[INFO] [stdout]   14:     0x645c4b7088fb - test[aada8e7e76ba119b]::__rust_begin_short_backtrace::<core[a373ad73a504971]::result::Result<(), alloc[2e1b2a31b91974c5]::string::String>, fn() -> core[a373ad73a504971]::result::Result<(), alloc[2e1b2a31b91974c5]::string::String>>
[INFO] [stdout]   15:     0x645c4b715ad5 - test[aada8e7e76ba119b]::run_test::{closure#0}
[INFO] [stdout]   16:     0x645c4b70f3c4 - std[617be2ca0a6fd877]::sys::backtrace::__rust_begin_short_backtrace::<test[aada8e7e76ba119b]::run_test::{closure#1}, ()>
[INFO] [stdout]   17:     0x645c4b718b62 - <std[617be2ca0a6fd877]::thread::lifecycle::spawn_unchecked<test[aada8e7e76ba119b]::run_test::{closure#1}, ()>::{closure#1} as core[a373ad73a504971]::ops::function::FnOnce<()>>::call_once::{shim:vtable#0}
[INFO] [stdout]   18:     0x645c4b7a121f - <std[617be2ca0a6fd877]::sys::thread::unix::Thread>::new::thread_start
[INFO] [stdout]   19:     0x7c78cefa7dfa - <unknown>
[INFO] [stdout]   20:     0x7c78cf03b3d4 - clone
[INFO] [stdout]   21:                0x0 - <unknown>
[INFO] [stdout] 
[INFO] [stdout] ---- tests::example_ref_at_syntax stdout ----
[INFO] [stdout] 
[INFO] [stdout] thread 'tests::example_ref_at_syntax' (577) panicked at src/lib.rs:176:37:
[INFO] [stdout] cannot read ../examples/ty/ref_at_syntax.c.ty: No such file or directory (os error 2)
[INFO] [stdout] stack backtrace:
[INFO] [stdout]    0:     0x645c4b7a1f01 - <<std[617be2ca0a6fd877]::sys::backtrace::BacktraceLock>::print::DisplayBacktrace as core[a373ad73a504971]::fmt::Display>::fmt
[INFO] [stdout]    1:     0x645c4b7b775a - core[a373ad73a504971]::fmt::write
[INFO] [stdout]    2:     0x645c4b7a611c - <alloc[2e1b2a31b91974c5]::vec::Vec<u8> as core[a373ad73a504971]::io::write::Write>::write_fmt
[INFO] [stdout]    3:     0x645c4b77d8a6 - std[617be2ca0a6fd877]::panicking::default_hook::{closure#0}
[INFO] [stdout]    4:     0x645c4b799f79 - std[617be2ca0a6fd877]::panicking::default_hook
[INFO] [stdout]    5:     0x645c4b7154b0 - test[aada8e7e76ba119b]::test_main_inner::{closure#0}
[INFO] [stdout]    6:     0x645c4b79a132 - std[617be2ca0a6fd877]::panicking::panic_with_hook
[INFO] [stdout]    7:     0x645c4b77d952 - std[617be2ca0a6fd877]::panicking::panic_handler::{closure#0}
[INFO] [stdout]    8:     0x645c4b776429 - std[617be2ca0a6fd877]::sys::backtrace::__rust_end_short_backtrace::<std[617be2ca0a6fd877]::panicking::panic_handler::{closure#0}, !>
[INFO] [stdout]    9:     0x645c4b77e55d - __rustc[ea4f61d10b84890b]::rust_begin_unwind
[INFO] [stdout]   10:     0x645c4b7b7e8c - core[a373ad73a504971]::panicking::panic_fmt
[INFO] [stdout]   11:     0x645c4b62655a - ty_backend_t[29213b04ae65b697]::tests::compile_example::{closure#0}
[INFO] [stdout]   12:     0x645c4b6272ad - ty_backend_t[29213b04ae65b697]::tests::compile_example
[INFO] [stdout]   13:     0x645c4b62a18e - <ty_backend_t[29213b04ae65b697]::tests::example_ref_at_syntax::{closure#0} as core[a373ad73a504971]::ops::function::FnOnce<()>>::call_once
[INFO] [stdout]   14:     0x645c4b7088fb - test[aada8e7e76ba119b]::__rust_begin_short_backtrace::<core[a373ad73a504971]::result::Result<(), alloc[2e1b2a31b91974c5]::string::String>, fn() -> core[a373ad73a504971]::result::Result<(), alloc[2e1b2a31b91974c5]::string::String>>
[INFO] [stdout]   15:     0x645c4b715ad5 - test[aada8e7e76ba119b]::run_test::{closure#0}
[INFO] [stdout]   16:     0x645c4b70f3c4 - std[617be2ca0a6fd877]::sys::backtrace::__rust_begin_short_backtrace::<test[aada8e7e76ba119b]::run_test::{closure#1}, ()>
[INFO] [stdout]   17:     0x645c4b718b62 - <std[617be2ca0a6fd877]::thread::lifecycle::spawn_unchecked<test[aada8e7e76ba119b]::run_test::{closure#1}, ()>::{closure#1} as core[a373ad73a504971]::ops::function::FnOnce<()>>::call_once::{shim:vtable#0}
[INFO] [stdout]   18:     0x645c4b7a121f - <std[617be2ca0a6fd877]::sys::thread::unix::Thread>::new::thread_start
[INFO] [stdout]   19:     0x7c78cefa7dfa - <unknown>
[INFO] [stdout]   20:     0x7c78cf03b3d4 - clone
[INFO] [stdout]   21:                0x0 - <unknown>
[INFO] [stdout] 
[INFO] [stdout] ---- tests::example_ref_construction stdout ----
[INFO] [stdout] 
[INFO] [stdout] thread 'tests::example_ref_construction' (578) panicked at src/lib.rs:176:37:
[INFO] [stdout] cannot read ../examples/ty/ref_construction.c.ty: No such file or directory (os error 2)
[INFO] [stdout] stack backtrace:
[INFO] [stdout]    0:     0x645c4b7a1f01 - <<std[617be2ca0a6fd877]::sys::backtrace::BacktraceLock>::print::DisplayBacktrace as core[a373ad73a504971]::fmt::Display>::fmt
[INFO] [stdout]    1:     0x645c4b7b775a - core[a373ad73a504971]::fmt::write
[INFO] [stdout]    2:     0x645c4b7a611c - <alloc[2e1b2a31b91974c5]::vec::Vec<u8> as core[a373ad73a504971]::io::write::Write>::write_fmt
[INFO] [stdout]    3:     0x645c4b77d8a6 - std[617be2ca0a6fd877]::panicking::default_hook::{closure#0}
[INFO] [stdout]    4:     0x645c4b799f79 - std[617be2ca0a6fd877]::panicking::default_hook
[INFO] [stdout]    5:     0x645c4b7154b0 - test[aada8e7e76ba119b]::test_main_inner::{closure#0}
[INFO] [stdout]    6:     0x645c4b79a132 - std[617be2ca0a6fd877]::panicking::panic_with_hook
[INFO] [stdout]    7:     0x645c4b77d952 - std[617be2ca0a6fd877]::panicking::panic_handler::{closure#0}
[INFO] [stdout]    8:     0x645c4b776429 - std[617be2ca0a6fd877]::sys::backtrace::__rust_end_short_backtrace::<std[617be2ca0a6fd877]::panicking::panic_handler::{closure#0}, !>
[INFO] [stdout]    9:     0x645c4b77e55d - __rustc[ea4f61d10b84890b]::rust_begin_unwind
[INFO] [stdout]   10:     0x645c4b7b7e8c - core[a373ad73a504971]::panicking::panic_fmt
[INFO] [stdout]   11:     0x645c4b62655a - ty_backend_t[29213b04ae65b697]::tests::compile_example::{closure#0}
[INFO] [stdout]   12:     0x645c4b6272ad - ty_backend_t[29213b04ae65b697]::tests::compile_example
[INFO] [stdout]   13:     0x645c4b62b79e - <ty_backend_t[29213b04ae65b697]::tests::example_ref_construction::{closure#0} as core[a373ad73a504971]::ops::function::FnOnce<()>>::call_once
[INFO] [stdout]   14:     0x645c4b7088fb - test[aada8e7e76ba119b]::__rust_begin_short_backtrace::<core[a373ad73a504971]::result::Result<(), alloc[2e1b2a31b91974c5]::string::String>, fn() -> core[a373ad73a504971]::result::Result<(), alloc[2e1b2a31b91974c5]::string::String>>
[INFO] [stdout]   15:     0x645c4b715ad5 - test[aada8e7e76ba119b]::run_test::{closure#0}
[INFO] [stdout]   16:     0x645c4b70f3c4 - std[617be2ca0a6fd877]::sys::backtrace::__rust_begin_short_backtrace::<test[aada8e7e76ba119b]::run_test::{closure#1}, ()>
[INFO] [stdout]   17:     0x645c4b718b62 - <std[617be2ca0a6fd877]::thread::lifecycle::spawn_unchecked<test[aada8e7e76ba119b]::run_test::{closure#1}, ()>::{closure#1} as core[a373ad73a504971]::ops::function::FnOnce<()>>::call_once::{shim:vtable#0}
[INFO] [stdout]   18:     0x645c4b7a121f - <std[617be2ca0a6fd877]::sys::thread::unix::Thread>::new::thread_start
[INFO] [stdout]   19:     0x7c78cefa7dfa - <unknown>
[INFO] [stdout]   20:     0x7c78cf03b3d4 - clone
[INFO] [stdout]   21:                0x0 - <unknown>
[INFO] [stdout] 
[INFO] [stdout] ---- tests::example_ref_impl_block stdout ----
[INFO] [stdout] 
[INFO] [stdout] thread 'tests::example_ref_impl_block' (579) panicked at src/lib.rs:176:37:
[INFO] [stdout] cannot read ../examples/ty/ref_impl_block.c.ty: No such file or directory (os error 2)
[INFO] [stdout] stack backtrace:
[INFO] [stdout]    0:     0x645c4b7a1f01 - <<std[617be2ca0a6fd877]::sys::backtrace::BacktraceLock>::print::DisplayBacktrace as core[a373ad73a504971]::fmt::Display>::fmt
[INFO] [stdout]    1:     0x645c4b7b775a - core[a373ad73a504971]::fmt::write
[INFO] [stdout]    2:     0x645c4b7a611c - <alloc[2e1b2a31b91974c5]::vec::Vec<u8> as core[a373ad73a504971]::io::write::Write>::write_fmt
[INFO] [stdout]    3:     0x645c4b77d8a6 - std[617be2ca0a6fd877]::panicking::default_hook::{closure#0}
[INFO] [stdout]    4:     0x645c4b799f79 - std[617be2ca0a6fd877]::panicking::default_hook
[INFO] [stdout]    5:     0x645c4b7154b0 - test[aada8e7e76ba119b]::test_main_inner::{closure#0}
[INFO] [stdout]    6:     0x645c4b79a132 - std[617be2ca0a6fd877]::panicking::panic_with_hook
[INFO] [stdout]    7:     0x645c4b77d952 - std[617be2ca0a6fd877]::panicking::panic_handler::{closure#0}
[INFO] [stdout]    8:     0x645c4b776429 - std[617be2ca0a6fd877]::sys::backtrace::__rust_end_short_backtrace::<std[617be2ca0a6fd877]::panicking::panic_handler::{closure#0}, !>
[INFO] [stdout]    9:     0x645c4b77e55d - __rustc[ea4f61d10b84890b]::rust_begin_unwind
[INFO] [stdout]   10:     0x645c4b7b7e8c - core[a373ad73a504971]::panicking::panic_fmt
[INFO] [stdout]   11:     0x645c4b62655a - ty_backend_t[29213b04ae65b697]::tests::compile_example::{closure#0}
[INFO] [stdout]   12:     0x645c4b6272ad - ty_backend_t[29213b04ae65b697]::tests::compile_example
[INFO] [stdout]   13:     0x645c4b62b3ae - <ty_backend_t[29213b04ae65b697]::tests::example_ref_impl_block::{closure#0} as core[a373ad73a504971]::ops::function::FnOnce<()>>::call_once
[INFO] [stdout]   14:     0x645c4b7088fb - test[aada8e7e76ba119b]::__rust_begin_short_backtrace::<core[a373ad73a504971]::result::Result<(), alloc[2e1b2a31b91974c5]::string::String>, fn() -> core[a373ad73a504971]::result::Result<(), alloc[2e1b2a31b91974c5]::string::String>>
[INFO] [stdout]   15:     0x645c4b715ad5 - test[aada8e7e76ba119b]::run_test::{closure#0}
[INFO] [stdout]   16:     0x645c4b70f3c4 - std[617be2ca0a6fd877]::sys::backtrace::__rust_begin_short_backtrace::<test[aada8e7e76ba119b]::run_test::{closure#1}, ()>
[INFO] [stdout]   17:     0x645c4b718b62 - <std[617be2ca0a6fd877]::thread::lifecycle::spawn_unchecked<test[aada8e7e76ba119b]::run_test::{closure#1}, ()>::{closure#1} as core[a373ad73a504971]::ops::function::FnOnce<()>>::call_once::{shim:vtable#0}
[INFO] [stdout]   18:     0x645c4b7a121f - <std[617be2ca0a6fd877]::sys::thread::unix::Thread>::new::thread_start
[INFO] [stdout]   19:     0x7c78cefa7dfa - <unknown>
[INFO] [stdout]   20:     0x7c78cf03b3d4 - clone
[INFO] [stdout]   21:                0x0 - <unknown>
[INFO] [stdout] 
[INFO] [stdout] ---- tests::example_ref_implicit_fields stdout ----
[INFO] [stdout] 
[INFO] [stdout] thread 'tests::example_ref_implicit_fields' (580) panicked at src/lib.rs:176:37:
[INFO] [stdout] cannot read ../examples/ty/ref_implicit_fields.c.ty: No such file or directory (os error 2)
[INFO] [stdout] stack backtrace:
[INFO] [stdout]    0:     0x645c4b7a1f01 - <<std[617be2ca0a6fd877]::sys::backtrace::BacktraceLock>::print::DisplayBacktrace as core[a373ad73a504971]::fmt::Display>::fmt
[INFO] [stdout]    1:     0x645c4b7b775a - core[a373ad73a504971]::fmt::write
[INFO] [stdout]    2:     0x645c4b7a611c - <alloc[2e1b2a31b91974c5]::vec::Vec<u8> as core[a373ad73a504971]::io::write::Write>::write_fmt
[INFO] [stdout]    3:     0x645c4b77d8a6 - std[617be2ca0a6fd877]::panicking::default_hook::{closure#0}
[INFO] [stdout]    4:     0x645c4b799f79 - std[617be2ca0a6fd877]::panicking::default_hook
[INFO] [stdout]    5:     0x645c4b7154b0 - test[aada8e7e76ba119b]::test_main_inner::{closure#0}
[INFO] [stdout]    6:     0x645c4b79a132 - std[617be2ca0a6fd877]::panicking::panic_with_hook
[INFO] [stdout]    7:     0x645c4b77d952 - std[617be2ca0a6fd877]::panicking::panic_handler::{closure#0}
[INFO] [stdout]    8:     0x645c4b776429 - std[617be2ca0a6fd877]::sys::backtrace::__rust_end_short_backtrace::<std[617be2ca0a6fd877]::panicking::panic_handler::{closure#0}, !>
[INFO] [stdout]    9:     0x645c4b77e55d - __rustc[ea4f61d10b84890b]::rust_begin_unwind
[INFO] [stdout]   10:     0x645c4b7b7e8c - core[a373ad73a504971]::panicking::panic_fmt
[INFO] [stdout]   11:     0x645c4b62655a - ty_backend_t[29213b04ae65b697]::tests::compile_example::{closure#0}
[INFO] [stdout]   12:     0x645c4b6272ad - ty_backend_t[29213b04ae65b697]::tests::compile_example
[INFO] [stdout]   13:     0x645c4b62d27e - <ty_backend_t[29213b04ae65b697]::tests::example_ref_implicit_fields::{closure#0} as core[a373ad73a504971]::ops::function::FnOnce<()>>::call_once
[INFO] [stdout]   14:     0x645c4b7088fb - test[aada8e7e76ba119b]::__rust_begin_short_backtrace::<core[a373ad73a504971]::result::Result<(), alloc[2e1b2a31b91974c5]::string::String>, fn() -> core[a373ad73a504971]::result::Result<(), alloc[2e1b2a31b91974c5]::string::String>>
[INFO] [stdout]   15:     0x645c4b715ad5 - test[aada8e7e76ba119b]::run_test::{closure#0}
[INFO] [stdout]   16:     0x645c4b70f3c4 - std[617be2ca0a6fd877]::sys::backtrace::__rust_begin_short_backtrace::<test[aada8e7e76ba119b]::run_test::{closure#1}, ()>
[INFO] [stdout]   17:     0x645c4b718b62 - <std[617be2ca0a6fd877]::thread::lifecycle::spawn_unchecked<test[aada8e7e76ba119b]::run_test::{closure#1}, ()>::{closure#1} as core[a373ad73a504971]::ops::function::FnOnce<()>>::call_once::{shim:vtable#0}
[INFO] [stdout]   18:     0x645c4b7a121f - <std[617be2ca0a6fd877]::sys::thread::unix::Thread>::new::thread_start
[INFO] [stdout]   19:     0x7c78cefa7dfa - <unknown>
[INFO] [stdout]   20:     0x7c78cf03b3d4 - clone
[INFO] [stdout]   21:                0x0 - <unknown>
[INFO] [stdout] 
[INFO] [stdout] ---- tests::example_ref_ufcs stdout ----
[INFO] [stdout] 
[INFO] [stdout] thread 'tests::example_ref_ufcs' (581) panicked at src/lib.rs:176:37:
[INFO] [stdout] cannot read ../examples/ty/ref_ufcs.c.ty: No such file or directory (os error 2)
[INFO] [stdout] stack backtrace:
[INFO] [stdout]    0:     0x645c4b7a1f01 - <<std[617be2ca0a6fd877]::sys::backtrace::BacktraceLock>::print::DisplayBacktrace as core[a373ad73a504971]::fmt::Display>::fmt
[INFO] [stdout]    1:     0x645c4b7b775a - core[a373ad73a504971]::fmt::write
[INFO] [stdout]    2:     0x645c4b7a611c - <alloc[2e1b2a31b91974c5]::vec::Vec<u8> as core[a373ad73a504971]::io::write::Write>::write_fmt
[INFO] [stdout]    3:     0x645c4b77d8a6 - std[617be2ca0a6fd877]::panicking::default_hook::{closure#0}
[INFO] [stdout]    4:     0x645c4b799f79 - std[617be2ca0a6fd877]::panicking::default_hook
[INFO] [stdout]    5:     0x645c4b7154b0 - test[aada8e7e76ba119b]::test_main_inner::{closure#0}
[INFO] [stdout]    6:     0x645c4b79a132 - std[617be2ca0a6fd877]::panicking::panic_with_hook
[INFO] [stdout]    7:     0x645c4b77d952 - std[617be2ca0a6fd877]::panicking::panic_handler::{closure#0}
[INFO] [stdout]    8:     0x645c4b776429 - std[617be2ca0a6fd877]::sys::backtrace::__rust_end_short_backtrace::<std[617be2ca0a6fd877]::panicking::panic_handler::{closure#0}, !>
[INFO] [stdout]    9:     0x645c4b77e55d - __rustc[ea4f61d10b84890b]::rust_begin_unwind
[INFO] [stdout]   10:     0x645c4b7b7e8c - core[a373ad73a504971]::panicking::panic_fmt
[INFO] [stdout]   11:     0x645c4b62655a - ty_backend_t[29213b04ae65b697]::tests::compile_example::{closure#0}
[INFO] [stdout]   12:     0x645c4b6272ad - ty_backend_t[29213b04ae65b697]::tests::compile_example
[INFO] [stdout]   13:     0x645c4b6282ae - <ty_backend_t[29213b04ae65b697]::tests::example_ref_ufcs::{closure#0} as core[a373ad73a504971]::ops::function::FnOnce<()>>::call_once
[INFO] [stdout]   14:     0x645c4b7088fb - test[aada8e7e76ba119b]::__rust_begin_short_backtrace::<core[a373ad73a504971]::result::Result<(), alloc[2e1b2a31b91974c5]::string::String>, fn() -> core[a373ad73a504971]::result::Result<(), alloc[2e1b2a31b91974c5]::string::String>>
[INFO] [stdout]   15:     0x645c4b715ad5 - test[aada8e7e76ba119b]::run_test::{closure#0}
[INFO] [stdout]   16:     0x645c4b70f3c4 - std[617be2ca0a6fd877]::sys::backtrace::__rust_begin_short_backtrace::<test[aada8e7e76ba119b]::run_test::{closure#1}, ()>
[INFO] [stdout]   17:     0x645c4b718b62 - <std[617be2ca0a6fd877]::thread::lifecycle::spawn_unchecked<test[aada8e7e76ba119b]::run_test::{closure#1}, ()>::{closure#1} as core[a373ad73a504971]::ops::function::FnOnce<()>>::call_once::{shim:vtable#0}
[INFO] [stdout]   18:     0x645c4b7a121f - <std[617be2ca0a6fd877]::sys::thread::unix::Thread>::new::thread_start
[INFO] [stdout]   19:     0x7c78cefa7dfa - <unknown>
[INFO] [stdout]   20:     0x7c78cf03b3d4 - clone
[INFO] [stdout]   21:                0x0 - <unknown>
[INFO] [stdout] 
[INFO] [stdout] ---- tests::example_tuples stdout ----
[INFO] [stdout] 
[INFO] [stdout] thread 'tests::example_tuples' (582) panicked at src/lib.rs:176:37:
[INFO] [stdout] cannot read ../examples/ty/tuples.c.ty: No such file or directory (os error 2)
[INFO] [stdout] stack backtrace:
[INFO] [stdout]    0:     0x645c4b7a1f01 - <<std[617be2ca0a6fd877]::sys::backtrace::BacktraceLock>::print::DisplayBacktrace as core[a373ad73a504971]::fmt::Display>::fmt
[INFO] [stdout]    1:     0x645c4b7b775a - core[a373ad73a504971]::fmt::write
[INFO] [stdout]    2:     0x645c4b7a611c - <alloc[2e1b2a31b91974c5]::vec::Vec<u8> as core[a373ad73a504971]::io::write::Write>::write_fmt
[INFO] [stdout]    3:     0x645c4b77d8a6 - std[617be2ca0a6fd877]::panicking::default_hook::{closure#0}
[INFO] [stdout]    4:     0x645c4b799f79 - std[617be2ca0a6fd877]::panicking::default_hook
[INFO] [stdout]    5:     0x645c4b7154b0 - test[aada8e7e76ba119b]::test_main_inner::{closure#0}
[INFO] [stdout]    6:     0x645c4b79a132 - std[617be2ca0a6fd877]::panicking::panic_with_hook
[INFO] [stdout]    7:     0x645c4b77d952 - std[617be2ca0a6fd877]::panicking::panic_handler::{closure#0}
[INFO] [stdout]    8:     0x645c4b776429 - std[617be2ca0a6fd877]::sys::backtrace::__rust_end_short_backtrace::<std[617be2ca0a6fd877]::panicking::panic_handler::{closure#0}, !>
[INFO] [stdout]    9:     0x645c4b77e55d - __rustc[ea4f61d10b84890b]::rust_begin_unwind
[INFO] [stdout]   10:     0x645c4b7b7e8c - core[a373ad73a504971]::panicking::panic_fmt
[INFO] [stdout]   11:     0x645c4b62655a - ty_backend_t[29213b04ae65b697]::tests::compile_example::{closure#0}
[INFO] [stdout]   12:     0x645c4b6272ad - ty_backend_t[29213b04ae65b697]::tests::compile_example
[INFO] [stdout]   13:     0x645c4b62806e - <ty_backend_t[29213b04ae65b697]::tests::example_tuples::{closure#0} as core[a373ad73a504971]::ops::function::FnOnce<()>>::call_once
[INFO] [stdout]   14:     0x645c4b7088fb - test[aada8e7e76ba119b]::__rust_begin_short_backtrace::<core[a373ad73a504971]::result::Result<(), alloc[2e1b2a31b91974c5]::string::String>, fn() -> core[a373ad73a504971]::result::Result<(), alloc[2e1b2a31b91974c5]::string::String>>
[INFO] [stdout]   15:     0x645c4b715ad5 - test[aada8e7e76ba119b]::run_test::{closure#0}
[INFO] [stdout]   16:     0x645c4b70f3c4 - std[617be2ca0a6fd877]::sys::backtrace::__rust_begin_short_backtrace::<test[aada8e7e76ba119b]::run_test::{closure#1}, ()>
[INFO] [stdout]   17:     0x645c4b718b62 - <std[617be2ca0a6fd877]::thread::lifecycle::spawn_unchecked<test[aada8e7e76ba119b]::run_test::{closure#1}, ()>::{closure#1} as core[a373ad73a504971]::ops::function::FnOnce<()>>::call_once::{shim:vtable#0}
[INFO] [stdout]   18:     0x645c4b7a121f - <std[617be2ca0a6fd877]::sys::thread::unix::Thread>::new::thread_start
[INFO] [stdout]   19:     0x7c78cefa7dfa - <unknown>
[INFO] [stdout]   20:     0x7c78cf03b3d4 - clone
[INFO] [stdout]   21:                0x0 - <unknown>
[INFO] [stdout] 
[INFO] [stdout] 
[INFO] [stdout] failures:
[INFO] [stdout]     tests::example_array_callable
[INFO] [stdout]     tests::example_callable_tuples
[INFO] [stdout]     tests::example_functions
[INFO] [stdout]     tests::example_generic_types
[INFO] [stdout]     tests::example_generics
[INFO] [stdout]     tests::example_generics_multi
[INFO] [stdout]     tests::example_hello
[INFO] [stdout]     tests::example_impl_tuple
[INFO] [stdout]     tests::example_newtypes
[INFO] [stdout]     tests::example_ref_at_syntax
[INFO] [stdout]     tests::example_ref_construction
[INFO] [stdout]     tests::example_ref_impl_block
[INFO] [stdout]     tests::example_ref_implicit_fields
[INFO] [stdout]     tests::example_ref_ufcs
[INFO] [stdout]     tests::example_tuples
[INFO] [stdout] 
[INFO] [stdout] test result: FAILED. 68 passed; 15 failed; 0 ignored; 0 measured; 0 filtered out; finished in 1.97s
[INFO] [stdout] 
[INFO] [stderr] error: test failed, to rerun pass `--lib`
[INFO] running `Command { std: "docker" "inspect" "91ef0604a01ab89d7dbe7feb8646c767f034011b453b8922482177c31567ef55", kill_on_drop: false }`
[INFO] running `Command { std: "docker" "rm" "-f" "91ef0604a01ab89d7dbe7feb8646c767f034011b453b8922482177c31567ef55", kill_on_drop: false }`
[INFO] [stdout] 91ef0604a01ab89d7dbe7feb8646c767f034011b453b8922482177c31567ef55
