[INFO] fetching crate tx5-go-pion-turn 0.8.1...
[INFO] testing tx5-go-pion-turn-0.8.1 against 1.99.0-beta.8+cargoflags=--release for beta-release-1.100-2
[INFO] extracting crate tx5-go-pion-turn 0.8.1 into /workspace/builds/worker-3-tc1/source
[INFO] started tweaking crates.io crate tx5-go-pion-turn 0.8.1
[INFO] finished tweaking crates.io crate tx5-go-pion-turn 0.8.1
[INFO] tweaked toml for crates.io crate tx5-go-pion-turn 0.8.1 written to /workspace/builds/worker-3-tc1/source/Cargo.toml
[INFO] validating manifest of crates.io crate tx5-go-pion-turn 0.8.1 on toolchain 1.99.0-beta.8
[INFO] running `Command { std: CARGO_HOME="/workspace/cargo-home" RUSTUP_HOME="/workspace/rustup-home" "/workspace/cargo-home/bin/cargo" "+1.99.0-beta.8" "metadata" "--manifest-path" "Cargo.toml" "--no-deps", kill_on_drop: false }`
[INFO] crate crates.io crate tx5-go-pion-turn 0.8.1 already has a lockfile, it will not be regenerated
[INFO] running `Command { std: CARGO_HOME="/workspace/cargo-home" RUSTUP_HOME="/workspace/rustup-home" "/workspace/cargo-home/bin/cargo" "+1.99.0-beta.8" "fetch" "--manifest-path" "Cargo.toml", kill_on_drop: false }`
[INFO] [stderr]     Updating crates.io index
[INFO] [stderr]  Downloading crates ...
[INFO] [stderr]   Downloaded tx5-core v0.8.1
[INFO] [stderr]   Downloaded xdg v2.5.2
[INFO] [stderr]   Downloaded app_dirs2 v2.5.5
[INFO] [stderr]   Downloaded redox_users v0.5.0
[INFO] [stderr]   Downloaded if-addrs v0.13.4
[INFO] [stderr]   Downloaded libredox v0.1.4
[INFO] running `Command { std: "docker" "create" "-v" "/var/lib/crater-agent-workspace/builds/worker-3-tc1/source:/opt/rustwide/workdir:ro,Z" "-v" "/var/lib/crater-agent-workspace/builds/worker-3-tc1/target:/opt/rustwide/target:rw,Z" "-v" "/var/lib/crater-agent-workspace/cargo-home:/opt/rustwide/cargo-home:ro,Z" "-v" "/var/lib/crater-agent-workspace/rustup-home:/opt/rustwide/rustup-home:ro,Z" "-m" "1610612736" "--network" "none" "ghcr.io/rust-lang/crates-build-env/linux@sha256:77db811e55d90add9212f6832c23229e3de5f1c1f9905e8cb07319ea15df73ac" "sleep" "infinity", kill_on_drop: false }`
[INFO] [stdout] 5c89f2a2cc4158a07fa3844cf7fea219cca9197f9741cbf4ea6eac8bdbc0b730
[INFO] running `Command { std: "docker" "start" "5c89f2a2cc4158a07fa3844cf7fea219cca9197f9741cbf4ea6eac8bdbc0b730", kill_on_drop: false }`
[INFO] running `Command { std: "docker" "inspect" "5c89f2a2cc4158a07fa3844cf7fea219cca9197f9741cbf4ea6eac8bdbc0b730", kill_on_drop: false }`
[INFO] running `Command { std: "docker" "exec" "-e" "SOURCE_DIR=/opt/rustwide/workdir" "-e" "CARGO_HOME=/opt/rustwide/cargo-home" "-e" "RUSTUP_HOME=/opt/rustwide/rustup-home" "-e" "CARGO_TARGET_DIR=/opt/rustwide/target" "-w" "/opt/rustwide/workdir" "--user" "0:0" "5c89f2a2cc4158a07fa3844cf7fea219cca9197f9741cbf4ea6eac8bdbc0b730" "/opt/rustwide/cargo-home/bin/cargo" "+1.99.0-beta.8" "metadata" "--no-deps" "--format-version=1", kill_on_drop: false }`
[INFO] running `Command { std: "docker" "inspect" "5c89f2a2cc4158a07fa3844cf7fea219cca9197f9741cbf4ea6eac8bdbc0b730", kill_on_drop: false }`
[INFO] running `Command { std: "docker" "exec" "-e" "SOURCE_DIR=/opt/rustwide/workdir" "-e" "CARGO_HOME=/opt/rustwide/cargo-home" "-e" "RUSTUP_HOME=/opt/rustwide/rustup-home" "-e" "CARGO_TARGET_DIR=/opt/rustwide/target" "-e" "CARGO_INCREMENTAL=0" "-e" "RUST_BACKTRACE=full" "-e" "RUSTFLAGS=--cap-lints=warn" "-e" "RUSTDOCFLAGS=--cap-lints=warn" "-w" "/opt/rustwide/workdir" "--user" "0:0" "5c89f2a2cc4158a07fa3844cf7fea219cca9197f9741cbf4ea6eac8bdbc0b730" "/opt/rustwide/cargo-home/bin/cargo" "+1.99.0-beta.8" "build" "--frozen" "--message-format=json" "--release", kill_on_drop: false }`
[INFO] [stderr]    Compiling typenum v1.18.0
[INFO] [stderr]    Compiling cfg-if v1.0.1
[INFO] [stderr]    Compiling crc32fast v1.5.0
[INFO] [stderr]    Compiling zlib-rs v0.5.1
[INFO] [stderr]    Compiling syn v2.0.104
[INFO] [stderr]    Compiling hashbrown v0.15.4
[INFO] [stderr]    Compiling simd-adler32 v0.3.7
[INFO] [stderr]    Compiling bumpalo v3.19.0
[INFO] [stderr]    Compiling rustix v1.0.8
[INFO] [stderr]    Compiling log v0.4.27
[INFO] [stderr]    Compiling serde v1.0.219
[INFO] [stderr]    Compiling rand_core v0.9.3
[INFO] [stderr]    Compiling bitflags v2.9.1
[INFO] [stderr]    Compiling zopfli v0.8.2
[INFO] [stderr]    Compiling cpufeatures v0.2.17
[INFO] [stderr]    Compiling serde_json v1.0.140
[INFO] [stderr]    Compiling memchr v2.7.5
[INFO] [stderr]    Compiling linux-raw-sys v0.9.4
[INFO] [stderr]    Compiling rand_chacha v0.9.0
[INFO] [stderr]    Compiling generic-array v0.14.7
[INFO] [stderr]    Compiling indexmap v2.10.0
[INFO] [stderr]    Compiling digest v0.10.7
[INFO] [stderr]    Compiling fastrand v2.3.0
[INFO] [stderr]    Compiling base64 v0.22.1
[INFO] [stderr]    Compiling option-ext v0.2.0
[INFO] [stderr]    Compiling tx5-core v0.8.1
[INFO] [stderr]    Compiling xdg v2.5.2
[INFO] [stderr]    Compiling tokio v1.46.1
[INFO] [stderr]    Compiling block-buffer v0.10.4
[INFO] [stderr]    Compiling crypto-common v0.1.6
[INFO] [stderr]    Compiling dirs-sys v0.5.0
[INFO] [stderr]    Compiling app_dirs2 v2.5.5
[INFO] [stderr]    Compiling sha2 v0.10.9
[INFO] [stderr]    Compiling rand v0.9.1
[INFO] [stderr]    Compiling dirs v6.0.0
[INFO] [stderr]    Compiling if-addrs v0.13.4
[INFO] [stderr]    Compiling dunce v1.0.5
[INFO] [stderr]    Compiling libz-rs-sys v0.5.1
[INFO] [stderr]    Compiling flate2 v1.1.2
[INFO] [stderr]    Compiling tempfile v3.20.0
[INFO] [stderr]    Compiling zip v4.3.0
[INFO] [stderr]    Compiling tx5-go-pion-turn v0.8.1 (/opt/rustwide/workdir)
[INFO] [stderr]    Compiling serde_derive v1.0.219
[INFO] [stderr]    Compiling tracing-attributes v0.1.30
[INFO] [stderr]    Compiling tracing v0.1.41
[INFO] [stderr]     Finished `release` profile [optimized] target(s) in 1m 16s
[INFO] running `Command { std: "docker" "inspect" "5c89f2a2cc4158a07fa3844cf7fea219cca9197f9741cbf4ea6eac8bdbc0b730", kill_on_drop: false }`
[INFO] running `Command { std: "docker" "exec" "-e" "SOURCE_DIR=/opt/rustwide/workdir" "-e" "CARGO_HOME=/opt/rustwide/cargo-home" "-e" "RUSTUP_HOME=/opt/rustwide/rustup-home" "-e" "CARGO_TARGET_DIR=/opt/rustwide/target" "-e" "CARGO_INCREMENTAL=0" "-e" "RUST_BACKTRACE=full" "-e" "RUSTFLAGS=--cap-lints=warn" "-e" "RUSTDOCFLAGS=--cap-lints=warn" "-w" "/opt/rustwide/workdir" "--user" "0:0" "5c89f2a2cc4158a07fa3844cf7fea219cca9197f9741cbf4ea6eac8bdbc0b730" "/opt/rustwide/cargo-home/bin/cargo" "+1.99.0-beta.8" "test" "--frozen" "--no-run" "--message-format=json" "--release", kill_on_drop: false }`
[INFO] [stderr]    Compiling syn v2.0.104
[INFO] [stderr]    Compiling tracing-core v0.1.34
[INFO] [stderr]    Compiling parking_lot_core v0.9.11
[INFO] [stderr]    Compiling regex-syntax v0.6.29
[INFO] [stderr]    Compiling regex-syntax v0.8.5
[INFO] [stderr]    Compiling overload v0.1.1
[INFO] [stderr]    Compiling sharded-slab v0.1.7
[INFO] [stderr]    Compiling thread_local v1.1.9
[INFO] [stderr]    Compiling nu-ansi-term v0.46.0
[INFO] [stderr]    Compiling parking_lot v0.12.4
[INFO] [stderr]    Compiling tracing-log v0.2.0
[INFO] [stderr]    Compiling regex-automata v0.4.9
[INFO] [stderr]    Compiling regex-automata v0.1.10
[INFO] [stderr]    Compiling matchers v0.1.0
[INFO] [stderr]    Compiling regex v1.11.1
[INFO] [stderr]    Compiling tracing-attributes v0.1.30
[INFO] [stderr]    Compiling serde_derive v1.0.219
[INFO] [stderr]    Compiling tokio-macros v2.5.0
[INFO] [stderr]    Compiling tokio v1.46.1
[INFO] [stderr]    Compiling tracing v0.1.41
[INFO] [stderr]    Compiling tracing-subscriber v0.3.19
[INFO] [stderr]    Compiling serde v1.0.219
[INFO] [stderr]    Compiling serde_json v1.0.140
[INFO] [stderr]    Compiling tx5-core v0.8.1
[INFO] [stderr]    Compiling tx5-go-pion-turn v0.8.1 (/opt/rustwide/workdir)
[INFO] [stderr]     Finished `release` profile [optimized] target(s) in 1m 15s
[INFO] running `Command { std: "docker" "inspect" "5c89f2a2cc4158a07fa3844cf7fea219cca9197f9741cbf4ea6eac8bdbc0b730", kill_on_drop: false }`
[INFO] running `Command { std: "docker" "exec" "-e" "SOURCE_DIR=/opt/rustwide/workdir" "-e" "CARGO_HOME=/opt/rustwide/cargo-home" "-e" "RUSTUP_HOME=/opt/rustwide/rustup-home" "-e" "CARGO_TARGET_DIR=/opt/rustwide/target" "-e" "CARGO_INCREMENTAL=0" "-e" "RUST_BACKTRACE=full" "-e" "RUSTFLAGS=--cap-lints=warn" "-e" "RUSTDOCFLAGS=--cap-lints=warn" "-w" "/opt/rustwide/workdir" "--user" "0:0" "5c89f2a2cc4158a07fa3844cf7fea219cca9197f9741cbf4ea6eac8bdbc0b730" "/opt/rustwide/cargo-home/bin/cargo" "+1.99.0-beta.8" "test" "--frozen" "--release", kill_on_drop: false }`
[INFO] [stderr]     Finished `release` profile [optimized] target(s) in 0.16s
[INFO] [stdout] 
[INFO] [stdout] running 1 test
[INFO] [stderr]      Running unittests src/lib.rs (/opt/rustwide/target/release/deps/tx5_go_pion_turn-982a1c4e7b454cfe)
[INFO] [stderr] error: test failed, to rerun pass `--lib`
[INFO] [stdout] test tests::sanity ... FAILED
[INFO] [stdout] 
[INFO] [stdout] failures:
[INFO] [stdout] 
[INFO] [stdout] ---- tests::sanity stdout ----
[INFO] [stdout] 
[INFO] [stdout] thread 'tests::sanity' (3475) panicked at src/lib.rs:169:51:
[INFO] [stdout] called `Result::unwrap()` on an `Err` value: Custom { kind: Other, error: NoLocalIp }
[INFO] [stdout] stack backtrace:
[INFO] [stdout]    0:     0x5e4e67ba4c61 - <<std[70759c8f55707aa4]::sys::backtrace::BacktraceLock>::print::DisplayBacktrace as core[df12db4294e9bfd3]::fmt::Display>::fmt
[INFO] [stdout]    1:     0x5e4e67bbc04a - core[df12db4294e9bfd3]::fmt::write
[INFO] [stdout]    2:     0x5e4e67baa69c - <alloc[2182bb758b4b3781]::vec::Vec<u8> as core[df12db4294e9bfd3]::io::write::Write>::write_fmt
[INFO] [stdout]    3:     0x5e4e67b7f746 - std[70759c8f55707aa4]::panicking::default_hook::{closure#0}
[INFO] [stdout]    4:     0x5e4e67b9cd49 - std[70759c8f55707aa4]::panicking::default_hook
[INFO] [stdout]    5:     0x5e4e67b03e50 - test[9d35eded1c95d3be]::test_main_inner::<test[9d35eded1c95d3be]::test_main_static::{closure#0}>::{closure#0}
[INFO] [stdout]    6:     0x5e4e67b9d072 - std[70759c8f55707aa4]::panicking::panic_with_hook
[INFO] [stdout]    7:     0x5e4e67b7f7f2 - std[70759c8f55707aa4]::panicking::panic_handler::{closure#0}
[INFO] [stdout]    8:     0x5e4e67b783b9 - std[70759c8f55707aa4]::sys::backtrace::__rust_end_short_backtrace::<std[70759c8f55707aa4]::panicking::panic_handler::{closure#0}, !>
[INFO] [stdout]    9:     0x5e4e67b804dd - __rustc[8fa7c3cbc660c2b3]::rust_begin_unwind
[INFO] [stdout]   10:     0x5e4e67bbc82c - core[df12db4294e9bfd3]::panicking::panic_fmt
[INFO] [stdout]   11:     0x5e4e67bbc602 - core[df12db4294e9bfd3]::result::unwrap_failed
[INFO] [stdout]   12:     0x5e4e67a37410 - tx5_go_pion_turn[d06e7e5f13181c39]::tests::sanity::{closure#0}
[INFO] [stdout]   13:     0x5e4e67a3c36a - <tokio[626b5f7d9a860630]::runtime::park::CachedParkThread>::block_on::<core[df12db4294e9bfd3]::pin::Pin<&mut dyn core[df12db4294e9bfd3]::future::future::Future<Output = ()>>>
[INFO] [stdout]   14:     0x5e4e67a3afe0 - tokio[626b5f7d9a860630]::runtime::context::runtime::enter_runtime::<<tokio[626b5f7d9a860630]::runtime::scheduler::multi_thread::MultiThread>::block_on<core[df12db4294e9bfd3]::pin::Pin<&mut dyn core[df12db4294e9bfd3]::future::future::Future<Output = ()>>>::{closure#0}, ()>
[INFO] [stdout]   15:     0x5e4e67a3c1fa - <tokio[626b5f7d9a860630]::runtime::runtime::Runtime>::block_on::<core[df12db4294e9bfd3]::pin::Pin<&mut dyn core[df12db4294e9bfd3]::future::future::Future<Output = ()>>>
[INFO] [stdout]   16:     0x5e4e67a381aa - tx5_go_pion_turn[d06e7e5f13181c39]::tests::sanity
[INFO] [stdout]   17:     0x5e4e67a3c159 - <tx5_go_pion_turn[d06e7e5f13181c39]::tests::sanity::{closure#0} as core[df12db4294e9bfd3]::ops::function::FnOnce<()>>::call_once
[INFO] [stdout]   18:     0x5e4e67af713b - test[9d35eded1c95d3be]::__rust_begin_short_backtrace::<core[df12db4294e9bfd3]::result::Result<(), alloc[2182bb758b4b3781]::string::String>, fn() -> core[df12db4294e9bfd3]::result::Result<(), alloc[2182bb758b4b3781]::string::String>>
[INFO] [stdout]   19:     0x5e4e67b047a5 - test[9d35eded1c95d3be]::run_test::{closure#0}
[INFO] [stdout]   20:     0x5e4e67afe064 - std[70759c8f55707aa4]::sys::backtrace::__rust_begin_short_backtrace::<test[9d35eded1c95d3be]::run_test::{closure#1}, ()>
[INFO] [stdout]   21:     0x5e4e67b07902 - <std[70759c8f55707aa4]::thread::lifecycle::spawn_unchecked<test[9d35eded1c95d3be]::run_test::{closure#1}, ()>::{closure#1} as core[df12db4294e9bfd3]::ops::function::FnOnce<()>>::call_once::{shim:vtable#0}
[INFO] [stdout]   22:     0x5e4e67ba4479 - <std[70759c8f55707aa4]::sys::thread::unix::Thread>::new::thread_start
[INFO] [stdout]   23:     0x719da13cddfa - <unknown>
[INFO] [stdout]   24:     0x719da14613d4 - clone
[INFO] [stdout]   25:                0x0 - <unknown>
[INFO] [stdout] 
[INFO] [stdout] 
[INFO] [stdout] failures:
[INFO] [stdout]     tests::sanity
[INFO] [stdout] 
[INFO] [stdout] test result: FAILED. 0 passed; 1 failed; 0 ignored; 0 measured; 0 filtered out; finished in 0.00s
[INFO] [stdout] 
[INFO] running `Command { std: "docker" "inspect" "5c89f2a2cc4158a07fa3844cf7fea219cca9197f9741cbf4ea6eac8bdbc0b730", kill_on_drop: false }`
[INFO] running `Command { std: "docker" "rm" "-f" "5c89f2a2cc4158a07fa3844cf7fea219cca9197f9741cbf4ea6eac8bdbc0b730", kill_on_drop: false }`
[INFO] [stdout] 5c89f2a2cc4158a07fa3844cf7fea219cca9197f9741cbf4ea6eac8bdbc0b730
