[INFO] fetching crate tx3-sdk 0.15.0...
[INFO] testing tx3-sdk-0.15.0 against 1.100.0-beta.1+cargoflags=--release for beta-release-1.100-2
[INFO] extracting crate tx3-sdk 0.15.0 into /workspace/builds/worker-2-tc2/source
[INFO] started tweaking crates.io crate tx3-sdk 0.15.0
[INFO] removed 0 missing tests
[INFO] finished tweaking crates.io crate tx3-sdk 0.15.0
[INFO] tweaked toml for crates.io crate tx3-sdk 0.15.0 written to /workspace/builds/worker-2-tc2/source/Cargo.toml
[INFO] validating manifest of crates.io crate tx3-sdk 0.15.0 on toolchain 1.100.0-beta.1
[INFO] running `Command { std: CARGO_HOME="/workspace/cargo-home" RUSTUP_HOME="/workspace/rustup-home" "/workspace/cargo-home/bin/cargo" "+1.100.0-beta.1" "metadata" "--manifest-path" "Cargo.toml" "--no-deps", kill_on_drop: false }`
[INFO] crate crates.io crate tx3-sdk 0.15.0 already has a lockfile, it will not be regenerated
[INFO] running `Command { std: CARGO_HOME="/workspace/cargo-home" RUSTUP_HOME="/workspace/rustup-home" "/workspace/cargo-home/bin/cargo" "+1.100.0-beta.1" "fetch" "--manifest-path" "Cargo.toml", kill_on_drop: false }`
[INFO] [stderr] warning: `package.homepage` is redundant with `package.repository`
[INFO] [stderr]   --> Cargo.toml:69:12
[INFO] [stderr]    |
[INFO] [stderr] 69 | homepage = "https://github.com/tx3-lang/rust-sdk"
[INFO] [stderr]    |            ^^^^^^^^^^^^^^^^^^^^^^^^^^^^^^^^^^^^^^
[INFO] [stderr] ...
[INFO] [stderr] 75 | repository = "https://github.com/tx3-lang/rust-sdk"
[INFO] [stderr]    |              --------------------------------------
[INFO] [stderr]    |
[INFO] [stderr]    = note: `cargo::redundant_homepage` is set to `warn` by default
[INFO] [stderr] help: consider removing `package.homepage`
[INFO] [stderr] warning: `tx3-sdk` (manifest) generated 1 warning
[INFO] running `Command { std: "docker" "create" "-v" "/var/lib/crater-agent-workspace/builds/worker-2-tc2/source:/opt/rustwide/workdir:ro,Z" "-v" "/var/lib/crater-agent-workspace/builds/worker-2-tc2/target:/opt/rustwide/target:rw,Z" "-v" "/var/lib/crater-agent-workspace/cargo-home:/opt/rustwide/cargo-home:ro,Z" "-v" "/var/lib/crater-agent-workspace/rustup-home:/opt/rustwide/rustup-home:ro,Z" "-m" "1610612736" "--network" "none" "ghcr.io/rust-lang/crates-build-env/linux@sha256:77db811e55d90add9212f6832c23229e3de5f1c1f9905e8cb07319ea15df73ac" "sleep" "infinity", kill_on_drop: false }`
[INFO] [stdout] 44951383bc4d54c7098bdda7946e7ef3c34432b3a1a058d62aa6c823baf384ad
[INFO] running `Command { std: "docker" "start" "44951383bc4d54c7098bdda7946e7ef3c34432b3a1a058d62aa6c823baf384ad", kill_on_drop: false }`
[INFO] running `Command { std: "docker" "inspect" "44951383bc4d54c7098bdda7946e7ef3c34432b3a1a058d62aa6c823baf384ad", kill_on_drop: false }`
[INFO] running `Command { std: "docker" "exec" "-e" "SOURCE_DIR=/opt/rustwide/workdir" "-e" "CARGO_HOME=/opt/rustwide/cargo-home" "-e" "RUSTUP_HOME=/opt/rustwide/rustup-home" "-e" "CARGO_TARGET_DIR=/opt/rustwide/target" "-w" "/opt/rustwide/workdir" "--user" "0:0" "44951383bc4d54c7098bdda7946e7ef3c34432b3a1a058d62aa6c823baf384ad" "/opt/rustwide/cargo-home/bin/cargo" "+1.100.0-beta.1" "metadata" "--no-deps" "--format-version=1", kill_on_drop: false }`
[INFO] running `Command { std: "docker" "inspect" "44951383bc4d54c7098bdda7946e7ef3c34432b3a1a058d62aa6c823baf384ad", kill_on_drop: false }`
[INFO] running `Command { std: "docker" "exec" "-e" "SOURCE_DIR=/opt/rustwide/workdir" "-e" "CARGO_HOME=/opt/rustwide/cargo-home" "-e" "RUSTUP_HOME=/opt/rustwide/rustup-home" "-e" "CARGO_TARGET_DIR=/opt/rustwide/target" "-e" "CARGO_INCREMENTAL=0" "-e" "RUST_BACKTRACE=full" "-e" "RUSTFLAGS=--cap-lints=warn" "-e" "RUSTDOCFLAGS=--cap-lints=warn" "-w" "/opt/rustwide/workdir" "--user" "0:0" "44951383bc4d54c7098bdda7946e7ef3c34432b3a1a058d62aa6c823baf384ad" "/opt/rustwide/cargo-home/bin/cargo" "+1.100.0-beta.1" "build" "--frozen" "--message-format=json" "--release", kill_on_drop: false }`
[INFO] [stderr] warning: `package.homepage` is redundant with `package.repository`
[INFO] [stderr]   --> Cargo.toml:69:12
[INFO] [stderr]    |
[INFO] [stderr] 69 | homepage = "https://github.com/tx3-lang/rust-sdk"
[INFO] [stderr]    |            ^^^^^^^^^^^^^^^^^^^^^^^^^^^^^^^^^^^^^^
[INFO] [stderr] ...
[INFO] [stderr] 75 | repository = "https://github.com/tx3-lang/rust-sdk"
[INFO] [stderr]    |              --------------------------------------
[INFO] [stderr]    |
[INFO] [stderr]    = note: `cargo::redundant_homepage` is set to `warn` by default
[INFO] [stderr] help: consider removing `package.homepage`
[INFO] [stderr] warning: `tx3-sdk` (manifest) generated 1 warning
[INFO] [stderr]    Compiling libc v0.2.174
[INFO] [stderr]    Compiling stable_deref_trait v1.2.0
[INFO] [stderr]    Compiling zerocopy v0.8.26
[INFO] [stderr]    Compiling pin-project-lite v0.2.16
[INFO] [stderr]    Compiling bytes v1.10.1
[INFO] [stderr]    Compiling futures-core v0.3.31
[INFO] [stderr]    Compiling shlex v1.3.0
[INFO] [stderr]    Compiling syn v2.0.104
[INFO] [stderr]    Compiling itoa v1.0.15
[INFO] [stderr]    Compiling serde v1.0.219
[INFO] [stderr]    Compiling cc v1.2.29
[INFO] [stderr]    Compiling litemap v0.8.0
[INFO] [stderr]    Compiling smallvec v1.15.1
[INFO] [stderr]    Compiling writeable v0.6.1
[INFO] [stderr]    Compiling icu_normalizer_data v2.0.0
[INFO] [stderr]    Compiling icu_properties_data v2.0.1
[INFO] [stderr]    Compiling futures-task v0.3.31
[INFO] [stderr]    Compiling zeroize v1.8.1
[INFO] [stderr]    Compiling once_cell v1.21.3
[INFO] [stderr]    Compiling rustls-pki-types v1.12.0
[INFO] [stderr]    Compiling futures-util v0.3.31
[INFO] [stderr]    Compiling percent-encoding v2.3.1
[INFO] [stderr]    Compiling http v1.3.1
[INFO] [stderr]    Compiling minicbor v0.26.5
[INFO] [stderr]    Compiling rustls v0.23.29
[INFO] [stderr]    Compiling tracing-core v0.1.34
[INFO] [stderr]    Compiling futures-channel v0.3.31
[INFO] [stderr]    Compiling getrandom v0.2.16
[INFO] [stderr]    Compiling socket2 v0.5.10
[INFO] [stderr]    Compiling mio v1.0.4
[INFO] [stderr]    Compiling tokio v1.46.1
[INFO] [stderr]    Compiling http-body v1.0.1
[INFO] [stderr]    Compiling ring v0.17.14
[INFO] [stderr]    Compiling tracing v0.1.41
[INFO] [stderr]    Compiling rand_core v0.6.4
[INFO] [stderr]    Compiling form_urlencoded v1.2.1
[INFO] [stderr]    Compiling sync_wrapper v1.0.2
[INFO] [stderr]    Compiling arrayvec v0.7.6
[INFO] [stderr]    Compiling getrandom v0.3.3
[INFO] [stderr]    Compiling ryu v1.0.20
[INFO] [stderr]    Compiling cryptoxide v0.4.4
[INFO] [stderr]    Compiling ipnet v2.11.0
[INFO] [stderr]    Compiling serde_json v1.0.140
[INFO] [stderr]    Compiling tinyvec v1.9.0
[INFO] [stderr]    Compiling hex-conservative v0.2.2
[INFO] [stderr]    Compiling webpki-roots v1.0.1
[INFO] [stderr]    Compiling iri-string v0.7.8
[INFO] [stderr]    Compiling bitflags v2.9.1
[INFO] [stderr]    Compiling crc-catalog v2.4.0
[INFO] [stderr]    Compiling memchr v2.7.5
[INFO] [stderr]    Compiling crc v3.4.0
[INFO] [stderr]    Compiling unicode-normalization v0.1.25
[INFO] [stderr]    Compiling bitcoin_hashes v0.14.1
[INFO] [stderr]    Compiling synstructure v0.13.2
[INFO] [stderr]    Compiling http-body-util v0.1.3
[INFO] [stderr]    Compiling bech32 v0.11.1
[INFO] [stderr]    Compiling base58 v0.2.0
[INFO] [stderr]    Compiling log v0.4.27
[INFO] [stderr]    Compiling uuid v1.17.0
[INFO] [stderr]    Compiling ed25519-bip32 v0.4.1
[INFO] [stderr]    Compiling zerofrom-derive v0.1.6
[INFO] [stderr]    Compiling yoke-derive v0.8.0
[INFO] [stderr]    Compiling zerovec-derive v0.11.1
[INFO] [stderr]    Compiling displaydoc v0.2.5
[INFO] [stderr]    Compiling zerocopy-derive v0.8.26
[INFO] [stderr]    Compiling serde_derive v1.0.219
[INFO] [stderr]    Compiling minicbor-derive v0.16.2
[INFO] [stderr]    Compiling thiserror-impl v2.0.18
[INFO] [stderr]    Compiling zerofrom v0.1.6
[INFO] [stderr]    Compiling yoke v0.8.0
[INFO] [stderr]    Compiling zerovec v0.11.2
[INFO] [stderr]    Compiling zerotrie v0.2.2
[INFO] [stderr]    Compiling thiserror v2.0.18
[INFO] [stderr]    Compiling tinystr v0.8.1
[INFO] [stderr]    Compiling potential_utf v0.1.2
[INFO] [stderr]    Compiling hyper v1.6.0
[INFO] [stderr]    Compiling tower v0.5.2
[INFO] [stderr]    Compiling icu_locale_core v2.0.0
[INFO] [stderr]    Compiling icu_collections v2.0.0
[INFO] [stderr]    Compiling tower-http v0.6.6
[INFO] [stderr]    Compiling icu_provider v2.0.0
[INFO] [stderr]    Compiling icu_normalizer v2.0.0
[INFO] [stderr]    Compiling icu_properties v2.0.1
[INFO] [stderr]    Compiling half v2.7.1
[INFO] [stderr]    Compiling ppv-lite86 v0.2.21
[INFO] [stderr]    Compiling idna_adapter v1.2.1
[INFO] [stderr]    Compiling rand_chacha v0.3.1
[INFO] [stderr]    Compiling idna v1.0.3
[INFO] [stderr]    Compiling hyper-util v0.1.15
[INFO] [stderr]    Compiling url v2.5.4
[INFO] [stderr]    Compiling rand v0.8.5
[INFO] [stderr]    Compiling pallas-codec v1.0.0
[INFO] [stderr]    Compiling serde_urlencoded v0.7.1
[INFO] [stderr]    Compiling bip39 v2.2.2
[INFO] [stderr]    Compiling pallas-crypto v1.0.0
[INFO] [stderr]    Compiling pallas-addresses v1.0.0
[INFO] [stderr]    Compiling rustls-webpki v0.103.4
[INFO] [stderr]    Compiling tokio-rustls v0.26.2
[INFO] [stderr]    Compiling hyper-rustls v0.27.7
[INFO] [stderr]    Compiling reqwest v0.12.22
[INFO] [stderr]    Compiling tx3-sdk v0.15.0 (/opt/rustwide/workdir)
[INFO] [stderr]     Finished `release` profile [optimized] target(s) in 2m 37s
[INFO] running `Command { std: "docker" "inspect" "44951383bc4d54c7098bdda7946e7ef3c34432b3a1a058d62aa6c823baf384ad", kill_on_drop: false }`
[INFO] running `Command { std: "docker" "exec" "-e" "SOURCE_DIR=/opt/rustwide/workdir" "-e" "CARGO_HOME=/opt/rustwide/cargo-home" "-e" "RUSTUP_HOME=/opt/rustwide/rustup-home" "-e" "CARGO_TARGET_DIR=/opt/rustwide/target" "-e" "CARGO_INCREMENTAL=0" "-e" "RUST_BACKTRACE=full" "-e" "RUSTFLAGS=--cap-lints=warn" "-e" "RUSTDOCFLAGS=--cap-lints=warn" "-w" "/opt/rustwide/workdir" "--user" "0:0" "44951383bc4d54c7098bdda7946e7ef3c34432b3a1a058d62aa6c823baf384ad" "/opt/rustwide/cargo-home/bin/cargo" "+1.100.0-beta.1" "test" "--frozen" "--no-run" "--message-format=json" "--release", kill_on_drop: false }`
[INFO] [stderr] warning: `package.homepage` is redundant with `package.repository`
[INFO] [stderr]   --> Cargo.toml:69:12
[INFO] [stderr]    |
[INFO] [stderr] 69 | homepage = "https://github.com/tx3-lang/rust-sdk"
[INFO] [stderr]    |            ^^^^^^^^^^^^^^^^^^^^^^^^^^^^^^^^^^^^^^
[INFO] [stderr] ...
[INFO] [stderr] 75 | repository = "https://github.com/tx3-lang/rust-sdk"
[INFO] [stderr]    |              --------------------------------------
[INFO] [stderr]    |
[INFO] [stderr]    = note: `cargo::redundant_homepage` is set to `warn` by default
[INFO] [stderr] help: consider removing `package.homepage`
[INFO] [stderr] warning: `tx3-sdk` (manifest) generated 1 warning
[INFO] [stderr]    Compiling tokio-macros v2.5.0
[INFO] [stderr]    Compiling tokio v1.46.1
[INFO] [stderr]    Compiling hyper v1.6.0
[INFO] [stderr]    Compiling tower v0.5.2
[INFO] [stderr]    Compiling tokio-rustls v0.26.2
[INFO] [stderr]    Compiling tower-http v0.6.6
[INFO] [stderr]    Compiling hyper-util v0.1.15
[INFO] [stderr]    Compiling hyper-rustls v0.27.7
[INFO] [stderr]    Compiling reqwest v0.12.22
[INFO] [stderr]    Compiling tx3-sdk v0.15.0 (/opt/rustwide/workdir)
[INFO] [stderr]     Finished `release` profile [optimized] target(s) in 1m 02s
[INFO] running `Command { std: "docker" "inspect" "44951383bc4d54c7098bdda7946e7ef3c34432b3a1a058d62aa6c823baf384ad", kill_on_drop: false }`
[INFO] running `Command { std: "docker" "exec" "-e" "SOURCE_DIR=/opt/rustwide/workdir" "-e" "CARGO_HOME=/opt/rustwide/cargo-home" "-e" "RUSTUP_HOME=/opt/rustwide/rustup-home" "-e" "CARGO_TARGET_DIR=/opt/rustwide/target" "-e" "CARGO_INCREMENTAL=0" "-e" "RUST_BACKTRACE=full" "-e" "RUSTFLAGS=--cap-lints=warn" "-e" "RUSTDOCFLAGS=--cap-lints=warn" "-w" "/opt/rustwide/workdir" "--user" "0:0" "44951383bc4d54c7098bdda7946e7ef3c34432b3a1a058d62aa6c823baf384ad" "/opt/rustwide/cargo-home/bin/cargo" "+1.100.0-beta.1" "test" "--frozen" "--release", kill_on_drop: false }`
[INFO] [stderr] warning: `package.homepage` is redundant with `package.repository`
[INFO] [stderr]   --> Cargo.toml:69:12
[INFO] [stderr]    |
[INFO] [stderr] 69 | homepage = "https://github.com/tx3-lang/rust-sdk"
[INFO] [stderr]    |            ^^^^^^^^^^^^^^^^^^^^^^^^^^^^^^^^^^^^^^
[INFO] [stderr] ...
[INFO] [stderr] 75 | repository = "https://github.com/tx3-lang/rust-sdk"
[INFO] [stderr]    |              --------------------------------------
[INFO] [stderr]    |
[INFO] [stderr]    = note: `cargo::redundant_homepage` is set to `warn` by default
[INFO] [stderr] help: consider removing `package.homepage`
[INFO] [stderr] warning: `tx3-sdk` (manifest) generated 1 warning
[INFO] [stderr]     Finished `release` profile [optimized] target(s) in 0.14s
[INFO] [stderr]      Running unittests src/lib.rs (/opt/rustwide/target/release/build/tx3-sdk/75ccbbecc05730fb/out/tx3_sdk-75ccbbecc05730fb)
[INFO] [stdout] 
[INFO] [stdout] running 32 tests
[INFO] [stdout] test facade::tests::resolve_params_match_param_names_case_insensitively ... ok
[INFO] [stdout] test facade::tests::resolve_params_merges_env_parties_and_args ... ok
[INFO] [stdout] test facade::tests::resolve_params_args_override_env ... ok
[INFO] [stdout] test facade::tests::resolve_params_encode_typed_args_to_tagged_wire_form ... ok
[INFO] [stdout] test facade::tests::resolve_params_uses_signer_party_address ... ok
[INFO] [stdout] test facade::tests::add_witness_mixed_with_registered_signer ... ok
[INFO] [stdout] test facade::tests::resolve_params_pass_unmapped_args_through ... ok
[INFO] [stdout] test facade::tests::resolve_params_surface_encode_errors_preflight ... ok
[INFO] [stdout] test facade::tests::add_witness_only_no_signers ... ok
[INFO] [stdout] test facade::tests::client_tx_wires_protocol_params_into_builder ... ok
[INFO] [stdout] test tii::encode::tests::asteria_name_arg_shapes ... ok
[INFO] [stdout] test tii::encode::tests::native_byte_arrays_canonicalize_to_hex ... ok
[INFO] [stdout] test tii::encode::tests::nested_scalars_are_tagged ... ok
[INFO] [stdout] test tii::encode::tests::record_field_order_follows_required_not_alphabetical ... ok
[INFO] [stdout] test tii::encode::tests::hydra_init_arg_shapes ... ok
[INFO] [stdout] test tii::encode::tests::encodes_all_accept_vectors ... ok
[INFO] [stdout] test tii::schema::tests::maps_core_refs_in_both_url_forms ... ok
[INFO] [stdout] test tii::encode::tests::rejects_all_reject_vectors ... ok
[INFO] [stdout] test tii::encode::tests::top_level_scalars_render_bare ... ok
[INFO] [stdout] test tii::encode::tests::rejects_non_byte_arrays_for_bytes ... ok
[INFO] [stdout] test tii::schema::tests::maps_list_and_nested_list ... ok
[INFO] [stdout] test facade::tests::add_witness_preserves_attach_order ... ok
[INFO] [stdout] test tii::schema::tests::maps_primitives_and_unit ... ok
[INFO] [stdout] test tii::schema::tests::maps_tuple_with_prefix_items ... ok
[INFO] [stdout] test tii::schema::tests::maps_record_via_properties ... ok
[INFO] [stdout] test tii::schema::tests::maps_variant_via_one_of ... ok
[INFO] [stdout] test tii::schema::tests::maps_map_via_additional_properties ... ok
[INFO] [stdout] test tii::schema::tests::resolves_component_refs_recursively ... ok
[INFO] [stdout] test tii::schema::tests::unrecognized_shapes_fall_back_to_unknown ... ok
[INFO] [stdout] test tii::tests::happy_path_smoke_test ... ok
[INFO] [stdout] test tii::tests::invoke_encodes_aggregate_arg_into_wire_form ... ok
[INFO] [stdout] test tii::tests::invoke_interprets_complex_param_types ... ok
[INFO] [stdout] 
[INFO] [stdout] test result: ok. 32 passed; 0 failed; 0 ignored; 0 measured; 0 filtered out; finished in 0.02s
[INFO] [stdout] 
[INFO] [stderr]      Running tests/error_cases.rs (/opt/rustwide/target/release/build/tx3-sdk/e31a5340c8cb93f2/out/error_cases-e31a5340c8cb93f2)
[INFO] [stdout] 
[INFO] [stdout] running 1 test
[INFO] [stdout] test test_trp_resolve_invalid_tir ... ok
[INFO] [stdout] 
[INFO] [stdout] test result: ok. 1 passed; 0 failed; 0 ignored; 0 measured; 0 filtered out; finished in 0.00s
[INFO] [stdout] 
[INFO] [stderr]      Running tests/happy_path.rs (/opt/rustwide/target/release/build/tx3-sdk/36dc5b6b2886b5b1/out/happy_path-36dc5b6b2886b5b1)
[INFO] [stdout] 
[INFO] [stdout] running 1 test
[INFO] [stdout] test test_trp_happy_path_lifecycle ... ok
[INFO] [stdout] 
[INFO] [stdout] test result: ok. 1 passed; 0 failed; 0 ignored; 0 measured; 0 filtered out; finished in 0.00s
[INFO] [stdout] 
[INFO] [stderr]      Running tests/smoke.rs (/opt/rustwide/target/release/build/tx3-sdk/b7bb2ad4d0076d1c/out/smoke-b7bb2ad4d0076d1c)
[INFO] [stdout] 
[INFO] [stdout] running 1 test
[INFO] [stdout] test test_tii_files ... FAILED
[INFO] [stdout] 
[INFO] [stdout] failures:
[INFO] [stdout] 
[INFO] [stdout] ---- test_tii_files stdout ----
[INFO] [stdout] 
[INFO] [stdout] thread 'test_tii_files' (2255) panicked at tests/smoke.rs:12:48:
[INFO] [stdout] called `Result::unwrap()` on an `Err` value: Os { code: 2, kind: NotFound, message: "No such file or directory" }
[INFO] [stdout] stack backtrace:
[INFO] [stdout]    0:     0x5e18033df7f1 - <<std[617be2ca0a6fd877]::sys::backtrace::BacktraceLock>::print::DisplayBacktrace as core[a373ad73a504971]::fmt::Display>::fmt
[INFO] [stdout]    1:     0x5e18033f4f9a - core[a373ad73a504971]::fmt::write
[INFO] [stdout]    2:     0x5e18033e3dac - <alloc[2e1b2a31b91974c5]::vec::Vec<u8> as core[a373ad73a504971]::io::write::Write>::write_fmt
[INFO] [stdout]    3:     0x5e18033bb3e6 - std[617be2ca0a6fd877]::panicking::default_hook::{closure#0}
[INFO] [stdout]    4:     0x5e18033d7919 - std[617be2ca0a6fd877]::panicking::default_hook
[INFO] [stdout]    5:     0x5e1803351bc0 - test[aada8e7e76ba119b]::test_main_inner::{closure#0}
[INFO] [stdout]    6:     0x5e18033d7ad2 - std[617be2ca0a6fd877]::panicking::panic_with_hook
[INFO] [stdout]    7:     0x5e18033bb492 - std[617be2ca0a6fd877]::panicking::panic_handler::{closure#0}
[INFO] [stdout]    8:     0x5e18033b3f49 - std[617be2ca0a6fd877]::sys::backtrace::__rust_end_short_backtrace::<std[617be2ca0a6fd877]::panicking::panic_handler::{closure#0}, !>
[INFO] [stdout]    9:     0x5e18033bc09d - __rustc[ea4f61d10b84890b]::rust_begin_unwind
[INFO] [stdout]   10:     0x5e18033f56cc - core[a373ad73a504971]::panicking::panic_fmt
[INFO] [stdout]   11:     0x5e18033f54a2 - core[a373ad73a504971]::result::unwrap_failed
[INFO] [stdout]   12:     0x5e1803344d3b - <smoke[157933dd2cebdabc]::test_tii_files::{closure#0} as core[a373ad73a504971]::ops::function::FnOnce<()>>::call_once
[INFO] [stdout]   13:     0x5e180334500b - test[aada8e7e76ba119b]::__rust_begin_short_backtrace::<core[a373ad73a504971]::result::Result<(), alloc[2e1b2a31b91974c5]::string::String>, fn() -> core[a373ad73a504971]::result::Result<(), alloc[2e1b2a31b91974c5]::string::String>>
[INFO] [stdout]   14:     0x5e18033521e5 - test[aada8e7e76ba119b]::run_test::{closure#0}
[INFO] [stdout]   15:     0x5e180334bad4 - std[617be2ca0a6fd877]::sys::backtrace::__rust_begin_short_backtrace::<test[aada8e7e76ba119b]::run_test::{closure#1}, ()>
[INFO] [stdout]   16:     0x5e1803355272 - <std[617be2ca0a6fd877]::thread::lifecycle::spawn_unchecked<test[aada8e7e76ba119b]::run_test::{closure#1}, ()>::{closure#1} as core[a373ad73a504971]::ops::function::FnOnce<()>>::call_once::{shim:vtable#0}
[INFO] [stdout]   17:     0x5e18033decef - <std[617be2ca0a6fd877]::sys::thread::unix::Thread>::new::thread_start
[INFO] [stdout]   18:     0x7747430b2dfa - <unknown>
[INFO] [stdout]   19:     0x7747431463d4 - clone
[INFO] [stdout]   20:                0x0 - <unknown>
[INFO] [stdout] 
[INFO] [stdout] 
[INFO] [stdout] failures:
[INFO] [stdout]     test_tii_files
[INFO] [stdout] 
[INFO] [stdout] test result: FAILED. 0 passed; 1 failed; 0 ignored; 0 measured; 0 filtered out; finished in 0.00s
[INFO] [stdout] 
[INFO] [stderr] error: test failed, to rerun pass `--test smoke`
[INFO] running `Command { std: "docker" "inspect" "44951383bc4d54c7098bdda7946e7ef3c34432b3a1a058d62aa6c823baf384ad", kill_on_drop: false }`
[INFO] running `Command { std: "docker" "rm" "-f" "44951383bc4d54c7098bdda7946e7ef3c34432b3a1a058d62aa6c823baf384ad", kill_on_drop: false }`
[INFO] [stdout] 44951383bc4d54c7098bdda7946e7ef3c34432b3a1a058d62aa6c823baf384ad
