[INFO] fetching crate twin-cli 0.2.0...
[INFO] testing twin-cli-0.2.0 against 1.99.0-beta.8+cargoflags=--release for beta-release-1.100-2
[INFO] extracting crate twin-cli 0.2.0 into /workspace/builds/worker-7-tc1/source
[INFO] removed /workspace/builds/worker-7-tc1/source/.cargo/config.toml
[INFO] started tweaking crates.io crate twin-cli 0.2.0
[INFO] removed 0 missing tests
[INFO] finished tweaking crates.io crate twin-cli 0.2.0
[INFO] tweaked toml for crates.io crate twin-cli 0.2.0 written to /workspace/builds/worker-7-tc1/source/Cargo.toml
[INFO] validating manifest of crates.io crate twin-cli 0.2.0 on toolchain 1.99.0-beta.8
[INFO] running `Command { std: CARGO_HOME="/workspace/cargo-home" RUSTUP_HOME="/workspace/rustup-home" "/workspace/cargo-home/bin/cargo" "+1.99.0-beta.8" "metadata" "--manifest-path" "Cargo.toml" "--no-deps", kill_on_drop: false }`
[INFO] crate crates.io crate twin-cli 0.2.0 already has a lockfile, it will not be regenerated
[INFO] running `Command { std: CARGO_HOME="/workspace/cargo-home" RUSTUP_HOME="/workspace/rustup-home" "/workspace/cargo-home/bin/cargo" "+1.99.0-beta.8" "fetch" "--manifest-path" "Cargo.toml", kill_on_drop: false }`
[INFO] [stderr]     Updating crates.io index
[INFO] [stderr]  Downloading crates ...
[INFO] [stderr]   Downloaded matchers v0.1.0
[INFO] [stderr]   Downloaded toml_writer v1.0.2
[INFO] [stderr]   Downloaded winnow v0.7.12
[INFO] [stderr]   Downloaded socket2 v0.6.0
[INFO] [stderr]   Downloaded redox_syscall v0.5.17
[INFO] [stderr]   Downloaded tokio-tar v0.3.1
[INFO] [stderr]   Downloaded libredox v0.1.9
[INFO] [stderr]   Downloaded signal-hook-registry v1.4.6
[INFO] [stderr]   Downloaded uuid v1.18.0
[INFO] [stderr]   Downloaded xattr v1.5.1
[INFO] [stderr]   Downloaded ref-cast v1.0.24
[INFO] [stderr]   Downloaded ref-cast-impl v1.0.24
[INFO] [stderr]   Downloaded toml_parser v1.0.2
[INFO] [stderr]   Downloaded testcontainers v0.23.3
[INFO] [stderr]   Downloaded parse-display v0.9.1
[INFO] [stderr]   Downloaded io-uring v0.7.9
[INFO] [stderr]   Downloaded tokio-util v0.7.16
[INFO] [stderr]   Downloaded serde_with_macros v3.14.0
[INFO] [stderr]   Downloaded schemars v1.0.4
[INFO] [stderr]   Downloaded zerovec v0.11.4
[INFO] [stderr]   Downloaded jobserver v0.1.33
[INFO] [stderr]   Downloaded structmeta-derive v0.3.0
[INFO] [stderr]   Downloaded syn v2.0.105
[INFO] [stderr]   Downloaded serde_with v3.14.0
[INFO] [stderr]   Downloaded cc v1.2.32
[INFO] [stderr]   Downloaded parse-display-derive v0.9.1
[INFO] [stderr]   Downloaded structmeta v0.3.0
[INFO] [stderr]   Downloaded docker_credential v1.3.2
[INFO] [stderr]   Downloaded hyper-named-pipe v0.1.0
[INFO] [stderr]   Downloaded bollard-stubs v1.47.1-rc.27.3.1
[INFO] [stderr]   Downloaded bollard v0.18.1
[INFO] [stderr]   Downloaded security-framework v3.3.0
[INFO] [stderr]   Downloaded rustls-webpki v0.103.4
[INFO] [stderr]   Downloaded hyperlocal v0.9.1
[INFO] [stderr]   Downloaded hyper-util v0.1.16
[INFO] [stderr]   Downloaded mockall v0.13.1
[INFO] [stderr]   Downloaded fragile v2.0.1
[INFO] [stderr]   Downloaded downcast v0.11.0
[INFO] [stderr]   Downloaded rustls v0.23.31
[INFO] [stderr]   Downloaded mockall_derive v0.13.1
[INFO] [stderr]   Downloaded clap_derive v4.5.45
[INFO] [stderr]   Downloaded anstream v0.6.20
[INFO] [stderr]   Downloaded anstyle-wincon v3.0.10
[INFO] [stderr]   Downloaded tokio v1.47.1
[INFO] [stderr]   Downloaded anstyle-query v1.1.4
[INFO] [stderr]   Downloaded anyhow v1.0.99
[INFO] [stderr]   Downloaded git2 v0.20.2
[INFO] [stderr]   Downloaded libssh2-sys v0.3.1
[INFO] [stderr]   Downloaded libz-sys v1.1.22
[INFO] [stderr]   Downloaded cargo-husky v1.5.0
[INFO] [stderr]   Downloaded libgit2-sys v0.18.2+1.9.1
[INFO] [stderr]   Downloaded openssl-src v300.5.1+3.5.1
[INFO] running `Command { std: "docker" "create" "-v" "/var/lib/crater-agent-workspace/builds/worker-7-tc1/source:/opt/rustwide/workdir:ro,Z" "-v" "/var/lib/crater-agent-workspace/builds/worker-7-tc1/target:/opt/rustwide/target:rw,Z" "-v" "/var/lib/crater-agent-workspace/cargo-home:/opt/rustwide/cargo-home:ro,Z" "-v" "/var/lib/crater-agent-workspace/rustup-home:/opt/rustwide/rustup-home:ro,Z" "-m" "1610612736" "--network" "none" "ghcr.io/rust-lang/crates-build-env/linux@sha256:77db811e55d90add9212f6832c23229e3de5f1c1f9905e8cb07319ea15df73ac" "sleep" "infinity", kill_on_drop: false }`
[INFO] [stdout] 06c33c50bc4a695dc4c40e942811709f661753776c67f3ae2ec3648f70798176
[INFO] running `Command { std: "docker" "start" "06c33c50bc4a695dc4c40e942811709f661753776c67f3ae2ec3648f70798176", kill_on_drop: false }`
[INFO] running `Command { std: "docker" "inspect" "06c33c50bc4a695dc4c40e942811709f661753776c67f3ae2ec3648f70798176", kill_on_drop: false }`
[INFO] running `Command { std: "docker" "exec" "-e" "SOURCE_DIR=/opt/rustwide/workdir" "-e" "CARGO_HOME=/opt/rustwide/cargo-home" "-e" "RUSTUP_HOME=/opt/rustwide/rustup-home" "-e" "CARGO_TARGET_DIR=/opt/rustwide/target" "-w" "/opt/rustwide/workdir" "--user" "0:0" "06c33c50bc4a695dc4c40e942811709f661753776c67f3ae2ec3648f70798176" "/opt/rustwide/cargo-home/bin/cargo" "+1.99.0-beta.8" "metadata" "--no-deps" "--format-version=1", kill_on_drop: false }`
[INFO] running `Command { std: "docker" "inspect" "06c33c50bc4a695dc4c40e942811709f661753776c67f3ae2ec3648f70798176", kill_on_drop: false }`
[INFO] running `Command { std: "docker" "exec" "-e" "SOURCE_DIR=/opt/rustwide/workdir" "-e" "CARGO_HOME=/opt/rustwide/cargo-home" "-e" "RUSTUP_HOME=/opt/rustwide/rustup-home" "-e" "CARGO_TARGET_DIR=/opt/rustwide/target" "-e" "CARGO_INCREMENTAL=0" "-e" "RUST_BACKTRACE=full" "-e" "RUSTFLAGS=--cap-lints=warn" "-e" "RUSTDOCFLAGS=--cap-lints=warn" "-w" "/opt/rustwide/workdir" "--user" "0:0" "06c33c50bc4a695dc4c40e942811709f661753776c67f3ae2ec3648f70798176" "/opt/rustwide/cargo-home/bin/cargo" "+1.99.0-beta.8" "build" "--frozen" "--message-format=json" "--release", kill_on_drop: false }`
[INFO] [stderr]    Compiling syn v2.0.105
[INFO] [stderr]    Compiling libc v0.2.175
[INFO] [stderr]    Compiling smallvec v1.15.1
[INFO] [stderr]    Compiling lock_api v0.4.13
[INFO] [stderr]    Compiling parking_lot_core v0.9.11
[INFO] [stderr]    Compiling tracing-core v0.1.34
[INFO] [stderr]    Compiling is_terminal_polyfill v1.70.1
[INFO] [stderr]    Compiling anstyle-query v1.1.4
[INFO] [stderr]    Compiling getrandom v0.3.3
[INFO] [stderr]    Compiling anstyle-parse v0.2.7
[INFO] [stderr]    Compiling percent-encoding v2.3.1
[INFO] [stderr]    Compiling regex-syntax v0.6.29
[INFO] [stderr]    Compiling colorchoice v1.0.4
[INFO] [stderr]    Compiling log v0.4.27
[INFO] [stderr]    Compiling regex-syntax v0.8.5
[INFO] [stderr]    Compiling winnow v0.7.12
[INFO] [stderr]    Compiling option-ext v0.2.0
[INFO] [stderr]    Compiling overload v0.1.1
[INFO] [stderr]    Compiling anyhow v1.0.99
[INFO] [stderr]    Compiling form_urlencoded v1.2.1
[INFO] [stderr]    Compiling nu-ansi-term v0.46.0
[INFO] [stderr]    Compiling anstream v0.6.20
[INFO] [stderr]    Compiling dirs-sys v0.5.0
[INFO] [stderr]    Compiling sharded-slab v0.1.7
[INFO] [stderr]    Compiling mio v1.0.4
[INFO] [stderr]    Compiling socket2 v0.6.0
[INFO] [stderr]    Compiling signal-hook-registry v1.4.6
[INFO] [stderr]    Compiling thread_local v1.1.9
[INFO] [stderr]    Compiling toml_writer v1.0.2
[INFO] [stderr]    Compiling parking_lot v0.12.4
[INFO] [stderr]    Compiling clap_builder v4.5.44
[INFO] [stderr]    Compiling tracing v0.1.41
[INFO] [stderr]    Compiling tracing-log v0.2.0
[INFO] [stderr]    Compiling tempfile v3.20.0
[INFO] [stderr]    Compiling jobserver v0.1.33
[INFO] [stderr]    Compiling directories v6.0.0
[INFO] [stderr]    Compiling cc v1.2.32
[INFO] [stderr]    Compiling regex-automata v0.4.9
[INFO] [stderr]    Compiling toml_parser v1.0.2
[INFO] [stderr]    Compiling regex-automata v0.1.10
[INFO] [stderr]    Compiling openssl-src v300.5.1+3.5.1
[INFO] [stderr]    Compiling libz-sys v1.1.22
[INFO] [stderr]    Compiling openssl-sys v0.9.109
[INFO] [stderr]    Compiling libssh2-sys v0.3.1
[INFO] [stderr]    Compiling libgit2-sys v0.18.2+1.9.1
[INFO] [stderr]    Compiling synstructure v0.13.2
[INFO] [stderr]    Compiling matchers v0.1.0
[INFO] [stderr]    Compiling zerofrom-derive v0.1.6
[INFO] [stderr]    Compiling yoke-derive v0.8.0
[INFO] [stderr]    Compiling zerovec-derive v0.11.1
[INFO] [stderr]    Compiling displaydoc v0.2.5
[INFO] [stderr]    Compiling serde_derive v1.0.219
[INFO] [stderr]    Compiling tokio-macros v2.5.0
[INFO] [stderr]    Compiling clap_derive v4.5.45
[INFO] [stderr]    Compiling thiserror-impl v2.0.14
[INFO] [stderr]    Compiling tokio v1.47.1
[INFO] [stderr]    Compiling regex v1.11.1
[INFO] [stderr]    Compiling zerofrom v0.1.6
[INFO] [stderr]    Compiling yoke v0.8.0
[INFO] [stderr]    Compiling zerotrie v0.2.2
[INFO] [stderr]    Compiling zerovec v0.11.4
[INFO] [stderr]    Compiling thiserror v2.0.14
[INFO] [stderr]    Compiling tracing-subscriber v0.3.19
[INFO] [stderr]    Compiling clap v4.5.45
[INFO] [stderr]    Compiling serde v1.0.219
[INFO] [stderr]    Compiling tinystr v0.8.1
[INFO] [stderr]    Compiling potential_utf v0.1.2
[INFO] [stderr]    Compiling icu_collections v2.0.0
[INFO] [stderr]    Compiling icu_locale_core v2.0.0
[INFO] [stderr]    Compiling icu_provider v2.0.0
[INFO] [stderr]    Compiling icu_normalizer v2.0.0
[INFO] [stderr]    Compiling icu_properties v2.0.1
[INFO] [stderr]    Compiling idna_adapter v1.2.1
[INFO] [stderr]    Compiling idna v1.0.3
[INFO] [stderr]    Compiling toml_datetime v0.7.0
[INFO] [stderr]    Compiling serde_spanned v1.0.0
[INFO] [stderr]    Compiling serde_json v1.0.142
[INFO] [stderr]    Compiling chrono v0.4.41
[INFO] [stderr]    Compiling url v2.5.4
[INFO] [stderr]    Compiling toml v0.9.5
[INFO] [stderr]    Compiling git2 v0.20.2
[INFO] [stderr]    Compiling twin-cli v0.2.0 (/opt/rustwide/workdir)
[INFO] [stderr]     Finished `release` profile [optimized] target(s) in 3m 49s
[INFO] running `Command { std: "docker" "inspect" "06c33c50bc4a695dc4c40e942811709f661753776c67f3ae2ec3648f70798176", kill_on_drop: false }`
[INFO] running `Command { std: "docker" "exec" "-e" "SOURCE_DIR=/opt/rustwide/workdir" "-e" "CARGO_HOME=/opt/rustwide/cargo-home" "-e" "RUSTUP_HOME=/opt/rustwide/rustup-home" "-e" "CARGO_TARGET_DIR=/opt/rustwide/target" "-e" "CARGO_INCREMENTAL=0" "-e" "RUST_BACKTRACE=full" "-e" "RUSTFLAGS=--cap-lints=warn" "-e" "RUSTDOCFLAGS=--cap-lints=warn" "-w" "/opt/rustwide/workdir" "--user" "0:0" "06c33c50bc4a695dc4c40e942811709f661753776c67f3ae2ec3648f70798176" "/opt/rustwide/cargo-home/bin/cargo" "+1.99.0-beta.8" "test" "--frozen" "--no-run" "--message-format=json" "--release", kill_on_drop: false }`
[INFO] [stderr]    Compiling syn v2.0.105
[INFO] [stderr]    Compiling memchr v2.7.5
[INFO] [stderr]    Compiling futures-channel v0.3.31
[INFO] [stderr]    Compiling slab v0.4.11
[INFO] [stderr]    Compiling futures-task v0.3.31
[INFO] [stderr]    Compiling futures-io v0.3.31
[INFO] [stderr]    Compiling tracing v0.1.41
[INFO] [stderr]    Compiling parking_lot_core v0.9.11
[INFO] [stderr]    Compiling ring v0.17.14
[INFO] [stderr]    Compiling fnv v1.0.7
[INFO] [stderr]    Compiling form_urlencoded v1.2.1
[INFO] [stderr]    Compiling getrandom v0.2.16
[INFO] [stderr]    Compiling httpdate v1.0.3
[INFO] [stderr]    Compiling rustls v0.23.31
[INFO] [stderr]    Compiling regex-syntax v0.8.5
[INFO] [stderr]    Compiling xattr v1.5.1
[INFO] [stderr]    Compiling filetime v0.2.25
[INFO] [stderr]    Compiling home v0.5.11
[INFO] [stderr]    Compiling hex v0.4.3
[INFO] [stderr]    Compiling mockall_derive v0.13.1
[INFO] [stderr]    Compiling predicates-core v1.0.9
[INFO] [stderr]    Compiling rustls-native-certs v0.8.1
[INFO] [stderr]    Compiling rustls-pemfile v2.2.0
[INFO] [stderr]    Compiling termtree v0.5.1
[INFO] [stderr]    Compiling parking_lot v0.12.4
[INFO] [stderr]    Compiling cargo-husky v1.5.0
[INFO] [stderr]    Compiling cfg-if v1.0.1
[INFO] [stderr]    Compiling base64 v0.21.7
[INFO] [stderr]    Compiling predicates v3.1.3
[INFO] [stderr]    Compiling etcetera v0.8.0
[INFO] [stderr]    Compiling predicates-tree v1.0.12
[INFO] [stderr]    Compiling yansi v1.0.1
[INFO] [stderr]    Compiling diff v0.1.13
[INFO] [stderr]    Compiling downcast v0.11.0
[INFO] [stderr]    Compiling either v1.15.0
[INFO] [stderr]    Compiling fragile v2.0.1
[INFO] [stderr]    Compiling tar v0.4.44
[INFO] [stderr]    Compiling aho-corasick v1.1.3
[INFO] [stderr]    Compiling pretty_assertions v1.4.1
[INFO] [stderr]    Compiling uuid v1.18.0
[INFO] [stderr]    Compiling regex-automata v0.4.9
[INFO] [stderr]    Compiling regex v1.11.1
[INFO] [stderr]    Compiling synstructure v0.13.2
[INFO] [stderr]    Compiling darling_core v0.20.11
[INFO] [stderr]    Compiling zerofrom-derive v0.1.6
[INFO] [stderr]    Compiling yoke-derive v0.8.0
[INFO] [stderr]    Compiling zerovec-derive v0.11.1
[INFO] [stderr]    Compiling serde_derive v1.0.219
[INFO] [stderr]    Compiling displaydoc v0.2.5
[INFO] [stderr]    Compiling tokio-macros v2.5.0
[INFO] [stderr]    Compiling futures-macro v0.3.31
[INFO] [stderr]    Compiling thiserror-impl v2.0.14
[INFO] [stderr]    Compiling structmeta-derive v0.3.0
[INFO] [stderr]    Compiling clap_derive v4.5.45
[INFO] [stderr]    Compiling serde_repr v0.1.20
[INFO] [stderr]    Compiling async-trait v0.1.89
[INFO] [stderr]    Compiling tokio v1.47.1
[INFO] [stderr]    Compiling futures-util v0.3.31
[INFO] [stderr]    Compiling zerofrom v0.1.6
[INFO] [stderr]    Compiling structmeta v0.3.0
[INFO] [stderr]    Compiling yoke v0.8.0
[INFO] [stderr]    Compiling thiserror v2.0.14
[INFO] [stderr]    Compiling parse-display-derive v0.9.1
[INFO] [stderr]    Compiling tracing-subscriber v0.3.19
[INFO] [stderr]    Compiling zerovec v0.11.4
[INFO] [stderr]    Compiling zerotrie v0.2.2
[INFO] [stderr]    Compiling clap v4.5.45
[INFO] [stderr]    Compiling darling_macro v0.20.11
[INFO] [stderr]    Compiling parse-display v0.9.1
[INFO] [stderr]    Compiling darling v0.20.11
[INFO] [stderr]    Compiling serde_with_macros v3.14.0
[INFO] [stderr]    Compiling mockall v0.13.1
[INFO] [stderr]    Compiling tinystr v0.8.1
[INFO] [stderr]    Compiling icu_locale_core v2.0.0
[INFO] [stderr]    Compiling potential_utf v0.1.2
[INFO] [stderr]    Compiling icu_collections v2.0.0
[INFO] [stderr]    Compiling serde v1.0.219
[INFO] [stderr]    Compiling icu_provider v2.0.0
[INFO] [stderr]    Compiling rustls-webpki v0.103.4
[INFO] [stderr]    Compiling icu_normalizer v2.0.0
[INFO] [stderr]    Compiling icu_properties v2.0.1
[INFO] [stderr]    Compiling futures-executor v0.3.31
[INFO] [stderr]    Compiling futures v0.3.31
[INFO] [stderr]    Compiling idna_adapter v1.2.1
[INFO] [stderr]    Compiling idna v1.0.3
[INFO] [stderr]    Compiling serde_json v1.0.142
[INFO] [stderr]    Compiling url v2.5.4
[INFO] [stderr]    Compiling serde_spanned v1.0.0
[INFO] [stderr]    Compiling serde_with v3.14.0
[INFO] [stderr]    Compiling toml_datetime v0.7.0
[INFO] [stderr]    Compiling chrono v0.4.41
[INFO] [stderr]    Compiling serde_urlencoded v0.7.1
[INFO] [stderr]    Compiling hyper v1.6.0
[INFO] [stderr]    Compiling tokio-stream v0.1.17
[INFO] [stderr]    Compiling tokio-util v0.7.16
[INFO] [stderr]    Compiling toml v0.9.5
[INFO] [stderr]    Compiling tokio-tar v0.3.1
[INFO] [stderr]    Compiling git2 v0.20.2
[INFO] [stderr]    Compiling docker_credential v1.3.2
[INFO] [stderr]    Compiling tokio-rustls v0.26.2
[INFO] [stderr]    Compiling hyper-util v0.1.16
[INFO] [stderr]    Compiling bollard-stubs v1.47.1-rc.27.3.1
[INFO] [stderr]    Compiling hyper-rustls v0.27.7
[INFO] [stderr]    Compiling hyperlocal v0.9.1
[INFO] [stderr]    Compiling twin-cli v0.2.0 (/opt/rustwide/workdir)
[INFO] [stderr]    Compiling bollard v0.18.1
[INFO] [stderr]    Compiling testcontainers v0.23.3
[INFO] [stderr]     Finished `release` profile [optimized] target(s) in 2m 19s
[INFO] running `Command { std: "docker" "inspect" "06c33c50bc4a695dc4c40e942811709f661753776c67f3ae2ec3648f70798176", kill_on_drop: false }`
[INFO] running `Command { std: "docker" "exec" "-e" "SOURCE_DIR=/opt/rustwide/workdir" "-e" "CARGO_HOME=/opt/rustwide/cargo-home" "-e" "RUSTUP_HOME=/opt/rustwide/rustup-home" "-e" "CARGO_TARGET_DIR=/opt/rustwide/target" "-e" "CARGO_INCREMENTAL=0" "-e" "RUST_BACKTRACE=full" "-e" "RUSTFLAGS=--cap-lints=warn" "-e" "RUSTDOCFLAGS=--cap-lints=warn" "-w" "/opt/rustwide/workdir" "--user" "0:0" "06c33c50bc4a695dc4c40e942811709f661753776c67f3ae2ec3648f70798176" "/opt/rustwide/cargo-home/bin/cargo" "+1.99.0-beta.8" "test" "--frozen" "--release", kill_on_drop: false }`
[INFO] [stderr]     Finished `release` profile [optimized] target(s) in 0.28s
[INFO] [stderr]      Running unittests src/lib.rs (/opt/rustwide/target/release/deps/twin_cli-94bcf60e39e10a08)
[INFO] [stdout] 
[INFO] [stdout] running 35 tests
[INFO] [stdout] test cli::output::tests::test_output_format_from_str ... ok
[INFO] [stdout] test cli::output::tests::test_output_format_from_str_case_insensitive ... ok
[INFO] [stdout] test cli::output::tests::test_output_formatter_new ... ok
[INFO] [stdout] test core::error::tests::test_twin_error_display ... ok
[INFO] [stdout] test core::error::tests::test_twin_error_symlink ... ok
[INFO] [stdout] test core::types::tests::test_config_new ... ok
[INFO] [stdout] test core::error::tests::test_twin_error_git ... ok
[INFO] [stdout] test core::types::tests::test_config_from_invalid_toml ... ok
[INFO] [stdout] test core::types::tests::test_config_from_valid_toml ... ok
[INFO] [stdout] test config::tests::test_hook_command_example ... ok
[INFO] [stdout] test core::error::tests::test_twin_error_config ... ok
[INFO] [stdout] test config::tests::test_init_creates_file ... ok
[INFO] [stdout] test config::tests::test_example_config ... ok
[INFO] [stdout] test core::types::tests::test_config_with_custom_branch_prefix ... ok
[INFO] [stdout] test core::types::tests::test_empty_config ... ok
[INFO] [stdout] test core::types::tests::test_file_mapping_defaults ... ok
[INFO] [stdout] test core::types::tests::test_file_mapping_skip_if_exists_default ... ok
[INFO] [stdout] test core::types::tests::test_config_settings_default ... ok
[INFO] [stdout] test core::error::tests::test_twin_error_from_io ... ok
[INFO] [stdout] test config::tests::test_default_config ... ok
[INFO] [stdout] test core::types::tests::test_file_mapping_with_description ... ok
[INFO] [stdout] test config::tests::test_init_fails_if_exists ... ok
[INFO] [stdout] test core::types::tests::test_hook_command_creation ... ok
[INFO] [stdout] test core::types::tests::test_hook_command_defaults ... ok
[INFO] [stdout] test core::types::tests::test_hook_config_default_empty ... ok
[INFO] [stdout] test config::tests::test_init_default_path ... ok
[INFO] [stdout] test core::types::tests::test_mapping_type_default ... ok
[INFO] [stdout] test core::types::tests::test_hooks_only_config ... ok
[INFO] [stdout] test hooks::tests::test_context_env_vars ... ok
[INFO] [stdout] test core::types::tests::test_symlink_info_states ... ok
[INFO] [stdout] test core::types::tests::test_partial_config_deserialization ... ok
[INFO] [stdout] test hooks::tests::test_dry_run_execution ... ok
[INFO] [stdout] test hooks::tests::test_command_expansion ... ok
[INFO] [stdout] test hooks::tests::test_hook_type_string ... ok
[INFO] [stdout] test config::tests::test_init_force_overwrites ... ok
[INFO] [stdout] 
[INFO] [stdout] test result: ok. 35 passed; 0 failed; 0 ignored; 0 measured; 0 filtered out; finished in 0.01s
[INFO] [stdout] 
[INFO] [stderr]      Running unittests src/main.rs (/opt/rustwide/target/release/deps/twin-25307578676f076a)
[INFO] [stdout] 
[INFO] [stdout] running 35 tests
[INFO] [stdout] test cli::output::tests::test_output_format_from_str_case_insensitive ... ok
[INFO] [stdout] test cli::output::tests::test_output_format_from_str ... ok
[INFO] [stdout] test config::tests::test_default_config ... ok
[INFO] [stdout] test cli::output::tests::test_output_formatter_new ... ok
[INFO] [stdout] test config::tests::test_example_config ... ok
[INFO] [stdout] test config::tests::test_hook_command_example ... ok
[INFO] [stdout] test core::error::tests::test_twin_error_config ... ok
[INFO] [stdout] test core::error::tests::test_twin_error_symlink ... ok
[INFO] [stdout] test core::error::tests::test_twin_error_display ... ok
[INFO] [stdout] test core::types::tests::test_config_from_invalid_toml ... ok
[INFO] [stdout] test core::types::tests::test_config_new ... ok
[INFO] [stdout] test core::types::tests::test_config_from_valid_toml ... ok
[INFO] [stdout] test config::tests::test_init_creates_file ... ok
[INFO] [stdout] test core::error::tests::test_twin_error_from_io ... ok
[INFO] [stdout] test core::types::tests::test_hook_command_creation ... ok
[INFO] [stdout] test core::error::tests::test_twin_error_git ... ok
[INFO] [stdout] test core::types::tests::test_file_mapping_with_description ... ok
[INFO] [stdout] test core::types::tests::test_empty_config ... ok
[INFO] [stdout] test core::types::tests::test_file_mapping_skip_if_exists_default ... ok
[INFO] [stdout] test core::types::tests::test_mapping_type_default ... ok
[INFO] [stdout] test core::types::tests::test_file_mapping_defaults ... ok
[INFO] [stdout] test core::types::tests::test_partial_config_deserialization ... ok
[INFO] [stdout] test core::types::tests::test_hook_command_defaults ... ok
[INFO] [stdout] test core::types::tests::test_config_with_custom_branch_prefix ... ok
[INFO] [stdout] test hooks::tests::test_hook_type_string ... ok
[INFO] [stdout] test core::types::tests::test_hooks_only_config ... ok
[INFO] [stdout] test config::tests::test_init_force_overwrites ... ok
[INFO] [stdout] test hooks::tests::test_command_expansion ... ok
[INFO] [stdout] test hooks::tests::test_context_env_vars ... ok
[INFO] [stdout] test config::tests::test_init_default_path ... ok
[INFO] [stdout] test core::types::tests::test_hook_config_default_empty ... ok
[INFO] [stdout] test core::types::tests::test_config_settings_default ... ok
[INFO] [stdout] test config::tests::test_init_fails_if_exists ... ok
[INFO] [stdout] test hooks::tests::test_dry_run_execution ... ok
[INFO] [stdout] test core::types::tests::test_symlink_info_states ... ok
[INFO] [stdout] 
[INFO] [stdout] test result: ok. 35 passed; 0 failed; 0 ignored; 0 measured; 0 filtered out; finished in 0.00s
[INFO] [stdout] 
[INFO] [stderr]      Running tests/e2e_basic.rs (/opt/rustwide/target/release/deps/e2e_basic-039c44f819d0dede)
[INFO] [stdout] 
[INFO] [stdout] running 11 tests
[INFO] [stdout] test test_help_command ... ok
[INFO] [stdout] test test_json_output_format ... ok
[INFO] [stdout] test test_create_environment ... ok
[INFO] [stdout] test test_branch_naming ... ok
[INFO] [stdout] test test_custom_branch_name ... ok
[INFO] [stdout] test test_config_with_symlinks ... ok
[INFO] [stdout] test test_hook_execution ... ok
[INFO] [stdout] test test_verbose_logging ... ok
[INFO] [stdout] test test_list_environments ... ok
[INFO] [stdout] test test_remove_environment ... ok
[INFO] [stdout] test test_partial_config_file ... ok
[INFO] [stdout] 
[INFO] [stdout] test result: ok. 11 passed; 0 failed; 0 ignored; 0 measured; 0 filtered out; finished in 0.20s
[INFO] [stdout] 
[INFO] [stderr]      Running tests/git_worktree_wrapper_test.rs (/opt/rustwide/target/release/deps/git_worktree_wrapper_test-de1c5f218179bb37)
[INFO] [stdout] 
[INFO] [stdout] running 13 tests
[INFO] [stdout] test test_git_only_mode ... ok
[INFO] [stdout] test test_invalid_branch_name_error ... ok
[INFO] [stdout] test test_add_command_basic ... ok
[INFO] [stdout] test test_quiet_option ... ok
[INFO] [stdout] test test_detach_option ... ok
[INFO] [stdout] test test_list_includes_manual_worktree ... ok
[INFO] [stdout] test test_lock_option ... ok
[INFO] [stdout] test test_add_without_branch_option ... ok
[INFO] [stdout] test test_no_checkout_option ... ok
[INFO] [stdout] test test_remove_manual_worktree ... ok
[INFO] [stdout] test test_force_branch_option ... ok
[INFO] [stdout] test test_output_matches_git_worktree ... ok
[INFO] [stdout] test test_error_message_passthrough ... ok
[INFO] [stdout] 
[INFO] [stdout] test result: ok. 13 passed; 0 failed; 0 ignored; 0 measured; 0 filtered out; finished in 0.19s
[INFO] [stdout] 
[INFO] [stderr]      Running tests/hook_integration_test.rs (/opt/rustwide/target/release/deps/hook_integration_test-a75174dc82b0d1a6)
[INFO] [stdout] 
[INFO] [stdout] running 4 tests
[INFO] [stdout] test test_hook_fail_on_error ... ok
[INFO] [stdout] test test_hook_continue_on_error ... FAILED
[INFO] [stdout] test test_hooks_execution_on_add ... FAILED
[INFO] [stdout] test test_hooks_execution_on_remove ... FAILED
[INFO] [stdout] 
[INFO] [stdout] failures:
[INFO] [stdout] 
[INFO] [stdout] ---- test_hook_continue_on_error stdout ----
[INFO] [stdout] 
[INFO] [stdout] thread 'test_hook_continue_on_error' (16153) panicked at tests/hook_integration_test.rs:188:5:
[INFO] [stdout] Should continue despite hook error
[INFO] [stdout] stack backtrace:
[INFO] [stdout]    0:     0x5f6320d6d131 - <<std[70759c8f55707aa4]::sys::backtrace::BacktraceLock>::print::DisplayBacktrace as core[df12db4294e9bfd3]::fmt::Display>::fmt
[INFO] [stdout]    1:     0x5f6320d8298a - core[df12db4294e9bfd3]::fmt::write
[INFO] [stdout]    2:     0x5f6320d71a9c - <alloc[2182bb758b4b3781]::vec::Vec<u8> as core[df12db4294e9bfd3]::io::write::Write>::write_fmt
[INFO] [stdout]    3:     0x5f6320d46bc6 - std[70759c8f55707aa4]::panicking::default_hook::{closure#0}
[INFO] [stdout]    4:     0x5f6320d64449 - std[70759c8f55707aa4]::panicking::default_hook
[INFO] [stdout]    5:     0x5f6320904020 - test[9d35eded1c95d3be]::test_main_inner::<test[9d35eded1c95d3be]::test_main_static::{closure#0}>::{closure#0}
[INFO] [stdout]    6:     0x5f6320d64772 - std[70759c8f55707aa4]::panicking::panic_with_hook
[INFO] [stdout]    7:     0x5f6320d46ca4 - std[70759c8f55707aa4]::panicking::panic_handler::{closure#0}
[INFO] [stdout]    8:     0x5f6320d3f4a9 - std[70759c8f55707aa4]::sys::backtrace::__rust_end_short_backtrace::<std[70759c8f55707aa4]::panicking::panic_handler::{closure#0}, !>
[INFO] [stdout]    9:     0x5f6320d47a7d - __rustc[8fa7c3cbc660c2b3]::rust_begin_unwind
[INFO] [stdout]   10:     0x5f6320d8312c - core[df12db4294e9bfd3]::panicking::panic_fmt
[INFO] [stdout]   11:     0x5f63208eaee8 - hook_integration_test[5ccdf4cd7fab32d8]::test_hook_continue_on_error::{closure#0}
[INFO] [stdout]   12:     0x5f63208f5d53 - <tokio[81a2f80928cc8460]::runtime::scheduler::current_thread::Context>::enter::<core[df12db4294e9bfd3]::task::poll::Poll<()>, <tokio[81a2f80928cc8460]::runtime::scheduler::current_thread::CoreGuard>::block_on<core[df12db4294e9bfd3]::pin::Pin<&mut core[df12db4294e9bfd3]::pin::Pin<&mut dyn core[df12db4294e9bfd3]::future::future::Future<Output = ()>>>>::{closure#0}::{closure#0}>
[INFO] [stdout]   13:     0x5f63208f4efc - <tokio[81a2f80928cc8460]::runtime::context::scoped::Scoped<tokio[81a2f80928cc8460]::runtime::scheduler::Context>>::set::<<tokio[81a2f80928cc8460]::runtime::scheduler::current_thread::CoreGuard>::enter<<tokio[81a2f80928cc8460]::runtime::scheduler::current_thread::CoreGuard>::block_on<core[df12db4294e9bfd3]::pin::Pin<&mut core[df12db4294e9bfd3]::pin::Pin<&mut dyn core[df12db4294e9bfd3]::future::future::Future<Output = ()>>>>::{closure#0}, core[df12db4294e9bfd3]::option::Option<()>>::{closure#0}, (alloc[2182bb758b4b3781]::boxed::Box<tokio[81a2f80928cc8460]::runtime::scheduler::current_thread::Core>, core[df12db4294e9bfd3]::option::Option<()>)>
[INFO] [stdout]   14:     0x5f63208f6197 - <tokio[81a2f80928cc8460]::runtime::scheduler::current_thread::CoreGuard>::block_on::<core[df12db4294e9bfd3]::pin::Pin<&mut core[df12db4294e9bfd3]::pin::Pin<&mut dyn core[df12db4294e9bfd3]::future::future::Future<Output = ()>>>>
[INFO] [stdout]   15:     0x5f63208f2ad7 - tokio[81a2f80928cc8460]::runtime::context::runtime::enter_runtime::<<tokio[81a2f80928cc8460]::runtime::scheduler::current_thread::CurrentThread>::block_on<core[df12db4294e9bfd3]::pin::Pin<&mut dyn core[df12db4294e9bfd3]::future::future::Future<Output = ()>>>::{closure#0}, ()>
[INFO] [stdout]   16:     0x5f63208f1a0a - <tokio[81a2f80928cc8460]::runtime::runtime::Runtime>::block_on::<core[df12db4294e9bfd3]::pin::Pin<&mut dyn core[df12db4294e9bfd3]::future::future::Future<Output = ()>>>
[INFO] [stdout]   17:     0x5f63208f151e - <hook_integration_test[5ccdf4cd7fab32d8]::test_hook_continue_on_error::{closure#0} as core[df12db4294e9bfd3]::ops::function::FnOnce<()>>::call_once
[INFO] [stdout]   18:     0x5f63208f730b - test[9d35eded1c95d3be]::__rust_begin_short_backtrace::<core[df12db4294e9bfd3]::result::Result<(), alloc[2182bb758b4b3781]::string::String>, fn() -> core[df12db4294e9bfd3]::result::Result<(), alloc[2182bb758b4b3781]::string::String>>
[INFO] [stdout]   19:     0x5f6320904975 - test[9d35eded1c95d3be]::run_test::{closure#0}
[INFO] [stdout]   20:     0x5f63208fe234 - std[70759c8f55707aa4]::sys::backtrace::__rust_begin_short_backtrace::<test[9d35eded1c95d3be]::run_test::{closure#1}, ()>
[INFO] [stdout]   21:     0x5f6320907ad2 - <std[70759c8f55707aa4]::thread::lifecycle::spawn_unchecked<test[9d35eded1c95d3be]::run_test::{closure#1}, ()>::{closure#1} as core[df12db4294e9bfd3]::ops::function::FnOnce<()>>::call_once::{shim:vtable#0}
[INFO] [stdout]   22:     0x5f6320d6c499 - <std[70759c8f55707aa4]::sys::thread::unix::Thread>::new::thread_start
[INFO] [stdout]   23:     0x7ecaf8450dfa - <unknown>
[INFO] [stdout]   24:     0x7ecaf84e43d4 - clone
[INFO] [stdout]   25:                0x0 - <unknown>
[INFO] [stdout] 
[INFO] [stdout] ---- test_hooks_execution_on_add stdout ----
[INFO] [stdout] 
[INFO] [stdout] thread 'test_hooks_execution_on_add' (16155) panicked at tests/hook_integration_test.rs:73:5:
[INFO] [stdout] Failed to create worktree with hooks: Some(Git { message: "Git command failed: fatal: not a git repository (or any parent up to mount point /opt/rustwide)\nStopping at filesystem boundary (GIT_DISCOVERY_ACROSS_FILESYSTEM not set).\n", source: None })
[INFO] [stdout] stack backtrace:
[INFO] [stdout]    0:     0x5f6320d6d131 - <<std[70759c8f55707aa4]::sys::backtrace::BacktraceLock>::print::DisplayBacktrace as core[df12db4294e9bfd3]::fmt::Display>::fmt
[INFO] [stdout]    1:     0x5f6320d8298a - core[df12db4294e9bfd3]::fmt::write
[INFO] [stdout]    2:     0x5f6320d71a9c - <alloc[2182bb758b4b3781]::vec::Vec<u8> as core[df12db4294e9bfd3]::io::write::Write>::write_fmt
[INFO] [stdout]    3:     0x5f6320d46bc6 - std[70759c8f55707aa4]::panicking::default_hook::{closure#0}
[INFO] [stdout]    4:     0x5f6320d64449 - std[70759c8f55707aa4]::panicking::default_hook
[INFO] [stdout]    5:     0x5f6320904020 - test[9d35eded1c95d3be]::test_main_inner::<test[9d35eded1c95d3be]::test_main_static::{closure#0}>::{closure#0}
[INFO] [stdout]    6:     0x5f6320d64772 - std[70759c8f55707aa4]::panicking::panic_with_hook
[INFO] [stdout]    7:     0x5f6320d46c72 - std[70759c8f55707aa4]::panicking::panic_handler::{closure#0}
[INFO] [stdout]    8:     0x5f6320d3f4a9 - std[70759c8f55707aa4]::sys::backtrace::__rust_end_short_backtrace::<std[70759c8f55707aa4]::panicking::panic_handler::{closure#0}, !>
[INFO] [stdout]    9:     0x5f6320d47a7d - __rustc[8fa7c3cbc660c2b3]::rust_begin_unwind
[INFO] [stdout]   10:     0x5f6320d8312c - core[df12db4294e9bfd3]::panicking::panic_fmt
[INFO] [stdout]   11:     0x5f63208eb89b - hook_integration_test[5ccdf4cd7fab32d8]::test_hooks_execution_on_add::{closure#0}
[INFO] [stdout]   12:     0x5f63208f5d53 - <tokio[81a2f80928cc8460]::runtime::scheduler::current_thread::Context>::enter::<core[df12db4294e9bfd3]::task::poll::Poll<()>, <tokio[81a2f80928cc8460]::runtime::scheduler::current_thread::CoreGuard>::block_on<core[df12db4294e9bfd3]::pin::Pin<&mut core[df12db4294e9bfd3]::pin::Pin<&mut dyn core[df12db4294e9bfd3]::future::future::Future<Output = ()>>>>::{closure#0}::{closure#0}>
[INFO] [stdout]   13:     0x5f63208f4efc - <tokio[81a2f80928cc8460]::runtime::context::scoped::Scoped<tokio[81a2f80928cc8460]::runtime::scheduler::Context>>::set::<<tokio[81a2f80928cc8460]::runtime::scheduler::current_thread::CoreGuard>::enter<<tokio[81a2f80928cc8460]::runtime::scheduler::current_thread::CoreGuard>::block_on<core[df12db4294e9bfd3]::pin::Pin<&mut core[df12db4294e9bfd3]::pin::Pin<&mut dyn core[df12db4294e9bfd3]::future::future::Future<Output = ()>>>>::{closure#0}, core[df12db4294e9bfd3]::option::Option<()>>::{closure#0}, (alloc[2182bb758b4b3781]::boxed::Box<tokio[81a2f80928cc8460]::runtime::scheduler::current_thread::Core>, core[df12db4294e9bfd3]::option::Option<()>)>
[INFO] [stdout]   14:     0x5f63208f6197 - <tokio[81a2f80928cc8460]::runtime::scheduler::current_thread::CoreGuard>::block_on::<core[df12db4294e9bfd3]::pin::Pin<&mut core[df12db4294e9bfd3]::pin::Pin<&mut dyn core[df12db4294e9bfd3]::future::future::Future<Output = ()>>>>
[INFO] [stdout]   15:     0x5f63208f2ad7 - tokio[81a2f80928cc8460]::runtime::context::runtime::enter_runtime::<<tokio[81a2f80928cc8460]::runtime::scheduler::current_thread::CurrentThread>::block_on<core[df12db4294e9bfd3]::pin::Pin<&mut dyn core[df12db4294e9bfd3]::future::future::Future<Output = ()>>>::{closure#0}, ()>
[INFO] [stdout]   16:     0x5f63208f1a0a - <tokio[81a2f80928cc8460]::runtime::runtime::Runtime>::block_on::<core[df12db4294e9bfd3]::pin::Pin<&mut dyn core[df12db4294e9bfd3]::future::future::Future<Output = ()>>>
[INFO] [stdout]   17:     0x5f63208f16de - <hook_integration_test[5ccdf4cd7fab32d8]::test_hooks_execution_on_add::{closure#0} as core[df12db4294e9bfd3]::ops::function::FnOnce<()>>::call_once
[INFO] [stdout]   18:     0x5f63208f730b - test[9d35eded1c95d3be]::__rust_begin_short_backtrace::<core[df12db4294e9bfd3]::result::Result<(), alloc[2182bb758b4b3781]::string::String>, fn() -> core[df12db4294e9bfd3]::result::Result<(), alloc[2182bb758b4b3781]::string::String>>
[INFO] [stdout]   19:     0x5f6320904975 - test[9d35eded1c95d3be]::run_test::{closure#0}
[INFO] [stdout]   20:     0x5f63208fe234 - std[70759c8f55707aa4]::sys::backtrace::__rust_begin_short_backtrace::<test[9d35eded1c95d3be]::run_test::{closure#1}, ()>
[INFO] [stdout]   21:     0x5f6320907ad2 - <std[70759c8f55707aa4]::thread::lifecycle::spawn_unchecked<test[9d35eded1c95d3be]::run_test::{closure#1}, ()>::{closure#1} as core[df12db4294e9bfd3]::ops::function::FnOnce<()>>::call_once::{shim:vtable#0}
[INFO] [stdout]   22:     0x5f6320d6c499 - <std[70759c8f55707aa4]::sys::thread::unix::Thread>::new::thread_start
[INFO] [stdout]   23:     0x7ecaf8450dfa - <unknown>
[INFO] [stdout]   24:     0x7ecaf84e43d4 - clone
[INFO] [stdout]   25:                0x0 - <unknown>
[INFO] [stdout] 
[INFO] [stdout] ---- test_hooks_execution_on_remove stdout ----
[INFO] [stdout] 
[INFO] [stdout] thread 'test_hooks_execution_on_remove' (16156) panicked at tests/hook_integration_test.rs:125:5:
[INFO] [stdout] assertion failed: result.is_ok()
[INFO] [stdout] stack backtrace:
[INFO] [stdout]    0:     0x5f6320d6d131 - <<std[70759c8f55707aa4]::sys::backtrace::BacktraceLock>::print::DisplayBacktrace as core[df12db4294e9bfd3]::fmt::Display>::fmt
[INFO] [stdout]    1:     0x5f6320d8298a - core[df12db4294e9bfd3]::fmt::write
[INFO] [stdout]    2:     0x5f6320d71a9c - <alloc[2182bb758b4b3781]::vec::Vec<u8> as core[df12db4294e9bfd3]::io::write::Write>::write_fmt
[INFO] [stdout]    3:     0x5f6320d46bc6 - std[70759c8f55707aa4]::panicking::default_hook::{closure#0}
[INFO] [stdout]    4:     0x5f6320d64449 - std[70759c8f55707aa4]::panicking::default_hook
[INFO] [stdout]    5:     0x5f6320904020 - test[9d35eded1c95d3be]::test_main_inner::<test[9d35eded1c95d3be]::test_main_static::{closure#0}>::{closure#0}
[INFO] [stdout]    6:     0x5f6320d64772 - std[70759c8f55707aa4]::panicking::panic_with_hook
[INFO] [stdout]    7:     0x5f6320d46ca4 - std[70759c8f55707aa4]::panicking::panic_handler::{closure#0}
[INFO] [stdout]    8:     0x5f6320d3f4a9 - std[70759c8f55707aa4]::sys::backtrace::__rust_end_short_backtrace::<std[70759c8f55707aa4]::panicking::panic_handler::{closure#0}, !>
[INFO] [stdout]    9:     0x5f6320d47a7d - __rustc[8fa7c3cbc660c2b3]::rust_begin_unwind
[INFO] [stdout]   10:     0x5f6320d8312c - core[df12db4294e9bfd3]::panicking::panic_fmt
[INFO] [stdout]   11:     0x5f6320d830f2 - core[df12db4294e9bfd3]::panicking::panic
[INFO] [stdout]   12:     0x5f63208ed89f - hook_integration_test[5ccdf4cd7fab32d8]::test_hooks_execution_on_remove::{closure#0}
[INFO] [stdout]   13:     0x5f63208f5d53 - <tokio[81a2f80928cc8460]::runtime::scheduler::current_thread::Context>::enter::<core[df12db4294e9bfd3]::task::poll::Poll<()>, <tokio[81a2f80928cc8460]::runtime::scheduler::current_thread::CoreGuard>::block_on<core[df12db4294e9bfd3]::pin::Pin<&mut core[df12db4294e9bfd3]::pin::Pin<&mut dyn core[df12db4294e9bfd3]::future::future::Future<Output = ()>>>>::{closure#0}::{closure#0}>
[INFO] [stdout]   14:     0x5f63208f4efc - <tokio[81a2f80928cc8460]::runtime::context::scoped::Scoped<tokio[81a2f80928cc8460]::runtime::scheduler::Context>>::set::<<tokio[81a2f80928cc8460]::runtime::scheduler::current_thread::CoreGuard>::enter<<tokio[81a2f80928cc8460]::runtime::scheduler::current_thread::CoreGuard>::block_on<core[df12db4294e9bfd3]::pin::Pin<&mut core[df12db4294e9bfd3]::pin::Pin<&mut dyn core[df12db4294e9bfd3]::future::future::Future<Output = ()>>>>::{closure#0}, core[df12db4294e9bfd3]::option::Option<()>>::{closure#0}, (alloc[2182bb758b4b3781]::boxed::Box<tokio[81a2f80928cc8460]::runtime::scheduler::current_thread::Core>, core[df12db4294e9bfd3]::option::Option<()>)>
[INFO] [stdout]   15:     0x5f63208f6197 - <tokio[81a2f80928cc8460]::runtime::scheduler::current_thread::CoreGuard>::block_on::<core[df12db4294e9bfd3]::pin::Pin<&mut core[df12db4294e9bfd3]::pin::Pin<&mut dyn core[df12db4294e9bfd3]::future::future::Future<Output = ()>>>>
[INFO] [stdout]   16:     0x5f63208f2ad7 - tokio[81a2f80928cc8460]::runtime::context::runtime::enter_runtime::<<tokio[81a2f80928cc8460]::runtime::scheduler::current_thread::CurrentThread>::block_on<core[df12db4294e9bfd3]::pin::Pin<&mut dyn core[df12db4294e9bfd3]::future::future::Future<Output = ()>>>::{closure#0}, ()>
[INFO] [stdout]   17:     0x5f63208f1a0a - <tokio[81a2f80928cc8460]::runtime::runtime::Runtime>::block_on::<core[df12db4294e9bfd3]::pin::Pin<&mut dyn core[df12db4294e9bfd3]::future::future::Future<Output = ()>>>
[INFO] [stdout]   18:     0x5f63208f183e - <hook_integration_test[5ccdf4cd7fab32d8]::test_hooks_execution_on_remove::{closure#0} as core[df12db4294e9bfd3]::ops::function::FnOnce<()>>::call_once
[INFO] [stdout]   19:     0x5f63208f730b - test[9d35eded1c95d3be]::__rust_begin_short_backtrace::<core[df12db4294e9bfd3]::result::Result<(), alloc[2182bb758b4b3781]::string::String>, fn() -> core[df12db4294e9bfd3]::result::Result<(), alloc[2182bb758b4b3781]::string::String>>
[INFO] [stdout]   20:     0x5f6320904975 - test[9d35eded1c95d3be]::run_test::{closure#0}
[INFO] [stdout]   21:     0x5f63208fe234 - std[70759c8f55707aa4]::sys::backtrace::__rust_begin_short_backtrace::<test[9d35eded1c95d3be]::run_test::{closure#1}, ()>
[INFO] [stdout]   22:     0x5f6320907ad2 - <std[70759c8f55707aa4]::thread::lifecycle::spawn_unchecked<test[9d35eded1c95d3be]::run_test::{closure#1}, ()>::{closure#1} as core[df12db4294e9bfd3]::ops::function::FnOnce<()>>::call_once::{shim:vtable#0}
[INFO] [stdout]   23:     0x5f6320d6c499 - <std[70759c8f55707aa4]::sys::thread::unix::Thread>::new::thread_start
[INFO] [stdout]   24:     0x7ecaf8450dfa - <unknown>
[INFO] [stdout]   25:     0x7ecaf84e43d4 - clone
[INFO] [stdout]   26:                0x0 - <unknown>
[INFO] [stdout] 
[INFO] [stdout] 
[INFO] [stdout] failures:
[INFO] [stdout]     test_hook_continue_on_error
[INFO] [stdout]     test_hooks_execution_on_add
[INFO] [stdout]     test_hooks_execution_on_remove
[INFO] [stdout] 
[INFO] [stdout] test result: FAILED. 1 passed; 3 failed; 0 ignored; 0 measured; 0 filtered out; finished in 0.06s
[INFO] [stdout] 
[INFO] [stderr] error: test failed, to rerun pass `--test hook_integration_test`
[INFO] running `Command { std: "docker" "inspect" "06c33c50bc4a695dc4c40e942811709f661753776c67f3ae2ec3648f70798176", kill_on_drop: false }`
[INFO] running `Command { std: "docker" "rm" "-f" "06c33c50bc4a695dc4c40e942811709f661753776c67f3ae2ec3648f70798176", kill_on_drop: false }`
[INFO] [stdout] 06c33c50bc4a695dc4c40e942811709f661753776c67f3ae2ec3648f70798176
