[INFO] fetching crate twilight-cache-inmemory 0.17.1...
[INFO] testing twilight-cache-inmemory-0.17.1 against 1.100.0-beta.1+cargoflags=--release for beta-release-1.100-2
[INFO] extracting crate twilight-cache-inmemory 0.17.1 into /workspace/builds/worker-4-tc2/source
[INFO] started tweaking crates.io crate twilight-cache-inmemory 0.17.1
[INFO] finished tweaking crates.io crate twilight-cache-inmemory 0.17.1
[INFO] tweaked toml for crates.io crate twilight-cache-inmemory 0.17.1 written to /workspace/builds/worker-4-tc2/source/Cargo.toml
[INFO] validating manifest of crates.io crate twilight-cache-inmemory 0.17.1 on toolchain 1.100.0-beta.1
[INFO] running `Command { std: CARGO_HOME="/workspace/cargo-home" RUSTUP_HOME="/workspace/rustup-home" "/workspace/cargo-home/bin/cargo" "+1.100.0-beta.1" "metadata" "--manifest-path" "Cargo.toml" "--no-deps", kill_on_drop: false }`
[INFO] crate crates.io crate twilight-cache-inmemory 0.17.1 already has a lockfile, it will not be regenerated
[INFO] running `Command { std: CARGO_HOME="/workspace/cargo-home" RUSTUP_HOME="/workspace/rustup-home" "/workspace/cargo-home/bin/cargo" "+1.100.0-beta.1" "fetch" "--manifest-path" "Cargo.toml", kill_on_drop: false }`
[INFO] running `Command { std: "docker" "create" "-v" "/var/lib/crater-agent-workspace/builds/worker-4-tc2/source:/opt/rustwide/workdir:ro,Z" "-v" "/var/lib/crater-agent-workspace/builds/worker-4-tc2/target:/opt/rustwide/target:rw,Z" "-v" "/var/lib/crater-agent-workspace/cargo-home:/opt/rustwide/cargo-home:ro,Z" "-v" "/var/lib/crater-agent-workspace/rustup-home:/opt/rustwide/rustup-home:ro,Z" "-m" "1610612736" "--network" "none" "ghcr.io/rust-lang/crates-build-env/linux@sha256:77db811e55d90add9212f6832c23229e3de5f1c1f9905e8cb07319ea15df73ac" "sleep" "infinity", kill_on_drop: false }`
[INFO] [stdout] 3f2f716cc4d36e3f3e1092cfc9bdb9d1c7cffa30e43897d2775ea6fdcd2d9cf8
[INFO] running `Command { std: "docker" "start" "3f2f716cc4d36e3f3e1092cfc9bdb9d1c7cffa30e43897d2775ea6fdcd2d9cf8", kill_on_drop: false }`
[INFO] running `Command { std: "docker" "inspect" "3f2f716cc4d36e3f3e1092cfc9bdb9d1c7cffa30e43897d2775ea6fdcd2d9cf8", kill_on_drop: false }`
[INFO] running `Command { std: "docker" "exec" "-e" "SOURCE_DIR=/opt/rustwide/workdir" "-e" "CARGO_HOME=/opt/rustwide/cargo-home" "-e" "RUSTUP_HOME=/opt/rustwide/rustup-home" "-e" "CARGO_TARGET_DIR=/opt/rustwide/target" "-w" "/opt/rustwide/workdir" "--user" "0:0" "3f2f716cc4d36e3f3e1092cfc9bdb9d1c7cffa30e43897d2775ea6fdcd2d9cf8" "/opt/rustwide/cargo-home/bin/cargo" "+1.100.0-beta.1" "metadata" "--no-deps" "--format-version=1", kill_on_drop: false }`
[INFO] running `Command { std: "docker" "inspect" "3f2f716cc4d36e3f3e1092cfc9bdb9d1c7cffa30e43897d2775ea6fdcd2d9cf8", kill_on_drop: false }`
[INFO] running `Command { std: "docker" "exec" "-e" "SOURCE_DIR=/opt/rustwide/workdir" "-e" "CARGO_HOME=/opt/rustwide/cargo-home" "-e" "RUSTUP_HOME=/opt/rustwide/rustup-home" "-e" "CARGO_TARGET_DIR=/opt/rustwide/target" "-e" "CARGO_INCREMENTAL=0" "-e" "RUST_BACKTRACE=full" "-e" "RUSTFLAGS=--cap-lints=warn" "-e" "RUSTDOCFLAGS=--cap-lints=warn" "-w" "/opt/rustwide/workdir" "--user" "0:0" "3f2f716cc4d36e3f3e1092cfc9bdb9d1c7cffa30e43897d2775ea6fdcd2d9cf8" "/opt/rustwide/cargo-home/bin/cargo" "+1.100.0-beta.1" "build" "--frozen" "--message-format=json" "--release", kill_on_drop: false }`
[INFO] [stderr]    Compiling proc-macro2 v1.0.101
[INFO] [stderr]    Compiling unicode-ident v1.0.19
[INFO] [stderr]    Compiling num-traits v0.2.19
[INFO] [stderr]    Compiling serde_core v1.0.227
[INFO] [stderr]    Compiling libc v0.2.176
[INFO] [stderr]    Compiling serde v1.0.227
[INFO] [stderr]    Compiling lock_api v0.4.13
[INFO] [stderr]    Compiling parking_lot_core v0.9.11
[INFO] [stderr]    Compiling deranged v0.5.4
[INFO] [stderr]    Compiling time-core v0.1.6
[INFO] [stderr]    Compiling num-conv v0.1.0
[INFO] [stderr]    Compiling cfg-if v1.0.3
[INFO] [stderr]    Compiling bitflags v2.9.4
[INFO] [stderr]    Compiling hashbrown v0.14.5
[INFO] [stderr]    Compiling quote v1.0.40
[INFO] [stderr]    Compiling syn v2.0.106
[INFO] [stderr]    Compiling ordered-float v2.10.1
[INFO] [stderr]    Compiling dashmap v6.1.0
[INFO] [stderr]    Compiling time v0.3.44
[INFO] [stderr]    Compiling serde_derive v1.0.227
[INFO] [stderr]    Compiling serde_repr v0.1.20
[INFO] [stderr]    Compiling serde-value v0.7.0
[INFO] [stderr]    Compiling twilight-model v0.17.1
[INFO] [stderr]    Compiling twilight-cache-inmemory v0.17.1 (/opt/rustwide/workdir)
[INFO] [stderr]     Finished `release` profile [optimized] target(s) in 41.01s
[INFO] running `Command { std: "docker" "inspect" "3f2f716cc4d36e3f3e1092cfc9bdb9d1c7cffa30e43897d2775ea6fdcd2d9cf8", kill_on_drop: false }`
[INFO] running `Command { std: "docker" "exec" "-e" "SOURCE_DIR=/opt/rustwide/workdir" "-e" "CARGO_HOME=/opt/rustwide/cargo-home" "-e" "RUSTUP_HOME=/opt/rustwide/rustup-home" "-e" "CARGO_TARGET_DIR=/opt/rustwide/target" "-e" "CARGO_INCREMENTAL=0" "-e" "RUST_BACKTRACE=full" "-e" "RUSTFLAGS=--cap-lints=warn" "-e" "RUSTDOCFLAGS=--cap-lints=warn" "-w" "/opt/rustwide/workdir" "--user" "0:0" "3f2f716cc4d36e3f3e1092cfc9bdb9d1c7cffa30e43897d2775ea6fdcd2d9cf8" "/opt/rustwide/cargo-home/bin/cargo" "+1.100.0-beta.1" "test" "--frozen" "--no-run" "--message-format=json" "--release", kill_on_drop: false }`
[INFO] [stderr]    Compiling syn v2.0.106
[INFO] [stderr]    Compiling tracing-core v0.1.34
[INFO] [stderr]    Compiling log v0.4.28
[INFO] [stderr]    Compiling pin-project-lite v0.2.16
[INFO] [stderr]    Compiling thread_local v1.1.9
[INFO] [stderr]    Compiling static_assertions v1.1.0
[INFO] [stderr]    Compiling tracing-log v0.2.0
[INFO] [stderr]    Compiling tracing-subscriber v0.3.20
[INFO] [stderr]    Compiling serde_derive v1.0.227
[INFO] [stderr]    Compiling serde_repr v0.1.20
[INFO] [stderr]    Compiling tracing-attributes v0.1.30
[INFO] [stderr]    Compiling tokio-macros v2.5.0
[INFO] [stderr]    Compiling tokio v1.47.1
[INFO] [stderr]    Compiling tracing v0.1.41
[INFO] [stderr]    Compiling serde v1.0.227
[INFO] [stderr]    Compiling serde-value v0.7.0
[INFO] [stderr]    Compiling twilight-model v0.17.1
[INFO] [stderr]    Compiling twilight-cache-inmemory v0.17.1 (/opt/rustwide/workdir)
[INFO] [stderr]     Finished `release` profile [optimized] target(s) in 1m 02s
[INFO] running `Command { std: "docker" "inspect" "3f2f716cc4d36e3f3e1092cfc9bdb9d1c7cffa30e43897d2775ea6fdcd2d9cf8", kill_on_drop: false }`
[INFO] running `Command { std: "docker" "exec" "-e" "SOURCE_DIR=/opt/rustwide/workdir" "-e" "CARGO_HOME=/opt/rustwide/cargo-home" "-e" "RUSTUP_HOME=/opt/rustwide/rustup-home" "-e" "CARGO_TARGET_DIR=/opt/rustwide/target" "-e" "CARGO_INCREMENTAL=0" "-e" "RUST_BACKTRACE=full" "-e" "RUSTFLAGS=--cap-lints=warn" "-e" "RUSTDOCFLAGS=--cap-lints=warn" "-w" "/opt/rustwide/workdir" "--user" "0:0" "3f2f716cc4d36e3f3e1092cfc9bdb9d1c7cffa30e43897d2775ea6fdcd2d9cf8" "/opt/rustwide/cargo-home/bin/cargo" "+1.100.0-beta.1" "test" "--frozen" "--release", kill_on_drop: false }`
[INFO] [stderr]     Finished `release` profile [optimized] target(s) in 0.09s
[INFO] [stderr]      Running unittests src/lib.rs (/opt/rustwide/target/release/build/twilight-cache-inmemory/5015ddf7bd660bfb/out/twilight_cache_inmemory-5015ddf7bd660bfb)
[INFO] [stdout] 
[INFO] [stdout] running 42 tests
[INFO] [stdout] test config::tests::defaults ... ok
[INFO] [stdout] test event::guild::tests::guild_members_size_after_unavailable ... ok
[INFO] [stdout] test event::channel::tests::channel_delete_guild ... ok
[INFO] [stdout] test event::channel::tests::channel_update_guild ... ok
[INFO] [stdout] test event::guild::tests::guild_member_count ... ok
[INFO] [stdout] test event::guild::tests::guild_create_channels_have_guild_ids ... ok
[INFO] [stdout] test event::emoji::tests::emoji_removal ... ok
[INFO] [stdout] test event::emoji::tests::cache_emoji ... ok
[INFO] [stdout] test event::guild::tests::guild_update ... ok
[INFO] [stdout] test event::guild_scheduled_events::tests::guild_event_on_event ... ok
[INFO] [stdout] test event::guild::tests::unavailable_available_guild ... ok
[INFO] [stdout] test event::member::tests::cache_guild_member ... ok
[INFO] [stdout] test event::interaction::tests::interaction_create ... ok
[INFO] [stdout] test event::member::tests::member_update_updates_user ... ok
[INFO] [stdout] test event::message::tests::message_create ... ok
[INFO] [stdout] test event::member::tests::cache_user_guild_state ... ok
[INFO] [stdout] test event::reaction::tests::reaction_add ... ok
[INFO] [stdout] test event::presence::tests::presence_update ... ok
[INFO] [stdout] test event::reaction::tests::reaction_remove_all ... ok
[INFO] [stdout] test event::reaction::tests::reaction_remove_emoji ... ok
[INFO] [stdout] test event::reaction::tests::reaction_remove ... ok
[INFO] [stdout] test event::stage_instance::tests::stage_channels ... ok
[INFO] [stdout] test event::voice_state::tests::uses_cached_variant ... ok
[INFO] [stdout] test event::voice_state::tests::voice_state_inserts_and_removes ... ok
[INFO] [stdout] test event::tests::current_user_retrieval ... ok
[INFO] [stdout] test event::role::tests::cache_role ... ok
[INFO] [stdout] test event::voice_state::tests::voice_states_members ... ok
[INFO] [stdout] test event::sticker::tests::cache_stickers_removal ... ok
[INFO] [stdout] test event::role::tests::insert_role_on_event ... ok
[INFO] [stdout] test event::sticker::tests::cache_stickers ... ok
[INFO] [stdout] test model::member::tests::eq_member ... ok
[INFO] [stdout] test model::sticker::tests::eq_sticker ... ok
[INFO] [stdout] test event::voice_state::tests::voice_states_with_no_cached_guilds ... ok
[INFO] [stdout] test iter::tests::iter ... ok
[INFO] [stdout] test event::voice_state::tests::voice_states ... ok
[INFO] [stdout] test model::emoji::tests::eq_emoji ... ok
[INFO] [stdout] test model::member::tests::eq_partial_member ... ok
[INFO] [stdout] test model::voice_state::tests::eq ... ok
[INFO] [stdout] test tests::clear ... ok
[INFO] [stdout] test tests::highest_role ... ok
[INFO] [stdout] test model::voice_state::tests::getters ... ok
[INFO] [stdout] test tests::syntax_update ... ok
[INFO] [stdout] 
[INFO] [stdout] test result: ok. 42 passed; 0 failed; 0 ignored; 0 measured; 0 filtered out; finished in 0.03s
[INFO] [stdout] 
[INFO] [stderr]    Doc-tests twilight_cache_inmemory
[INFO] [stdout] 
[INFO] [stdout] running 8 tests
[INFO] [stdout] test src/iter.rs - iter::ResourceIter (line 225) - compile ... ok
[INFO] [stdout] test src/../README.md - (line 35) - compile ... FAILED
[INFO] [stdout] test src/iter.rs - iter::InMemoryCacheIter (line 100) - compile ... ok
[INFO] [stdout] test src/lib.rs - InMemoryCache<CacheModels>::iter (line 334) - compile ... ok
[INFO] [stdout] test src/stats.rs - stats::InMemoryCacheStats (line 21) - compile ... ok
[INFO] [stdout] test src/iter.rs - iter::InMemoryCacheIter (line 76) - compile ... ok
[INFO] [stdout] test src/lib.rs - InMemoryCache<CacheModels>::stats (line 355) ... ok
[INFO] [stdout] test src/lib.rs - InMemoryCache<CacheModels>::new (line 268) ... ok
[INFO] [stdout] 
[INFO] [stdout] failures:
[INFO] [stdout] 
[INFO] [stdout] ---- src/../README.md - (line 35) stdout ----
[INFO] [stdout] error[E0432]: unresolved import `twilight_gateway`
[INFO] [stdout]   --> src/../README.md:39:5
[INFO] [stdout]    |
[INFO] [stdout] 39 | use twilight_gateway::{EventTypeFlags, Intents, Shard, ShardId, StreamExt as _};
[INFO] [stdout]    |     ^^^^^^^^^^^^^^^^ use of unresolved module or unlinked crate `twilight_gateway`
[INFO] [stdout]    |
[INFO] [stdout]    = help: if you wanted to use a crate named `twilight_gateway`, use `cargo add twilight_gateway` to add it to your `Cargo.toml`
[INFO] [stdout] 
[INFO] [stdout] error: aborting due to 1 previous error
[INFO] [stdout] 
[INFO] [stdout] For more information about this error, try `rustc --explain E0432`.
[INFO] [stdout] Couldn't compile the test.
[INFO] [stdout] 
[INFO] [stdout] failures:
[INFO] [stdout]     src/../README.md - (line 35)
[INFO] [stdout] 
[INFO] [stdout] test result: FAILED. 7 passed; 1 failed; 0 ignored; 0 measured; 0 filtered out; finished in 1.23s
[INFO] [stdout] 
[INFO] [stdout] all doctests ran in 1.30s; merged doctests compilation took 0.07s
[INFO] [stderr] error: doctest failed, to rerun pass `--doc`
[INFO] running `Command { std: "docker" "inspect" "3f2f716cc4d36e3f3e1092cfc9bdb9d1c7cffa30e43897d2775ea6fdcd2d9cf8", kill_on_drop: false }`
[INFO] running `Command { std: "docker" "rm" "-f" "3f2f716cc4d36e3f3e1092cfc9bdb9d1c7cffa30e43897d2775ea6fdcd2d9cf8", kill_on_drop: false }`
[INFO] [stdout] 3f2f716cc4d36e3f3e1092cfc9bdb9d1c7cffa30e43897d2775ea6fdcd2d9cf8
