[INFO] fetching crate twibint 0.3.2...
[INFO] testing twibint-0.3.2 against 1.99.0-beta.8+cargoflags=--release for beta-release-1.100-2
[INFO] extracting crate twibint 0.3.2 into /workspace/builds/worker-5-tc1/source
[INFO] started tweaking crates.io crate twibint 0.3.2
[INFO] finished tweaking crates.io crate twibint 0.3.2
[INFO] tweaked toml for crates.io crate twibint 0.3.2 written to /workspace/builds/worker-5-tc1/source/Cargo.toml
[INFO] validating manifest of crates.io crate twibint 0.3.2 on toolchain 1.99.0-beta.8
[INFO] running `Command { std: CARGO_HOME="/workspace/cargo-home" RUSTUP_HOME="/workspace/rustup-home" "/workspace/cargo-home/bin/cargo" "+1.99.0-beta.8" "metadata" "--manifest-path" "Cargo.toml" "--no-deps", kill_on_drop: false }`
[INFO] crate crates.io crate twibint 0.3.2 already has a lockfile, it will not be regenerated
[INFO] running `Command { std: CARGO_HOME="/workspace/cargo-home" RUSTUP_HOME="/workspace/rustup-home" "/workspace/cargo-home/bin/cargo" "+1.99.0-beta.8" "fetch" "--manifest-path" "Cargo.toml", kill_on_drop: false }`
[INFO] [stderr]     Updating crates.io index
[INFO] [stderr]  Downloading crates ...
[INFO] [stderr]   Downloaded typed_test_gen v0.1.2
[INFO] [stderr]   Downloaded unindent v0.1.11
[INFO] [stderr]   Downloaded pyo3-macros v0.19.2
[INFO] [stderr]   Downloaded indoc v1.0.9
[INFO] [stderr]   Downloaded target-lexicon v0.12.11
[INFO] [stderr]   Downloaded memoffset v0.9.0
[INFO] [stderr]   Downloaded getrandom v0.2.10
[INFO] [stderr]   Downloaded pyo3-build-config v0.19.2
[INFO] [stderr]   Downloaded pyo3-macros-backend v0.19.2
[INFO] [stderr]   Downloaded pyo3-ffi v0.19.2
[INFO] [stderr]   Downloaded syn v2.0.31
[INFO] [stderr]   Downloaded pyo3 v0.19.2
[INFO] running `Command { std: "docker" "create" "-v" "/var/lib/crater-agent-workspace/builds/worker-5-tc1/source:/opt/rustwide/workdir:ro,Z" "-v" "/var/lib/crater-agent-workspace/builds/worker-5-tc1/target:/opt/rustwide/target:rw,Z" "-v" "/var/lib/crater-agent-workspace/cargo-home:/opt/rustwide/cargo-home:ro,Z" "-v" "/var/lib/crater-agent-workspace/rustup-home:/opt/rustwide/rustup-home:ro,Z" "-m" "1610612736" "--network" "none" "ghcr.io/rust-lang/crates-build-env/linux@sha256:77db811e55d90add9212f6832c23229e3de5f1c1f9905e8cb07319ea15df73ac" "sleep" "infinity", kill_on_drop: false }`
[INFO] [stdout] e53f91f9e9b2b648fb212b26476de1bcff4f40dbd4482a5e64a5700b63f18055
[INFO] running `Command { std: "docker" "start" "e53f91f9e9b2b648fb212b26476de1bcff4f40dbd4482a5e64a5700b63f18055", kill_on_drop: false }`
[INFO] running `Command { std: "docker" "inspect" "e53f91f9e9b2b648fb212b26476de1bcff4f40dbd4482a5e64a5700b63f18055", kill_on_drop: false }`
[INFO] running `Command { std: "docker" "exec" "-e" "SOURCE_DIR=/opt/rustwide/workdir" "-e" "CARGO_HOME=/opt/rustwide/cargo-home" "-e" "RUSTUP_HOME=/opt/rustwide/rustup-home" "-e" "CARGO_TARGET_DIR=/opt/rustwide/target" "-w" "/opt/rustwide/workdir" "--user" "0:0" "e53f91f9e9b2b648fb212b26476de1bcff4f40dbd4482a5e64a5700b63f18055" "/opt/rustwide/cargo-home/bin/cargo" "+1.99.0-beta.8" "metadata" "--no-deps" "--format-version=1", kill_on_drop: false }`
[INFO] running `Command { std: "docker" "inspect" "e53f91f9e9b2b648fb212b26476de1bcff4f40dbd4482a5e64a5700b63f18055", kill_on_drop: false }`
[INFO] running `Command { std: "docker" "exec" "-e" "SOURCE_DIR=/opt/rustwide/workdir" "-e" "CARGO_HOME=/opt/rustwide/cargo-home" "-e" "RUSTUP_HOME=/opt/rustwide/rustup-home" "-e" "CARGO_TARGET_DIR=/opt/rustwide/target" "-e" "CARGO_INCREMENTAL=0" "-e" "RUST_BACKTRACE=full" "-e" "RUSTFLAGS=--cap-lints=warn" "-e" "RUSTDOCFLAGS=--cap-lints=warn" "-w" "/opt/rustwide/workdir" "--user" "0:0" "e53f91f9e9b2b648fb212b26476de1bcff4f40dbd4482a5e64a5700b63f18055" "/opt/rustwide/cargo-home/bin/cargo" "+1.99.0-beta.8" "build" "--frozen" "--message-format=json" "--release", kill_on_drop: false }`
[INFO] [stderr]    Compiling twibint v0.3.2 (/opt/rustwide/workdir)
[INFO] [stderr]     Finished `release` profile [optimized] target(s) in 1.51s
[INFO] running `Command { std: "docker" "inspect" "e53f91f9e9b2b648fb212b26476de1bcff4f40dbd4482a5e64a5700b63f18055", kill_on_drop: false }`
[INFO] running `Command { std: "docker" "exec" "-e" "SOURCE_DIR=/opt/rustwide/workdir" "-e" "CARGO_HOME=/opt/rustwide/cargo-home" "-e" "RUSTUP_HOME=/opt/rustwide/rustup-home" "-e" "CARGO_TARGET_DIR=/opt/rustwide/target" "-e" "CARGO_INCREMENTAL=0" "-e" "RUST_BACKTRACE=full" "-e" "RUSTFLAGS=--cap-lints=warn" "-e" "RUSTDOCFLAGS=--cap-lints=warn" "-w" "/opt/rustwide/workdir" "--user" "0:0" "e53f91f9e9b2b648fb212b26476de1bcff4f40dbd4482a5e64a5700b63f18055" "/opt/rustwide/cargo-home/bin/cargo" "+1.99.0-beta.8" "test" "--frozen" "--no-run" "--message-format=json" "--release", kill_on_drop: false }`
[INFO] [stderr]    Compiling autocfg v1.1.0
[INFO] [stderr]    Compiling syn v2.0.31
[INFO] [stderr]    Compiling num-traits v0.2.19
[INFO] [stderr]    Compiling num-integer v0.1.46
[INFO] [stderr]    Compiling num-bigint v0.4.6
[INFO] [stderr]    Compiling typed_test_gen v0.1.2
[INFO] [stderr]    Compiling twibint v0.3.2 (/opt/rustwide/workdir)
[INFO] [stdout] warning: enum `Quotient3By2` is never used
[INFO] [stdout]   --> src/biguint/ops/algorithms/div/burnikel_ziegler.rs:18:6
[INFO] [stdout]    |
[INFO] [stdout] 18 | enum Quotient3By2<T: Digit> {
[INFO] [stdout]    |      ^^^^^^^^^^^^
[INFO] [stdout]    |
[INFO] [stdout]    = note: `#[warn(dead_code)]` (part of `#[warn(unused)]`) on by default
[INFO] [stdout] 
[INFO] [stdout] 
[INFO] [stdout] warning: enum `Quotient4By2` is never used
[INFO] [stdout]   --> src/biguint/ops/algorithms/div/burnikel_ziegler.rs:26:6
[INFO] [stdout]    |
[INFO] [stdout] 26 | enum Quotient4By2<T: Digit> {
[INFO] [stdout]    |      ^^^^^^^^^^^^
[INFO] [stdout] 
[INFO] [stdout] 
[INFO] [stdout] warning: methods `dec` and `mul` are never used
[INFO] [stdout]   --> src/biguint/ops/algorithms/div/burnikel_ziegler.rs:33:8
[INFO] [stdout]    |
[INFO] [stdout] 32 | impl<T: Digit> Quotient3By2<T> {
[INFO] [stdout]    | ------------------------------ methods in this implementation
[INFO] [stdout] 33 |     fn dec(&mut self) {
[INFO] [stdout]    |        ^^^
[INFO] [stdout] ...
[INFO] [stdout] 41 |     fn mul(&self, a: &[T; 2], ret: &mut [T; 4]) {
[INFO] [stdout]    |        ^^^
[INFO] [stdout] 
[INFO] [stdout] 
[INFO] [stdout] warning: associated function `pack` is never used
[INFO] [stdout]   --> src/biguint/ops/algorithms/div/burnikel_ziegler.rs:52:8
[INFO] [stdout]    |
[INFO] [stdout] 51 | impl<T: Digit> Quotient4By2<T> {
[INFO] [stdout]    | ------------------------------ associated function in this implementation
[INFO] [stdout] 52 |     fn pack(lsb: Quotient3By2<T>, msb: Quotient3By2<T>) -> Self {
[INFO] [stdout]    |        ^^^^
[INFO] [stdout] 
[INFO] [stdout] 
[INFO] [stdout] warning: function `div_3s_by_2s` is never used
[INFO] [stdout]    --> src/biguint/ops/algorithms/div/burnikel_ziegler.rs:111:4
[INFO] [stdout]     |
[INFO] [stdout] 111 | fn div_3s_by_2s<T: Digit>(a: &[T; 3], b: &[T; 2], r: &mut [T; 4]) -> Quotient3By2<T> {
[INFO] [stdout]     |    ^^^^^^^^^^^^
[INFO] [stdout] 
[INFO] [stdout] 
[INFO] [stdout] warning: function `div_4s_by_2s` is never used
[INFO] [stdout]    --> src/biguint/ops/algorithms/div/burnikel_ziegler.rs:141:4
[INFO] [stdout]     |
[INFO] [stdout] 141 | fn div_4s_by_2s<T: Digit>(
[INFO] [stdout]     |    ^^^^^^^^^^^^
[INFO] [stdout] 
[INFO] [stdout] 
[INFO] [stdout] warning: function `div` is never used
[INFO] [stdout]    --> src/biguint/ops/algorithms/div/burnikel_ziegler.rs:316:4
[INFO] [stdout]     |
[INFO] [stdout] 316 | fn div<T: Digit>(n: &BigUint<T>, d: &BigUint<T>) -> DivisionResult<BigUint<T>> {
[INFO] [stdout]     |    ^^^
[INFO] [stdout] 
[INFO] [stdout] 
[INFO] [stdout] warning: function `div` is never used
[INFO] [stdout]    --> src/biguint/ops/algorithms/div/newton_raphson.rs:160:4
[INFO] [stdout]     |
[INFO] [stdout] 160 | fn div<T: Digit>(n: &BigUint<T>, d: &BigUint<T>) -> DivisionResult<BigUint<T>> {
[INFO] [stdout]     |    ^^^
[INFO] [stdout] 
[INFO] [stdout] 
[INFO] [stderr]     Finished `release` profile [optimized] target(s) in 26.31s
[INFO] running `Command { std: "docker" "inspect" "e53f91f9e9b2b648fb212b26476de1bcff4f40dbd4482a5e64a5700b63f18055", kill_on_drop: false }`
[INFO] running `Command { std: "docker" "exec" "-e" "SOURCE_DIR=/opt/rustwide/workdir" "-e" "CARGO_HOME=/opt/rustwide/cargo-home" "-e" "RUSTUP_HOME=/opt/rustwide/rustup-home" "-e" "CARGO_TARGET_DIR=/opt/rustwide/target" "-e" "CARGO_INCREMENTAL=0" "-e" "RUST_BACKTRACE=full" "-e" "RUSTFLAGS=--cap-lints=warn" "-e" "RUSTDOCFLAGS=--cap-lints=warn" "-w" "/opt/rustwide/workdir" "--user" "0:0" "e53f91f9e9b2b648fb212b26476de1bcff4f40dbd4482a5e64a5700b63f18055" "/opt/rustwide/cargo-home/bin/cargo" "+1.99.0-beta.8" "test" "--frozen" "--release", kill_on_drop: false }`
[INFO] [stderr] warning: enum `Quotient3By2` is never used
[INFO] [stderr]   --> src/biguint/ops/algorithms/div/burnikel_ziegler.rs:18:6
[INFO] [stderr]    |
[INFO] [stderr] 18 | enum Quotient3By2<T: Digit> {
[INFO] [stderr]    |      ^^^^^^^^^^^^
[INFO] [stderr]    |
[INFO] [stderr]    = note: `#[warn(dead_code)]` (part of `#[warn(unused)]`) on by default
[INFO] [stderr] 
[INFO] [stderr] warning: enum `Quotient4By2` is never used
[INFO] [stderr]   --> src/biguint/ops/algorithms/div/burnikel_ziegler.rs:26:6
[INFO] [stderr]    |
[INFO] [stderr] 26 | enum Quotient4By2<T: Digit> {
[INFO] [stderr]    |      ^^^^^^^^^^^^
[INFO] [stderr] 
[INFO] [stderr] warning: methods `dec` and `mul` are never used
[INFO] [stderr]   --> src/biguint/ops/algorithms/div/burnikel_ziegler.rs:33:8
[INFO] [stderr]    |
[INFO] [stderr] 32 | impl<T: Digit> Quotient3By2<T> {
[INFO] [stderr]    | ------------------------------ methods in this implementation
[INFO] [stderr] 33 |     fn dec(&mut self) {
[INFO] [stderr]    |        ^^^
[INFO] [stderr] ...
[INFO] [stderr] 41 |     fn mul(&self, a: &[T; 2], ret: &mut [T; 4]) {
[INFO] [stderr]    |        ^^^
[INFO] [stderr] 
[INFO] [stderr] warning: associated function `pack` is never used
[INFO] [stderr]   --> src/biguint/ops/algorithms/div/burnikel_ziegler.rs:52:8
[INFO] [stderr]    |
[INFO] [stderr] 51 | impl<T: Digit> Quotient4By2<T> {
[INFO] [stderr]    | ------------------------------ associated function in this implementation
[INFO] [stderr] 52 |     fn pack(lsb: Quotient3By2<T>, msb: Quotient3By2<T>) -> Self {
[INFO] [stderr]    |        ^^^^
[INFO] [stderr] 
[INFO] [stderr] warning: function `div_3s_by_2s` is never used
[INFO] [stderr]    --> src/biguint/ops/algorithms/div/burnikel_ziegler.rs:111:4
[INFO] [stderr]     |
[INFO] [stderr] 111 | fn div_3s_by_2s<T: Digit>(a: &[T; 3], b: &[T; 2], r: &mut [T; 4]) -> Quotient3By2<T> {
[INFO] [stderr]     |    ^^^^^^^^^^^^
[INFO] [stderr] 
[INFO] [stderr] warning: function `div_4s_by_2s` is never used
[INFO] [stderr]    --> src/biguint/ops/algorithms/div/burnikel_ziegler.rs:141:4
[INFO] [stderr]     |
[INFO] [stderr] 141 | fn div_4s_by_2s<T: Digit>(
[INFO] [stderr]     |    ^^^^^^^^^^^^
[INFO] [stderr] 
[INFO] [stderr] warning: function `div` is never used
[INFO] [stderr]    --> src/biguint/ops/algorithms/div/burnikel_ziegler.rs:316:4
[INFO] [stderr]     |
[INFO] [stderr] 316 | fn div<T: Digit>(n: &BigUint<T>, d: &BigUint<T>) -> DivisionResult<BigUint<T>> {
[INFO] [stderr]     |    ^^^
[INFO] [stderr] 
[INFO] [stderr] warning: function `div` is never used
[INFO] [stderr]    --> src/biguint/ops/algorithms/div/newton_raphson.rs:160:4
[INFO] [stderr]     |
[INFO] [stderr] 160 | fn div<T: Digit>(n: &BigUint<T>, d: &BigUint<T>) -> DivisionResult<BigUint<T>> {
[INFO] [stderr]     |    ^^^
[INFO] [stderr] 
[INFO] [stderr] warning: `twibint` (lib test) generated 8 warnings
[INFO] [stderr]     Finished `release` profile [optimized] target(s) in 0.05s
[INFO] [stderr]      Running unittests src/lib.rs (/opt/rustwide/target/release/deps/twibint-e50c2078df379bf6)
[INFO] [stdout] 
[INFO] [stdout] running 335 tests
[INFO] [stdout] test bigfloat::ops::tests::_specialized__add__u32_ ... ok
[INFO] [stdout] test bigfloat::ops::tests::_specialized__add_4__u64_ ... ok
[INFO] [stdout] test bigfloat::ops::tests::_specialized__digit_mul__u32_ ... ok
[INFO] [stdout] test bigfloat::ops::tests::_specialized__mul_2__u32_ ... ok
[INFO] [stdout] test bigfloat::ops::tests::_specialized__digit_mul__u64_ ... ok
[INFO] [stdout] test bigfloat::ops::tests::_specialized__mul_2__u64_ ... ok
[INFO] [stdout] test bigfloat::ops::tests::_specialized__mul_3__u32_ ... ok
[INFO] [stdout] test bigfloat::ops::tests::_specialized__mul_3__u64_ ... ok
[INFO] [stdout] test bigfloat::ops::tests::_specialized__mul_4__u32_ ... ok
[INFO] [stdout] test bigfloat::ops::tests::_specialized__mul_4__u64_ ... ok
[INFO] [stdout] test bigfloat::ops::tests::_specialized__add_4__u32_ ... ok
[INFO] [stdout] test bigfloat::ops::tests::_specialized__add__u64_ ... ok
[INFO] [stdout] test bigfloat::ops::tests::_specialized__add_3__u32_ ... ok
[INFO] [stdout] test bigfloat::ops::tests::_specialized__mul_5__u64_ ... ok
[INFO] [stdout] test bigfloat::ops::tests::_specialized__add_3__u64_ ... ok
[INFO] [stdout] test bigfloat::ops::tests::_specialized__mul_6__u32_ ... ok
[INFO] [stdout] test bigfloat::ops::tests::_specialized__add_2__u32_ ... ok
[INFO] [stdout] test bigfloat::ops::tests::_specialized__add_2__u64_ ... ok
[INFO] [stdout] test bigfloat::ops::tests::_specialized__mul_5__u32_ ... ok
[INFO] [stdout] test bigfloat::ops::tests::_specialized__mul_6__u64_ ... ok
[INFO] [stdout] test bigfloat::ops::tests::_specialized__mul__u64_ ... ok
[INFO] [stdout] test bigfloat::ops::tests::_specialized__shl_1__u32_ ... ok
[INFO] [stdout] test bigfloat::ops::tests::_specialized__shl_1__u64_ ... ok
[INFO] [stdout] test bigfloat::ops::tests::_specialized__shl_2__u64_ ... ok
[INFO] [stdout] test bigfloat::ops::tests::_specialized__mul__u32_ ... ok
[INFO] [stdout] test bigfloat::ops::tests::_specialized__shift_coherence__u32_ ... ok
[INFO] [stdout] test bigfloat::ops::tests::_specialized__shift_coherence__u64_ ... ok
[INFO] [stdout] test bigfloat::ops::tests::_specialized__shl_2__u32_ ... ok
[INFO] [stdout] test bigfloat::ops::tests::_specialized__shl_3__u32_ ... ok
[INFO] [stdout] test bigfloat::ops::tests::_specialized__shl_3__u64_ ... ok
[INFO] [stdout] test bigfloat::ops::tests::_specialized__shl_4__u32_ ... ok
[INFO] [stdout] test bigfloat::ops::tests::_specialized__shr_0__u64_ ... ok
[INFO] [stdout] test bigfloat::ops::tests::_specialized__shl_4__u64_ ... ok
[INFO] [stdout] test bigfloat::ops::tests::_specialized__shr_3__u32_ ... ok
[INFO] [stdout] test bigfloat::ops::tests::_specialized__shl_5__u32_ ... ok
[INFO] [stdout] test bigfloat::ops::tests::_specialized__shr_1__u32_ ... ok
[INFO] [stdout] test bigfloat::ops::tests::_specialized__shr_1__u64_ ... ok
[INFO] [stdout] test bigfloat::ops::tests::_specialized__shr_2__u32_ ... ok
[INFO] [stdout] test bigfloat::ops::tests::_specialized__shr_2__u64_ ... ok
[INFO] [stdout] test bigfloat::ops::tests::_specialized__shr_3__u64_ ... ok
[INFO] [stdout] test bigfloat::ops::tests::_specialized__shl_5__u64_ ... ok
[INFO] [stdout] test bigfloat::ops::tests::_specialized__shr_0__u32_ ... ok
[INFO] [stdout] test bigfloat::ops::tests::_specialized__sub3__u32_ ... ok
[INFO] [stdout] test bigfloat::ops::tests::_specialized__shr_4__u32_ ... ok
[INFO] [stdout] test bigfloat::ops::tests::_specialized__sub4__u32_ ... ok
[INFO] [stdout] test bigfloat::ops::tests::_specialized__sub2__u32_ ... ok
[INFO] [stdout] test bigfloat::ops::tests::_specialized__sub3__u64_ ... ok
[INFO] [stdout] test bigfloat::ops::tests::_specialized__sub2__u64_ ... ok
[INFO] [stdout] test bigfloat::ops::tests::_specialized__sub4__u64_ ... ok
[INFO] [stdout] test bigfloat::ops::tests::_specialized__shr_4__u64_ ... ok
[INFO] [stdout] test bigfloat::ops::tests::_specialized__sub__u32_ ... ok
[INFO] [stdout] test bigfloat::ops::tests::_specialized__sub__u64_ ... ok
[INFO] [stdout] test bigfloat::ops::tests::_specialized__unsigned_add_bigger_scale_2__u64_ ... ok
[INFO] [stdout] test bigfloat::ops::tests::_specialized__unsigned_add_bigger_scale__u32_ ... ok
[INFO] [stdout] test bigfloat::ops::tests::_specialized__unsigned_add_bigger_scale_2__u32_ ... ok
[INFO] [stdout] test bigfloat::tests::_specialized__test_big_float_from_big_uint__u32_ ... ok
[INFO] [stdout] test bigfloat::tests::_specialized__test_big_float_from_big_uint__u64_ ... ok
[INFO] [stdout] test bigfloat::tests::_specialized__test_big_float_from_int__u64_ ... ok
[INFO] [stdout] test bigfloat::tests::_specialized__test_big_float_from_uint__u32_ ... ok
[INFO] [stdout] test bigfloat::tests::_specialized__test_big_float_from_uint__u64_ ... ok
[INFO] [stdout] test bigfloat::tests::_specialized__test_binary__u64_ ... ok
[INFO] [stdout] test bigfloat::tests::_specialized__test_big_float_from_int__u32_ ... ok
[INFO] [stdout] test bigfloat::tests::_specialized__test_binary__u32_ ... ok
[INFO] [stdout] test bigfloat::tests::_specialized__test_eq_bigint__u32_ ... ok
[INFO] [stdout] test bigfloat::ops::tests::_specialized__unsigned_add_bigger_scale__u64_ ... ok
[INFO] [stdout] test bigfloat::ops::tests::_specialized__unsigned_add_smaller_scale__u32_ ... ok
[INFO] [stdout] test bigfloat::ops::tests::_specialized__unsigned_add_smaller_scale__u64_ ... ok
[INFO] [stdout] test bigfloat::ops::tests::_specialized__unsigned_sub_bigger_scale__u32_ ... ok
[INFO] [stdout] test bigfloat::ops::tests::_specialized__unsigned_sub_bigger_scale__u64_ ... ok
[INFO] [stdout] test bigfloat::tests::_specialized__test_ord__u32_ ... ok
[INFO] [stdout] test bigfloat::tests::_specialized__test_ord_4__u64_ ... ok
[INFO] [stdout] test bigfloat::tests::_specialized__test_ord_2__u64_ ... ok
[INFO] [stdout] test bigfloat::tests::_specialized__test_ord_3__u32_ ... ok
[INFO] [stdout] test bigfloat::tests::_specialized__test_round_1__u32_ ... ok
[INFO] [stdout] test bigfloat::tests::_specialized__test_round_1__u64_ ... ok
[INFO] [stdout] test bigfloat::tests::_specialized__test_ord__u64_ ... ok
[INFO] [stdout] test bigfloat::tests::_specialized__test_eq_bigint__u64_ ... ok
[INFO] [stdout] test bigfloat::tests::_specialized__test_ord_2__u32_ ... ok
[INFO] [stdout] test bigfloat::tests::_specialized__test_ord_3__u64_ ... ok
[INFO] [stdout] test bigfloat::tests::_specialized__test_round_2__u32_ ... ok
[INFO] [stdout] test bigfloat::tests::_specialized__test_ord_4__u32_ ... ok
[INFO] [stdout] test bigfloat::tests::_specialized__test_trailing_zeros__u64_ ... ok
[INFO] [stdout] test bigfloat::tests::_specialized__test_round_3__u32_ ... ok
[INFO] [stdout] test bigfloat::tests::_specialized__test_round_3__u64_ ... ok
[INFO] [stdout] test bigfloat::tests::_specialized__test_round_4__u32_ ... ok
[INFO] [stdout] test bigfloat::tests::_specialized__test_trailing_zeros__u32_ ... ok
[INFO] [stdout] test bigfloat::tests::_specialized__test_round_4__u64_ ... ok
[INFO] [stdout] test bigint::ops::test::_specialized__add_full_test__u32_ ... ok
[INFO] [stdout] test bigint::ops::test::_specialized__add_full_test__u64_ ... ok
[INFO] [stdout] test bigint::ops::test::_specialized__and__u32_ ... ok
[INFO] [stdout] test bigint::ops::test::_specialized__and__u64_ ... ok
[INFO] [stdout] test bigint::ops::test::_specialized__div_rem_1__u32_ ... ok
[INFO] [stdout] test bigint::ops::test::_specialized__div_rem_2__u64_ ... ok
[INFO] [stdout] test bigint::ops::test::_specialized__mul_full_test__u32_ ... ok
[INFO] [stdout] test bigint::ops::test::_specialized__mul_full_test_with_buffer__u64_ ... ok
[INFO] [stdout] test bigint::ops::test::_specialized__neg__u32_ ... ok
[INFO] [stdout] test bigfloat::tests::_specialized__test_round_2__u64_ ... ok
[INFO] [stdout] test bigint::ops::test::_specialized__neg__u64_ ... ok
[INFO] [stdout] test bigint::ops::test::_specialized__mul_full_test__u64_ ... ok
[INFO] [stdout] test bigint::ops::test::_specialized__div_rem_1__u64_ ... ok
[INFO] [stdout] test bigint::ops::test::_specialized__mul_full_test_with_buffer__u32_ ... ok
[INFO] [stdout] test bigint::ops::test::_specialized__not__u32_ ... ok
[INFO] [stdout] test bigint::ops::test::_specialized__not__u64_ ... ok
[INFO] [stdout] test bigint::ops::test::_specialized__pow__u32_ ... ok
[INFO] [stdout] test bigint::ops::test::_specialized__sub_full_test__u32_ ... ok
[INFO] [stdout] test bigint::ops::test::_specialized__sub_full_test__u64_ ... ok
[INFO] [stdout] test bigint::ops::test::_specialized__sum__u32_ ... ok
[INFO] [stdout] test bigint::ops::test::_specialized__sum__u64_ ... ok
[INFO] [stdout] test bigint::ops::test::_specialized__div_rem_2__u32_ ... ok
[INFO] [stdout] test bigint::ops::test::_specialized__truediv__u32_ ... ok
[INFO] [stdout] test bigint::ops::test::_specialized__truediv__u64_ ... ok
[INFO] [stdout] test bigint::ops::test::_specialized__xor__u64_ ... ok
[INFO] [stdout] test bigint::ops::test::_specialized__xor__u32_ ... ok
[INFO] [stdout] test bigint::test::_specialized__binary__u32_ ... ok
[INFO] [stdout] test bigint::test::_specialized__creation__u32_ ... ok
[INFO] [stdout] test bigint::test::_specialized__creation__u64_ ... ok
[INFO] [stdout] test bigint::test::_specialized__equality_with_uint__u32_ ... ok
[INFO] [stdout] test bigint::test::_specialized__equality_with_uint__u64_ ... ok
[INFO] [stdout] test bigint::test::_specialized__binary__u64_ ... ok
[INFO] [stdout] test bigint::test::_specialized__f32__u32_ ... ok
[INFO] [stdout] test bigint::test::_specialized__f32__u64_ ... ok
[INFO] [stdout] test bigint::test::_specialized__f64__u64_ ... ok
[INFO] [stdout] test bigint::test::_specialized__from_f32__u32_ ... ok
[INFO] [stdout] test bigint::test::_specialized__from_f32__u64_ ... ok
[INFO] [stdout] test bigint::test::_specialized__f64__u32_ ... ok
[INFO] [stdout] test bigint::ops::test::_specialized__or__u32_ ... ok
[INFO] [stdout] test bigint::ops::test::_specialized__pow__u64_ ... ok
[INFO] [stdout] test bigint::ops::test::_specialized__or__u64_ ... ok
[INFO] [stdout] test bigint::ops::test::_specialized__shifts__u32_ ... ok
[INFO] [stdout] test bigint::test::_specialized__from_f64__u64_ ... ok
[INFO] [stdout] test bigint::test::_specialized__from_f64__u32_ ... ok
[INFO] [stdout] test bigint::test::_specialized__from_f32_fail2__u32_ - should panic ... ok
[INFO] [stdout] test bigint::test::_specialized__from_f32_fail2__u64_ - should panic ... ok
[INFO] [stdout] test bigint::test::_specialized__from_f64_fail2__u32_ - should panic ... ok
[INFO] [stdout] test bigint::test::_specialized__from_f32_fail3__u32_ - should panic ... ok
[INFO] [stdout] test bigint::test::_specialized__from_f32_fail3__u64_ - should panic ... ok
[INFO] [stdout] test bigint::test::_specialized__from_f64_fail2__u64_ - should panic ... ok
[INFO] [stdout] test bigint::test::_specialized__from_f64_fail3__u32_ - should panic ... ok
[INFO] [stdout] test bigint::ops::test::_specialized__shifts__u64_ ... ok
[INFO] [stdout] test bigint::test::_specialized__hex__u32_ ... ok
[INFO] [stdout] test bigint::test::_specialized__parse__u32_ ... ok
[INFO] [stdout] test bigint::test::_specialized__from_f64_fail3__u64_ - should panic ... ok
[INFO] [stdout] test bigint::test::_specialized__sign__u32_ ... ok
[INFO] [stdout] test bigint::test::_specialized__hash__u64_ ... ok
[INFO] [stdout] test bigint::test::_specialized__parse_fail__u64_ - should panic ... ok
[INFO] [stdout] test bigint::test::_specialized__parse_fail__u32_ - should panic ... ok
[INFO] [stdout] test biguint::digits_vec::test::add ... ok
[INFO] [stdout] test biguint::digits_vec::test::double ... ok
[INFO] [stdout] test biguint::digits_vec::test::from_str ... ok
[INFO] [stdout] test bigint::test::_specialized__hex__u64_ ... ok
[INFO] [stdout] test bigint::test::_specialized__parse__u64_ ... ok
[INFO] [stdout] test bigint::test::_specialized__sign__u64_ ... ok
[INFO] [stdout] test biguint::digits_vec::test::string ... ok
[INFO] [stdout] test biguint::ops::algorithms::add::tests::misaligned_add ... ok
[INFO] [stdout] test biguint::ops::algorithms::mul::x86_64::tests::full_carrying_mul ... ok
[INFO] [stdout] test biguint::ops::algorithms::mul::x86_64::tests::overriding_mul ... ok
[INFO] [stdout] test biguint::digits_vec::test::new ... ok
[INFO] [stdout] test bigint::test::_specialized__hash__u32_ ... ok
[INFO] [stdout] test biguint::ops::algorithms::rsub::tests::misaligned_rsub ... ok
[INFO] [stdout] test biguint::ops::shift::tests::_specialized__capacity_conservation__u64_ ... ok
[INFO] [stdout] test biguint::ops::test::_specialized__add__u32_ ... ok
[INFO] [stdout] test biguint::ops::test::_specialized__add__u64_ ... ok
[INFO] [stdout] test biguint::ops::test::_specialized__add_assign__u32_ ... ok
[INFO] [stdout] test biguint::ops::test::_specialized__add_assign__u64_ ... ok
[INFO] [stdout] test biguint::ops::test::_specialized__add_assign_alloc__u32_ ... ok
[INFO] [stdout] test biguint::ops::test::_specialized__add_assign_alloc__u64_ ... ok
[INFO] [stdout] test biguint::ops::test::_specialized__add_assign_full_test__u32_ ... ok
[INFO] [stdout] test biguint::ops::test::_specialized__add_assign_full_test__u64_ ... ok
[INFO] [stdout] test biguint::ops::test::_specialized__add_assign_overflow__u32_ ... ok
[INFO] [stdout] test biguint::ops::test::_specialized__add_assign_overflow__u64_ ... ok
[INFO] [stdout] test biguint::ops::test::_specialized__bit_and__u32_ ... ok
[INFO] [stdout] test biguint::ops::test::_specialized__bit_and__u64_ ... ok
[INFO] [stdout] test biguint::ops::test::_specialized__add_assign_overflow_big__u32_ ... ok
[INFO] [stdout] test biguint::ops::test::_specialized__add_assign_overflow_big__u64_ ... ok
[INFO] [stdout] test biguint::ops::test::_specialized__bit_xor__u32_ ... ok
[INFO] [stdout] test biguint::ops::algorithms::sub::tests::misaligned_sub ... ok
[INFO] [stdout] test biguint::ops::test::_specialized__bit_or__u32_ ... ok
[INFO] [stdout] test biguint::ops::shift::tests::_specialized__capacity_conservation__u32_ ... ok
[INFO] [stdout] test biguint::ops::algorithms::mul::tests::misaligned_mul ... ok
[INFO] [stdout] test biguint::ops::test::_specialized__bit_or__u64_ ... ok
[INFO] [stdout] test biguint::ops::test::_specialized__bit_xor__u64_ ... ok
[INFO] [stdout] test biguint::ops::algorithms::div::newton_raphson::non_random_tests::infinite_recursion_1 ... ok
[INFO] [stdout] test biguint::ops::test::_specialized__div_1__u32_ ... ok
[INFO] [stdout] test biguint::ops::test::_specialized__div_by_zero__u32_ - should panic ... ok
[INFO] [stdout] test biguint::ops::test::_specialized__div_2__u64_ ... ok
[INFO] [stdout] test biguint::ops::test::_specialized__div_by_zero__u64_ - should panic ... ok
[INFO] [stdout] test biguint::ops::test::_specialized__fact_div__u32_ ... ok
[INFO] [stdout] test biguint::ops::test::_specialized__div_1__u64_ ... ok
[INFO] [stdout] test biguint::ops::test::_specialized__fact_mod__u64_ ... ok
[INFO] [stdout] test biguint::ops::test::_specialized__div_2__u32_ ... ok
[INFO] [stdout] test biguint::ops::test::_specialized__fibonacci_5__u64_ ... ok
[INFO] [stdout] test biguint::ops::test::_specialized__factorial_100__u64_ ... ok
[INFO] [stdout] test biguint::ops::test::_specialized__fibonacci_5_bis__u32_ ... ok
[INFO] [stdout] test biguint::ops::test::_specialized__fibonacci__u32_ ... ok
[INFO] [stdout] test biguint::ops::test::_specialized__fibonacci_5_bis__u64_ ... ok
[INFO] [stdout] test biguint::ops::test::_specialized__fibonacci__u64_ ... ok
[INFO] [stdout] test biguint::ops::test::_specialized__fact_div__u64_ ... ok
[INFO] [stdout] test biguint::ops::test::_specialized__fact_mod__u32_ ... ok
[INFO] [stdout] test biguint::ops::test::_specialized__long_mul_on_buffer__u32_ ... ok
[INFO] [stdout] test biguint::ops::test::_specialized__factorial_100__u32_ ... ok
[INFO] [stdout] test biguint::ops::test::_specialized__long_mul_on_buffer__u64_ ... ok
[INFO] [stdout] test biguint::ops::test::_specialized__fibonacci_5__u32_ ... ok
[INFO] [stdout] test biguint::ops::test::_specialized__maxed_out_mul__u64_ ... ok
[INFO] [stdout] test biguint::ops::test::_specialized__maxed_out_mul__u32_ ... ok
[INFO] [stdout] test biguint::ops::test::_specialized__maxed_out_mul_on_buffer__u32_ ... ok
[INFO] [stdout] test biguint::ops::test::_specialized__mul_test__u32_ ... ok
[INFO] [stdout] test biguint::ops::test::_specialized__mul_test__u64_ ... ok
[INFO] [stdout] test biguint::ops::test::_specialized__pow__u32_ ... ok
[INFO] [stdout] test biguint::ops::test::_specialized__pow__u64_ ... ok
[INFO] [stdout] test biguint::ops::test::_specialized__product__u32_ ... ok
[INFO] [stdout] test biguint::ops::test::_specialized__fibonacci_square__u32_ ... ok
[INFO] [stdout] test biguint::ops::test::_specialized__long_mul__u32_ ... ok
[INFO] [stdout] test biguint::ops::test::_specialized__long_mul__u64_ ... ok
[INFO] [stdout] test biguint::ops::test::_specialized__fibonacci_square__u64_ ... ok
[INFO] [stdout] test biguint::ops::test::_specialized__product__u64_ ... ok
[INFO] [stdout] test biguint::ops::test::_specialized__maxed_out_mul_on_buffer__u64_ ... ok
[INFO] [stdout] test biguint::ops::test::_specialized__mul_assign_u32__u32_ ... ok
[INFO] [stdout] test biguint::ops::test::_specialized__mul_assign_u32__u64_ ... ok
[INFO] [stdout] test biguint::ops::test::_specialized__rem__u32_ ... ok
[INFO] [stdout] test biguint::ops::test::_specialized__rem__u64_ ... ok
[INFO] [stdout] test biguint::ops::test::_specialized__rsub_full__u64_ ... ok
[INFO] [stdout] test biguint::ops::test::_specialized__rsub__u32_ ... ok
[INFO] [stdout] test biguint::ops::test::_specialized__shl_assign_test__u32_ ... ok
[INFO] [stdout] test biguint::ops::test::_specialized__rsub_assign_overflow_big__u64_ ... ok
[INFO] [stdout] test biguint::ops::test::_specialized__shr_assign_test__u64_ ... ok
[INFO] [stdout] test biguint::ops::test::_specialized__rsub__u64_ ... ok
[INFO] [stdout] test biguint::ops::test::_specialized__rsub_assign_overflow_big__u32_ ... ok
[INFO] [stdout] test biguint::ops::test::_specialized__rsub_full__u32_ ... ok
[INFO] [stdout] test biguint::ops::test::_specialized__sub_full__u64_ ... ok
[INFO] [stdout] test biguint::ops::test::_specialized__shl_assign_test__u64_ ... ok
[INFO] [stdout] test biguint::ops::test::_specialized__shr_assign_test__u32_ ... ok
[INFO] [stdout] test biguint::ops::test::_specialized__sub_assign_overflow_big__u32_ ... ok
[INFO] [stdout] test biguint::ops::test::_specialized__sub__u32_ ... ok
[INFO] [stdout] test biguint::ops::test::_specialized__sub__u64_ ... ok
[INFO] [stdout] test biguint::ops::test::_specialized__sum__u64_ ... ok
[INFO] [stdout] test biguint::ops::test::_specialized__truediv__u64_ ... ok
[INFO] [stdout] test biguint::ops::test::test_alignment ... ok
[INFO] [stdout] test biguint::ops::test::test_asm_u64_mul ... ok
[INFO] [stdout] test biguint::ops::test::_specialized__sub_assign_overflow_big__u64_ ... ok
[INFO] [stdout] test biguint::ops::test::test_asm_u64_sub ... ok
[INFO] [stdout] test biguint::ops::test::_specialized__sub_full__u32_ ... ok
[INFO] [stdout] test biguint::ops::test::_specialized__sum__u32_ ... ok
[INFO] [stdout] test biguint::test::_specialized__binary__u64_ ... ok
[INFO] [stdout] test biguint::ops::test::_specialized__truediv__u32_ ... ok
[INFO] [stdout] test biguint::ops::test::test_alignment2 ... ok
[INFO] [stdout] test biguint::ops::test::test_asm_u64_big_mul ... ok
[INFO] [stdout] test biguint::test::_specialized__cmp__u32_ ... ok
[INFO] [stdout] test biguint::test::_specialized__cmp__u64_ ... ok
[INFO] [stdout] test biguint::test::_specialized__default__u32_ ... ok
[INFO] [stdout] test biguint::test::_specialized__f32__u32_ ... ok
[INFO] [stdout] test biguint::test::_specialized__f32__u64_ ... ok
[INFO] [stdout] test biguint::test::_specialized__f64__u32_ ... ok
[INFO] [stdout] test biguint::test::_specialized__f64__u64_ ... ok
[INFO] [stdout] test biguint::test::_specialized__from_f32__u32_ ... ok
[INFO] [stdout] test biguint::test::_specialized__default__u64_ ... ok
[INFO] [stdout] test biguint::test::_specialized__from_f32_fail2__u32_ ... ok
[INFO] [stdout] test biguint::ops::test::test_asm_u64_sum ... ok
[INFO] [stdout] test biguint::test::_specialized__bits__u64_ ... ok
[INFO] [stdout] test biguint::test::_specialized__bits__u32_ ... ok
[INFO] [stdout] test biguint::test::_specialized__binary__u32_ ... ok
[INFO] [stdout] test biguint::test::_specialized__from_f32__u64_ ... ok
[INFO] [stdout] test biguint::test::_specialized__from_f32_fail2__u64_ ... ok
[INFO] [stdout] test biguint::test::_specialized__from_f32_fail3__u32_ ... ok
[INFO] [stdout] test biguint::test::_specialized__from_f32_fail3__u64_ ... ok
[INFO] [stdout] test biguint::test::_specialized__from_f64_fail2__u64_ ... ok
[INFO] [stdout] test biguint::test::_specialized__from_f64_fail3__u32_ ... ok
[INFO] [stdout] test biguint::test::_specialized__from_f64_fail__u32_ ... ok
[INFO] [stdout] test biguint::test::_specialized__from_f64_fail__u64_ ... ok
[INFO] [stdout] test biguint::test::_specialized__from_str__u64_ ... ok
[INFO] [stdout] test biguint::test::_specialized__from_u64__u32_ ... ok
[INFO] [stdout] test biguint::test::_specialized__from_u64__u64_ ... ok
[INFO] [stdout] test biguint::test::_specialized__fromstr__u32_ ... ok
[INFO] [stdout] test biguint::test::_specialized__fromstr__u64_ ... ok
[INFO] [stdout] test biguint::test::_specialized__fromstr_fail__u32_ ... ok
[INFO] [stdout] test biguint::test::_specialized__from_f64_fail3__u64_ ... ok
[INFO] [stdout] test biguint::test::_specialized__from_str__u32_ ... ok
[INFO] [stdout] test biguint::test::_specialized__from_f32_fail__u32_ ... ok
[INFO] [stdout] test biguint::test::_specialized__fromstr_fail__u64_ ... ok
[INFO] [stdout] test biguint::test::_specialized__from_f32_fail__u64_ ... ok
[INFO] [stdout] test biguint::test::_specialized__from_f64__u32_ ... ok
[INFO] [stdout] test biguint::test::_specialized__hash__u32_ ... ok
[INFO] [stdout] test biguint::test::_specialized__hash__u64_ ... ok
[INFO] [stdout] test biguint::test::_specialized__from_f64__u64_ ... ok
[INFO] [stdout] test biguint::test::_specialized__from_f64_fail2__u32_ ... ok
[INFO] [stdout] test biguint::test::_specialized__to_primitive__u32_ ... ok
[INFO] [stdout] test biguint::test::_specialized__hex__u32_ ... ok
[INFO] [stdout] test biguint::test::_specialized__new__u32_ ... ok
[INFO] [stdout] test biguint::test::_specialized__set_bit__u32_ ... ok
[INFO] [stdout] test biguint::test::_specialized__new__u64_ ... ok
[INFO] [stdout] test biguint::test::_specialized__hex__u64_ ... ok
[INFO] [stdout] test biguint::test::_specialized__set_bit__u64_ ... ok
[INFO] [stdout] test biguint::test::_specialized__to_primitive_fail2__u64_ ... ok
[INFO] [stdout] test biguint::test::_specialized__to_primitive_fail3__u32_ ... ok
[INFO] [stdout] test biguint::test::_specialized__to_primitive_fail3__u64_ ... ok
[INFO] [stdout] test biguint::test::_specialized__to_str__u32_ ... ok
[INFO] [stdout] test biguint::test::_specialized__to_primitive_fail__u32_ ... ok
[INFO] [stdout] test biguint::test::_specialized__to_primitive_fail__u64_ ... ok
[INFO] [stdout] test biguint::test::_specialized__zero__u32_ ... ok
[INFO] [stdout] test biguint::test::_specialized__zero__u64_ ... ok
[INFO] [stdout] test biguint::tests::_specialized__test_ord__u32_ ... ok
[INFO] [stdout] test biguint::test::_specialized__to_str__u64_ ... ok
[INFO] [stdout] test biguint::test::_specialized__to_primitive__u64_ ... ok
[INFO] [stdout] test biguint::test::_specialized__to_primitive_fail2__u32_ ... ok
[INFO] [stdout] test biguint::tests::_specialized__test_ord__u64_ ... ok
[INFO] [stdout] test export::tests::_specialized__write_ones__u32_ ... FAILED
[INFO] [stdout] test export::tests::_specialized__write_ones__u64_ ... FAILED
[INFO] [stdout] test export::tests::_specialized__write_ones_bigint_full__u64_ ... FAILED
[INFO] [stdout] test export::tests::_specialized__write_ones_full__u32_ ... FAILED
[INFO] [stdout] test biguint::test::_specialized__to_str_overflow__u32_ ... ok
[INFO] [stdout] test biguint::test::_specialized__to_str_overflow__u64_ ... ok
[INFO] [stdout] test export::tests::_specialized__read_fact_500__u32_ ... ok
[INFO] [stdout] test export::tests::_specialized__read_fact_500__u64_ ... ok
[INFO] [stdout] test export::tests::_specialized__read_sqrt_2__u32_ ... ok
[INFO] [stdout] test export::tests::_specialized__read_sqrt_2__u64_ ... ok
[INFO] [stdout] test export::tests::_specialized__write_ones_bigint_full__u32_ ... FAILED
[INFO] [stdout] test export::tests::_specialized__write_ones_full__u64_ ... FAILED
[INFO] [stdout] test export::tests::_specialized__write_ones_minus_bigint_full__u32_ ... FAILED
[INFO] [stdout] test traits::check_implementations::_specialized__add__u32_ ... ok
[INFO] [stdout] test export::tests::_specialized__write_ones_minus_bigint_full__u64_ ... FAILED
[INFO] [stdout] test traits::check_implementations::_specialized__bitand__u32_ ... ok
[INFO] [stdout] test export::tests::write_file ... FAILED
[INFO] [stdout] test traits::check_implementations::_specialized__bitor__u64_ ... ok
[INFO] [stdout] test traits::check_implementations::_specialized__bitxor__u32_ ... ok
[INFO] [stdout] test traits::check_implementations::_specialized__bitxor__u64_ ... ok
[INFO] [stdout] test traits::check_implementations::_specialized__mul__u32_ ... ok
[INFO] [stdout] test traits::check_implementations::_specialized__div__u32_ ... ok
[INFO] [stdout] test traits::check_implementations::_specialized__mul__u64_ ... ok
[INFO] [stdout] test traits::check_implementations::_specialized__rem__u32_ ... ok
[INFO] [stdout] test traits::check_implementations::_specialized__div__u64_ ... ok
[INFO] [stdout] test traits::check_implementations::_specialized__rem__u64_ ... ok
[INFO] [stdout] test traits::check_implementations::_specialized__add__u64_ ... ok
[INFO] [stdout] test traits::check_implementations::_specialized__sub__u32_ ... ok
[INFO] [stdout] test traits::check_implementations::_specialized__sub__u64_ ... ok
[INFO] [stdout] test traits::check_implementations::_specialized__bitand__u64_ ... ok
[INFO] [stdout] test traits::check_implementations::_specialized__bitor__u32_ ... ok
[INFO] [stdout] 
[INFO] [stdout] failures:
[INFO] [stdout] 
[INFO] [stdout] ---- export::tests::_specialized__write_ones__u32_ stdout ----
[INFO] [stdout] 
[INFO] [stdout] thread 'export::tests::_specialized__write_ones__u32_' (621) panicked at src/export/mod.rs:172:28:
[INFO] [stdout] called `Result::unwrap()` on an `Err` value: Os { code: 30, kind: ReadOnlyFilesystem, message: "Read-only file system" }
[INFO] [stdout] stack backtrace:
[INFO] [stdout]    0:     0x5562285bfa61 - <<std[70759c8f55707aa4]::sys::backtrace::BacktraceLock>::print::DisplayBacktrace as core[df12db4294e9bfd3]::fmt::Display>::fmt
[INFO] [stdout]    1:     0x5562285d530a - core[df12db4294e9bfd3]::fmt::write
[INFO] [stdout]    2:     0x5562285c3f9c - <alloc[2182bb758b4b3781]::vec::Vec<u8> as core[df12db4294e9bfd3]::io::write::Write>::write_fmt
[INFO] [stdout]    3:     0x55622859c056 - std[70759c8f55707aa4]::panicking::default_hook::{closure#0}
[INFO] [stdout]    4:     0x5562285b81c9 - std[70759c8f55707aa4]::panicking::default_hook
[INFO] [stdout]    5:     0x556228554650 - test[9d35eded1c95d3be]::test_main_inner::<test[9d35eded1c95d3be]::test_main_static::{closure#0}>::{closure#0}
[INFO] [stdout]    6:     0x5562285b8382 - std[70759c8f55707aa4]::panicking::panic_with_hook
[INFO] [stdout]    7:     0x55622859c102 - std[70759c8f55707aa4]::panicking::panic_handler::{closure#0}
[INFO] [stdout]    8:     0x556228594e89 - std[70759c8f55707aa4]::sys::backtrace::__rust_end_short_backtrace::<std[70759c8f55707aa4]::panicking::panic_handler::{closure#0}, !>
[INFO] [stdout]    9:     0x55622859ccfd - __rustc[8fa7c3cbc660c2b3]::rust_begin_unwind
[INFO] [stdout]   10:     0x5562285d5a3c - core[df12db4294e9bfd3]::panicking::panic_fmt
[INFO] [stdout]   11:     0x5562285d5812 - core[df12db4294e9bfd3]::result::unwrap_failed
[INFO] [stdout]   12:     0x556228510b21 - twibint[6be198c51e7f7ec4]::export::tests::_specialized__write_ones__u32_
[INFO] [stdout]   13:     0x556228501129 - <twibint[6be198c51e7f7ec4]::export::tests::_specialized__write_ones__u32_::{closure#0} as core[df12db4294e9bfd3]::ops::function::FnOnce<()>>::call_once
[INFO] [stdout]   14:     0x55622854793b - test[9d35eded1c95d3be]::__rust_begin_short_backtrace::<core[df12db4294e9bfd3]::result::Result<(), alloc[2182bb758b4b3781]::string::String>, fn() -> core[df12db4294e9bfd3]::result::Result<(), alloc[2182bb758b4b3781]::string::String>>
[INFO] [stdout]   15:     0x556228554fa5 - test[9d35eded1c95d3be]::run_test::{closure#0}
[INFO] [stdout]   16:     0x55622854e864 - std[70759c8f55707aa4]::sys::backtrace::__rust_begin_short_backtrace::<test[9d35eded1c95d3be]::run_test::{closure#1}, ()>
[INFO] [stdout]   17:     0x556228558102 - <std[70759c8f55707aa4]::thread::lifecycle::spawn_unchecked<test[9d35eded1c95d3be]::run_test::{closure#1}, ()>::{closure#1} as core[df12db4294e9bfd3]::ops::function::FnOnce<()>>::call_once::{shim:vtable#0}
[INFO] [stdout]   18:     0x5562285bf339 - <std[70759c8f55707aa4]::sys::thread::unix::Thread>::new::thread_start
[INFO] [stdout]   19:     0x778293dd7dfa - <unknown>
[INFO] [stdout]   20:     0x778293e6b3d4 - clone
[INFO] [stdout]   21:                0x0 - <unknown>
[INFO] [stdout] 
[INFO] [stdout] ---- export::tests::_specialized__write_ones__u64_ stdout ----
[INFO] [stdout] 
[INFO] [stdout] thread 'export::tests::_specialized__write_ones__u64_' (622) panicked at src/export/mod.rs:172:28:
[INFO] [stdout] called `Result::unwrap()` on an `Err` value: Os { code: 30, kind: ReadOnlyFilesystem, message: "Read-only file system" }
[INFO] [stdout] stack backtrace:
[INFO] [stdout]    0:     0x5562285bfa61 - <<std[70759c8f55707aa4]::sys::backtrace::BacktraceLock>::print::DisplayBacktrace as core[df12db4294e9bfd3]::fmt::Display>::fmt
[INFO] [stdout]    1:     0x5562285d530a - core[df12db4294e9bfd3]::fmt::write
[INFO] [stdout]    2:     0x5562285c3f9c - <alloc[2182bb758b4b3781]::vec::Vec<u8> as core[df12db4294e9bfd3]::io::write::Write>::write_fmt
[INFO] [stdout]    3:     0x55622859c056 - std[70759c8f55707aa4]::panicking::default_hook::{closure#0}
[INFO] [stdout]    4:     0x5562285b81c9 - std[70759c8f55707aa4]::panicking::default_hook
[INFO] [stdout]    5:     0x556228554650 - test[9d35eded1c95d3be]::test_main_inner::<test[9d35eded1c95d3be]::test_main_static::{closure#0}>::{closure#0}
[INFO] [stdout]    6:     0x5562285b8382 - std[70759c8f55707aa4]::panicking::panic_with_hook
[INFO] [stdout]    7:     0x55622859c102 - std[70759c8f55707aa4]::panicking::panic_handler::{closure#0}
[INFO] [stdout]    8:     0x556228594e89 - std[70759c8f55707aa4]::sys::backtrace::__rust_end_short_backtrace::<std[70759c8f55707aa4]::panicking::panic_handler::{closure#0}, !>
[INFO] [stdout]    9:     0x55622859ccfd - __rustc[8fa7c3cbc660c2b3]::rust_begin_unwind
[INFO] [stdout]   10:     0x5562285d5a3c - core[df12db4294e9bfd3]::panicking::panic_fmt
[INFO] [stdout]   11:     0x5562285d5812 - core[df12db4294e9bfd3]::result::unwrap_failed
[INFO] [stdout]   12:     0x556228511311 - twibint[6be198c51e7f7ec4]::export::tests::_specialized__write_ones__u64_
[INFO] [stdout]   13:     0x556228501149 - <twibint[6be198c51e7f7ec4]::export::tests::_specialized__write_ones__u64_::{closure#0} as core[df12db4294e9bfd3]::ops::function::FnOnce<()>>::call_once
[INFO] [stdout]   14:     0x55622854793b - test[9d35eded1c95d3be]::__rust_begin_short_backtrace::<core[df12db4294e9bfd3]::result::Result<(), alloc[2182bb758b4b3781]::string::String>, fn() -> core[df12db4294e9bfd3]::result::Result<(), alloc[2182bb758b4b3781]::string::String>>
[INFO] [stdout]   15:     0x556228554fa5 - test[9d35eded1c95d3be]::run_test::{closure#0}
[INFO] [stdout]   16:     0x55622854e864 - std[70759c8f55707aa4]::sys::backtrace::__rust_begin_short_backtrace::<test[9d35eded1c95d3be]::run_test::{closure#1}, ()>
[INFO] [stdout]   17:     0x556228558102 - <std[70759c8f55707aa4]::thread::lifecycle::spawn_unchecked<test[9d35eded1c95d3be]::run_test::{closure#1}, ()>::{closure#1} as core[df12db4294e9bfd3]::ops::function::FnOnce<()>>::call_once::{shim:vtable#0}
[INFO] [stdout]   18:     0x5562285bf339 - <std[70759c8f55707aa4]::sys::thread::unix::Thread>::new::thread_start
[INFO] [stdout]   19:     0x778293dd7dfa - <unknown>
[INFO] [stdout]   20:     0x778293e6b3d4 - clone
[INFO] [stdout]   21:                0x0 - <unknown>
[INFO] [stdout] 
[INFO] [stdout] ---- export::tests::_specialized__write_ones_bigint_full__u64_ stdout ----
[INFO] [stdout] 
[INFO] [stdout] thread 'export::tests::_specialized__write_ones_bigint_full__u64_' (624) panicked at src/export/mod.rs:245:32:
[INFO] [stdout] called `Result::unwrap()` on an `Err` value: Os { code: 30, kind: ReadOnlyFilesystem, message: "Read-only file system" }
[INFO] [stdout] stack backtrace:
[INFO] [stdout]    0:     0x5562285bfa61 - <<std[70759c8f55707aa4]::sys::backtrace::BacktraceLock>::print::DisplayBacktrace as core[df12db4294e9bfd3]::fmt::Display>::fmt
[INFO] [stdout]    1:     0x5562285d530a - core[df12db4294e9bfd3]::fmt::write
[INFO] [stdout]    2:     0x5562285c3f9c - <alloc[2182bb758b4b3781]::vec::Vec<u8> as core[df12db4294e9bfd3]::io::write::Write>::write_fmt
[INFO] [stdout]    3:     0x55622859c056 - std[70759c8f55707aa4]::panicking::default_hook::{closure#0}
[INFO] [stdout]    4:     0x5562285b81c9 - std[70759c8f55707aa4]::panicking::default_hook
[INFO] [stdout]    5:     0x556228554650 - test[9d35eded1c95d3be]::test_main_inner::<test[9d35eded1c95d3be]::test_main_static::{closure#0}>::{closure#0}
[INFO] [stdout]    6:     0x5562285b8382 - std[70759c8f55707aa4]::panicking::panic_with_hook
[INFO] [stdout]    7:     0x55622859c102 - std[70759c8f55707aa4]::panicking::panic_handler::{closure#0}
[INFO] [stdout]    8:     0x556228594e89 - std[70759c8f55707aa4]::sys::backtrace::__rust_end_short_backtrace::<std[70759c8f55707aa4]::panicking::panic_handler::{closure#0}, !>
[INFO] [stdout]    9:     0x55622859ccfd - __rustc[8fa7c3cbc660c2b3]::rust_begin_unwind
[INFO] [stdout]   10:     0x5562285d5a3c - core[df12db4294e9bfd3]::panicking::panic_fmt
[INFO] [stdout]   11:     0x5562285d5812 - core[df12db4294e9bfd3]::result::unwrap_failed
[INFO] [stdout]   12:     0x5562285138e3 - twibint[6be198c51e7f7ec4]::export::tests::_specialized__write_ones_bigint_full__u64_
[INFO] [stdout]   13:     0x556228501249 - <twibint[6be198c51e7f7ec4]::export::tests::_specialized__write_ones_bigint_full__u64_::{closure#0} as core[df12db4294e9bfd3]::ops::function::FnOnce<()>>::call_once
[INFO] [stdout]   14:     0x55622854793b - test[9d35eded1c95d3be]::__rust_begin_short_backtrace::<core[df12db4294e9bfd3]::result::Result<(), alloc[2182bb758b4b3781]::string::String>, fn() -> core[df12db4294e9bfd3]::result::Result<(), alloc[2182bb758b4b3781]::string::String>>
[INFO] [stdout]   15:     0x556228554fa5 - test[9d35eded1c95d3be]::run_test::{closure#0}
[INFO] [stdout]   16:     0x55622854e864 - std[70759c8f55707aa4]::sys::backtrace::__rust_begin_short_backtrace::<test[9d35eded1c95d3be]::run_test::{closure#1}, ()>
[INFO] [stdout]   17:     0x556228558102 - <std[70759c8f55707aa4]::thread::lifecycle::spawn_unchecked<test[9d35eded1c95d3be]::run_test::{closure#1}, ()>::{closure#1} as core[df12db4294e9bfd3]::ops::function::FnOnce<()>>::call_once::{shim:vtable#0}
[INFO] [stdout]   18:     0x5562285bf339 - <std[70759c8f55707aa4]::sys::thread::unix::Thread>::new::thread_start
[INFO] [stdout]   19:     0x778293dd7dfa - <unknown>
[INFO] [stdout]   20:     0x778293e6b3d4 - clone
[INFO] [stdout]   21:                0x0 - <unknown>
[INFO] [stdout] 
[INFO] [stdout] ---- export::tests::_specialized__write_ones_full__u32_ stdout ----
[INFO] [stdout] 
[INFO] [stdout] thread 'export::tests::_specialized__write_ones_full__u32_' (625) panicked at src/export/mod.rs:231:32:
[INFO] [stdout] called `Result::unwrap()` on an `Err` value: Os { code: 30, kind: ReadOnlyFilesystem, message: "Read-only file system" }
[INFO] [stdout] stack backtrace:
[INFO] [stdout]    0:     0x5562285bfa61 - <<std[70759c8f55707aa4]::sys::backtrace::BacktraceLock>::print::DisplayBacktrace as core[df12db4294e9bfd3]::fmt::Display>::fmt
[INFO] [stdout]    1:     0x5562285d530a - core[df12db4294e9bfd3]::fmt::write
[INFO] [stdout]    2:     0x5562285c3f9c - <alloc[2182bb758b4b3781]::vec::Vec<u8> as core[df12db4294e9bfd3]::io::write::Write>::write_fmt
[INFO] [stdout]    3:     0x55622859c056 - std[70759c8f55707aa4]::panicking::default_hook::{closure#0}
[INFO] [stdout]    4:     0x5562285b81c9 - std[70759c8f55707aa4]::panicking::default_hook
[INFO] [stdout]    5:     0x556228554650 - test[9d35eded1c95d3be]::test_main_inner::<test[9d35eded1c95d3be]::test_main_static::{closure#0}>::{closure#0}
[INFO] [stdout]    6:     0x5562285b8382 - std[70759c8f55707aa4]::panicking::panic_with_hook
[INFO] [stdout]    7:     0x55622859c102 - std[70759c8f55707aa4]::panicking::panic_handler::{closure#0}
[INFO] [stdout]    8:     0x556228594e89 - std[70759c8f55707aa4]::sys::backtrace::__rust_end_short_backtrace::<std[70759c8f55707aa4]::panicking::panic_handler::{closure#0}, !>
[INFO] [stdout]    9:     0x55622859ccfd - __rustc[8fa7c3cbc660c2b3]::rust_begin_unwind
[INFO] [stdout]   10:     0x5562285d5a3c - core[df12db4294e9bfd3]::panicking::panic_fmt
[INFO] [stdout]   11:     0x5562285d5812 - core[df12db4294e9bfd3]::result::unwrap_failed
[INFO] [stdout]   12:     0x556228512d97 - twibint[6be198c51e7f7ec4]::export::tests::_specialized__write_ones_full__u32_
[INFO] [stdout]   13:     0x5562285011e9 - <twibint[6be198c51e7f7ec4]::export::tests::_specialized__write_ones_full__u32_::{closure#0} as core[df12db4294e9bfd3]::ops::function::FnOnce<()>>::call_once
[INFO] [stdout]   14:     0x55622854793b - test[9d35eded1c95d3be]::__rust_begin_short_backtrace::<core[df12db4294e9bfd3]::result::Result<(), alloc[2182bb758b4b3781]::string::String>, fn() -> core[df12db4294e9bfd3]::result::Result<(), alloc[2182bb758b4b3781]::string::String>>
[INFO] [stdout]   15:     0x556228554fa5 - test[9d35eded1c95d3be]::run_test::{closure#0}
[INFO] [stdout]   16:     0x55622854e864 - std[70759c8f55707aa4]::sys::backtrace::__rust_begin_short_backtrace::<test[9d35eded1c95d3be]::run_test::{closure#1}, ()>
[INFO] [stdout]   17:     0x556228558102 - <std[70759c8f55707aa4]::thread::lifecycle::spawn_unchecked<test[9d35eded1c95d3be]::run_test::{closure#1}, ()>::{closure#1} as core[df12db4294e9bfd3]::ops::function::FnOnce<()>>::call_once::{shim:vtable#0}
[INFO] [stdout]   18:     0x5562285bf339 - <std[70759c8f55707aa4]::sys::thread::unix::Thread>::new::thread_start
[INFO] [stdout]   19:     0x778293dd7dfa - <unknown>
[INFO] [stdout]   20:     0x778293e6b3d4 - clone
[INFO] [stdout]   21:                0x0 - <unknown>
[INFO] [stdout] 
[INFO] [stdout] ---- export::tests::_specialized__write_ones_bigint_full__u32_ stdout ----
[INFO] [stdout] 
[INFO] [stdout] thread 'export::tests::_specialized__write_ones_bigint_full__u32_' (623) panicked at src/export/mod.rs:245:32:
[INFO] [stdout] called `Result::unwrap()` on an `Err` value: Os { code: 30, kind: ReadOnlyFilesystem, message: "Read-only file system" }
[INFO] [stdout] stack backtrace:
[INFO] [stdout]    0:     0x5562285bfa61 - <<std[70759c8f55707aa4]::sys::backtrace::BacktraceLock>::print::DisplayBacktrace as core[df12db4294e9bfd3]::fmt::Display>::fmt
[INFO] [stdout]    1:     0x5562285d530a - core[df12db4294e9bfd3]::fmt::write
[INFO] [stdout]    2:     0x5562285c3f9c - <alloc[2182bb758b4b3781]::vec::Vec<u8> as core[df12db4294e9bfd3]::io::write::Write>::write_fmt
[INFO] [stdout]    3:     0x55622859c056 - std[70759c8f55707aa4]::panicking::default_hook::{closure#0}
[INFO] [stdout]    4:     0x5562285b81c9 - std[70759c8f55707aa4]::panicking::default_hook
[INFO] [stdout]    5:     0x556228554650 - test[9d35eded1c95d3be]::test_main_inner::<test[9d35eded1c95d3be]::test_main_static::{closure#0}>::{closure#0}
[INFO] [stdout]    6:     0x5562285b8382 - std[70759c8f55707aa4]::panicking::panic_with_hook
[INFO] [stdout]    7:     0x55622859c102 - std[70759c8f55707aa4]::panicking::panic_handler::{closure#0}
[INFO] [stdout]    8:     0x556228594e89 - std[70759c8f55707aa4]::sys::backtrace::__rust_end_short_backtrace::<std[70759c8f55707aa4]::panicking::panic_handler::{closure#0}, !>
[INFO] [stdout]    9:     0x55622859ccfd - __rustc[8fa7c3cbc660c2b3]::rust_begin_unwind
[INFO] [stdout]   10:     0x5562285d5a3c - core[df12db4294e9bfd3]::panicking::panic_fmt
[INFO] [stdout]   11:     0x5562285d5812 - core[df12db4294e9bfd3]::result::unwrap_failed
[INFO] [stdout]   12:     0x556228513501 - twibint[6be198c51e7f7ec4]::export::tests::_specialized__write_ones_bigint_full__u32_
[INFO] [stdout]   13:     0x556228501229 - <twibint[6be198c51e7f7ec4]::export::tests::_specialized__write_ones_bigint_full__u32_::{closure#0} as core[df12db4294e9bfd3]::ops::function::FnOnce<()>>::call_once
[INFO] [stdout]   14:     0x55622854793b - test[9d35eded1c95d3be]::__rust_begin_short_backtrace::<core[df12db4294e9bfd3]::result::Result<(), alloc[2182bb758b4b3781]::string::String>, fn() -> core[df12db4294e9bfd3]::result::Result<(), alloc[2182bb758b4b3781]::string::String>>
[INFO] [stdout]   15:     0x556228554fa5 - test[9d35eded1c95d3be]::run_test::{closure#0}
[INFO] [stdout]   16:     0x55622854e864 - std[70759c8f55707aa4]::sys::backtrace::__rust_begin_short_backtrace::<test[9d35eded1c95d3be]::run_test::{closure#1}, ()>
[INFO] [stdout]   17:     0x556228558102 - <std[70759c8f55707aa4]::thread::lifecycle::spawn_unchecked<test[9d35eded1c95d3be]::run_test::{closure#1}, ()>::{closure#1} as core[df12db4294e9bfd3]::ops::function::FnOnce<()>>::call_once::{shim:vtable#0}
[INFO] [stdout]   18:     0x5562285bf339 - <std[70759c8f55707aa4]::sys::thread::unix::Thread>::new::thread_start
[INFO] [stdout]   19:     0x778293dd7dfa - <unknown>
[INFO] [stdout]   20:     0x778293e6b3d4 - clone
[INFO] [stdout]   21:                0x0 - <unknown>
[INFO] [stdout] 
[INFO] [stdout] ---- export::tests::_specialized__write_ones_full__u64_ stdout ----
[INFO] [stdout] 
[INFO] [stdout] thread 'export::tests::_specialized__write_ones_full__u64_' (626) panicked at src/export/mod.rs:231:32:
[INFO] [stdout] called `Result::unwrap()` on an `Err` value: Os { code: 30, kind: ReadOnlyFilesystem, message: "Read-only file system" }
[INFO] [stdout] stack backtrace:
[INFO] [stdout]    0:     0x5562285bfa61 - <<std[70759c8f55707aa4]::sys::backtrace::BacktraceLock>::print::DisplayBacktrace as core[df12db4294e9bfd3]::fmt::Display>::fmt
[INFO] [stdout]    1:     0x5562285d530a - core[df12db4294e9bfd3]::fmt::write
[INFO] [stdout]    2:     0x5562285c3f9c - <alloc[2182bb758b4b3781]::vec::Vec<u8> as core[df12db4294e9bfd3]::io::write::Write>::write_fmt
[INFO] [stdout]    3:     0x55622859c056 - std[70759c8f55707aa4]::panicking::default_hook::{closure#0}
[INFO] [stdout]    4:     0x5562285b81c9 - std[70759c8f55707aa4]::panicking::default_hook
[INFO] [stdout]    5:     0x556228554650 - test[9d35eded1c95d3be]::test_main_inner::<test[9d35eded1c95d3be]::test_main_static::{closure#0}>::{closure#0}
[INFO] [stdout]    6:     0x5562285b8382 - std[70759c8f55707aa4]::panicking::panic_with_hook
[INFO] [stdout]    7:     0x55622859c102 - std[70759c8f55707aa4]::panicking::panic_handler::{closure#0}
[INFO] [stdout]    8:     0x556228594e89 - std[70759c8f55707aa4]::sys::backtrace::__rust_end_short_backtrace::<std[70759c8f55707aa4]::panicking::panic_handler::{closure#0}, !>
[INFO] [stdout]    9:     0x55622859ccfd - __rustc[8fa7c3cbc660c2b3]::rust_begin_unwind
[INFO] [stdout]   10:     0x5562285d5a3c - core[df12db4294e9bfd3]::panicking::panic_fmt
[INFO] [stdout]   11:     0x5562285d5812 - core[df12db4294e9bfd3]::result::unwrap_failed
[INFO] [stdout]   12:     0x556228513138 - twibint[6be198c51e7f7ec4]::export::tests::_specialized__write_ones_full__u64_
[INFO] [stdout]   13:     0x556228501209 - <twibint[6be198c51e7f7ec4]::export::tests::_specialized__write_ones_full__u64_::{closure#0} as core[df12db4294e9bfd3]::ops::function::FnOnce<()>>::call_once
[INFO] [stdout]   14:     0x55622854793b - test[9d35eded1c95d3be]::__rust_begin_short_backtrace::<core[df12db4294e9bfd3]::result::Result<(), alloc[2182bb758b4b3781]::string::String>, fn() -> core[df12db4294e9bfd3]::result::Result<(), alloc[2182bb758b4b3781]::string::String>>
[INFO] [stdout]   15:     0x556228554fa5 - test[9d35eded1c95d3be]::run_test::{closure#0}
[INFO] [stdout]   16:     0x55622854e864 - std[70759c8f55707aa4]::sys::backtrace::__rust_begin_short_backtrace::<test[9d35eded1c95d3be]::run_test::{closure#1}, ()>
[INFO] [stdout]   17:     0x556228558102 - <std[70759c8f55707aa4]::thread::lifecycle::spawn_unchecked<test[9d35eded1c95d3be]::run_test::{closure#1}, ()>::{closure#1} as core[df12db4294e9bfd3]::ops::function::FnOnce<()>>::call_once::{shim:vtable#0}
[INFO] [stdout]   18:     0x5562285bf339 - <std[70759c8f55707aa4]::sys::thread::unix::Thread>::new::thread_start
[INFO] [stdout]   19:     0x778293dd7dfa - <unknown>
[INFO] [stdout]   20:     0x778293e6b3d4 - clone
[INFO] [stdout]   21:                0x0 - <unknown>
[INFO] [stdout] 
[INFO] [stdout] ---- export::tests::_specialized__write_ones_minus_bigint_full__u32_ stdout ----
[INFO] [stdout] 
[INFO] [stdout] thread 'export::tests::_specialized__write_ones_minus_bigint_full__u32_' (627) panicked at src/export/mod.rs:259:32:
[INFO] [stdout] called `Result::unwrap()` on an `Err` value: Os { code: 30, kind: ReadOnlyFilesystem, message: "Read-only file system" }
[INFO] [stdout] stack backtrace:
[INFO] [stdout]    0:     0x5562285bfa61 - <<std[70759c8f55707aa4]::sys::backtrace::BacktraceLock>::print::DisplayBacktrace as core[df12db4294e9bfd3]::fmt::Display>::fmt
[INFO] [stdout]    1:     0x5562285d530a - core[df12db4294e9bfd3]::fmt::write
[INFO] [stdout]    2:     0x5562285c3f9c - <alloc[2182bb758b4b3781]::vec::Vec<u8> as core[df12db4294e9bfd3]::io::write::Write>::write_fmt
[INFO] [stdout]    3:     0x55622859c056 - std[70759c8f55707aa4]::panicking::default_hook::{closure#0}
[INFO] [stdout]    4:     0x5562285b81c9 - std[70759c8f55707aa4]::panicking::default_hook
[INFO] [stdout]    5:     0x556228554650 - test[9d35eded1c95d3be]::test_main_inner::<test[9d35eded1c95d3be]::test_main_static::{closure#0}>::{closure#0}
[INFO] [stdout]    6:     0x5562285b8382 - std[70759c8f55707aa4]::panicking::panic_with_hook
[INFO] [stdout]    7:     0x55622859c102 - std[70759c8f55707aa4]::panicking::panic_handler::{closure#0}
[INFO] [stdout]    8:     0x556228594e89 - std[70759c8f55707aa4]::sys::backtrace::__rust_end_short_backtrace::<std[70759c8f55707aa4]::panicking::panic_handler::{closure#0}, !>
[INFO] [stdout]    9:     0x55622859ccfd - __rustc[8fa7c3cbc660c2b3]::rust_begin_unwind
[INFO] [stdout]   10:     0x5562285d5a3c - core[df12db4294e9bfd3]::panicking::panic_fmt
[INFO] [stdout]   11:     0x5562285d5812 - core[df12db4294e9bfd3]::result::unwrap_failed
[INFO] [stdout]   12:     0x556228513cdc - twibint[6be198c51e7f7ec4]::export::tests::_specialized__write_ones_minus_bigint_full__u32_
[INFO] [stdout]   13:     0x556228501269 - <twibint[6be198c51e7f7ec4]::export::tests::_specialized__write_ones_minus_bigint_full__u32_::{closure#0} as core[df12db4294e9bfd3]::ops::function::FnOnce<()>>::call_once
[INFO] [stdout]   14:     0x55622854793b - test[9d35eded1c95d3be]::__rust_begin_short_backtrace::<core[df12db4294e9bfd3]::result::Result<(), alloc[2182bb758b4b3781]::string::String>, fn() -> core[df12db4294e9bfd3]::result::Result<(), alloc[2182bb758b4b3781]::string::String>>
[INFO] [stdout]   15:     0x556228554fa5 - test[9d35eded1c95d3be]::run_test::{closure#0}
[INFO] [stdout]   16:     0x55622854e864 - std[70759c8f55707aa4]::sys::backtrace::__rust_begin_short_backtrace::<test[9d35eded1c95d3be]::run_test::{closure#1}, ()>
[INFO] [stdout]   17:     0x556228558102 - <std[70759c8f55707aa4]::thread::lifecycle::spawn_unchecked<test[9d35eded1c95d3be]::run_test::{closure#1}, ()>::{closure#1} as core[df12db4294e9bfd3]::ops::function::FnOnce<()>>::call_once::{shim:vtable#0}
[INFO] [stdout]   18:     0x5562285bf339 - <std[70759c8f55707aa4]::sys::thread::unix::Thread>::new::thread_start
[INFO] [stdout]   19:     0x778293dd7dfa - <unknown>
[INFO] [stdout]   20:     0x778293e6b3d4 - clone
[INFO] [stdout]   21:                0x0 - <unknown>
[INFO] [stdout] 
[INFO] [stdout] ---- export::tests::_specialized__write_ones_minus_bigint_full__u64_ stdout ----
[INFO] [stdout] 
[INFO] [stdout] thread 'export::tests::_specialized__write_ones_minus_bigint_full__u64_' (628) panicked at src/export/mod.rs:259:32:
[INFO] [stdout] called `Result::unwrap()` on an `Err` value: Os { code: 30, kind: ReadOnlyFilesystem, message: "Read-only file system" }
[INFO] [stdout] stack backtrace:
[INFO] [stdout]    0:     0x5562285bfa61 - <<std[70759c8f55707aa4]::sys::backtrace::BacktraceLock>::print::DisplayBacktrace as core[df12db4294e9bfd3]::fmt::Display>::fmt
[INFO] [stdout]    1:     0x5562285d530a - core[df12db4294e9bfd3]::fmt::write
[INFO] [stdout]    2:     0x5562285c3f9c - <alloc[2182bb758b4b3781]::vec::Vec<u8> as core[df12db4294e9bfd3]::io::write::Write>::write_fmt
[INFO] [stdout]    3:     0x55622859c056 - std[70759c8f55707aa4]::panicking::default_hook::{closure#0}
[INFO] [stdout]    4:     0x5562285b81c9 - std[70759c8f55707aa4]::panicking::default_hook
[INFO] [stdout]    5:     0x556228554650 - test[9d35eded1c95d3be]::test_main_inner::<test[9d35eded1c95d3be]::test_main_static::{closure#0}>::{closure#0}
[INFO] [stdout]    6:     0x5562285b8382 - std[70759c8f55707aa4]::panicking::panic_with_hook
[INFO] [stdout]    7:     0x55622859c102 - std[70759c8f55707aa4]::panicking::panic_handler::{closure#0}
[INFO] [stdout]    8:     0x556228594e89 - std[70759c8f55707aa4]::sys::backtrace::__rust_end_short_backtrace::<std[70759c8f55707aa4]::panicking::panic_handler::{closure#0}, !>
[INFO] [stdout]    9:     0x55622859ccfd - __rustc[8fa7c3cbc660c2b3]::rust_begin_unwind
[INFO] [stdout]   10:     0x5562285d5a3c - core[df12db4294e9bfd3]::panicking::panic_fmt
[INFO] [stdout]   11:     0x5562285d5812 - core[df12db4294e9bfd3]::result::unwrap_failed
[INFO] [stdout]   12:     0x5562285140de - twibint[6be198c51e7f7ec4]::export::tests::_specialized__write_ones_minus_bigint_full__u64_
[INFO] [stdout]   13:     0x556228501289 - <twibint[6be198c51e7f7ec4]::export::tests::_specialized__write_ones_minus_bigint_full__u64_::{closure#0} as core[df12db4294e9bfd3]::ops::function::FnOnce<()>>::call_once
[INFO] [stdout]   14:     0x55622854793b - test[9d35eded1c95d3be]::__rust_begin_short_backtrace::<core[df12db4294e9bfd3]::result::Result<(), alloc[2182bb758b4b3781]::string::String>, fn() -> core[df12db4294e9bfd3]::result::Result<(), alloc[2182bb758b4b3781]::string::String>>
[INFO] [stdout]   15:     0x556228554fa5 - test[9d35eded1c95d3be]::run_test::{closure#0}
[INFO] [stdout]   16:     0x55622854e864 - std[70759c8f55707aa4]::sys::backtrace::__rust_begin_short_backtrace::<test[9d35eded1c95d3be]::run_test::{closure#1}, ()>
[INFO] [stdout]   17:     0x556228558102 - <std[70759c8f55707aa4]::thread::lifecycle::spawn_unchecked<test[9d35eded1c95d3be]::run_test::{closure#1}, ()>::{closure#1} as core[df12db4294e9bfd3]::ops::function::FnOnce<()>>::call_once::{shim:vtable#0}
[INFO] [stdout]   18:     0x5562285bf339 - <std[70759c8f55707aa4]::sys::thread::unix::Thread>::new::thread_start
[INFO] [stdout]   19:     0x778293dd7dfa - <unknown>
[INFO] [stdout]   20:     0x778293e6b3d4 - clone
[INFO] [stdout]   21:                0x0 - <unknown>
[INFO] [stdout] 
[INFO] [stdout] ---- export::tests::write_file stdout ----
[INFO] [stdout] 
[INFO] [stdout] thread 'export::tests::write_file' (629) panicked at src/export/mod.rs:183:69:
[INFO] [stdout] called `Result::unwrap()` on an `Err` value: Os { code: 30, kind: ReadOnlyFilesystem, message: "Read-only file system" }
[INFO] [stdout] stack backtrace:
[INFO] [stdout]    0:     0x5562285bfa61 - <<std[70759c8f55707aa4]::sys::backtrace::BacktraceLock>::print::DisplayBacktrace as core[df12db4294e9bfd3]::fmt::Display>::fmt
[INFO] [stdout]    1:     0x5562285d530a - core[df12db4294e9bfd3]::fmt::write
[INFO] [stdout]    2:     0x5562285c3f9c - <alloc[2182bb758b4b3781]::vec::Vec<u8> as core[df12db4294e9bfd3]::io::write::Write>::write_fmt
[INFO] [stdout]    3:     0x55622859c056 - std[70759c8f55707aa4]::panicking::default_hook::{closure#0}
[INFO] [stdout]    4:     0x5562285b81c9 - std[70759c8f55707aa4]::panicking::default_hook
[INFO] [stdout]    5:     0x556228554650 - test[9d35eded1c95d3be]::test_main_inner::<test[9d35eded1c95d3be]::test_main_static::{closure#0}>::{closure#0}
[INFO] [stdout]    6:     0x5562285b8382 - std[70759c8f55707aa4]::panicking::panic_with_hook
[INFO] [stdout]    7:     0x55622859c102 - std[70759c8f55707aa4]::panicking::panic_handler::{closure#0}
[INFO] [stdout]    8:     0x556228594e89 - std[70759c8f55707aa4]::sys::backtrace::__rust_end_short_backtrace::<std[70759c8f55707aa4]::panicking::panic_handler::{closure#0}, !>
[INFO] [stdout]    9:     0x55622859ccfd - __rustc[8fa7c3cbc660c2b3]::rust_begin_unwind
[INFO] [stdout]   10:     0x5562285d5a3c - core[df12db4294e9bfd3]::panicking::panic_fmt
[INFO] [stdout]   11:     0x5562285d5812 - core[df12db4294e9bfd3]::result::unwrap_failed
[INFO] [stdout]   12:     0x55622851051b - twibint[6be198c51e7f7ec4]::export::tests::write_file
[INFO] [stdout]   13:     0x556228501109 - <twibint[6be198c51e7f7ec4]::export::tests::write_file::{closure#0} as core[df12db4294e9bfd3]::ops::function::FnOnce<()>>::call_once
[INFO] [stdout]   14:     0x55622854793b - test[9d35eded1c95d3be]::__rust_begin_short_backtrace::<core[df12db4294e9bfd3]::result::Result<(), alloc[2182bb758b4b3781]::string::String>, fn() -> core[df12db4294e9bfd3]::result::Result<(), alloc[2182bb758b4b3781]::string::String>>
[INFO] [stdout]   15:     0x556228554fa5 - test[9d35eded1c95d3be]::run_test::{closure#0}
[INFO] [stdout]   16:     0x55622854e864 - std[70759c8f55707aa4]::sys::backtrace::__rust_begin_short_backtrace::<test[9d35eded1c95d3be]::run_test::{closure#1}, ()>
[INFO] [stdout]   17:     0x556228558102 - <std[70759c8f55707aa4]::thread::lifecycle::spawn_unchecked<test[9d35eded1c95d3be]::run_test::{closure#1}, ()>::{closure#1} as core[df12db4294e9bfd3]::ops::function::FnOnce<()>>::call_once::{shim:vtable#0}
[INFO] [stdout]   18:     0x5562285bf339 - <std[70759c8f55707aa4]::sys::thread::unix::Thread>::new::thread_start
[INFO] [stdout]   19:     0x778293dd7dfa - <unknown>
[INFO] [stdout]   20:     0x778293e6b3d4 - clone
[INFO] [stdout]   21:                0x0 - <unknown>
[INFO] [stdout] 
[INFO] [stdout] 
[INFO] [stdout] failures:
[INFO] [stdout]     export::tests::_specialized__write_ones__u32_
[INFO] [stdout]     export::tests::_specialized__write_ones__u64_
[INFO] [stdout]     export::tests::_specialized__write_ones_bigint_full__u32_
[INFO] [stdout]     export::tests::_specialized__write_ones_bigint_full__u64_
[INFO] [stdout]     export::tests::_specialized__write_ones_full__u32_
[INFO] [stdout]     export::tests::_specialized__write_ones_full__u64_
[INFO] [stdout]     export::tests::_specialized__write_ones_minus_bigint_full__u32_
[INFO] [stdout]     export::tests::_specialized__write_ones_minus_bigint_full__u64_
[INFO] [stdout]     export::tests::write_file
[INFO] [stdout] 
[INFO] [stdout] test result: FAILED. 326 passed; 9 failed; 0 ignored; 0 measured; 0 filtered out; finished in 0.08s
[INFO] [stdout] 
[INFO] [stderr] error: test failed, to rerun pass `--lib`
[INFO] running `Command { std: "docker" "inspect" "e53f91f9e9b2b648fb212b26476de1bcff4f40dbd4482a5e64a5700b63f18055", kill_on_drop: false }`
[INFO] running `Command { std: "docker" "rm" "-f" "e53f91f9e9b2b648fb212b26476de1bcff4f40dbd4482a5e64a5700b63f18055", kill_on_drop: false }`
[INFO] [stdout] e53f91f9e9b2b648fb212b26476de1bcff4f40dbd4482a5e64a5700b63f18055
