[INFO] fetching crate twapi-ureq 0.2.1...
[INFO] testing twapi-ureq-0.2.1 against 1.99.0-beta.8+cargoflags=--release for beta-release-1.100-2
[INFO] extracting crate twapi-ureq 0.2.1 into /workspace/builds/worker-0-tc1/source
[INFO] started tweaking crates.io crate twapi-ureq 0.2.1
[INFO] finished tweaking crates.io crate twapi-ureq 0.2.1
[INFO] tweaked toml for crates.io crate twapi-ureq 0.2.1 written to /workspace/builds/worker-0-tc1/source/Cargo.toml
[INFO] validating manifest of crates.io crate twapi-ureq 0.2.1 on toolchain 1.99.0-beta.8
[INFO] running `Command { std: CARGO_HOME="/workspace/cargo-home" RUSTUP_HOME="/workspace/rustup-home" "/workspace/cargo-home/bin/cargo" "+1.99.0-beta.8" "metadata" "--manifest-path" "Cargo.toml" "--no-deps", kill_on_drop: false }`
[INFO] running `Command { std: CARGO_HOME="/workspace/cargo-home" RUSTUP_HOME="/workspace/rustup-home" "/workspace/cargo-home/bin/cargo" "+1.99.0-beta.8" "generate-lockfile" "--manifest-path" "Cargo.toml", kill_on_drop: false }`
[INFO] [stderr]     Updating crates.io index
[INFO] [stderr]      Locking 116 packages to highest compatible versions
[INFO] [stderr]       Adding base64 v0.13.1 (available: v0.23.1)
[INFO] [stderr]       Adding bytebuffer v0.2.1 (available: v2.3.0)
[INFO] [stderr]       Adding rand v0.8.8 (available: v0.10.3)
[INFO] [stderr]       Adding ureq v2.1.1 (available: v2.12.1)
[INFO] [stderr]       Adding wasi v0.10.0+wasi-snapshot-preview1 (available: v0.10.2+wasi-snapshot-preview1)
[INFO] running `Command { std: CARGO_HOME="/workspace/cargo-home" RUSTUP_HOME="/workspace/rustup-home" "/workspace/cargo-home/bin/cargo" "+1.99.0-beta.8" "fetch" "--manifest-path" "Cargo.toml", kill_on_drop: false }`
[INFO] [stderr]  Downloading crates ...
[INFO] [stderr]   Downloaded untrusted v0.7.1
[INFO] [stderr]   Downloaded spin v0.5.2
[INFO] [stderr]   Downloaded twapi-oauth v0.1.4
[INFO] [stderr]   Downloaded webpki-roots v0.21.1
[INFO] [stderr]   Downloaded sct v0.6.1
[INFO] [stderr]   Downloaded time v0.1.45
[INFO] [stderr]   Downloaded rand v0.3.23
[INFO] [stderr]   Downloaded chunked_transfer v1.5.0
[INFO] [stderr]   Downloaded ureq v2.1.1
[INFO] [stderr]   Downloaded webpki v0.21.4
[INFO] [stderr]   Downloaded rustc-serialize v0.3.25
[INFO] [stderr]   Downloaded byteorder v0.3.13
[INFO] [stderr]   Downloaded bytebuffer v0.2.1
[INFO] [stderr]   Downloaded rustls v0.19.1
[INFO] [stderr]   Downloaded rust-crypto v0.2.36
[INFO] [stderr]   Downloaded ring v0.16.20
[INFO] running `Command { std: "docker" "create" "-v" "/var/lib/crater-agent-workspace/builds/worker-0-tc1/source:/opt/rustwide/workdir:ro,Z" "-v" "/var/lib/crater-agent-workspace/builds/worker-0-tc1/target:/opt/rustwide/target:rw,Z" "-v" "/var/lib/crater-agent-workspace/cargo-home:/opt/rustwide/cargo-home:ro,Z" "-v" "/var/lib/crater-agent-workspace/rustup-home:/opt/rustwide/rustup-home:ro,Z" "-m" "1610612736" "--network" "none" "ghcr.io/rust-lang/crates-build-env/linux@sha256:77db811e55d90add9212f6832c23229e3de5f1c1f9905e8cb07319ea15df73ac" "sleep" "infinity", kill_on_drop: false }`
[INFO] [stdout] c2bc3bef5ca32854257ae84b7253e4e1c60091f04b4394e7b0baab2ef3054e8e
[INFO] running `Command { std: "docker" "start" "c2bc3bef5ca32854257ae84b7253e4e1c60091f04b4394e7b0baab2ef3054e8e", kill_on_drop: false }`
[INFO] running `Command { std: "docker" "inspect" "c2bc3bef5ca32854257ae84b7253e4e1c60091f04b4394e7b0baab2ef3054e8e", kill_on_drop: false }`
[INFO] running `Command { std: "docker" "exec" "-e" "SOURCE_DIR=/opt/rustwide/workdir" "-e" "CARGO_HOME=/opt/rustwide/cargo-home" "-e" "RUSTUP_HOME=/opt/rustwide/rustup-home" "-e" "CARGO_TARGET_DIR=/opt/rustwide/target" "-w" "/opt/rustwide/workdir" "--user" "0:0" "c2bc3bef5ca32854257ae84b7253e4e1c60091f04b4394e7b0baab2ef3054e8e" "/opt/rustwide/cargo-home/bin/cargo" "+1.99.0-beta.8" "metadata" "--no-deps" "--format-version=1", kill_on_drop: false }`
[INFO] running `Command { std: "docker" "inspect" "c2bc3bef5ca32854257ae84b7253e4e1c60091f04b4394e7b0baab2ef3054e8e", kill_on_drop: false }`
[INFO] running `Command { std: "docker" "exec" "-e" "SOURCE_DIR=/opt/rustwide/workdir" "-e" "CARGO_HOME=/opt/rustwide/cargo-home" "-e" "RUSTUP_HOME=/opt/rustwide/rustup-home" "-e" "CARGO_TARGET_DIR=/opt/rustwide/target" "-e" "CARGO_INCREMENTAL=0" "-e" "RUST_BACKTRACE=full" "-e" "RUSTFLAGS=--cap-lints=warn" "-e" "RUSTDOCFLAGS=--cap-lints=warn" "-w" "/opt/rustwide/workdir" "--user" "0:0" "c2bc3bef5ca32854257ae84b7253e4e1c60091f04b4394e7b0baab2ef3054e8e" "/opt/rustwide/cargo-home/bin/cargo" "+1.99.0-beta.8" "build" "--frozen" "--message-format=json" "--release", kill_on_drop: false }`
[INFO] [stderr]    Compiling proc-macro2 v1.0.107
[INFO] [stderr]    Compiling unicode-ident v1.0.27
[INFO] [stderr]    Compiling quote v1.0.47
[INFO] [stderr]    Compiling libc v0.2.191
[INFO] [stderr]    Compiling find-msvc-tools v0.1.14
[INFO] [stderr]    Compiling cfg-if v1.0.5
[INFO] [stderr]    Compiling shlex v2.0.1
[INFO] [stderr]    Compiling litemap v0.8.3
[INFO] [stderr]    Compiling writeable v0.6.4
[INFO] [stderr]    Compiling icu_properties_data v2.3.0
[INFO] [stderr]    Compiling cc v1.8.0
[INFO] [stderr]    Compiling zerocopy v0.8.63
[INFO] [stderr]    Compiling icu_normalizer_data v2.3.0
[INFO] [stderr]    Compiling getrandom v0.1.16
[INFO] [stderr]    Compiling spin v0.5.2
[INFO] [stderr]    Compiling serde_core v1.0.229
[INFO] [stderr]    Compiling untrusted v0.7.1
[INFO] [stderr]    Compiling smallvec v1.16.3
[INFO] [stderr]    Compiling percent-encoding v2.3.2
[INFO] [stderr]    Compiling autocfg v1.5.1
[INFO] [stderr]    Compiling form_urlencoded v1.2.2
[INFO] [stderr]    Compiling serde v1.0.229
[INFO] [stderr]    Compiling gcc v0.3.55
[INFO] [stderr]    Compiling num-traits v0.2.19
[INFO] [stderr]    Compiling zmij v1.0.23
[INFO] [stderr]    Compiling serde_json v1.0.154
[INFO] [stderr]    Compiling syn v3.0.9
[INFO] [stderr]    Compiling base64 v0.13.1
[INFO] [stderr]    Compiling rust-crypto v0.2.36
[INFO] [stderr]    Compiling log v0.4.34
[INFO] [stderr]    Compiling rustc-serialize v0.3.25
[INFO] [stderr]    Compiling iana-time-zone v0.1.65
[INFO] [stderr]    Compiling rand v0.4.6
[INFO] [stderr]    Compiling getrandom v0.2.17
[INFO] [stderr]    Compiling rand_core v0.5.1
[INFO] [stderr]    Compiling ring v0.16.20
[INFO] [stderr]    Compiling rand_core v0.6.4
[INFO] [stderr]    Compiling time v0.1.45
[INFO] [stderr]    Compiling memchr v2.8.3
[INFO] [stderr]    Compiling rand v0.3.23
[INFO] [stderr]    Compiling chrono v0.4.45
[INFO] [stderr]    Compiling chunked_transfer v1.5.0
[INFO] [stderr]    Compiling byteorder v0.3.13
[INFO] [stderr]    Compiling serde_urlencoded v0.7.1
[INFO] [stderr]    Compiling bytebuffer v0.2.1
[INFO] [stderr]    Compiling synstructure v0.14.0
[INFO] [stderr]    Compiling ppv-lite86 v0.2.21
[INFO] [stderr]    Compiling rand_chacha v0.2.2
[INFO] [stderr]    Compiling rand_chacha v0.3.1
[INFO] [stderr]    Compiling rand v0.7.3
[INFO] [stderr]    Compiling zerofrom-derive v0.1.8
[INFO] [stderr]    Compiling yoke-derive v0.8.4
[INFO] [stderr]    Compiling zerovec-derive v0.11.6
[INFO] [stderr]    Compiling displaydoc v0.2.7
[INFO] [stderr]    Compiling zerofrom v0.1.8
[INFO] [stderr]    Compiling rand v0.8.8
[INFO] [stderr]    Compiling yoke v0.8.3
[INFO] [stderr]    Compiling zerovec v0.11.8
[INFO] [stderr]    Compiling zerotrie v0.2.5
[INFO] [stderr]    Compiling tinystr v0.8.4
[INFO] [stderr]    Compiling potential_utf v0.1.6
[INFO] [stderr]    Compiling icu_collections v2.3.0
[INFO] [stderr]    Compiling icu_locale_core v2.3.0
[INFO] [stderr]    Compiling webpki v0.21.4
[INFO] [stderr]    Compiling sct v0.6.1
[INFO] [stderr]    Compiling icu_provider v2.3.1
[INFO] [stderr]    Compiling rustls v0.19.1
[INFO] [stderr]    Compiling webpki-roots v0.21.1
[INFO] [stderr]    Compiling icu_properties v2.3.0
[INFO] [stderr]    Compiling icu_normalizer v2.3.0
[INFO] [stderr]    Compiling idna_adapter v1.2.2
[INFO] [stderr]    Compiling idna v1.1.0
[INFO] [stderr]    Compiling url v2.5.8
[INFO] [stderr]    Compiling twapi-oauth v0.1.4
[INFO] [stderr]    Compiling ureq v2.1.1
[INFO] [stderr]    Compiling twapi-ureq v0.2.1 (/opt/rustwide/workdir)
[INFO] [stderr]     Finished `release` profile [optimized] target(s) in 1m 42s
[INFO] running `Command { std: "docker" "inspect" "c2bc3bef5ca32854257ae84b7253e4e1c60091f04b4394e7b0baab2ef3054e8e", kill_on_drop: false }`
[INFO] running `Command { std: "docker" "exec" "-e" "SOURCE_DIR=/opt/rustwide/workdir" "-e" "CARGO_HOME=/opt/rustwide/cargo-home" "-e" "RUSTUP_HOME=/opt/rustwide/rustup-home" "-e" "CARGO_TARGET_DIR=/opt/rustwide/target" "-e" "CARGO_INCREMENTAL=0" "-e" "RUST_BACKTRACE=full" "-e" "RUSTFLAGS=--cap-lints=warn" "-e" "RUSTDOCFLAGS=--cap-lints=warn" "-w" "/opt/rustwide/workdir" "--user" "0:0" "c2bc3bef5ca32854257ae84b7253e4e1c60091f04b4394e7b0baab2ef3054e8e" "/opt/rustwide/cargo-home/bin/cargo" "+1.99.0-beta.8" "test" "--frozen" "--no-run" "--message-format=json" "--release", kill_on_drop: false }`
[INFO] [stderr]    Compiling twapi-ureq v0.2.1 (/opt/rustwide/workdir)
[INFO] [stderr]     Finished `release` profile [optimized] target(s) in 2.64s
[INFO] running `Command { std: "docker" "inspect" "c2bc3bef5ca32854257ae84b7253e4e1c60091f04b4394e7b0baab2ef3054e8e", kill_on_drop: false }`
[INFO] running `Command { std: "docker" "exec" "-e" "SOURCE_DIR=/opt/rustwide/workdir" "-e" "CARGO_HOME=/opt/rustwide/cargo-home" "-e" "RUSTUP_HOME=/opt/rustwide/rustup-home" "-e" "CARGO_TARGET_DIR=/opt/rustwide/target" "-e" "CARGO_INCREMENTAL=0" "-e" "RUST_BACKTRACE=full" "-e" "RUSTFLAGS=--cap-lints=warn" "-e" "RUSTDOCFLAGS=--cap-lints=warn" "-w" "/opt/rustwide/workdir" "--user" "0:0" "c2bc3bef5ca32854257ae84b7253e4e1c60091f04b4394e7b0baab2ef3054e8e" "/opt/rustwide/cargo-home/bin/cargo" "+1.99.0-beta.8" "test" "--frozen" "--release", kill_on_drop: false }`
[INFO] [stderr]     Finished `release` profile [optimized] target(s) in 0.14s
[INFO] [stderr]      Running unittests src/lib.rs (/opt/rustwide/target/release/deps/twapi_ureq-90bb8feeedcb0979)
[INFO] [stdout] 
[INFO] [stdout] running 2 tests
[INFO] [stdout] test v1::tests::test_api ... FAILED
[INFO] [stdout] test v2::tests::test_api ... FAILED
[INFO] [stdout] 
[INFO] [stdout] failures:
[INFO] [stdout] 
[INFO] [stdout] ---- v1::tests::test_api stdout ----
[INFO] [stdout] 
[INFO] [stdout] thread 'v1::tests::test_api' (1621) panicked at src/v1.rs:125:43:
[INFO] [stdout] called `Result::unwrap()` on an `Err` value: NotPresent
[INFO] [stdout] stack backtrace:
[INFO] [stdout]    0:     0x567423bc91f1 - <<std[70759c8f55707aa4]::sys::backtrace::BacktraceLock>::print::DisplayBacktrace as core[df12db4294e9bfd3]::fmt::Display>::fmt
[INFO] [stdout]    1:     0x567423bdf5aa - core[df12db4294e9bfd3]::fmt::write
[INFO] [stdout]    2:     0x567423bcde4c - <alloc[2182bb758b4b3781]::vec::Vec<u8> as core[df12db4294e9bfd3]::io::write::Write>::write_fmt
[INFO] [stdout]    3:     0x567423ba3ca6 - std[70759c8f55707aa4]::panicking::default_hook::{closure#0}
[INFO] [stdout]    4:     0x567423bc0fb9 - std[70759c8f55707aa4]::panicking::default_hook
[INFO] [stdout]    5:     0x567423a7c7b0 - test[9d35eded1c95d3be]::test_main_inner::<test[9d35eded1c95d3be]::test_main_static::{closure#0}>::{closure#0}
[INFO] [stdout]    6:     0x567423bc1172 - std[70759c8f55707aa4]::panicking::panic_with_hook
[INFO] [stdout]    7:     0x567423ba3d52 - std[70759c8f55707aa4]::panicking::panic_handler::{closure#0}
[INFO] [stdout]    8:     0x567423b9c9f9 - std[70759c8f55707aa4]::sys::backtrace::__rust_end_short_backtrace::<std[70759c8f55707aa4]::panicking::panic_handler::{closure#0}, !>
[INFO] [stdout]    9:     0x567423ba4b3d - __rustc[8fa7c3cbc660c2b3]::rust_begin_unwind
[INFO] [stdout]   10:     0x567423bdfcdc - core[df12db4294e9bfd3]::panicking::panic_fmt
[INFO] [stdout]   11:     0x567423bdfab2 - core[df12db4294e9bfd3]::result::unwrap_failed
[INFO] [stdout]   12:     0x567423a61b3d - twapi_ureq[cd00edab9957e35e]::v1::tests::test_api
[INFO] [stdout]   13:     0x567423a6ccc9 - <twapi_ureq[cd00edab9957e35e]::v1::tests::test_api::{closure#0} as core[df12db4294e9bfd3]::ops::function::FnOnce<()>>::call_once
[INFO] [stdout]   14:     0x567423a6fa9b - test[9d35eded1c95d3be]::__rust_begin_short_backtrace::<core[df12db4294e9bfd3]::result::Result<(), alloc[2182bb758b4b3781]::string::String>, fn() -> core[df12db4294e9bfd3]::result::Result<(), alloc[2182bb758b4b3781]::string::String>>
[INFO] [stdout]   15:     0x567423a7d105 - test[9d35eded1c95d3be]::run_test::{closure#0}
[INFO] [stdout]   16:     0x567423a769c4 - std[70759c8f55707aa4]::sys::backtrace::__rust_begin_short_backtrace::<test[9d35eded1c95d3be]::run_test::{closure#1}, ()>
[INFO] [stdout]   17:     0x567423a80262 - <std[70759c8f55707aa4]::thread::lifecycle::spawn_unchecked<test[9d35eded1c95d3be]::run_test::{closure#1}, ()>::{closure#1} as core[df12db4294e9bfd3]::ops::function::FnOnce<()>>::call_once::{shim:vtable#0}
[INFO] [stdout]   18:     0x567423bc8329 - <std[70759c8f55707aa4]::sys::thread::unix::Thread>::new::thread_start
[INFO] [stdout]   19:     0x7e6b867b7dfa - <unknown>
[INFO] [stdout]   20:     0x7e6b8684b3d4 - clone
[INFO] [stdout]   21:                0x0 - <unknown>
[INFO] [stdout] 
[INFO] [stdout] ---- v2::tests::test_api stdout ----
[INFO] [stdout] 
[INFO] [stdout] thread 'v2::tests::test_api' (1622) panicked at src/v2.rs:71:43:
[INFO] [stdout] called `Result::unwrap()` on an `Err` value: NotPresent
[INFO] [stdout] stack backtrace:
[INFO] [stdout]    0:     0x567423bc91f1 - <<std[70759c8f55707aa4]::sys::backtrace::BacktraceLock>::print::DisplayBacktrace as core[df12db4294e9bfd3]::fmt::Display>::fmt
[INFO] [stdout]    1:     0x567423bdf5aa - core[df12db4294e9bfd3]::fmt::write
[INFO] [stdout]    2:     0x567423bcde4c - <alloc[2182bb758b4b3781]::vec::Vec<u8> as core[df12db4294e9bfd3]::io::write::Write>::write_fmt
[INFO] [stdout]    3:     0x567423ba3ca6 - std[70759c8f55707aa4]::panicking::default_hook::{closure#0}
[INFO] [stdout]    4:     0x567423bc0fb9 - std[70759c8f55707aa4]::panicking::default_hook
[INFO] [stdout]    5:     0x567423a7c7b0 - test[9d35eded1c95d3be]::test_main_inner::<test[9d35eded1c95d3be]::test_main_static::{closure#0}>::{closure#0}
[INFO] [stdout]    6:     0x567423bc1172 - std[70759c8f55707aa4]::panicking::panic_with_hook
[INFO] [stdout]    7:     0x567423ba3d52 - std[70759c8f55707aa4]::panicking::panic_handler::{closure#0}
[INFO] [stdout]    8:     0x567423b9c9f9 - std[70759c8f55707aa4]::sys::backtrace::__rust_end_short_backtrace::<std[70759c8f55707aa4]::panicking::panic_handler::{closure#0}, !>
[INFO] [stdout]    9:     0x567423ba4b3d - __rustc[8fa7c3cbc660c2b3]::rust_begin_unwind
[INFO] [stdout]   10:     0x567423bdfcdc - core[df12db4294e9bfd3]::panicking::panic_fmt
[INFO] [stdout]   11:     0x567423bdfab2 - core[df12db4294e9bfd3]::result::unwrap_failed
[INFO] [stdout]   12:     0x567423a6229d - twapi_ureq[cd00edab9957e35e]::v2::tests::test_api
[INFO] [stdout]   13:     0x567423a6cce9 - <twapi_ureq[cd00edab9957e35e]::v2::tests::test_api::{closure#0} as core[df12db4294e9bfd3]::ops::function::FnOnce<()>>::call_once
[INFO] [stdout]   14:     0x567423a6fa9b - test[9d35eded1c95d3be]::__rust_begin_short_backtrace::<core[df12db4294e9bfd3]::result::Result<(), alloc[2182bb758b4b3781]::string::String>, fn() -> core[df12db4294e9bfd3]::result::Result<(), alloc[2182bb758b4b3781]::string::String>>
[INFO] [stdout]   15:     0x567423a7d105 - test[9d35eded1c95d3be]::run_test::{closure#0}
[INFO] [stdout]   16:     0x567423a769c4 - std[70759c8f55707aa4]::sys::backtrace::__rust_begin_short_backtrace::<test[9d35eded1c95d3be]::run_test::{closure#1}, ()>
[INFO] [stdout]   17:     0x567423a80262 - <std[70759c8f55707aa4]::thread::lifecycle::spawn_unchecked<test[9d35eded1c95d3be]::run_test::{closure#1}, ()>::{closure#1} as core[df12db4294e9bfd3]::ops::function::FnOnce<()>>::call_once::{shim:vtable#0}
[INFO] [stdout]   18:     0x567423bc8329 - <std[70759c8f55707aa4]::sys::thread::unix::Thread>::new::thread_start
[INFO] [stdout]   19:     0x7e6b867b7dfa - <unknown>
[INFO] [stdout]   20:     0x7e6b8684b3d4 - clone
[INFO] [stdout]   21:                0x0 - <unknown>
[INFO] [stdout] 
[INFO] [stdout] 
[INFO] [stdout] failures:
[INFO] [stdout]     v1::tests::test_api
[INFO] [stdout]     v2::tests::test_api
[INFO] [stdout] 
[INFO] [stdout] test result: FAILED. 0 passed; 2 failed; 0 ignored; 0 measured; 0 filtered out; finished in 0.01s
[INFO] [stdout] 
[INFO] [stderr] error: test failed, to rerun pass `--lib`
[INFO] running `Command { std: "docker" "inspect" "c2bc3bef5ca32854257ae84b7253e4e1c60091f04b4394e7b0baab2ef3054e8e", kill_on_drop: false }`
[INFO] running `Command { std: "docker" "rm" "-f" "c2bc3bef5ca32854257ae84b7253e4e1c60091f04b4394e7b0baab2ef3054e8e", kill_on_drop: false }`
[INFO] [stdout] c2bc3bef5ca32854257ae84b7253e4e1c60091f04b4394e7b0baab2ef3054e8e
