[INFO] fetching crate tusk_data 0.0.1...
[INFO] testing tusk_data-0.0.1 against 1.99.0-beta.8+cargoflags=--release for beta-release-1.100-2
[INFO] extracting crate tusk_data 0.0.1 into /workspace/builds/worker-1-tc1/source
[INFO] started tweaking crates.io crate tusk_data 0.0.1
[INFO] finished tweaking crates.io crate tusk_data 0.0.1
[INFO] tweaked toml for crates.io crate tusk_data 0.0.1 written to /workspace/builds/worker-1-tc1/source/Cargo.toml
[INFO] validating manifest of crates.io crate tusk_data 0.0.1 on toolchain 1.99.0-beta.8
[INFO] running `Command { std: CARGO_HOME="/workspace/cargo-home" RUSTUP_HOME="/workspace/rustup-home" "/workspace/cargo-home/bin/cargo" "+1.99.0-beta.8" "metadata" "--manifest-path" "Cargo.toml" "--no-deps", kill_on_drop: false }`
[INFO] running `Command { std: CARGO_HOME="/workspace/cargo-home" RUSTUP_HOME="/workspace/rustup-home" "/workspace/cargo-home/bin/cargo" "+1.99.0-beta.8" "generate-lockfile" "--manifest-path" "Cargo.toml", kill_on_drop: false }`
[INFO] [stderr]     Updating crates.io index
[INFO] [stderr]      Locking 94 packages to highest compatible versions
[INFO] [stderr]       Adding uuid v0.8.2 (available: v1.28.0)
[INFO] running `Command { std: CARGO_HOME="/workspace/cargo-home" RUSTUP_HOME="/workspace/rustup-home" "/workspace/cargo-home/bin/cargo" "+1.99.0-beta.8" "fetch" "--manifest-path" "Cargo.toml", kill_on_drop: false }`
[INFO] [stderr] warning: Cargo.toml: `package.edition` is unspecified, defaulting to `2015` while the latest is `2024`
[INFO] [stderr] warning: `tusk_data` (manifest) generated 1 warning
[INFO] running `Command { std: "docker" "create" "-v" "/var/lib/crater-agent-workspace/builds/worker-1-tc1/source:/opt/rustwide/workdir:ro,Z" "-v" "/var/lib/crater-agent-workspace/builds/worker-1-tc1/target:/opt/rustwide/target:rw,Z" "-v" "/var/lib/crater-agent-workspace/cargo-home:/opt/rustwide/cargo-home:ro,Z" "-v" "/var/lib/crater-agent-workspace/rustup-home:/opt/rustwide/rustup-home:ro,Z" "-m" "1610612736" "--network" "none" "ghcr.io/rust-lang/crates-build-env/linux@sha256:77db811e55d90add9212f6832c23229e3de5f1c1f9905e8cb07319ea15df73ac" "sleep" "infinity", kill_on_drop: false }`
[INFO] [stdout] badeb5f3a54d34df0bc1d59c74911827da0f045652ac52fc68444f1b9f1149b0
[INFO] running `Command { std: "docker" "start" "badeb5f3a54d34df0bc1d59c74911827da0f045652ac52fc68444f1b9f1149b0", kill_on_drop: false }`
[INFO] running `Command { std: "docker" "inspect" "badeb5f3a54d34df0bc1d59c74911827da0f045652ac52fc68444f1b9f1149b0", kill_on_drop: false }`
[INFO] running `Command { std: "docker" "exec" "-e" "SOURCE_DIR=/opt/rustwide/workdir" "-e" "CARGO_HOME=/opt/rustwide/cargo-home" "-e" "RUSTUP_HOME=/opt/rustwide/rustup-home" "-e" "CARGO_TARGET_DIR=/opt/rustwide/target" "-w" "/opt/rustwide/workdir" "--user" "0:0" "badeb5f3a54d34df0bc1d59c74911827da0f045652ac52fc68444f1b9f1149b0" "/opt/rustwide/cargo-home/bin/cargo" "+1.99.0-beta.8" "metadata" "--no-deps" "--format-version=1", kill_on_drop: false }`
[INFO] running `Command { std: "docker" "inspect" "badeb5f3a54d34df0bc1d59c74911827da0f045652ac52fc68444f1b9f1149b0", kill_on_drop: false }`
[INFO] running `Command { std: "docker" "exec" "-e" "SOURCE_DIR=/opt/rustwide/workdir" "-e" "CARGO_HOME=/opt/rustwide/cargo-home" "-e" "RUSTUP_HOME=/opt/rustwide/rustup-home" "-e" "CARGO_TARGET_DIR=/opt/rustwide/target" "-e" "CARGO_INCREMENTAL=0" "-e" "RUST_BACKTRACE=full" "-e" "RUSTFLAGS=--cap-lints=warn" "-e" "RUSTDOCFLAGS=--cap-lints=warn" "-w" "/opt/rustwide/workdir" "--user" "0:0" "badeb5f3a54d34df0bc1d59c74911827da0f045652ac52fc68444f1b9f1149b0" "/opt/rustwide/cargo-home/bin/cargo" "+1.99.0-beta.8" "build" "--frozen" "--message-format=json" "--release", kill_on_drop: false }`
[INFO] [stderr] warning: Cargo.toml: `package.edition` is unspecified, defaulting to `2015` while the latest is `2024`
[INFO] [stderr] warning: `tusk_data` (manifest) generated 1 warning
[INFO] [stderr]    Compiling serde v1.0.229
[INFO] [stderr]    Compiling getrandom v0.2.17
[INFO] [stderr]    Compiling uuid v0.8.2
[INFO] [stderr]    Compiling chrono v0.4.45
[INFO] [stderr]    Compiling tusk_data v0.0.1 (/opt/rustwide/workdir)
[INFO] [stdout] warning: unused variable: `vo`
[INFO] [stdout]   --> src/metrics/mod.rs:36:56
[INFO] [stdout]    |
[INFO] [stdout] 36 |     pub fn join(&self, rhs: &Self, terms: Vec<String>, vo: ops::Ops) -> Option<Self> {
[INFO] [stdout]    |                                                        ^^ help: if this is intentional, prefix it with an underscore: `_vo`
[INFO] [stdout]    |
[INFO] [stdout]    = note: `#[warn(unused_variables)]` (part of `#[warn(unused)]`) on by default
[INFO] [stdout] 
[INFO] [stdout] 
[INFO] [stderr]     Finished `release` profile [optimized] target(s) in 6.29s
[INFO] running `Command { std: "docker" "inspect" "badeb5f3a54d34df0bc1d59c74911827da0f045652ac52fc68444f1b9f1149b0", kill_on_drop: false }`
[INFO] running `Command { std: "docker" "exec" "-e" "SOURCE_DIR=/opt/rustwide/workdir" "-e" "CARGO_HOME=/opt/rustwide/cargo-home" "-e" "RUSTUP_HOME=/opt/rustwide/rustup-home" "-e" "CARGO_TARGET_DIR=/opt/rustwide/target" "-e" "CARGO_INCREMENTAL=0" "-e" "RUST_BACKTRACE=full" "-e" "RUSTFLAGS=--cap-lints=warn" "-e" "RUSTDOCFLAGS=--cap-lints=warn" "-w" "/opt/rustwide/workdir" "--user" "0:0" "badeb5f3a54d34df0bc1d59c74911827da0f045652ac52fc68444f1b9f1149b0" "/opt/rustwide/cargo-home/bin/cargo" "+1.99.0-beta.8" "test" "--frozen" "--no-run" "--message-format=json" "--release", kill_on_drop: false }`
[INFO] [stderr] warning: Cargo.toml: `package.edition` is unspecified, defaulting to `2015` while the latest is `2024`
[INFO] [stderr] warning: `tusk_data` (manifest) generated 1 warning
[INFO] [stderr]    Compiling alloca v0.4.0
[INFO] [stderr]    Compiling itertools v0.13.0
[INFO] [stderr]    Compiling clap_builder v4.6.7
[INFO] [stderr]    Compiling page_size v0.6.0
[INFO] [stderr]    Compiling tinytemplate v1.2.1
[INFO] [stderr]    Compiling serde_yaml v0.9.34+deprecated
[INFO] [stdout] warning: unused variable: `vo`
[INFO] [stdout]   --> src/metrics/mod.rs:36:56
[INFO] [stdout]    |
[INFO] [stdout] 36 |     pub fn join(&self, rhs: &Self, terms: Vec<String>, vo: ops::Ops) -> Option<Self> {
[INFO] [stdout]    |                                                        ^^ help: if this is intentional, prefix it with an underscore: `_vo`
[INFO] [stdout]    |
[INFO] [stdout]    = note: `#[warn(unused_variables)]` (part of `#[warn(unused)]`) on by default
[INFO] [stdout] 
[INFO] [stdout] 
[INFO] [stderr]    Compiling ciborium v0.2.2
[INFO] [stderr]    Compiling criterion-plot v0.8.2
[INFO] [stderr]    Compiling clap v4.6.7
[INFO] [stderr]    Compiling criterion v0.8.2
[INFO] [stderr]    Compiling tusk_data v0.0.1 (/opt/rustwide/workdir)
[INFO] [stdout] warning: unused variable: `vo`
[INFO] [stdout]   --> src/metrics/mod.rs:36:56
[INFO] [stdout]    |
[INFO] [stdout] 36 |     pub fn join(&self, rhs: &Self, terms: Vec<String>, vo: ops::Ops) -> Option<Self> {
[INFO] [stdout]    |                                                        ^^ help: if this is intentional, prefix it with an underscore: `_vo`
[INFO] [stdout]    |
[INFO] [stdout]    = note: `#[warn(unused_variables)]` (part of `#[warn(unused)]`) on by default
[INFO] [stdout] 
[INFO] [stdout] 
[INFO] [stdout] warning: function `test_metadata_builder` is never used
[INFO] [stdout]    --> src/metadata/mod.rs:221:8
[INFO] [stdout]     |
[INFO] [stdout] 221 |     fn test_metadata_builder() {
[INFO] [stdout]     |        ^^^^^^^^^^^^^^^^^^^^^
[INFO] [stdout]     |
[INFO] [stdout]     = note: `#[warn(dead_code)]` (part of `#[warn(unused)]`) on by default
[INFO] [stdout] 
[INFO] [stdout] 
[INFO] [stdout] warning: function `test_metadata_filter` is never used
[INFO] [stdout]    --> src/metadata/mod.rs:236:8
[INFO] [stdout]     |
[INFO] [stdout] 236 |     fn test_metadata_filter() {
[INFO] [stdout]     |        ^^^^^^^^^^^^^^^^^^^^
[INFO] [stdout] 
[INFO] [stdout] 
[INFO] [stderr]     Finished `release` profile [optimized] target(s) in 11.59s
[INFO] running `Command { std: "docker" "inspect" "badeb5f3a54d34df0bc1d59c74911827da0f045652ac52fc68444f1b9f1149b0", kill_on_drop: false }`
[INFO] running `Command { std: "docker" "exec" "-e" "SOURCE_DIR=/opt/rustwide/workdir" "-e" "CARGO_HOME=/opt/rustwide/cargo-home" "-e" "RUSTUP_HOME=/opt/rustwide/rustup-home" "-e" "CARGO_TARGET_DIR=/opt/rustwide/target" "-e" "CARGO_INCREMENTAL=0" "-e" "RUST_BACKTRACE=full" "-e" "RUSTFLAGS=--cap-lints=warn" "-e" "RUSTDOCFLAGS=--cap-lints=warn" "-w" "/opt/rustwide/workdir" "--user" "0:0" "badeb5f3a54d34df0bc1d59c74911827da0f045652ac52fc68444f1b9f1149b0" "/opt/rustwide/cargo-home/bin/cargo" "+1.99.0-beta.8" "test" "--frozen" "--release", kill_on_drop: false }`
[INFO] [stderr] warning: Cargo.toml: `package.edition` is unspecified, defaulting to `2015` while the latest is `2024`
[INFO] [stderr] warning: `tusk_data` (manifest) generated 1 warning
[INFO] [stderr] warning: unused variable: `vo`
[INFO] [stderr]   --> src/metrics/mod.rs:36:56
[INFO] [stderr]    |
[INFO] [stderr] 36 |     pub fn join(&self, rhs: &Self, terms: Vec<String>, vo: ops::Ops) -> Option<Self> {
[INFO] [stderr]    |                                                        ^^ help: if this is intentional, prefix it with an underscore: `_vo`
[INFO] [stderr]    |
[INFO] [stderr]    = note: `#[warn(unused_variables)]` (part of `#[warn(unused)]`) on by default
[INFO] [stderr] 
[INFO] [stderr] warning: `tusk_data` (lib) generated 1 warning (run `cargo fix --lib -p tusk_data` to apply 1 suggestion)
[INFO] [stderr] warning: function `test_metadata_builder` is never used
[INFO] [stderr]    --> src/metadata/mod.rs:221:8
[INFO] [stderr]     |
[INFO] [stderr] 221 |     fn test_metadata_builder() {
[INFO] [stderr]     |        ^^^^^^^^^^^^^^^^^^^^^
[INFO] [stderr]     |
[INFO] [stderr]     = note: `#[warn(dead_code)]` (part of `#[warn(unused)]`) on by default
[INFO] [stderr] 
[INFO] [stderr] warning: function `test_metadata_filter` is never used
[INFO] [stderr]    --> src/metadata/mod.rs:236:8
[INFO] [stderr]     |
[INFO] [stderr] 236 |     fn test_metadata_filter() {
[INFO] [stderr]     |        ^^^^^^^^^^^^^^^^^^^^
[INFO] [stderr] 
[INFO] [stderr] warning: `tusk_data` (lib test) generated 3 warnings (1 duplicate)
[INFO] [stderr]     Finished `release` profile [optimized] target(s) in 0.11s
[INFO] [stderr]      Running unittests src/lib.rs (/opt/rustwide/target/release/deps/tusk_data-2884749b010ab517)
[INFO] [stdout] 
[INFO] [stdout] running 9 tests
[INFO] [stdout] test metrics::types::tests::add::summary_summary ... ok
[INFO] [stdout] test metrics::types::tests::add::gauge_gauge ... ok
[INFO] [stdout] test metrics::types::tests::sub::summary_gauge ... ok
[INFO] [stdout] test metrics::types::tests::add::summary_gauge ... ok
[INFO] [stdout] test metrics::types::tests::mul::summary_summary ... FAILED
[INFO] [stdout] test metrics::types::tests::mul::gauge_gauge ... FAILED
[INFO] [stdout] test metrics::types::tests::sub::summary_summary ... ok
[INFO] [stdout] test metrics::types::tests::mul::summary_gauge ... FAILED
[INFO] [stderr] error: test failed, to rerun pass `--lib`
[INFO] [stdout] test metrics::types::tests::sub::gauge_gauge ... ok
[INFO] [stdout] 
[INFO] [stdout] failures:
[INFO] [stdout] 
[INFO] [stdout] ---- metrics::types::tests::mul::summary_summary stdout ----
[INFO] [stdout] 
[INFO] [stdout] thread 'metrics::types::tests::mul::summary_summary' (474) panicked at src/metrics/types.rs:286:44:
[INFO] [stdout] assertion failed: x == e
[INFO] [stdout] stack backtrace:
[INFO] [stdout]    0:     0x55797a3c1cb1 - <<std[70759c8f55707aa4]::sys::backtrace::BacktraceLock>::print::DisplayBacktrace as core[df12db4294e9bfd3]::fmt::Display>::fmt
[INFO] [stdout]    1:     0x55797a3d5f3a - core[df12db4294e9bfd3]::fmt::write
[INFO] [stdout]    2:     0x55797a3c61fc - <alloc[2182bb758b4b3781]::vec::Vec<u8> as core[df12db4294e9bfd3]::io::write::Write>::write_fmt
[INFO] [stdout]    3:     0x55797a39e2a6 - std[70759c8f55707aa4]::panicking::default_hook::{closure#0}
[INFO] [stdout]    4:     0x55797a3ba419 - std[70759c8f55707aa4]::panicking::default_hook
[INFO] [stdout]    5:     0x55797a356840 - test[9d35eded1c95d3be]::test_main_inner::<test[9d35eded1c95d3be]::test_main_static::{closure#0}>::{closure#0}
[INFO] [stdout]    6:     0x55797a3ba5d2 - std[70759c8f55707aa4]::panicking::panic_with_hook
[INFO] [stdout]    7:     0x55797a39e384 - std[70759c8f55707aa4]::panicking::panic_handler::{closure#0}
[INFO] [stdout]    8:     0x55797a3970a9 - std[70759c8f55707aa4]::sys::backtrace::__rust_end_short_backtrace::<std[70759c8f55707aa4]::panicking::panic_handler::{closure#0}, !>
[INFO] [stdout]    9:     0x55797a39ef4d - __rustc[8fa7c3cbc660c2b3]::rust_begin_unwind
[INFO] [stdout]   10:     0x55797a3d666c - core[df12db4294e9bfd3]::panicking::panic_fmt
[INFO] [stdout]   11:     0x55797a3d6632 - core[df12db4294e9bfd3]::panicking::panic
[INFO] [stdout]   12:     0x55797a347557 - tusk_data[6d02000addb4df26]::metrics::types::tests::mul::summary_summary
[INFO] [stdout]   13:     0x55797a3446a9 - <tusk_data[6d02000addb4df26]::metrics::types::tests::mul::summary_summary::{closure#0} as core[df12db4294e9bfd3]::ops::function::FnOnce<()>>::call_once
[INFO] [stdout]   14:     0x55797a349b2b - test[9d35eded1c95d3be]::__rust_begin_short_backtrace::<core[df12db4294e9bfd3]::result::Result<(), alloc[2182bb758b4b3781]::string::String>, fn() -> core[df12db4294e9bfd3]::result::Result<(), alloc[2182bb758b4b3781]::string::String>>
[INFO] [stdout]   15:     0x55797a357195 - test[9d35eded1c95d3be]::run_test::{closure#0}
[INFO] [stdout]   16:     0x55797a350a54 - std[70759c8f55707aa4]::sys::backtrace::__rust_begin_short_backtrace::<test[9d35eded1c95d3be]::run_test::{closure#1}, ()>
[INFO] [stdout]   17:     0x55797a35a2f2 - <std[70759c8f55707aa4]::thread::lifecycle::spawn_unchecked<test[9d35eded1c95d3be]::run_test::{closure#1}, ()>::{closure#1} as core[df12db4294e9bfd3]::ops::function::FnOnce<()>>::call_once::{shim:vtable#0}
[INFO] [stdout]   18:     0x55797a3c1589 - <std[70759c8f55707aa4]::sys::thread::unix::Thread>::new::thread_start
[INFO] [stdout]   19:     0x71e8df343dfa - <unknown>
[INFO] [stdout]   20:     0x71e8df3d73d4 - clone
[INFO] [stdout]   21:                0x0 - <unknown>
[INFO] [stdout] 
[INFO] [stdout] ---- metrics::types::tests::mul::gauge_gauge stdout ----
[INFO] [stdout] 
[INFO] [stdout] thread 'metrics::types::tests::mul::gauge_gauge' (472) panicked at src/metrics/types.rs:258:42:
[INFO] [stdout] assertion failed: x == 100 as Gauge
[INFO] [stdout] stack backtrace:
[INFO] [stdout]    0:     0x55797a3c1cb1 - <<std[70759c8f55707aa4]::sys::backtrace::BacktraceLock>::print::DisplayBacktrace as core[df12db4294e9bfd3]::fmt::Display>::fmt
[INFO] [stdout]    1:     0x55797a3d5f3a - core[df12db4294e9bfd3]::fmt::write
[INFO] [stdout]    2:     0x55797a3c61fc - <alloc[2182bb758b4b3781]::vec::Vec<u8> as core[df12db4294e9bfd3]::io::write::Write>::write_fmt
[INFO] [stdout]    3:     0x55797a39e2a6 - std[70759c8f55707aa4]::panicking::default_hook::{closure#0}
[INFO] [stdout]    4:     0x55797a3ba419 - std[70759c8f55707aa4]::panicking::default_hook
[INFO] [stdout]    5:     0x55797a356840 - test[9d35eded1c95d3be]::test_main_inner::<test[9d35eded1c95d3be]::test_main_static::{closure#0}>::{closure#0}
[INFO] [stdout]    6:     0x55797a3ba5d2 - std[70759c8f55707aa4]::panicking::panic_with_hook
[INFO] [stdout]    7:     0x55797a39e384 - std[70759c8f55707aa4]::panicking::panic_handler::{closure#0}
[INFO] [stdout]    8:     0x55797a3970a9 - std[70759c8f55707aa4]::sys::backtrace::__rust_end_short_backtrace::<std[70759c8f55707aa4]::panicking::panic_handler::{closure#0}, !>
[INFO] [stdout]    9:     0x55797a39ef4d - __rustc[8fa7c3cbc660c2b3]::rust_begin_unwind
[INFO] [stdout]   10:     0x55797a3d666c - core[df12db4294e9bfd3]::panicking::panic_fmt
[INFO] [stdout]   11:     0x55797a3d6632 - core[df12db4294e9bfd3]::panicking::panic
[INFO] [stdout]   12:     0x55797a344658 - <tusk_data[6d02000addb4df26]::metrics::types::tests::mul::gauge_gauge::{closure#0} as core[df12db4294e9bfd3]::ops::function::FnOnce<()>>::call_once
[INFO] [stdout]   13:     0x55797a349b2b - test[9d35eded1c95d3be]::__rust_begin_short_backtrace::<core[df12db4294e9bfd3]::result::Result<(), alloc[2182bb758b4b3781]::string::String>, fn() -> core[df12db4294e9bfd3]::result::Result<(), alloc[2182bb758b4b3781]::string::String>>
[INFO] [stdout]   14:     0x55797a357195 - test[9d35eded1c95d3be]::run_test::{closure#0}
[INFO] [stdout]   15:     0x55797a350a54 - std[70759c8f55707aa4]::sys::backtrace::__rust_begin_short_backtrace::<test[9d35eded1c95d3be]::run_test::{closure#1}, ()>
[INFO] [stdout]   16:     0x55797a35a2f2 - <std[70759c8f55707aa4]::thread::lifecycle::spawn_unchecked<test[9d35eded1c95d3be]::run_test::{closure#1}, ()>::{closure#1} as core[df12db4294e9bfd3]::ops::function::FnOnce<()>>::call_once::{shim:vtable#0}
[INFO] [stdout]   17:     0x55797a3c1589 - <std[70759c8f55707aa4]::sys::thread::unix::Thread>::new::thread_start
[INFO] [stdout]   18:     0x71e8df343dfa - <unknown>
[INFO] [stdout]   19:     0x71e8df3d73d4 - clone
[INFO] [stdout]   20:                0x0 - <unknown>
[INFO] [stdout] 
[INFO] [stdout] ---- metrics::types::tests::mul::summary_gauge stdout ----
[INFO] [stdout] 
[INFO] [stdout] thread 'metrics::types::tests::mul::summary_gauge' (473) panicked at src/metrics/types.rs:305:44:
[INFO] [stdout] assertion failed: x == e
[INFO] [stdout] stack backtrace:
[INFO] [stdout]    0:     0x55797a3c1cb1 - <<std[70759c8f55707aa4]::sys::backtrace::BacktraceLock>::print::DisplayBacktrace as core[df12db4294e9bfd3]::fmt::Display>::fmt
[INFO] [stdout]    1:     0x55797a3d5f3a - core[df12db4294e9bfd3]::fmt::write
[INFO] [stdout]    2:     0x55797a3c61fc - <alloc[2182bb758b4b3781]::vec::Vec<u8> as core[df12db4294e9bfd3]::io::write::Write>::write_fmt
[INFO] [stdout]    3:     0x55797a39e2a6 - std[70759c8f55707aa4]::panicking::default_hook::{closure#0}
[INFO] [stdout]    4:     0x55797a3ba419 - std[70759c8f55707aa4]::panicking::default_hook
[INFO] [stdout]    5:     0x55797a356840 - test[9d35eded1c95d3be]::test_main_inner::<test[9d35eded1c95d3be]::test_main_static::{closure#0}>::{closure#0}
[INFO] [stdout]    6:     0x55797a3ba5d2 - std[70759c8f55707aa4]::panicking::panic_with_hook
[INFO] [stdout]    7:     0x55797a39e384 - std[70759c8f55707aa4]::panicking::panic_handler::{closure#0}
[INFO] [stdout]    8:     0x55797a3970a9 - std[70759c8f55707aa4]::sys::backtrace::__rust_end_short_backtrace::<std[70759c8f55707aa4]::panicking::panic_handler::{closure#0}, !>
[INFO] [stdout]    9:     0x55797a39ef4d - __rustc[8fa7c3cbc660c2b3]::rust_begin_unwind
[INFO] [stdout]   10:     0x55797a3d666c - core[df12db4294e9bfd3]::panicking::panic_fmt
[INFO] [stdout]   11:     0x55797a3d6632 - core[df12db4294e9bfd3]::panicking::panic
[INFO] [stdout]   12:     0x55797a3460f7 - tusk_data[6d02000addb4df26]::metrics::types::tests::mul::summary_gauge
[INFO] [stdout]   13:     0x55797a344689 - <tusk_data[6d02000addb4df26]::metrics::types::tests::mul::summary_gauge::{closure#0} as core[df12db4294e9bfd3]::ops::function::FnOnce<()>>::call_once
[INFO] [stdout]   14:     0x55797a349b2b - test[9d35eded1c95d3be]::__rust_begin_short_backtrace::<core[df12db4294e9bfd3]::result::Result<(), alloc[2182bb758b4b3781]::string::String>, fn() -> core[df12db4294e9bfd3]::result::Result<(), alloc[2182bb758b4b3781]::string::String>>
[INFO] [stdout]   15:     0x55797a357195 - test[9d35eded1c95d3be]::run_test::{closure#0}
[INFO] [stdout]   16:     0x55797a350a54 - std[70759c8f55707aa4]::sys::backtrace::__rust_begin_short_backtrace::<test[9d35eded1c95d3be]::run_test::{closure#1}, ()>
[INFO] [stdout]   17:     0x55797a35a2f2 - <std[70759c8f55707aa4]::thread::lifecycle::spawn_unchecked<test[9d35eded1c95d3be]::run_test::{closure#1}, ()>::{closure#1} as core[df12db4294e9bfd3]::ops::function::FnOnce<()>>::call_once::{shim:vtable#0}
[INFO] [stdout]   18:     0x55797a3c1589 - <std[70759c8f55707aa4]::sys::thread::unix::Thread>::new::thread_start
[INFO] [stdout]   19:     0x71e8df343dfa - <unknown>
[INFO] [stdout]   20:     0x71e8df3d73d4 - clone
[INFO] [stdout]   21:                0x0 - <unknown>
[INFO] [stdout] 
[INFO] [stdout] 
[INFO] [stdout] failures:
[INFO] [stdout]     metrics::types::tests::mul::gauge_gauge
[INFO] [stdout]     metrics::types::tests::mul::summary_gauge
[INFO] [stdout]     metrics::types::tests::mul::summary_summary
[INFO] [stdout] 
[INFO] [stdout] test result: FAILED. 6 passed; 3 failed; 0 ignored; 0 measured; 0 filtered out; finished in 0.06s
[INFO] [stdout] 
[INFO] running `Command { std: "docker" "inspect" "badeb5f3a54d34df0bc1d59c74911827da0f045652ac52fc68444f1b9f1149b0", kill_on_drop: false }`
[INFO] running `Command { std: "docker" "rm" "-f" "badeb5f3a54d34df0bc1d59c74911827da0f045652ac52fc68444f1b9f1149b0", kill_on_drop: false }`
[INFO] [stdout] badeb5f3a54d34df0bc1d59c74911827da0f045652ac52fc68444f1b9f1149b0
