[INFO] fetching crate turul-a2a-proto 0.1.32...
[INFO] testing turul-a2a-proto-0.1.32 against 1.100.0-beta.1+cargoflags=--release for beta-release-1.100-2
[INFO] extracting crate turul-a2a-proto 0.1.32 into /workspace/builds/worker-2-tc2/source
[INFO] started tweaking crates.io crate turul-a2a-proto 0.1.32
[INFO] finished tweaking crates.io crate turul-a2a-proto 0.1.32
[INFO] tweaked toml for crates.io crate turul-a2a-proto 0.1.32 written to /workspace/builds/worker-2-tc2/source/Cargo.toml
[INFO] validating manifest of crates.io crate turul-a2a-proto 0.1.32 on toolchain 1.100.0-beta.1
[INFO] running `Command { std: CARGO_HOME="/workspace/cargo-home" RUSTUP_HOME="/workspace/rustup-home" "/workspace/cargo-home/bin/cargo" "+1.100.0-beta.1" "metadata" "--manifest-path" "Cargo.toml" "--no-deps", kill_on_drop: false }`
[INFO] crate crates.io crate turul-a2a-proto 0.1.32 already has a lockfile, it will not be regenerated
[INFO] running `Command { std: CARGO_HOME="/workspace/cargo-home" RUSTUP_HOME="/workspace/rustup-home" "/workspace/cargo-home/bin/cargo" "+1.100.0-beta.1" "fetch" "--manifest-path" "Cargo.toml", kill_on_drop: false }`
[INFO] [stderr] warning: `package.homepage` is redundant with `package.repository`
[INFO] [stderr]   --> Cargo.toml:66:12
[INFO] [stderr]    |
[INFO] [stderr] 66 | homepage = "https://github.com/aussierobots/turul-a2a"
[INFO] [stderr]    |            ^^^^^^^^^^^^^^^^^^^^^^^^^^^^^^^^^^^^^^^^^^^
[INFO] [stderr] ...
[INFO] [stderr] 71 | repository = "https://github.com/aussierobots/turul-a2a"
[INFO] [stderr]    |              -------------------------------------------
[INFO] [stderr]    |
[INFO] [stderr]    = note: `cargo::redundant_homepage` is set to `warn` by default
[INFO] [stderr] help: consider removing `package.homepage`
[INFO] [stderr] warning: `turul-a2a-proto` (manifest) generated 1 warning
[INFO] running `Command { std: "docker" "create" "-v" "/var/lib/crater-agent-workspace/builds/worker-2-tc2/source:/opt/rustwide/workdir:ro,Z" "-v" "/var/lib/crater-agent-workspace/builds/worker-2-tc2/target:/opt/rustwide/target:rw,Z" "-v" "/var/lib/crater-agent-workspace/cargo-home:/opt/rustwide/cargo-home:ro,Z" "-v" "/var/lib/crater-agent-workspace/rustup-home:/opt/rustwide/rustup-home:ro,Z" "-m" "1610612736" "--network" "none" "ghcr.io/rust-lang/crates-build-env/linux@sha256:77db811e55d90add9212f6832c23229e3de5f1c1f9905e8cb07319ea15df73ac" "sleep" "infinity", kill_on_drop: false }`
[INFO] [stdout] e1052876408d360cc7997312f31378544905b5e1c2aaac1a01267c9d1f6979ad
[INFO] running `Command { std: "docker" "start" "e1052876408d360cc7997312f31378544905b5e1c2aaac1a01267c9d1f6979ad", kill_on_drop: false }`
[INFO] running `Command { std: "docker" "inspect" "e1052876408d360cc7997312f31378544905b5e1c2aaac1a01267c9d1f6979ad", kill_on_drop: false }`
[INFO] running `Command { std: "docker" "exec" "-e" "SOURCE_DIR=/opt/rustwide/workdir" "-e" "CARGO_HOME=/opt/rustwide/cargo-home" "-e" "RUSTUP_HOME=/opt/rustwide/rustup-home" "-e" "CARGO_TARGET_DIR=/opt/rustwide/target" "-w" "/opt/rustwide/workdir" "--user" "0:0" "e1052876408d360cc7997312f31378544905b5e1c2aaac1a01267c9d1f6979ad" "/opt/rustwide/cargo-home/bin/cargo" "+1.100.0-beta.1" "metadata" "--no-deps" "--format-version=1", kill_on_drop: false }`
[INFO] running `Command { std: "docker" "inspect" "e1052876408d360cc7997312f31378544905b5e1c2aaac1a01267c9d1f6979ad", kill_on_drop: false }`
[INFO] running `Command { std: "docker" "exec" "-e" "SOURCE_DIR=/opt/rustwide/workdir" "-e" "CARGO_HOME=/opt/rustwide/cargo-home" "-e" "RUSTUP_HOME=/opt/rustwide/rustup-home" "-e" "CARGO_TARGET_DIR=/opt/rustwide/target" "-e" "CARGO_INCREMENTAL=0" "-e" "RUST_BACKTRACE=full" "-e" "RUSTFLAGS=--cap-lints=warn" "-e" "RUSTDOCFLAGS=--cap-lints=warn" "-w" "/opt/rustwide/workdir" "--user" "0:0" "e1052876408d360cc7997312f31378544905b5e1c2aaac1a01267c9d1f6979ad" "/opt/rustwide/cargo-home/bin/cargo" "+1.100.0-beta.1" "build" "--frozen" "--message-format=json" "--release", kill_on_drop: false }`
[INFO] [stderr] warning: `package.homepage` is redundant with `package.repository`
[INFO] [stderr]   --> Cargo.toml:66:12
[INFO] [stderr]    |
[INFO] [stderr] 66 | homepage = "https://github.com/aussierobots/turul-a2a"
[INFO] [stderr]    |            ^^^^^^^^^^^^^^^^^^^^^^^^^^^^^^^^^^^^^^^^^^^
[INFO] [stderr] ...
[INFO] [stderr] 71 | repository = "https://github.com/aussierobots/turul-a2a"
[INFO] [stderr]    |              -------------------------------------------
[INFO] [stderr]    |
[INFO] [stderr]    = note: `cargo::redundant_homepage` is set to `warn` by default
[INFO] [stderr] help: consider removing `package.homepage`
[INFO] [stderr] warning: `turul-a2a-proto` (manifest) generated 1 warning
[INFO] [stderr]    Compiling either v1.16.0
[INFO] [stderr]    Compiling bytes v1.11.1
[INFO] [stderr]    Compiling rustix v1.1.4
[INFO] [stderr]    Compiling foldhash v0.1.5
[INFO] [stderr]    Compiling regex-syntax v0.8.11
[INFO] [stderr]    Compiling syn v2.0.117
[INFO] [stderr]    Compiling linux-raw-sys v0.12.1
[INFO] [stderr]    Compiling indexmap v2.14.0
[INFO] [stderr]    Compiling fixedbitset v0.5.7
[INFO] [stderr]    Compiling hashbrown v0.15.5
[INFO] [stderr]    Compiling itertools v0.14.0
[INFO] [stderr]    Compiling once_cell v1.21.4
[INFO] [stderr]    Compiling fastrand v2.4.1
[INFO] [stderr]    Compiling multimap v0.10.1
[INFO] [stderr]    Compiling log v0.4.32
[INFO] [stderr]    Compiling chrono v0.4.45
[INFO] [stderr]    Compiling petgraph v0.8.3
[INFO] [stderr]    Compiling regex-automata v0.4.14
[INFO] [stderr]    Compiling tempfile v3.27.0
[INFO] [stderr]    Compiling regex v1.12.4
[INFO] [stderr]    Compiling prettyplease v0.2.37
[INFO] [stderr]    Compiling prost-derive v0.14.4
[INFO] [stderr]    Compiling serde_derive v1.0.228
[INFO] [stderr]    Compiling prost v0.14.4
[INFO] [stderr]    Compiling prost-types v0.14.4
[INFO] [stderr]    Compiling serde v1.0.228
[INFO] [stderr]    Compiling pbjson v0.9.0
[INFO] [stderr]    Compiling prost-build v0.14.4
[INFO] [stderr]    Compiling pbjson-build v0.9.0
[INFO] [stderr]    Compiling pbjson-types v0.9.0
[INFO] [stderr]    Compiling turul-a2a-proto v0.1.32 (/opt/rustwide/workdir)
[INFO] [stderr] warning: unused dependency `prost-types`
[INFO] [stderr]   --> Cargo.toml:30:15
[INFO] [stderr]    |
[INFO] [stderr] 30 | [dependencies.prost-types]
[INFO] [stderr]    |               ^^^^^^^^^^^^
[INFO] [stderr]    |
[INFO] [stderr]    = note: `cargo::unused_dependencies` is set to `warn` by default
[INFO] [stderr] help: consider removing the dependency on `prost-types`
[INFO] [stderr] warning: `turul-a2a-proto` (manifest) generated 1 warning
[INFO] [stderr]     Finished `release` profile [optimized] target(s) in 41.01s
[INFO] running `Command { std: "docker" "inspect" "e1052876408d360cc7997312f31378544905b5e1c2aaac1a01267c9d1f6979ad", kill_on_drop: false }`
[INFO] running `Command { std: "docker" "exec" "-e" "SOURCE_DIR=/opt/rustwide/workdir" "-e" "CARGO_HOME=/opt/rustwide/cargo-home" "-e" "RUSTUP_HOME=/opt/rustwide/rustup-home" "-e" "CARGO_TARGET_DIR=/opt/rustwide/target" "-e" "CARGO_INCREMENTAL=0" "-e" "RUST_BACKTRACE=full" "-e" "RUSTFLAGS=--cap-lints=warn" "-e" "RUSTDOCFLAGS=--cap-lints=warn" "-w" "/opt/rustwide/workdir" "--user" "0:0" "e1052876408d360cc7997312f31378544905b5e1c2aaac1a01267c9d1f6979ad" "/opt/rustwide/cargo-home/bin/cargo" "+1.100.0-beta.1" "test" "--frozen" "--no-run" "--message-format=json" "--release", kill_on_drop: false }`
[INFO] [stderr] warning: `package.homepage` is redundant with `package.repository`
[INFO] [stderr]   --> Cargo.toml:66:12
[INFO] [stderr]    |
[INFO] [stderr] 66 | homepage = "https://github.com/aussierobots/turul-a2a"
[INFO] [stderr]    |            ^^^^^^^^^^^^^^^^^^^^^^^^^^^^^^^^^^^^^^^^^^^
[INFO] [stderr] ...
[INFO] [stderr] 71 | repository = "https://github.com/aussierobots/turul-a2a"
[INFO] [stderr]    |              -------------------------------------------
[INFO] [stderr]    |
[INFO] [stderr]    = note: `cargo::redundant_homepage` is set to `warn` by default
[INFO] [stderr] help: consider removing `package.homepage`
[INFO] [stderr] warning: `turul-a2a-proto` (manifest) generated 1 warning
[INFO] [stderr]    Compiling turul-a2a-proto v0.1.32 (/opt/rustwide/workdir)
[INFO] [stderr] warning: unused dependency `prost-types`
[INFO] [stderr]   --> Cargo.toml:30:15
[INFO] [stderr]    |
[INFO] [stderr] 30 | [dependencies.prost-types]
[INFO] [stderr]    |               ^^^^^^^^^^^^
[INFO] [stderr]    |
[INFO] [stderr]    = note: `cargo::unused_dependencies` is set to `warn` by default
[INFO] [stderr] help: consider removing the dependency on `prost-types`
[INFO] [stderr] warning: `turul-a2a-proto` (manifest) generated 1 warning
[INFO] [stderr]     Finished `release` profile [optimized] target(s) in 6.38s
[INFO] running `Command { std: "docker" "inspect" "e1052876408d360cc7997312f31378544905b5e1c2aaac1a01267c9d1f6979ad", kill_on_drop: false }`
[INFO] running `Command { std: "docker" "exec" "-e" "SOURCE_DIR=/opt/rustwide/workdir" "-e" "CARGO_HOME=/opt/rustwide/cargo-home" "-e" "RUSTUP_HOME=/opt/rustwide/rustup-home" "-e" "CARGO_TARGET_DIR=/opt/rustwide/target" "-e" "CARGO_INCREMENTAL=0" "-e" "RUST_BACKTRACE=full" "-e" "RUSTFLAGS=--cap-lints=warn" "-e" "RUSTDOCFLAGS=--cap-lints=warn" "-w" "/opt/rustwide/workdir" "--user" "0:0" "e1052876408d360cc7997312f31378544905b5e1c2aaac1a01267c9d1f6979ad" "/opt/rustwide/cargo-home/bin/cargo" "+1.100.0-beta.1" "test" "--frozen" "--release", kill_on_drop: false }`
[INFO] [stderr] warning: `package.homepage` is redundant with `package.repository`
[INFO] [stderr]   --> Cargo.toml:66:12
[INFO] [stderr]    |
[INFO] [stderr] 66 | homepage = "https://github.com/aussierobots/turul-a2a"
[INFO] [stderr]    |            ^^^^^^^^^^^^^^^^^^^^^^^^^^^^^^^^^^^^^^^^^^^
[INFO] [stderr] ...
[INFO] [stderr] 71 | repository = "https://github.com/aussierobots/turul-a2a"
[INFO] [stderr]    |              -------------------------------------------
[INFO] [stderr]    |
[INFO] [stderr]    = note: `cargo::redundant_homepage` is set to `warn` by default
[INFO] [stderr] help: consider removing `package.homepage`
[INFO] [stderr] warning: `turul-a2a-proto` (manifest) generated 1 warning
[INFO] [stderr] warning: unused dependency `prost-types`
[INFO] [stderr]   --> Cargo.toml:30:15
[INFO] [stderr]    |
[INFO] [stderr] 30 | [dependencies.prost-types]
[INFO] [stderr]    |               ^^^^^^^^^^^^
[INFO] [stderr]    |
[INFO] [stderr]    = note: `cargo::unused_dependencies` is set to `warn` by default
[INFO] [stderr] help: consider removing the dependency on `prost-types`
[INFO] [stderr] warning: `turul-a2a-proto` (manifest) generated 1 warning
[INFO] [stderr]     Finished `release` profile [optimized] target(s) in 0.11s
[INFO] [stderr]      Running unittests src/lib.rs (/opt/rustwide/target/release/build/turul-a2a-proto/32b588538c684b0d/out/turul_a2a_proto-32b588538c684b0d)
[INFO] [stdout] 
[INFO] [stdout] running 26 tests
[INFO] [stdout] test tests::list_tasks_response_json_has_required_fields ... ok
[INFO] [stdout] test tests::all_task_states_serialize_correctly ... ok
[INFO] [stdout] test tests::json_round_trip_task ... ok
[INFO] [stdout] test tests::part_oneof_has_four_content_variants ... ok
[INFO] [stdout] test tests::part_url_json_structure ... ok
[INFO] [stdout] test tests::proto_required_annotations_present ... FAILED
[INFO] [stdout] test tests::security_scheme_oneof_has_five_variants ... ok
[INFO] [stdout] test tests::part_text_json_structure ... ok
[INFO] [stdout] test tests::agent_card_has_required_fields ... ok
[INFO] [stdout] test tests::agent_card_json_has_default_modes ... ok
[INFO] [stdout] test tests::role_has_three_variants ... ok
[INFO] [stdout] test tests::message_has_required_fields ... ok
[INFO] [stdout] test tests::send_message_response_is_oneof ... ok
[INFO] [stdout] test tests::list_tasks_response_has_required_fields ... ok
[INFO] [stdout] test tests::stream_response_has_four_variants ... ok
[INFO] [stdout] test tests::send_message_request_json_has_tenant ... ok
[INFO] [stdout] test tests::task_artifact_update_event_has_append_and_last_chunk ... ok
[INFO] [stdout] test tests::task_artifact_update_event_json_has_chunk_fields ... ok
[INFO] [stdout] test tests::send_message_request_has_tenant_field ... ok
[INFO] [stdout] test tests::task_status_message_is_message_type ... ok
[INFO] [stdout] test tests::task_state_serializes_as_string ... ok
[INFO] [stdout] test tests::task_has_required_fields ... ok
[INFO] [stdout] test tests::task_json_uses_camel_case_field_names ... ok
[INFO] [stdout] test tests::task_state_has_nine_variants ... ok
[INFO] [stdout] test tests::task_status_message_serializes_as_object ... ok
[INFO] [stdout] test tests::part_raw_json_is_base64 ... ok
[INFO] [stdout] 
[INFO] [stdout] failures:
[INFO] [stdout] 
[INFO] [stdout] ---- tests::proto_required_annotations_present stdout ----
[INFO] [stdout] 
[INFO] [stdout] thread 'tests::proto_required_annotations_present' (617) panicked at src/lib.rs:385:10:
[INFO] [stdout] should read a2a.proto: Os { code: 2, kind: NotFound, message: "No such file or directory" }
[INFO] [stdout] stack backtrace:
[INFO] [stdout]    0:     0x5d4bc3e8ff21 - <<std[617be2ca0a6fd877]::sys::backtrace::BacktraceLock>::print::DisplayBacktrace as core[a373ad73a504971]::fmt::Display>::fmt
[INFO] [stdout]    1:     0x5d4bc3ea495a - core[a373ad73a504971]::fmt::write
[INFO] [stdout]    2:     0x5d4bc3e9413c - <alloc[2e1b2a31b91974c5]::vec::Vec<u8> as core[a373ad73a504971]::io::write::Write>::write_fmt
[INFO] [stdout]    3:     0x5d4bc3e6c026 - std[617be2ca0a6fd877]::panicking::default_hook::{closure#0}
[INFO] [stdout]    4:     0x5d4bc3e88259 - std[617be2ca0a6fd877]::panicking::default_hook
[INFO] [stdout]    5:     0x5d4bc3e214e0 - test[aada8e7e76ba119b]::test_main_inner::{closure#0}
[INFO] [stdout]    6:     0x5d4bc3e88412 - std[617be2ca0a6fd877]::panicking::panic_with_hook
[INFO] [stdout]    7:     0x5d4bc3e6c0d2 - std[617be2ca0a6fd877]::panicking::panic_handler::{closure#0}
[INFO] [stdout]    8:     0x5d4bc3e64c59 - std[617be2ca0a6fd877]::sys::backtrace::__rust_end_short_backtrace::<std[617be2ca0a6fd877]::panicking::panic_handler::{closure#0}, !>
[INFO] [stdout]    9:     0x5d4bc3e6ccdd - __rustc[ea4f61d10b84890b]::rust_begin_unwind
[INFO] [stdout]   10:     0x5d4bc3ea508c - core[a373ad73a504971]::panicking::panic_fmt
[INFO] [stdout]   11:     0x5d4bc3ea4e62 - core[a373ad73a504971]::result::unwrap_failed
[INFO] [stdout]   12:     0x5d4bc3df61aa - <turul_a2a_proto[d8bfffd8e6ecdd09]::tests::proto_required_annotations_present::{closure#0} as core[a373ad73a504971]::ops::function::FnOnce<()>>::call_once
[INFO] [stdout]   13:     0x5d4bc3e1492b - test[aada8e7e76ba119b]::__rust_begin_short_backtrace::<core[a373ad73a504971]::result::Result<(), alloc[2e1b2a31b91974c5]::string::String>, fn() -> core[a373ad73a504971]::result::Result<(), alloc[2e1b2a31b91974c5]::string::String>>
[INFO] [stdout]   14:     0x5d4bc3e21b05 - test[aada8e7e76ba119b]::run_test::{closure#0}
[INFO] [stdout]   15:     0x5d4bc3e1b3f4 - std[617be2ca0a6fd877]::sys::backtrace::__rust_begin_short_backtrace::<test[aada8e7e76ba119b]::run_test::{closure#1}, ()>
[INFO] [stdout]   16:     0x5d4bc3e24b92 - <std[617be2ca0a6fd877]::thread::lifecycle::spawn_unchecked<test[aada8e7e76ba119b]::run_test::{closure#1}, ()>::{closure#1} as core[a373ad73a504971]::ops::function::FnOnce<()>>::call_once::{shim:vtable#0}
[INFO] [stdout]   17:     0x5d4bc3e8f41f - <std[617be2ca0a6fd877]::sys::thread::unix::Thread>::new::thread_start
[INFO] [stdout]   18:     0x73380729fdfa - <unknown>
[INFO] [stdout]   19:     0x7338073333d4 - clone
[INFO] [stdout]   20:                0x0 - <unknown>
[INFO] [stdout] 
[INFO] [stdout] 
[INFO] [stdout] failures:
[INFO] [stdout]     tests::proto_required_annotations_present
[INFO] [stdout] 
[INFO] [stdout] test result: FAILED. 25 passed; 1 failed; 0 ignored; 0 measured; 0 filtered out; finished in 0.03s
[INFO] [stdout] 
[INFO] [stderr] error: test failed, to rerun pass `--lib`
[INFO] running `Command { std: "docker" "inspect" "e1052876408d360cc7997312f31378544905b5e1c2aaac1a01267c9d1f6979ad", kill_on_drop: false }`
[INFO] running `Command { std: "docker" "rm" "-f" "e1052876408d360cc7997312f31378544905b5e1c2aaac1a01267c9d1f6979ad", kill_on_drop: false }`
[INFO] [stdout] e1052876408d360cc7997312f31378544905b5e1c2aaac1a01267c9d1f6979ad
