[INFO] fetching crate turmoil 0.7.2...
[INFO] testing turmoil-0.7.2 against 1.99.0-beta.8+cargoflags=--release for beta-release-1.100-2
[INFO] extracting crate turmoil 0.7.2 into /workspace/builds/worker-3-tc1/source
[INFO] removed /workspace/builds/worker-3-tc1/source/.cargo/config.toml
[INFO] started tweaking crates.io crate turmoil 0.7.2
[INFO] removed 0 missing tests
[INFO] finished tweaking crates.io crate turmoil 0.7.2
[INFO] tweaked toml for crates.io crate turmoil 0.7.2 written to /workspace/builds/worker-3-tc1/source/Cargo.toml
[INFO] validating manifest of crates.io crate turmoil 0.7.2 on toolchain 1.99.0-beta.8
[INFO] running `Command { std: CARGO_HOME="/workspace/cargo-home" RUSTUP_HOME="/workspace/rustup-home" "/workspace/cargo-home/bin/cargo" "+1.99.0-beta.8" "metadata" "--manifest-path" "Cargo.toml" "--no-deps", kill_on_drop: false }`
[INFO] crate crates.io crate turmoil 0.7.2 already has a lockfile, it will not be regenerated
[INFO] running `Command { std: CARGO_HOME="/workspace/cargo-home" RUSTUP_HOME="/workspace/rustup-home" "/workspace/cargo-home/bin/cargo" "+1.99.0-beta.8" "fetch" "--manifest-path" "Cargo.toml", kill_on_drop: false }`
[INFO] [stderr]  Downloading crates ...
[INFO] [stderr]   Downloaded io-uring v0.7.10
[INFO] [stderr]   Downloaded futures-core v0.3.29
[INFO] [stderr]   Downloaded wit-bindgen v0.45.0
[INFO] [stderr]   Downloaded wasi v0.14.3+wasi-0.2.4
[INFO] [stderr]   Downloaded tokio-test v0.4.3
[INFO] running `Command { std: "docker" "create" "-v" "/var/lib/crater-agent-workspace/builds/worker-3-tc1/source:/opt/rustwide/workdir:ro,Z" "-v" "/var/lib/crater-agent-workspace/builds/worker-3-tc1/target:/opt/rustwide/target:rw,Z" "-v" "/var/lib/crater-agent-workspace/cargo-home:/opt/rustwide/cargo-home:ro,Z" "-v" "/var/lib/crater-agent-workspace/rustup-home:/opt/rustwide/rustup-home:ro,Z" "-m" "1610612736" "--network" "none" "ghcr.io/rust-lang/crates-build-env/linux@sha256:77db811e55d90add9212f6832c23229e3de5f1c1f9905e8cb07319ea15df73ac" "sleep" "infinity", kill_on_drop: false }`
[INFO] [stdout] d3c222a4912e76a6d9c23ddcaec0326780edb5863982acbca3e56b5c2dd9544a
[INFO] running `Command { std: "docker" "start" "d3c222a4912e76a6d9c23ddcaec0326780edb5863982acbca3e56b5c2dd9544a", kill_on_drop: false }`
[INFO] running `Command { std: "docker" "inspect" "d3c222a4912e76a6d9c23ddcaec0326780edb5863982acbca3e56b5c2dd9544a", kill_on_drop: false }`
[INFO] running `Command { std: "docker" "exec" "-e" "SOURCE_DIR=/opt/rustwide/workdir" "-e" "CARGO_HOME=/opt/rustwide/cargo-home" "-e" "RUSTUP_HOME=/opt/rustwide/rustup-home" "-e" "CARGO_TARGET_DIR=/opt/rustwide/target" "-w" "/opt/rustwide/workdir" "--user" "0:0" "d3c222a4912e76a6d9c23ddcaec0326780edb5863982acbca3e56b5c2dd9544a" "/opt/rustwide/cargo-home/bin/cargo" "+1.99.0-beta.8" "metadata" "--no-deps" "--format-version=1", kill_on_drop: false }`
[INFO] running `Command { std: "docker" "inspect" "d3c222a4912e76a6d9c23ddcaec0326780edb5863982acbca3e56b5c2dd9544a", kill_on_drop: false }`
[INFO] running `Command { std: "docker" "exec" "-e" "SOURCE_DIR=/opt/rustwide/workdir" "-e" "CARGO_HOME=/opt/rustwide/cargo-home" "-e" "RUSTUP_HOME=/opt/rustwide/rustup-home" "-e" "CARGO_TARGET_DIR=/opt/rustwide/target" "-e" "CARGO_INCREMENTAL=0" "-e" "RUST_BACKTRACE=full" "-e" "RUSTFLAGS=--cap-lints=warn" "-e" "RUSTDOCFLAGS=--cap-lints=warn" "-w" "/opt/rustwide/workdir" "--user" "0:0" "d3c222a4912e76a6d9c23ddcaec0326780edb5863982acbca3e56b5c2dd9544a" "/opt/rustwide/cargo-home/bin/cargo" "+1.99.0-beta.8" "build" "--frozen" "--message-format=json" "--release", kill_on_drop: false }`
[INFO] [stderr]    Compiling libc v0.2.175
[INFO] [stderr]    Compiling proc-macro2 v1.0.86
[INFO] [stderr]    Compiling unicode-ident v1.0.12
[INFO] [stderr]    Compiling getrandom v0.3.3
[INFO] [stderr]    Compiling libm v0.2.8
[INFO] [stderr]    Compiling ppv-lite86 v0.2.17
[INFO] [stderr]    Compiling bytes v1.7.2
[INFO] [stderr]    Compiling scoped-tls v1.0.1
[INFO] [stderr]    Compiling num-traits v0.2.17
[INFO] [stderr]    Compiling quote v1.0.37
[INFO] [stderr]    Compiling socket2 v0.6.0
[INFO] [stderr]    Compiling mio v1.0.4
[INFO] [stderr]    Compiling signal-hook-registry v1.4.1
[INFO] [stderr]    Compiling syn v2.0.87
[INFO] [stderr]    Compiling rand_core v0.9.3
[INFO] [stderr]    Compiling rand_chacha v0.9.0
[INFO] [stderr]    Compiling rand v0.9.2
[INFO] [stderr]    Compiling rand_distr v0.5.1
[INFO] [stderr]    Compiling tracing-attributes v0.1.27
[INFO] [stderr]    Compiling tokio-macros v2.5.0
[INFO] [stderr]    Compiling tokio v1.47.1
[INFO] [stderr]    Compiling tracing v0.1.40
[INFO] [stderr]    Compiling turmoil v0.7.2 (/opt/rustwide/workdir)
[INFO] [stdout] warning: use of deprecated method `std::sync::atomic::Atomic::<usize>::fetch_update`: renamed to `try_update` for consistency
[INFO] [stdout]    --> src/net/tcp/stream.rs:506:14
[INFO] [stdout]     |
[INFO] [stdout] 506 |             .fetch_update(Ordering::AcqRel, Ordering::Acquire, |v| v.checked_sub(1))
[INFO] [stdout]     |              ^^^^^^^^^^^^
[INFO] [stdout]     |
[INFO] [stdout]     = note: `#[warn(deprecated)]` on by default
[INFO] [stdout] help: replace the use of the deprecated method
[INFO] [stdout]     |
[INFO] [stdout] 506 -             .fetch_update(Ordering::AcqRel, Ordering::Acquire, |v| v.checked_sub(1))
[INFO] [stdout] 506 +             .try_update(Ordering::AcqRel, Ordering::Acquire, |v| v.checked_sub(1))
[INFO] [stdout]     |
[INFO] [stdout] 
[INFO] [stdout] 
[INFO] [stderr]     Finished `release` profile [optimized] target(s) in 26.71s
[INFO] running `Command { std: "docker" "inspect" "d3c222a4912e76a6d9c23ddcaec0326780edb5863982acbca3e56b5c2dd9544a", kill_on_drop: false }`
[INFO] running `Command { std: "docker" "exec" "-e" "SOURCE_DIR=/opt/rustwide/workdir" "-e" "CARGO_HOME=/opt/rustwide/cargo-home" "-e" "RUSTUP_HOME=/opt/rustwide/rustup-home" "-e" "CARGO_TARGET_DIR=/opt/rustwide/target" "-e" "CARGO_INCREMENTAL=0" "-e" "RUST_BACKTRACE=full" "-e" "RUSTFLAGS=--cap-lints=warn" "-e" "RUSTDOCFLAGS=--cap-lints=warn" "-w" "/opt/rustwide/workdir" "--user" "0:0" "d3c222a4912e76a6d9c23ddcaec0326780edb5863982acbca3e56b5c2dd9544a" "/opt/rustwide/cargo-home/bin/cargo" "+1.99.0-beta.8" "test" "--frozen" "--no-run" "--message-format=json" "--release", kill_on_drop: false }`
[INFO] [stderr]    Compiling futures-core v0.3.29
[INFO] [stderr]    Compiling memchr v2.6.4
[INFO] [stderr]    Compiling regex-syntax v0.8.2
[INFO] [stderr]    Compiling regex-syntax v0.6.29
[INFO] [stderr]    Compiling tracing-core v0.1.32
[INFO] [stderr]    Compiling test-case-core v3.3.1
[INFO] [stderr]    Compiling async-stream-impl v0.3.5
[INFO] [stderr]    Compiling doc-comment v0.3.3
[INFO] [stderr]    Compiling log v0.4.20
[INFO] [stderr]    Compiling overload v0.1.1
[INFO] [stderr]    Compiling sharded-slab v0.1.7
[INFO] [stderr]    Compiling thread_local v1.1.7
[INFO] [stderr]    Compiling smallvec v1.13.2
[INFO] [stderr]    Compiling nu-ansi-term v0.46.0
[INFO] [stderr]    Compiling tokio-stream v0.1.16
[INFO] [stderr]    Compiling async-stream v0.3.5
[INFO] [stderr]    Compiling tracing v0.1.40
[INFO] [stderr]    Compiling tracing-log v0.2.0
[INFO] [stderr]    Compiling tokio-test v0.4.3
[INFO] [stderr]    Compiling aho-corasick v1.1.2
[INFO] [stderr]    Compiling turmoil v0.7.2 (/opt/rustwide/workdir)
[INFO] [stderr]    Compiling test-case-macros v3.3.1
[INFO] [stdout] warning: use of deprecated method `std::sync::atomic::Atomic::<usize>::fetch_update`: renamed to `try_update` for consistency
[INFO] [stdout]    --> src/net/tcp/stream.rs:506:14
[INFO] [stdout]     |
[INFO] [stdout] 506 |             .fetch_update(Ordering::AcqRel, Ordering::Acquire, |v| v.checked_sub(1))
[INFO] [stdout]     |              ^^^^^^^^^^^^
[INFO] [stdout]     |
[INFO] [stdout]     = note: `#[warn(deprecated)]` on by default
[INFO] [stdout] help: replace the use of the deprecated method
[INFO] [stdout]     |
[INFO] [stdout] 506 -             .fetch_update(Ordering::AcqRel, Ordering::Acquire, |v| v.checked_sub(1))
[INFO] [stdout] 506 +             .try_update(Ordering::AcqRel, Ordering::Acquire, |v| v.checked_sub(1))
[INFO] [stdout]     |
[INFO] [stdout] 
[INFO] [stdout] 
[INFO] [stderr]    Compiling test-case v3.3.1
[INFO] [stderr]    Compiling regex-automata v0.1.10
[INFO] [stderr]    Compiling regex-automata v0.4.3
[INFO] [stderr]    Compiling matchers v0.1.0
[INFO] [stderr]    Compiling regex v1.10.2
[INFO] [stderr]    Compiling tracing-subscriber v0.3.18
[INFO] [stdout] warning: use of deprecated method `std::sync::atomic::Atomic::<usize>::fetch_update`: renamed to `try_update` for consistency
[INFO] [stdout]    --> src/net/tcp/stream.rs:506:14
[INFO] [stdout]     |
[INFO] [stdout] 506 |             .fetch_update(Ordering::AcqRel, Ordering::Acquire, |v| v.checked_sub(1))
[INFO] [stdout]     |              ^^^^^^^^^^^^
[INFO] [stdout]     |
[INFO] [stdout]     = note: `#[warn(deprecated)]` on by default
[INFO] [stdout] help: replace the use of the deprecated method
[INFO] [stdout]     |
[INFO] [stdout] 506 -             .fetch_update(Ordering::AcqRel, Ordering::Acquire, |v| v.checked_sub(1))
[INFO] [stdout] 506 +             .try_update(Ordering::AcqRel, Ordering::Acquire, |v| v.checked_sub(1))
[INFO] [stdout]     |
[INFO] [stdout] 
[INFO] [stdout] 
[INFO] [stderr]     Finished `release` profile [optimized] target(s) in 1m 54s
[INFO] running `Command { std: "docker" "inspect" "d3c222a4912e76a6d9c23ddcaec0326780edb5863982acbca3e56b5c2dd9544a", kill_on_drop: false }`
[INFO] running `Command { std: "docker" "exec" "-e" "SOURCE_DIR=/opt/rustwide/workdir" "-e" "CARGO_HOME=/opt/rustwide/cargo-home" "-e" "RUSTUP_HOME=/opt/rustwide/rustup-home" "-e" "CARGO_TARGET_DIR=/opt/rustwide/target" "-e" "CARGO_INCREMENTAL=0" "-e" "RUST_BACKTRACE=full" "-e" "RUSTFLAGS=--cap-lints=warn" "-e" "RUSTDOCFLAGS=--cap-lints=warn" "-w" "/opt/rustwide/workdir" "--user" "0:0" "d3c222a4912e76a6d9c23ddcaec0326780edb5863982acbca3e56b5c2dd9544a" "/opt/rustwide/cargo-home/bin/cargo" "+1.99.0-beta.8" "test" "--frozen" "--release", kill_on_drop: false }`
[INFO] [stderr] warning: use of deprecated method `std::sync::atomic::Atomic::<usize>::fetch_update`: renamed to `try_update` for consistency
[INFO] [stderr]    --> src/net/tcp/stream.rs:506:14
[INFO] [stderr]     |
[INFO] [stderr] 506 |             .fetch_update(Ordering::AcqRel, Ordering::Acquire, |v| v.checked_sub(1))
[INFO] [stderr]     |              ^^^^^^^^^^^^
[INFO] [stderr]     |
[INFO] [stderr]     = note: `#[warn(deprecated)]` on by default
[INFO] [stderr] help: replace the use of the deprecated method
[INFO] [stderr]     |
[INFO] [stderr] 506 -             .fetch_update(Ordering::AcqRel, Ordering::Acquire, |v| v.checked_sub(1))
[INFO] [stderr] 506 +             .try_update(Ordering::AcqRel, Ordering::Acquire, |v| v.checked_sub(1))
[INFO] [stderr]     |
[INFO] [stderr] 
[INFO] [stderr] warning: `turmoil` (lib) generated 1 warning (run `cargo fix --lib -p turmoil` to apply 1 suggestion)
[INFO] [stderr] warning: `turmoil` (lib test) generated 1 warning (1 duplicate)
[INFO] [stderr]     Finished `release` profile [optimized] target(s) in 0.12s
[INFO] [stderr]      Running unittests src/lib.rs (/opt/rustwide/target/release/deps/turmoil-ba945795a7a954bc)
[INFO] [stdout] 
[INFO] [stdout] running 30 tests
[INFO] [stdout] test sim::test::elapsed_time_across_restarts ... ok
[INFO] [stdout] test sim::test::hold_release_peers ... ok
[INFO] [stdout] test net::udp::tests::multicast_group::leaving_does_not_remove_entire_group ... ok
[INFO] [stdout] test host::test::recycle_ports ... ok
[INFO] [stdout] test net::udp::tests::multicast_group::leaving_removes_empty_groups ... ok
[INFO] [stdout] test dns::tests::parse_str ... ok
[INFO] [stdout] test net::udp::tests::multicast_group::leaving_removes_empty_group ... ok
[INFO] [stdout] test sim::test::elapsed_time_across_crashes ... ok
[INFO] [stdout] test sim::test::elapsed_time ... ok
[INFO] [stdout] test ip::tests::ip_version_v6 ... ok
[INFO] [stdout] test sim::test::crash_blocks_until_complete ... ok
[INFO] [stdout] test ip::tests::ip_version_v4 ... ok
[INFO] [stdout] test sim::test::client_error ... ok
[INFO] [stdout] test dns::tests::raw_value_parsing ... ok
[INFO] [stdout] test builder::tests::invalid_latency - should panic ... ok
[INFO] [stdout] test sim::test::host_finishes_with_error ... ok
[INFO] [stdout] test sim::test::is_host_running ... ok
[INFO] [stdout] test sim::test::manual_message_delivery ... ok
[INFO] [stdout] test sim::test::override_link_latency ... ok
[INFO] [stdout] test sim::test::restart_host_after_crash ... ok
[INFO] [stdout] test sim::test::sim_elapsed_time ... ok
[INFO] [stdout] test sim::test::partition_peers ... ok
[INFO] [stdout] test sim::test::multiple_clients_all_finish ... ok
[INFO] [stdout] test sim::test::run_after_host_crashes ... ok
[INFO] [stdout] test sim::test::since_epoch_regression ... ok
[INFO] [stdout] test top::tests::link_access_gives_useful_panic_message - should panic ... ok
[INFO] [stdout] test net::udp::tests::multicast_group::joining_does_not_produce_duplicate_addresses ... ok
[INFO] [stdout] test sim::test::timeout ... ok
[INFO] [stdout] test sim::test::partition_peers_oneway ... ok
[INFO] [stdout] test sim::test::partition_peers_oneway_many_cases ... ok
[INFO] [stdout] 
[INFO] [stdout] test result: ok. 30 passed; 0 failed; 0 ignored; 0 measured; 0 filtered out; finished in 0.03s
[INFO] [stdout] 
[INFO] [stderr]      Running tests/async_send_sync.rs (/opt/rustwide/target/release/deps/async_send_sync-0e734d3e80b22a88)
[INFO] [stdout] 
[INFO] [stdout] running 0 tests
[INFO] [stdout] 
[INFO] [stdout] test result: ok. 0 passed; 0 failed; 0 ignored; 0 measured; 0 filtered out; finished in 0.00s
[INFO] [stdout] 
[INFO] [stderr]      Running tests/barriers.rs (/opt/rustwide/target/release/deps/barriers-2239303f01784aed)
[INFO] [stdout] 
[INFO] [stdout] running 0 tests
[INFO] [stdout] 
[INFO] [stderr]      Running tests/dns.rs (/opt/rustwide/target/release/deps/dns-a04c1a9f9ebeedd6)
[INFO] [stdout] test result: ok. 0 passed; 0 failed; 0 ignored; 0 measured; 0 filtered out; finished in 0.00s
[INFO] [stdout] 
[INFO] [stdout] 
[INFO] [stdout] running 1 test
[INFO] [stdout] [2m2026-10-18T19:17:53.505004Z[0m [32m INFO[0m [2mturmoil[0m[2m:[0m New [3mnodename[0m[2m=[0m"192.168.42.42" [3maddr[0m[2m=[0m192.168.42.42
[INFO] [stdout] test tracing_subscriber_does_not_crash_direct_binds ... ok
[INFO] [stdout] 
[INFO] [stdout] test result: ok. 1 passed; 0 failed; 0 ignored; 0 measured; 0 filtered out; finished in 0.00s
[INFO] [stdout] 
[INFO] [stderr]      Running tests/fs/main.rs (/opt/rustwide/target/release/deps/fs-d4dd2dc5d1953b20)
[INFO] [stdout] 
[INFO] [stdout] running 0 tests
[INFO] [stdout] 
[INFO] [stdout] test result: ok. 0 passed; 0 failed; 0 ignored; 0 measured; 0 filtered out; finished in 0.00s
[INFO] [stdout] 
[INFO] [stderr]      Running tests/net/main.rs (/opt/rustwide/target/release/deps/net-0a884594e690884d)
[INFO] [stdout] 
[INFO] [stdout] running 96 tests
[INFO] [stdout] test tcp::bind_ipv4_socket ... ok
[INFO] [stdout] test tcp::bind_addr_in_use ... ok
[INFO] [stdout] test lookup_host ... ok
[INFO] [stdout] test tcp::drop_listener_with_non_empty_queue ... ok
[INFO] [stdout] test tcp::close_with_unread_data_sends_rst ... ok
[INFO] [stdout] test tcp::drop_listener ... ok
[INFO] [stdout] test tcp::localhost_ping_pong ... ok
[INFO] [stdout] test tcp::ipv6_connectivity ... ok
[INFO] [stdout] test tcp::loopback_delivery ... ok
[INFO] [stdout] test tcp::ephemeral_port ... ok
[INFO] [stdout] test tcp::bind_ipv6_socket ... ok
[INFO] [stdout] test tcp::loopback_localhost_public_v4 ... ok
[INFO] [stdout] test tcp::loopback_localhost_public_v6 ... ok
[INFO] [stdout] test tcp::accept_front_of_line_blocking ... ok
[INFO] [stdout] test tcp::loopback_to_localhost_v6 ... ok
[INFO] [stdout] test tcp::loopback_to_wildcard_v4 ... ok
[INFO] [stdout] test tcp::loopback_wildcard_public_v4 ... ok
[INFO] [stdout] test tcp::loopback_to_wildcard_v6 ... ok
[INFO] [stdout] test tcp::loopback_wildcard_public_v6 ... ok
[INFO] [stdout] test tcp::n_responses ... ok
[INFO] [stdout] test tcp::loopback_to_localhost_v4 ... ok
[INFO] [stdout] test tcp::non_zero_bind ... ok
[INFO] [stdout] test tcp::hangup ... ok
[INFO] [stdout] test tcp::bind_ipv4_version_missmatch - should panic ... ok
[INFO] [stdout] test tcp::peek_empty_buffer ... ok
[INFO] [stdout] test tcp::bind_ipv6_version_missmatch - should panic ... ok
[INFO] [stdout] test tcp::peek_partial ... ok
[INFO] [stdout] test tcp::hold_and_release_once_connected ... ok
[INFO] [stdout] test tcp::network_partition_once_connected ... ok
[INFO] [stdout] test tcp::network_partition_oneway_drops_inflight_messages ... ok
[INFO] [stdout] test tcp::network_partitions_during_connect ... ok
[INFO] [stdout] test tcp::peek_then_read ... ok
[INFO] [stdout] test tcp::read_buf_smaller_than_msg ... ok
[INFO] [stdout] test tcp::read_with_empty_buffer ... ok
[INFO] [stdout] test tcp::recycle_server_socket_bind ... ok
[INFO] [stdout] test tcp::remote_to_localhost_refused ... ok
[INFO] [stdout] test tcp::send_upon_accept ... ok
[INFO] [stdout] test tcp::exhaust_ephemeral_ports - should panic ... FAILED
[INFO] [stdout] test tcp::accept_front_of_line_dropped ... ok
[INFO] [stdout] test tcp::peek_multiple_messages ... ok
[INFO] [stdout] test tcp::client_hangup_on_connect ... ok
[INFO] [stdout] test tcp::server_concurrency ... ok
[INFO] [stdout] test tcp::remote_dropped ... ok
[INFO] [stdout] test tcp::release_bind_on_drop ... ok
[INFO] [stdout] test tcp::network_partition_drops_inflight_messages ... ok
[INFO] [stdout] test tcp::socket_to_nonexistent_node ... ok
[INFO] [stdout] test tcp::socket_capacity - should panic ... ok
[INFO] [stdout] test tcp::split ... ok
[INFO] [stdout] test tcp::tcp_backpressure_on_loopback ... ok
[INFO] [stdout] test tcp::network_hold_holds_inflight_messages ... ok
[INFO] [stdout] test tcp::tcp_backpressure_with_oneway_partition ... ok
[INFO] [stdout] test tcp::tcp_receiver_buffer_full_backpressures ... ok
[INFO] [stdout] test tcp::tcp_write_backpressure_on_hold ... ok
[INFO] [stdout] test tcp::tcp_try_write_returns_would_block_when_full ... ok
[INFO] [stdout] test tcp::tcp_write_succeeds_on_healthy_link ... ok
[INFO] [stdout] test tcp::write_zero_bytes ... ok
[INFO] [stdout] test udp::bind_addr_in_use ... ok
[INFO] [stdout] test tcp::try_write ... ok
[INFO] [stdout] test udp::bind_ipv4_version_missmatch - should panic ... ok
[INFO] [stdout] test udp::bind_ipv6_socket ... ok
[INFO] [stdout] test udp::bind_ipv6_version_missmatch - should panic ... ok
[INFO] [stdout] test udp::bind_ipv4_socket ... ok
[INFO] [stdout] test udp::ipv6_connectivity ... ok
[INFO] [stdout] test udp::loopback_delivery ... ok
[INFO] [stdout] test udp::localhost_ping_pong ... ok
[INFO] [stdout] test udp::loopback_localhost_public_v4 ... ok
[INFO] [stdout] test udp::loopback_to_localhost_v4 ... ok
[INFO] [stdout] test udp::loopback_to_localhost_v6 ... ok
[INFO] [stdout] test udp::bounce ... ok
[INFO] [stdout] test udp::loopback_to_wildcard_v4 ... ok
[INFO] [stdout] test udp::loopback_wildcard_public_v6 ... ok
[INFO] [stdout] test udp::loopback_localhost_public_v6 ... ok
[INFO] [stdout] test udp::loopback_to_wildcard_v6 ... ok
[INFO] [stdout] test udp::non_zero_ipv4_bind ... ok
[INFO] [stdout] test udp::ping_pong ... ok
[INFO] [stdout] test udp::loopback_wildcard_public_v4 ... ok
[INFO] [stdout] test tcp::shutdown_write ... ok
[INFO] [stdout] test udp::recv_buf_is_clipped ... ok
[INFO] [stdout] test udp::ephemeral_port ... ok
[INFO] [stdout] test udp::try_recv_connected ... ok
[INFO] [stdout] test udp::try_ping_pong ... ok
[INFO] [stdout] test udp::bulk_transfer ... ok
[INFO] [stdout] test udp::try_recv_not_connected ... ok
[INFO] [stdout] test udp::network_partition ... ok
[INFO] [stdout] test udp::hold_and_release ... ok
[INFO] [stdout] test udp::socket_capacity ... ok
[INFO] [stdout] test udp::socket_to_nonexistent_node ... ok
[INFO] [stdout] test udp::remote_to_localhost_dropped ... ok
[INFO] [stdout] test udp::udp_ipv4_multicast ... ok
[INFO] [stdout] test udp::udp_ipv6_multicast ... ok
[INFO] [stdout] test udp::udp_ipv4_broadcast ... ok
[INFO] [stdout] test udp::udp_ipv4_multicast_loop ... ok
[INFO] [stdout] test udp::udp_ipv6_multicast_loop ... ok
[INFO] [stdout] test udp::try_recv_connected_wrong_host ... ok
[INFO] [stdout] test tcp::ephemeral_port_does_not_leak_on_client_shutdown ... ok
[INFO] [stdout] test tcp::ephemeral_port_does_not_leak_on_server_shutdown ... ok
[INFO] [stdout] 
[INFO] [stdout] failures:
[INFO] [stdout] 
[INFO] [stdout] ---- tcp::exhaust_ephemeral_ports stdout ----
[INFO] [stdout] 
[INFO] [stdout] thread 'tcp::exhaust_ephemeral_ports' (1551) panicked at src/host.rs:116:9:
[INFO] [stdout] Host: 'localhost' ports exhausted
[INFO] [stdout] stack backtrace:
[INFO] [stdout]    0:     0x612714bd3b01 - <<std[70759c8f55707aa4]::sys::backtrace::BacktraceLock>::print::DisplayBacktrace as core[df12db4294e9bfd3]::fmt::Display>::fmt
[INFO] [stdout]    1:     0x612714be922a - core[df12db4294e9bfd3]::fmt::write
[INFO] [stdout]    2:     0x612714bd823c - <alloc[2182bb758b4b3781]::vec::Vec<u8> as core[df12db4294e9bfd3]::io::write::Write>::write_fmt
[INFO] [stdout]    3:     0x612714baf7a6 - std[70759c8f55707aa4]::panicking::default_hook::{closure#0}
[INFO] [stdout]    4:     0x612714bcbe39 - std[70759c8f55707aa4]::panicking::default_hook
[INFO] [stdout]    5:     0x612714b0cf60 - test[9d35eded1c95d3be]::test_main_inner::<test[9d35eded1c95d3be]::test_main_static::{closure#0}>::{closure#0}
[INFO] [stdout]    6:     0x612714bcc162 - std[70759c8f55707aa4]::panicking::panic_with_hook
[INFO] [stdout]    7:     0x612714baf852 - std[70759c8f55707aa4]::panicking::panic_handler::{closure#0}
[INFO] [stdout]    8:     0x612714ba85a9 - std[70759c8f55707aa4]::sys::backtrace::__rust_end_short_backtrace::<std[70759c8f55707aa4]::panicking::panic_handler::{closure#0}, !>
[INFO] [stdout]    9:     0x612714bb044d - __rustc[8fa7c3cbc660c2b3]::rust_begin_unwind
[INFO] [stdout]   10:     0x612714be998c - core[df12db4294e9bfd3]::panicking::panic_fmt
[INFO] [stdout]   11:     0x612714b5a5e7 - <turmoil[30570c8b186f4c4c]::host::Host>::assign_ephemeral_port
[INFO] [stdout]   12:     0x612714a7e0e2 - <scoped_tls[2bf50db2204e9055]::ScopedKey<core[df12db4294e9bfd3]::cell::RefCell<turmoil[30570c8b186f4c4c]::world::World>>>::with::<<turmoil[30570c8b186f4c4c]::world::World>::current<core[df12db4294e9bfd3]::result::Result<(turmoil[30570c8b186f4c4c]::net::SocketPair, tokio[c176289a86bd1d7]::sync::mpsc::bounded::Receiver<turmoil[30570c8b186f4c4c]::host::SequencedSegment>, turmoil[30570c8b186f4c4c]::net::tcp::stream::BidiFlowControl), core[df12db4294e9bfd3]::io::error::Error>, <turmoil[30570c8b186f4c4c]::net::tcp::stream::TcpStream>::connect<&str>::{closure#0}::{closure#0}>::{closure#0}, core[df12db4294e9bfd3]::result::Result<(turmoil[30570c8b186f4c4c]::net::SocketPair, tokio[c176289a86bd1d7]::sync::mpsc::bounded::Receiver<turmoil[30570c8b186f4c4c]::host::SequencedSegment>, turmoil[30570c8b186f4c4c]::net::tcp::stream::BidiFlowControl), core[df12db4294e9bfd3]::io::error::Error>>
[INFO] [stdout]   13:     0x612714917641 - <turmoil[30570c8b186f4c4c]::net::tcp::stream::TcpStream>::connect::<&str>::{closure#0}
[INFO] [stdout]   14:     0x61271492a591 - net[e8a7ec311cafbdc1]::tcp::exhaust_ephemeral_ports::{closure#0}
[INFO] [stdout]   15:     0x61271495fdd4 - <tokio[c176289a86bd1d7]::runtime::task::core::Core<net[e8a7ec311cafbdc1]::tcp::exhaust_ephemeral_ports::{closure#0}, alloc[2182bb758b4b3781]::sync::Arc<tokio[c176289a86bd1d7]::task::local::Shared>>>::poll
[INFO] [stdout]   16:     0x612714826347 - <tokio[c176289a86bd1d7]::runtime::task::harness::Harness<net[e8a7ec311cafbdc1]::tcp::exhaust_ephemeral_ports::{closure#0}, alloc[2182bb758b4b3781]::sync::Arc<tokio[c176289a86bd1d7]::task::local::Shared>>>::poll
[INFO] [stdout]   17:     0x612714b79c03 - <tokio[c176289a86bd1d7]::task::local::LocalSet>::tick
[INFO] [stdout]   18:     0x612714b5374a - <std[70759c8f55707aa4]::thread::local::LocalKey<tokio[c176289a86bd1d7]::task::local::LocalData>>::with::<<tokio[c176289a86bd1d7]::task::local::LocalSet>::with<core[df12db4294e9bfd3]::task::poll::Poll<()>, <tokio[c176289a86bd1d7]::task::local::RunUntil<<turmoil[30570c8b186f4c4c]::rt::Rt>::tick::{closure#0}::{closure#0}> as core[df12db4294e9bfd3]::future::future::Future>::poll::{closure#0}>::{closure#0}, core[df12db4294e9bfd3]::task::poll::Poll<()>>
[INFO] [stdout]   19:     0x612714b68764 - <turmoil[30570c8b186f4c4c]::rt::Rt>::tick::{closure#0}
[INFO] [stdout]   20:     0x612714b5ea81 - <tokio[c176289a86bd1d7]::runtime::scheduler::current_thread::Context>::enter::<core[df12db4294e9bfd3]::task::poll::Poll<()>, <tokio[c176289a86bd1d7]::runtime::scheduler::current_thread::CoreGuard>::block_on<core[df12db4294e9bfd3]::pin::Pin<&mut <turmoil[30570c8b186f4c4c]::rt::Rt>::tick::{closure#0}>>::{closure#0}::{closure#0}>
[INFO] [stdout]   21:     0x612714b6519c - <tokio[c176289a86bd1d7]::runtime::context::scoped::Scoped<tokio[c176289a86bd1d7]::runtime::scheduler::Context>>::set::<<tokio[c176289a86bd1d7]::runtime::scheduler::current_thread::CoreGuard>::enter<<tokio[c176289a86bd1d7]::runtime::scheduler::current_thread::CoreGuard>::block_on<core[df12db4294e9bfd3]::pin::Pin<&mut <turmoil[30570c8b186f4c4c]::rt::Rt>::tick::{closure#0}>>::{closure#0}, core[df12db4294e9bfd3]::option::Option<()>>::{closure#0}, (alloc[2182bb758b4b3781]::boxed::Box<tokio[c176289a86bd1d7]::runtime::scheduler::current_thread::Core>, core[df12db4294e9bfd3]::option::Option<()>)>
[INFO] [stdout]   22:     0x612714b5f6c3 - <tokio[c176289a86bd1d7]::runtime::scheduler::current_thread::CoreGuard>::block_on::<core[df12db4294e9bfd3]::pin::Pin<&mut <turmoil[30570c8b186f4c4c]::rt::Rt>::tick::{closure#0}>>
[INFO] [stdout]   23:     0x612714b66956 - tokio[c176289a86bd1d7]::runtime::context::runtime::enter_runtime::<<tokio[c176289a86bd1d7]::runtime::scheduler::current_thread::CurrentThread>::block_on<<turmoil[30570c8b186f4c4c]::rt::Rt>::tick::{closure#0}>::{closure#0}, ()>
[INFO] [stdout]   24:     0x612714b64661 - <tokio[c176289a86bd1d7]::runtime::runtime::Runtime>::block_on::<<turmoil[30570c8b186f4c4c]::rt::Rt>::tick::{closure#0}>
[INFO] [stdout]   25:     0x612714b41e28 - <turmoil[30570c8b186f4c4c]::rt::Rt>::tick
[INFO] [stdout]   26:     0x612714b51d3c - <turmoil[30570c8b186f4c4c]::sim::Sim>::step
[INFO] [stdout]   27:     0x612714b51749 - <turmoil[30570c8b186f4c4c]::sim::Sim>::run
[INFO] [stdout]   28:     0x612714aa909c - <net[e8a7ec311cafbdc1]::tcp::exhaust_ephemeral_ports::{closure#0} as core[df12db4294e9bfd3]::ops::function::FnOnce<()>>::call_once
[INFO] [stdout]   29:     0x612714b0024b - test[9d35eded1c95d3be]::__rust_begin_short_backtrace::<core[df12db4294e9bfd3]::result::Result<(), alloc[2182bb758b4b3781]::string::String>, fn() -> core[df12db4294e9bfd3]::result::Result<(), alloc[2182bb758b4b3781]::string::String>>
[INFO] [stdout]   30:     0x612714b0d8b5 - test[9d35eded1c95d3be]::run_test::{closure#0}
[INFO] [stdout]   31:     0x612714b07174 - std[70759c8f55707aa4]::sys::backtrace::__rust_begin_short_backtrace::<test[9d35eded1c95d3be]::run_test::{closure#1}, ()>
[INFO] [stdout]   32:     0x612714b10a12 - <std[70759c8f55707aa4]::thread::lifecycle::spawn_unchecked<test[9d35eded1c95d3be]::run_test::{closure#1}, ()>::{closure#1} as core[df12db4294e9bfd3]::ops::function::FnOnce<()>>::call_once::{shim:vtable#0}
[INFO] [stdout]   33:     0x612714bd3399 - <std[70759c8f55707aa4]::sys::thread::unix::Thread>::new::thread_start
[INFO] [stdout]   34:     0x72fcf6feedfa - <unknown>
[INFO] [stdout]   35:     0x72fcf70823d4 - clone
[INFO] [stdout]   36:                0x0 - <unknown>
[INFO] [stdout] note: test did not panic as expected at tests/net/tcp.rs:1347:4
[INFO] [stdout] 
[INFO] [stdout] failures:
[INFO] [stdout]     tcp::exhaust_ephemeral_ports
[INFO] [stdout] 
[INFO] [stdout] test result: FAILED. 95 passed; 1 failed; 0 ignored; 0 measured; 0 filtered out; finished in 0.29s
[INFO] [stdout] 
[INFO] [stderr] error: test failed, to rerun pass `--test net`
[INFO] running `Command { std: "docker" "inspect" "d3c222a4912e76a6d9c23ddcaec0326780edb5863982acbca3e56b5c2dd9544a", kill_on_drop: false }`
[INFO] running `Command { std: "docker" "rm" "-f" "d3c222a4912e76a6d9c23ddcaec0326780edb5863982acbca3e56b5c2dd9544a", kill_on_drop: false }`
[INFO] [stdout] d3c222a4912e76a6d9c23ddcaec0326780edb5863982acbca3e56b5c2dd9544a
