[INFO] fetching crate turboscraper 0.1.1...
[INFO] testing turboscraper-0.1.1 against 1.99.0-beta.8+cargoflags=--release for beta-release-1.100-2
[INFO] extracting crate turboscraper 0.1.1 into /workspace/builds/worker-7-tc1/source
[INFO] started tweaking crates.io crate turboscraper 0.1.1
[INFO] finished tweaking crates.io crate turboscraper 0.1.1
[INFO] tweaked toml for crates.io crate turboscraper 0.1.1 written to /workspace/builds/worker-7-tc1/source/Cargo.toml
[INFO] validating manifest of crates.io crate turboscraper 0.1.1 on toolchain 1.99.0-beta.8
[INFO] running `Command { std: CARGO_HOME="/workspace/cargo-home" RUSTUP_HOME="/workspace/rustup-home" "/workspace/cargo-home/bin/cargo" "+1.99.0-beta.8" "metadata" "--manifest-path" "Cargo.toml" "--no-deps", kill_on_drop: false }`
[INFO] crate crates.io crate turboscraper 0.1.1 already has a lockfile, it will not be regenerated
[INFO] running `Command { std: CARGO_HOME="/workspace/cargo-home" RUSTUP_HOME="/workspace/rustup-home" "/workspace/cargo-home/bin/cargo" "+1.99.0-beta.8" "fetch" "--manifest-path" "Cargo.toml", kill_on_drop: false }`
[INFO] [stderr]     Updating crates.io index
[INFO] [stderr]  Downloading crates ...
[INFO] [stderr]   Downloaded serde_json v1.0.139
[INFO] [stderr]   Downloaded servo_arc v0.4.0
[INFO] [stderr]   Downloaded dtoa v1.0.9
[INFO] [stderr]   Downloaded tempfile v3.17.1
[INFO] [stderr]   Downloaded reqwest v0.12.12
[INFO] [stderr]   Downloaded uuid v1.13.2
[INFO] [stderr]   Downloaded rdkafka v0.37.0
[INFO] [stderr]   Downloaded winnow v0.7.3
[INFO] [stderr]   Downloaded brotli-decompressor v4.0.2
[INFO] [stderr]   Downloaded mongodb v3.2.1
[INFO] [stderr]   Downloaded rustc_version_runtime v0.3.0
[INFO] [stderr]   Downloaded rdkafka-sys v4.8.0+2.3.0
[INFO] [stderr]   Downloaded mongodb-internal-macros v3.2.1
[INFO] [stderr]   Downloaded http-serde v2.1.1
[INFO] [stderr]   Downloaded bson v2.13.0
[INFO] [stderr]   Downloaded resolv-conf v0.7.0
[INFO] [stderr]   Downloaded derive-where v1.2.7
[INFO] [stderr]   Downloaded anyhow v1.0.96
[INFO] running `Command { std: "docker" "create" "-v" "/var/lib/crater-agent-workspace/builds/worker-7-tc1/source:/opt/rustwide/workdir:ro,Z" "-v" "/var/lib/crater-agent-workspace/builds/worker-7-tc1/target:/opt/rustwide/target:rw,Z" "-v" "/var/lib/crater-agent-workspace/cargo-home:/opt/rustwide/cargo-home:ro,Z" "-v" "/var/lib/crater-agent-workspace/rustup-home:/opt/rustwide/rustup-home:ro,Z" "-m" "1610612736" "--network" "none" "ghcr.io/rust-lang/crates-build-env/linux@sha256:77db811e55d90add9212f6832c23229e3de5f1c1f9905e8cb07319ea15df73ac" "sleep" "infinity", kill_on_drop: false }`
[INFO] [stdout] c86f494a2b243ff22d2477267c3382201b3bfa7a53e4f838d07c37e2b223b604
[INFO] running `Command { std: "docker" "start" "c86f494a2b243ff22d2477267c3382201b3bfa7a53e4f838d07c37e2b223b604", kill_on_drop: false }`
[INFO] running `Command { std: "docker" "inspect" "c86f494a2b243ff22d2477267c3382201b3bfa7a53e4f838d07c37e2b223b604", kill_on_drop: false }`
[INFO] running `Command { std: "docker" "exec" "-e" "SOURCE_DIR=/opt/rustwide/workdir" "-e" "CARGO_HOME=/opt/rustwide/cargo-home" "-e" "RUSTUP_HOME=/opt/rustwide/rustup-home" "-e" "CARGO_TARGET_DIR=/opt/rustwide/target" "-w" "/opt/rustwide/workdir" "--user" "0:0" "c86f494a2b243ff22d2477267c3382201b3bfa7a53e4f838d07c37e2b223b604" "/opt/rustwide/cargo-home/bin/cargo" "+1.99.0-beta.8" "metadata" "--no-deps" "--format-version=1", kill_on_drop: false }`
[INFO] running `Command { std: "docker" "inspect" "c86f494a2b243ff22d2477267c3382201b3bfa7a53e4f838d07c37e2b223b604", kill_on_drop: false }`
[INFO] running `Command { std: "docker" "exec" "-e" "SOURCE_DIR=/opt/rustwide/workdir" "-e" "CARGO_HOME=/opt/rustwide/cargo-home" "-e" "RUSTUP_HOME=/opt/rustwide/rustup-home" "-e" "CARGO_TARGET_DIR=/opt/rustwide/target" "-e" "CARGO_INCREMENTAL=0" "-e" "RUST_BACKTRACE=full" "-e" "RUSTFLAGS=--cap-lints=warn" "-e" "RUSTDOCFLAGS=--cap-lints=warn" "-w" "/opt/rustwide/workdir" "--user" "0:0" "c86f494a2b243ff22d2477267c3382201b3bfa7a53e4f838d07c37e2b223b604" "/opt/rustwide/cargo-home/bin/cargo" "+1.99.0-beta.8" "build" "--frozen" "--message-format=json" "--release", kill_on_drop: false }`
[INFO] [stderr]    Compiling proc-macro2 v1.0.93
[INFO] [stderr]    Compiling unicode-ident v1.0.17
[INFO] [stderr]    Compiling libc v0.2.169
[INFO] [stderr]    Compiling smallvec v1.14.0
[INFO] [stderr]    Compiling bytes v1.10.0
[INFO] [stderr]    Compiling itoa v1.0.14
[INFO] [stderr]    Compiling lock_api v0.4.12
[INFO] [stderr]    Compiling serde v1.0.218
[INFO] [stderr]    Compiling pkg-config v0.3.31
[INFO] [stderr]    Compiling once_cell v1.20.3
[INFO] [stderr]    Compiling phf_generator v0.11.3
[INFO] [stderr]    Compiling cc v1.2.14
[INFO] [stderr]    Compiling log v0.4.25
[INFO] [stderr]    Compiling writeable v0.5.5
[INFO] [stderr]    Compiling litemap v0.7.4
[INFO] [stderr]    Compiling phf_shared v0.11.3
[INFO] [stderr]    Compiling bitflags v2.8.0
[INFO] [stderr]    Compiling phf_codegen v0.11.3
[INFO] [stderr]    Compiling icu_locid_transform_data v1.5.0
[INFO] [stderr]    Compiling openssl v0.10.71
[INFO] [stderr]    Compiling icu_properties_data v1.5.0
[INFO] [stderr]    Compiling httparse v1.10.0
[INFO] [stderr]    Compiling icu_normalizer_data v1.5.0
[INFO] [stderr]    Compiling write16 v1.0.0
[INFO] [stderr]    Compiling tracing-core v0.1.33
[INFO] [stderr]    Compiling utf16_iter v1.0.5
[INFO] [stderr]    Compiling regex-syntax v0.8.5
[INFO] [stderr]    Compiling dtoa v1.0.9
[INFO] [stderr]    Compiling miniz_oxide v0.8.4
[INFO] [stderr]    Compiling brotli-decompressor v4.0.2
[INFO] [stderr]    Compiling selectors v0.26.0
[INFO] [stderr]    Compiling crc32fast v1.4.2
[INFO] [stderr]    Compiling http v1.2.0
[INFO] [stderr]    Compiling num-traits v0.2.19
[INFO] [stderr]    Compiling getrandom v0.3.1
[INFO] [stderr]    Compiling ryu v1.0.19
[INFO] [stderr]    Compiling dtoa-short v0.3.5
[INFO] [stderr]    Compiling serde_json v1.0.139
[INFO] [stderr]    Compiling typeid v1.0.2
[INFO] [stderr]    Compiling tracing v0.1.41
[INFO] [stderr]    Compiling anstyle-parse v0.2.6
[INFO] [stderr]    Compiling servo_arc v0.4.0
[INFO] [stderr]    Compiling is_terminal_polyfill v1.70.1
[INFO] [stderr]    Compiling colorchoice v1.0.3
[INFO] [stderr]    Compiling quote v1.0.38
[INFO] [stderr]    Compiling anyhow v1.0.96
[INFO] [stderr]    Compiling anstyle-query v1.1.2
[INFO] [stderr]    Compiling anstyle v1.0.10
[INFO] [stderr]    Compiling rustls-pki-types v1.11.0
[INFO] [stderr]    Compiling thiserror v2.0.11
[INFO] [stderr]    Compiling getopts v0.2.21
[INFO] [stderr]    Compiling syn v2.0.98
[INFO] [stderr]    Compiling string_cache_codegen v0.5.4
[INFO] [stderr]    Compiling encoding_rs v0.8.35
[INFO] [stderr]    Compiling flate2 v1.0.35
[INFO] [stderr]    Compiling anstream v0.6.18
[INFO] [stderr]    Compiling iana-time-zone v0.1.61
[INFO] [stderr]    Compiling parking_lot_core v0.9.10
[INFO] [stderr]    Compiling mio v1.0.3
[INFO] [stderr]    Compiling signal-hook-registry v1.4.2
[INFO] [stderr]    Compiling parking_lot v0.12.3
[INFO] [stderr]    Compiling socket2 v0.5.8
[INFO] [stderr]    Compiling http-body v1.0.1
[INFO] [stderr]    Compiling markup5ever v0.14.1
[INFO] [stderr]    Compiling brotli v7.0.0
[INFO] [stderr]    Compiling rustls-pemfile v2.2.0
[INFO] [stderr]    Compiling ego-tree v0.10.0
[INFO] [stderr]    Compiling humantime v2.1.0
[INFO] [stderr]    Compiling openssl-sys v0.9.106
[INFO] [stderr]    Compiling uuid v1.13.2
[INFO] [stderr]    Compiling native-tls v0.2.14
[INFO] [stderr]    Compiling regex-automata v0.4.9
[INFO] [stderr]    Compiling synstructure v0.13.1
[INFO] [stderr]    Compiling zerofrom-derive v0.1.5
[INFO] [stderr]    Compiling yoke-derive v0.7.5
[INFO] [stderr]    Compiling zerovec-derive v0.10.3
[INFO] [stderr]    Compiling serde_derive v1.0.218
[INFO] [stderr]    Compiling displaydoc v0.2.5
[INFO] [stderr]    Compiling tokio-macros v2.5.0
[INFO] [stderr]    Compiling futures-macro v0.3.31
[INFO] [stderr]    Compiling icu_provider_macros v1.5.0
[INFO] [stderr]    Compiling phf_macros v0.11.3
[INFO] [stderr]    Compiling openssl-macros v0.1.1
[INFO] [stderr]    Compiling cssparser-macros v0.6.1
[INFO] [stderr]    Compiling derive_more v0.99.19
[INFO] [stderr]    Compiling match_token v0.1.0
[INFO] [stderr]    Compiling thiserror-impl v2.0.11
[INFO] [stderr]    Compiling async-trait v0.1.86
[INFO] [stderr]    Compiling phf v0.11.3
[INFO] [stderr]    Compiling tokio v1.43.0
[INFO] [stderr]    Compiling futures-util v0.3.31
[INFO] [stderr]    Compiling cssparser v0.34.0
[INFO] [stderr]    Compiling regex v1.11.1
[INFO] [stderr]    Compiling zerofrom v0.1.5
[INFO] [stderr]    Compiling yoke v0.7.5
[INFO] [stderr]    Compiling env_filter v0.1.3
[INFO] [stderr]    Compiling zerovec v0.10.4
[INFO] [stderr]    Compiling env_logger v0.11.6
[INFO] [stderr]    Compiling tinystr v0.7.6
[INFO] [stderr]    Compiling icu_collections v1.5.0
[INFO] [stderr]    Compiling icu_locid v1.5.0
[INFO] [stderr]    Compiling icu_provider v1.5.0
[INFO] [stderr]    Compiling http-body-util v0.1.2
[INFO] [stderr]    Compiling futures-executor v0.3.31
[INFO] [stderr]    Compiling futures v0.3.31
[INFO] [stderr]    Compiling icu_locid_transform v1.5.0
[INFO] [stderr]    Compiling icu_properties v1.5.1
[INFO] [stderr]    Compiling string_cache v0.8.8
[INFO] [stderr]    Compiling serde_urlencoded v0.7.1
[INFO] [stderr]    Compiling http-serde v2.1.1
[INFO] [stderr]    Compiling erased-serde v0.4.5
[INFO] [stderr]    Compiling chrono v0.4.39
[INFO] [stderr]    Compiling tokio-util v0.7.13
[INFO] [stderr]    Compiling tokio-native-tls v0.3.1
[INFO] [stderr]    Compiling tower v0.5.2
[INFO] [stderr]    Compiling async-compression v0.4.18
[INFO] [stderr]    Compiling icu_normalizer v1.5.0
[INFO] [stderr]    Compiling h2 v0.4.8
[INFO] [stderr]    Compiling html5ever v0.29.1
[INFO] [stderr]    Compiling idna_adapter v1.2.0
[INFO] [stderr]    Compiling idna v1.0.3
[INFO] [stderr]    Compiling scraper v0.22.0
[INFO] [stderr]    Compiling url v2.5.4
[INFO] [stderr]    Compiling hyper v1.6.0
[INFO] [stderr]    Compiling hyper-util v0.1.10
[INFO] [stderr]    Compiling hyper-tls v0.6.0
[INFO] [stderr]    Compiling reqwest v0.12.12
[INFO] [stderr]    Compiling turboscraper v0.1.1 (/opt/rustwide/workdir)
[INFO] [stderr]     Finished `release` profile [optimized] target(s) in 2m 05s
[INFO] running `Command { std: "docker" "inspect" "c86f494a2b243ff22d2477267c3382201b3bfa7a53e4f838d07c37e2b223b604", kill_on_drop: false }`
[INFO] running `Command { std: "docker" "exec" "-e" "SOURCE_DIR=/opt/rustwide/workdir" "-e" "CARGO_HOME=/opt/rustwide/cargo-home" "-e" "RUSTUP_HOME=/opt/rustwide/rustup-home" "-e" "CARGO_TARGET_DIR=/opt/rustwide/target" "-e" "CARGO_INCREMENTAL=0" "-e" "RUST_BACKTRACE=full" "-e" "RUSTFLAGS=--cap-lints=warn" "-e" "RUSTDOCFLAGS=--cap-lints=warn" "-w" "/opt/rustwide/workdir" "--user" "0:0" "c86f494a2b243ff22d2477267c3382201b3bfa7a53e4f838d07c37e2b223b604" "/opt/rustwide/cargo-home/bin/cargo" "+1.99.0-beta.8" "test" "--frozen" "--no-run" "--message-format=json" "--release", kill_on_drop: false }`
[INFO] [stderr]    Compiling hyper v1.6.0
[INFO] [stderr]    Compiling num_cpus v1.16.0
[INFO] [stderr]    Compiling deadpool-runtime v0.1.4
[INFO] [stderr]    Compiling assert-json-diff v2.0.2
[INFO] [stderr]    Compiling deadpool v0.10.0
[INFO] [stderr]    Compiling hyper-util v0.1.10
[INFO] [stderr]    Compiling hyper-tls v0.6.0
[INFO] [stderr]    Compiling wiremock v0.6.2
[INFO] [stderr]    Compiling reqwest v0.12.12
[INFO] [stderr]    Compiling turboscraper v0.1.1 (/opt/rustwide/workdir)
[INFO] [stderr]     Finished `release` profile [optimized] target(s) in 37.46s
[INFO] running `Command { std: "docker" "inspect" "c86f494a2b243ff22d2477267c3382201b3bfa7a53e4f838d07c37e2b223b604", kill_on_drop: false }`
[INFO] running `Command { std: "docker" "exec" "-e" "SOURCE_DIR=/opt/rustwide/workdir" "-e" "CARGO_HOME=/opt/rustwide/cargo-home" "-e" "RUSTUP_HOME=/opt/rustwide/rustup-home" "-e" "CARGO_TARGET_DIR=/opt/rustwide/target" "-e" "CARGO_INCREMENTAL=0" "-e" "RUST_BACKTRACE=full" "-e" "RUSTFLAGS=--cap-lints=warn" "-e" "RUSTDOCFLAGS=--cap-lints=warn" "-w" "/opt/rustwide/workdir" "--user" "0:0" "c86f494a2b243ff22d2477267c3382201b3bfa7a53e4f838d07c37e2b223b604" "/opt/rustwide/cargo-home/bin/cargo" "+1.99.0-beta.8" "test" "--frozen" "--release", kill_on_drop: false }`
[INFO] [stderr]     Finished `release` profile [optimized] target(s) in 0.34s
[INFO] [stderr]      Running unittests src/lib.rs (/opt/rustwide/target/release/deps/turboscraper-eb80e431d8b0d025)
[INFO] [stdout] 
[INFO] [stdout] running 18 tests
[INFO] [stdout] test core::crawling::tests::test_crawler_no_retry ... ok
[INFO] [stdout] test core::crawling::tests::test_crawler_retry_with_same_content ... ok
[INFO] [stdout] test core::crawling::tests::test_crawler_retry_with_new_content ... FAILED
[INFO] [stdout] test core::retry::tests::test_no_matching_retry_condition ... ok
[INFO] [stdout] test core::crawling::tests::test_crawler_max_retries_limit ... ok
[INFO] [stdout] test core::crawling::tests::test_crawler_storage_error_retry ... FAILED
[INFO] [stdout] test core::retry::tests::test_max_retries_exceeded ... ok
[INFO] [stdout] test core::retry::tests::test_bot_detection_retry ... ok
[INFO] [stdout] test core::retry::tests::test_custom_category ... ok
[INFO] [stdout] test core::retry::tests::test_rate_limit_retry ... ok
[INFO] [stdout] test core::retry::tests::test_regex_content_retry ... ok
[INFO] [stdout] test scrapers::http_scraper::tests::test_invalid_headers ... ok
[INFO] [stdout] test scrapers::http_scraper::tests::test_get_request ... ok
[INFO] [stdout] test scrapers::http_scraper::tests::test_post_request ... ok
[INFO] [stdout] test scrapers::http_scraper::tests::test_error_handling ... ok
[INFO] [stdout] test scrapers::http_scraper::tests::test_custom_headers ... ok
[INFO] [stdout] test core::retry::tests::test_multiple_retry_categories ... ok
[INFO] [stdout] test core::retry::tests::test_exponential_backoff ... ok
[INFO] [stdout] 
[INFO] [stdout] failures:
[INFO] [stdout] 
[INFO] [stdout] ---- core::crawling::tests::test_crawler_retry_with_new_content stdout ----
[INFO] [stdout] 
[INFO] [stdout] thread 'core::crawling::tests::test_crawler_retry_with_new_content' (2927) panicked at src/core/crawling/tests.rs:84:9:
[INFO] [stdout] not implemented: Storage manager not needed for test spider
[INFO] [stdout] stack backtrace:
[INFO] [stdout]    0:     0x567ed2fb0321 - <<std[70759c8f55707aa4]::sys::backtrace::BacktraceLock>::print::DisplayBacktrace as core[df12db4294e9bfd3]::fmt::Display>::fmt
[INFO] [stdout]    1:     0x567ed2fc7dda - core[df12db4294e9bfd3]::fmt::write
[INFO] [stdout]    2:     0x567ed2fb51fc - <alloc[2182bb758b4b3781]::vec::Vec<u8> as core[df12db4294e9bfd3]::io::write::Write>::write_fmt
[INFO] [stdout]    3:     0x567ed2f8ada6 - std[70759c8f55707aa4]::panicking::default_hook::{closure#0}
[INFO] [stdout]    4:     0x567ed2fa80f9 - std[70759c8f55707aa4]::panicking::default_hook
[INFO] [stdout]    5:     0x567ed2cbc560 - test[9d35eded1c95d3be]::test_main_inner::<test[9d35eded1c95d3be]::test_main_static::{closure#0}>::{closure#0}
[INFO] [stdout]    6:     0x567ed2fa8422 - std[70759c8f55707aa4]::panicking::panic_with_hook
[INFO] [stdout]    7:     0x567ed2f8ae84 - std[70759c8f55707aa4]::panicking::panic_handler::{closure#0}
[INFO] [stdout]    8:     0x567ed2f83af9 - std[70759c8f55707aa4]::sys::backtrace::__rust_end_short_backtrace::<std[70759c8f55707aa4]::panicking::panic_handler::{closure#0}, !>
[INFO] [stdout]    9:     0x567ed2f8bc3d - __rustc[8fa7c3cbc660c2b3]::rust_begin_unwind
[INFO] [stdout]   10:     0x567ed2fc85bc - core[df12db4294e9bfd3]::panicking::panic_fmt
[INFO] [stdout]   11:     0x567ed2c582a8 - <turboscraper[9fd76a833c4dea3]::core::crawling::tests::TestSpider as turboscraper[9fd76a833c4dea3]::core::spider::Spider>::store_data::<serde_json[ac28e01079393f64]::value::Value>::{closure#0}
[INFO] [stdout]   12:     0x567ed2c55315 - <turboscraper[9fd76a833c4dea3]::core::crawling::crawler::Crawler>::check_and_process_retry::<turboscraper[9fd76a833c4dea3]::core::crawling::tests::TestSpider>::{closure#0}
[INFO] [stdout]   13:     0x567ed2c572a4 - <turboscraper[9fd76a833c4dea3]::core::crawling::crawler::Crawler>::run::<turboscraper[9fd76a833c4dea3]::core::crawling::tests::TestSpider>::{closure#0}
[INFO] [stdout]   14:     0x567ed2c5aab9 - turboscraper[9fd76a833c4dea3]::core::crawling::tests::test_crawler_retry_with_new_content::{closure#0}
[INFO] [stdout]   15:     0x567ed2c81173 - <tokio[ee6a49413f6638b3]::runtime::scheduler::current_thread::Context>::enter::<core[df12db4294e9bfd3]::task::poll::Poll<()>, <tokio[ee6a49413f6638b3]::runtime::scheduler::current_thread::CoreGuard>::block_on<core[df12db4294e9bfd3]::pin::Pin<&mut core[df12db4294e9bfd3]::pin::Pin<&mut dyn core[df12db4294e9bfd3]::future::future::Future<Output = ()>>>>::{closure#0}::{closure#0}>
[INFO] [stdout]   16:     0x567ed2caad02 - <tokio[ee6a49413f6638b3]::runtime::context::scoped::Scoped<tokio[ee6a49413f6638b3]::runtime::scheduler::Context>>::set::<<tokio[ee6a49413f6638b3]::runtime::scheduler::current_thread::CoreGuard>::enter<<tokio[ee6a49413f6638b3]::runtime::scheduler::current_thread::CoreGuard>::block_on<core[df12db4294e9bfd3]::pin::Pin<&mut core[df12db4294e9bfd3]::pin::Pin<&mut dyn core[df12db4294e9bfd3]::future::future::Future<Output = ()>>>>::{closure#0}, core[df12db4294e9bfd3]::option::Option<()>>::{closure#0}, (alloc[2182bb758b4b3781]::boxed::Box<tokio[ee6a49413f6638b3]::runtime::scheduler::current_thread::Core>, core[df12db4294e9bfd3]::option::Option<()>)>
[INFO] [stdout]   17:     0x567ed2c80d83 - <tokio[ee6a49413f6638b3]::runtime::runtime::Runtime>::block_on::<core[df12db4294e9bfd3]::pin::Pin<&mut dyn core[df12db4294e9bfd3]::future::future::Future<Output = ()>>>
[INFO] [stdout]   18:     0x567ed2c5c7cb - turboscraper[9fd76a833c4dea3]::core::crawling::tests::test_crawler_retry_with_new_content
[INFO] [stdout]   19:     0x567ed2c92b79 - <turboscraper[9fd76a833c4dea3]::core::crawling::tests::test_crawler_retry_with_new_content::{closure#0} as core[df12db4294e9bfd3]::ops::function::FnOnce<()>>::call_once
[INFO] [stdout]   20:     0x567ed2caf84b - test[9d35eded1c95d3be]::__rust_begin_short_backtrace::<core[df12db4294e9bfd3]::result::Result<(), alloc[2182bb758b4b3781]::string::String>, fn() -> core[df12db4294e9bfd3]::result::Result<(), alloc[2182bb758b4b3781]::string::String>>
[INFO] [stdout]   21:     0x567ed2cbceb5 - test[9d35eded1c95d3be]::run_test::{closure#0}
[INFO] [stdout]   22:     0x567ed2cb6774 - std[70759c8f55707aa4]::sys::backtrace::__rust_begin_short_backtrace::<test[9d35eded1c95d3be]::run_test::{closure#1}, ()>
[INFO] [stdout]   23:     0x567ed2cc0012 - <std[70759c8f55707aa4]::thread::lifecycle::spawn_unchecked<test[9d35eded1c95d3be]::run_test::{closure#1}, ()>::{closure#1} as core[df12db4294e9bfd3]::ops::function::FnOnce<()>>::call_once::{shim:vtable#0}
[INFO] [stdout]   24:     0x567ed2faf5f9 - <std[70759c8f55707aa4]::sys::thread::unix::Thread>::new::thread_start
[INFO] [stdout]   25:     0x7a9046cdcdfa - <unknown>
[INFO] [stdout]   26:     0x7a9046d703d4 - clone
[INFO] [stdout]   27:                0x0 - <unknown>
[INFO] [stdout] 
[INFO] [stdout] ---- core::crawling::tests::test_crawler_storage_error_retry stdout ----
[INFO] [stdout] 
[INFO] [stdout] thread 'core::crawling::tests::test_crawler_storage_error_retry' (2929) panicked at src/core/crawling/tests.rs:84:9:
[INFO] [stdout] not implemented: Storage manager not needed for test spider
[INFO] [stdout] stack backtrace:
[INFO] [stdout]    0:     0x567ed2fb0321 - <<std[70759c8f55707aa4]::sys::backtrace::BacktraceLock>::print::DisplayBacktrace as core[df12db4294e9bfd3]::fmt::Display>::fmt
[INFO] [stdout]    1:     0x567ed2fc7dda - core[df12db4294e9bfd3]::fmt::write
[INFO] [stdout]    2:     0x567ed2fb51fc - <alloc[2182bb758b4b3781]::vec::Vec<u8> as core[df12db4294e9bfd3]::io::write::Write>::write_fmt
[INFO] [stdout]    3:     0x567ed2f8ada6 - std[70759c8f55707aa4]::panicking::default_hook::{closure#0}
[INFO] [stdout]    4:     0x567ed2fa80f9 - std[70759c8f55707aa4]::panicking::default_hook
[INFO] [stdout]    5:     0x567ed2cbc560 - test[9d35eded1c95d3be]::test_main_inner::<test[9d35eded1c95d3be]::test_main_static::{closure#0}>::{closure#0}
[INFO] [stdout]    6:     0x567ed2fa8422 - std[70759c8f55707aa4]::panicking::panic_with_hook
[INFO] [stdout]    7:     0x567ed2f8ae84 - std[70759c8f55707aa4]::panicking::panic_handler::{closure#0}
[INFO] [stdout]    8:     0x567ed2f83af9 - std[70759c8f55707aa4]::sys::backtrace::__rust_end_short_backtrace::<std[70759c8f55707aa4]::panicking::panic_handler::{closure#0}, !>
[INFO] [stdout]    9:     0x567ed2f8bc3d - __rustc[8fa7c3cbc660c2b3]::rust_begin_unwind
[INFO] [stdout]   10:     0x567ed2fc85bc - core[df12db4294e9bfd3]::panicking::panic_fmt
[INFO] [stdout]   11:     0x567ed2c582a8 - <turboscraper[9fd76a833c4dea3]::core::crawling::tests::TestSpider as turboscraper[9fd76a833c4dea3]::core::spider::Spider>::store_data::<serde_json[ac28e01079393f64]::value::Value>::{closure#0}
[INFO] [stdout]   12:     0x567ed2c6d045 - <turboscraper[9fd76a833c4dea3]::core::crawling::crawler::Crawler>::check_and_process_retry::<turboscraper[9fd76a833c4dea3]::core::crawling::tests::TestSpider>::{closure#0}
[INFO] [stdout]   13:     0x567ed2c6e5ad - <turboscraper[9fd76a833c4dea3]::core::crawling::crawler::Crawler>::run::<turboscraper[9fd76a833c4dea3]::core::crawling::tests::TestSpider>::{closure#0}
[INFO] [stdout]   14:     0x567ed2c69313 - <std[70759c8f55707aa4]::thread::local::LocalKey<tokio[ee6a49413f6638b3]::task::local::LocalData>>::with::<<tokio[ee6a49413f6638b3]::task::local::LocalSet>::with<core[df12db4294e9bfd3]::task::poll::Poll<()>, <tokio[ee6a49413f6638b3]::task::local::RunUntil<turboscraper[9fd76a833c4dea3]::core::crawling::tests::test_crawler_storage_error_retry::{closure#0}::{closure#0}> as core[df12db4294e9bfd3]::future::future::Future>::poll::{closure#0}>::{closure#0}, core[df12db4294e9bfd3]::task::poll::Poll<()>>
[INFO] [stdout]   15:     0x567ed2c5a018 - turboscraper[9fd76a833c4dea3]::core::crawling::tests::test_crawler_storage_error_retry::{closure#0}
[INFO] [stdout]   16:     0x567ed2c81173 - <tokio[ee6a49413f6638b3]::runtime::scheduler::current_thread::Context>::enter::<core[df12db4294e9bfd3]::task::poll::Poll<()>, <tokio[ee6a49413f6638b3]::runtime::scheduler::current_thread::CoreGuard>::block_on<core[df12db4294e9bfd3]::pin::Pin<&mut core[df12db4294e9bfd3]::pin::Pin<&mut dyn core[df12db4294e9bfd3]::future::future::Future<Output = ()>>>>::{closure#0}::{closure#0}>
[INFO] [stdout]   17:     0x567ed2caad02 - <tokio[ee6a49413f6638b3]::runtime::context::scoped::Scoped<tokio[ee6a49413f6638b3]::runtime::scheduler::Context>>::set::<<tokio[ee6a49413f6638b3]::runtime::scheduler::current_thread::CoreGuard>::enter<<tokio[ee6a49413f6638b3]::runtime::scheduler::current_thread::CoreGuard>::block_on<core[df12db4294e9bfd3]::pin::Pin<&mut core[df12db4294e9bfd3]::pin::Pin<&mut dyn core[df12db4294e9bfd3]::future::future::Future<Output = ()>>>>::{closure#0}, core[df12db4294e9bfd3]::option::Option<()>>::{closure#0}, (alloc[2182bb758b4b3781]::boxed::Box<tokio[ee6a49413f6638b3]::runtime::scheduler::current_thread::Core>, core[df12db4294e9bfd3]::option::Option<()>)>
[INFO] [stdout]   18:     0x567ed2c80d83 - <tokio[ee6a49413f6638b3]::runtime::runtime::Runtime>::block_on::<core[df12db4294e9bfd3]::pin::Pin<&mut dyn core[df12db4294e9bfd3]::future::future::Future<Output = ()>>>
[INFO] [stdout]   19:     0x567ed2c5c67a - turboscraper[9fd76a833c4dea3]::core::crawling::tests::test_crawler_storage_error_retry
[INFO] [stdout]   20:     0x567ed2c92b59 - <turboscraper[9fd76a833c4dea3]::core::crawling::tests::test_crawler_storage_error_retry::{closure#0} as core[df12db4294e9bfd3]::ops::function::FnOnce<()>>::call_once
[INFO] [stdout]   21:     0x567ed2caf84b - test[9d35eded1c95d3be]::__rust_begin_short_backtrace::<core[df12db4294e9bfd3]::result::Result<(), alloc[2182bb758b4b3781]::string::String>, fn() -> core[df12db4294e9bfd3]::result::Result<(), alloc[2182bb758b4b3781]::string::String>>
[INFO] [stdout]   22:     0x567ed2cbceb5 - test[9d35eded1c95d3be]::run_test::{closure#0}
[INFO] [stdout]   23:     0x567ed2cb6774 - std[70759c8f55707aa4]::sys::backtrace::__rust_begin_short_backtrace::<test[9d35eded1c95d3be]::run_test::{closure#1}, ()>
[INFO] [stdout]   24:     0x567ed2cc0012 - <std[70759c8f55707aa4]::thread::lifecycle::spawn_unchecked<test[9d35eded1c95d3be]::run_test::{closure#1}, ()>::{closure#1} as core[df12db4294e9bfd3]::ops::function::FnOnce<()>>::call_once::{shim:vtable#0}
[INFO] [stdout]   25:     0x567ed2faf5f9 - <std[70759c8f55707aa4]::sys::thread::unix::Thread>::new::thread_start
[INFO] [stdout]   26:     0x7a9046cdcdfa - <unknown>
[INFO] [stdout]   27:     0x7a9046d703d4 - clone
[INFO] [stdout]   28:                0x0 - <unknown>
[INFO] [stdout] 
[INFO] [stdout] 
[INFO] [stdout] failures:
[INFO] [stdout]     core::crawling::tests::test_crawler_retry_with_new_content
[INFO] [stdout]     core::crawling::tests::test_crawler_storage_error_retry
[INFO] [stdout] 
[INFO] [stdout] test result: FAILED. 16 passed; 2 failed; 0 ignored; 0 measured; 0 filtered out; finished in 0.31s
[INFO] [stdout] 
[INFO] [stderr] error: test failed, to rerun pass `--lib`
[INFO] running `Command { std: "docker" "inspect" "c86f494a2b243ff22d2477267c3382201b3bfa7a53e4f838d07c37e2b223b604", kill_on_drop: false }`
[INFO] running `Command { std: "docker" "rm" "-f" "c86f494a2b243ff22d2477267c3382201b3bfa7a53e4f838d07c37e2b223b604", kill_on_drop: false }`
[INFO] [stdout] c86f494a2b243ff22d2477267c3382201b3bfa7a53e4f838d07c37e2b223b604
