[INFO] fetching crate turbomcp-auth 3.6.0...
[INFO] testing turbomcp-auth-3.6.0 against 1.100.0-beta.1+cargoflags=--release for beta-release-1.100-2
[INFO] extracting crate turbomcp-auth 3.6.0 into /workspace/builds/worker-7-tc2/source
[INFO] started tweaking crates.io crate turbomcp-auth 3.6.0
[INFO] removed 0 missing examples
[INFO] removed 0 missing tests
[INFO] finished tweaking crates.io crate turbomcp-auth 3.6.0
[INFO] tweaked toml for crates.io crate turbomcp-auth 3.6.0 written to /workspace/builds/worker-7-tc2/source/Cargo.toml
[INFO] validating manifest of crates.io crate turbomcp-auth 3.6.0 on toolchain 1.100.0-beta.1
[INFO] running `Command { std: CARGO_HOME="/workspace/cargo-home" RUSTUP_HOME="/workspace/rustup-home" "/workspace/cargo-home/bin/cargo" "+1.100.0-beta.1" "metadata" "--manifest-path" "Cargo.toml" "--no-deps", kill_on_drop: false }`
[INFO] crate crates.io crate turbomcp-auth 3.6.0 already has a lockfile, it will not be regenerated
[INFO] running `Command { std: CARGO_HOME="/workspace/cargo-home" RUSTUP_HOME="/workspace/rustup-home" "/workspace/cargo-home/bin/cargo" "+1.100.0-beta.1" "fetch" "--manifest-path" "Cargo.toml", kill_on_drop: false }`
[INFO] running `Command { std: "docker" "create" "-v" "/var/lib/crater-agent-workspace/builds/worker-7-tc2/source:/opt/rustwide/workdir:ro,Z" "-v" "/var/lib/crater-agent-workspace/builds/worker-7-tc2/target:/opt/rustwide/target:rw,Z" "-v" "/var/lib/crater-agent-workspace/cargo-home:/opt/rustwide/cargo-home:ro,Z" "-v" "/var/lib/crater-agent-workspace/rustup-home:/opt/rustwide/rustup-home:ro,Z" "-m" "1610612736" "--network" "none" "ghcr.io/rust-lang/crates-build-env/linux@sha256:77db811e55d90add9212f6832c23229e3de5f1c1f9905e8cb07319ea15df73ac" "sleep" "infinity", kill_on_drop: false }`
[INFO] [stdout] e3a16a5a855d2b3486132945521dd615688c5136a52689f2022128239666affa
[INFO] running `Command { std: "docker" "start" "e3a16a5a855d2b3486132945521dd615688c5136a52689f2022128239666affa", kill_on_drop: false }`
[INFO] running `Command { std: "docker" "inspect" "e3a16a5a855d2b3486132945521dd615688c5136a52689f2022128239666affa", kill_on_drop: false }`
[INFO] running `Command { std: "docker" "exec" "-e" "SOURCE_DIR=/opt/rustwide/workdir" "-e" "CARGO_HOME=/opt/rustwide/cargo-home" "-e" "RUSTUP_HOME=/opt/rustwide/rustup-home" "-e" "CARGO_TARGET_DIR=/opt/rustwide/target" "-w" "/opt/rustwide/workdir" "--user" "0:0" "e3a16a5a855d2b3486132945521dd615688c5136a52689f2022128239666affa" "/opt/rustwide/cargo-home/bin/cargo" "+1.100.0-beta.1" "metadata" "--no-deps" "--format-version=1", kill_on_drop: false }`
[INFO] running `Command { std: "docker" "inspect" "e3a16a5a855d2b3486132945521dd615688c5136a52689f2022128239666affa", kill_on_drop: false }`
[INFO] running `Command { std: "docker" "exec" "-e" "SOURCE_DIR=/opt/rustwide/workdir" "-e" "CARGO_HOME=/opt/rustwide/cargo-home" "-e" "RUSTUP_HOME=/opt/rustwide/rustup-home" "-e" "CARGO_TARGET_DIR=/opt/rustwide/target" "-e" "CARGO_INCREMENTAL=0" "-e" "RUST_BACKTRACE=full" "-e" "RUSTFLAGS=--cap-lints=warn" "-e" "RUSTDOCFLAGS=--cap-lints=warn" "-w" "/opt/rustwide/workdir" "--user" "0:0" "e3a16a5a855d2b3486132945521dd615688c5136a52689f2022128239666affa" "/opt/rustwide/cargo-home/bin/cargo" "+1.100.0-beta.1" "build" "--frozen" "--message-format=json" "--release", kill_on_drop: false }`
[INFO] [stderr]    Compiling smallvec v1.16.2
[INFO] [stderr]    Compiling zerocopy v0.8.59
[INFO] [stderr]    Compiling syn v3.0.6
[INFO] [stderr]    Compiling syn v2.0.119
[INFO] [stderr]    Compiling hashbrown v0.17.1
[INFO] [stderr]    Compiling mio v1.2.3
[INFO] [stderr]    Compiling aws-lc-rs v1.18.1
[INFO] [stderr]    Compiling cc v1.5.1
[INFO] [stderr]    Compiling getrandom v0.3.4
[INFO] [stderr]    Compiling serde_json v1.0.151
[INFO] [stderr]    Compiling rustls v0.23.45
[INFO] [stderr]    Compiling crossbeam-epoch v0.9.21
[INFO] [stderr]    Compiling getrandom v0.4.3
[INFO] [stderr]    Compiling getrandom v0.2.17
[INFO] [stderr]    Compiling crossbeam-deque v0.8.8
[INFO] [stderr]    Compiling portable-atomic v1.15.0
[INFO] [stderr]    Compiling rand_core v0.6.4
[INFO] [stderr]    Compiling simdutf8 v0.1.5
[INFO] [stderr]    Compiling parking_lot_core v0.9.12
[INFO] [stderr]    Compiling time v0.3.55
[INFO] [stderr]    Compiling uuid v1.26.1
[INFO] [stderr]    Compiling num-bigint v0.4.8
[INFO] [stderr]    Compiling digest v0.10.7
[INFO] [stderr]    Compiling rand_core v0.9.5
[INFO] [stderr]    Compiling event-listener-strategy v0.5.4
[INFO] [stderr]    Compiling crossbeam-queue v0.3.14
[INFO] [stderr]    Compiling sonic-simd v0.1.4
[INFO] [stderr]    Compiling sonic-number v0.1.3
[INFO] [stderr]    Compiling parking_lot v0.12.5
[INFO] [stderr]    Compiling dashmap v6.2.1
[INFO] [stderr]    Compiling sha2 v0.10.9
[INFO] [stderr]    Compiling async-lock v3.4.2
[INFO] [stderr]    Compiling quanta v0.12.6
[INFO] [stderr]    Compiling crossbeam v0.8.5
[INFO] [stderr]    Compiling pem v3.0.6
[INFO] [stderr]    Compiling spinning_top v0.3.0
[INFO] [stderr]    Compiling serde_path_to_error v0.1.20
[INFO] [stderr]    Compiling futures-timer v3.0.4
[INFO] [stderr]    Compiling tagptr v0.2.0
[INFO] [stderr]    Compiling web-time v1.1.0
[INFO] [stderr]    Compiling nonzero_ext v0.3.0
[INFO] [stderr]    Compiling sha2 v0.11.0
[INFO] [stderr]    Compiling cmake v0.1.58
[INFO] [stderr]    Compiling indexmap v2.14.2
[INFO] [stderr]    Compiling blake3 v1.8.7
[INFO] [stderr]    Compiling aws-lc-sys v0.45.0
[INFO] [stderr]    Compiling synstructure v0.14.0
[INFO] [stderr]    Compiling darling_core v0.24.1
[INFO] [stderr]    Compiling zerocopy-derive v0.8.59
[INFO] [stderr]    Compiling zeroize_derive v1.5.0
[INFO] [stderr]    Compiling tracing-attributes v0.1.31
[INFO] [stderr]    Compiling thiserror-impl v1.0.69
[INFO] [stderr]    Compiling zeroize v1.9.0
[INFO] [stderr]    Compiling rustls-pki-types v1.15.1
[INFO] [stderr]    Compiling zerofrom-derive v0.1.8
[INFO] [stderr]    Compiling yoke-derive v0.8.4
[INFO] [stderr]    Compiling serde_derive v1.0.229
[INFO] [stderr]    Compiling zerovec-derive v0.11.6
[INFO] [stderr]    Compiling displaydoc v0.2.7
[INFO] [stderr]    Compiling tokio-macros v2.7.2
[INFO] [stderr]    Compiling futures-macro v0.3.34
[INFO] [stderr]    Compiling thiserror-impl v2.0.21
[INFO] [stderr]    Compiling ref-cast-impl v1.0.27
[INFO] [stderr]    Compiling rustls-native-certs v0.8.4
[INFO] [stderr]    Compiling thiserror v1.0.69
[INFO] [stderr]    Compiling ref-cast v1.0.27
[INFO] [stderr]    Compiling futures-util v0.3.34
[INFO] [stderr]    Compiling tokio v1.53.1
[INFO] [stderr]    Compiling zerofrom v0.1.8
[INFO] [stderr]    Compiling tracing v0.1.44
[INFO] [stderr]    Compiling thiserror v2.0.21
[INFO] [stderr]    Compiling simple_asn1 v0.6.4
[INFO] [stderr]    Compiling yoke v0.8.3
[INFO] [stderr]    Compiling zerovec v0.11.8
[INFO] [stderr]    Compiling zerotrie v0.2.5
[INFO] [stderr]    Compiling darling_macro v0.24.1
[INFO] [stderr]    Compiling darling v0.24.1
[INFO] [stderr]    Compiling serde_with_macros v3.24.0
[INFO] [stderr]    Compiling tinystr v0.8.4
[INFO] [stderr]    Compiling potential_utf v0.1.6
[INFO] [stderr]    Compiling icu_collections v2.3.0
[INFO] [stderr]    Compiling icu_locale_core v2.3.0
[INFO] [stderr]    Compiling serde v1.0.229
[INFO] [stderr]    Compiling chrono v0.4.45
[INFO] [stderr]    Compiling faststr v0.2.34
[INFO] [stderr]    Compiling turbomcp-types v3.6.0
[INFO] [stderr]    Compiling serde_urlencoded v0.7.1
[INFO] [stderr]    Compiling serde_with v3.24.0
[INFO] [stderr]    Compiling secrecy v0.10.3
[INFO] [stderr]    Compiling icu_provider v2.3.1
[INFO] [stderr]    Compiling icu_normalizer v2.3.0
[INFO] [stderr]    Compiling icu_properties v2.3.0
[INFO] [stderr]    Compiling futures-executor v0.3.34
[INFO] [stderr]    Compiling moka v0.12.16
[INFO] [stderr]    Compiling futures v0.3.34
[INFO] [stderr]    Compiling idna_adapter v1.2.2
[INFO] [stderr]    Compiling idna v1.1.0
[INFO] [stderr]    Compiling url v2.5.8
[INFO] [stderr]    Compiling ppv-lite86 v0.2.21
[INFO] [stderr]    Compiling half v2.7.1
[INFO] [stderr]    Compiling ahash v0.8.12
[INFO] [stderr]    Compiling sonic-rs v0.5.10
[INFO] [stderr]    Compiling ciborium-ll v0.2.2
[INFO] [stderr]    Compiling ciborium v0.2.2
[INFO] [stderr]    Compiling rand_chacha v0.3.1
[INFO] [stderr]    Compiling rand_chacha v0.9.0
[INFO] [stderr]    Compiling rand v0.9.5
[INFO] [stderr]    Compiling rand v0.8.8
[INFO] [stderr]    Compiling governor v0.10.4
[INFO] [stderr]    Compiling tokio-util v0.7.19
[INFO] [stderr]    Compiling tower v0.5.3
[INFO] [stderr]    Compiling oauth2 v5.0.0
[INFO] [stderr]    Compiling tower-http v0.6.11
[INFO] [stderr]    Compiling h2 v0.4.19
[INFO] [stderr]    Compiling turbomcp-core v3.6.0
[INFO] [stderr]    Compiling turbomcp-protocol v3.6.0
[INFO] [stderr]    Compiling hyper v1.11.1
[INFO] [stderr]    Compiling hyper-util v0.1.21
[INFO] [stderr]    Compiling rustls-webpki v0.103.15
[INFO] [stderr]    Compiling jsonwebtoken v11.1.0
[INFO] [stderr]    Compiling tokio-rustls v0.26.6
[INFO] [stderr]    Compiling rustls-platform-verifier v0.7.1
[INFO] [stderr]    Compiling hyper-rustls v0.27.10
[INFO] [stderr]    Compiling reqwest v0.13.5
[INFO] [stderr]    Compiling turbomcp-auth v3.6.0 (/opt/rustwide/workdir)
[INFO] [stderr]     Finished `release` profile [optimized] target(s) in 2m 47s
[INFO] running `Command { std: "docker" "inspect" "e3a16a5a855d2b3486132945521dd615688c5136a52689f2022128239666affa", kill_on_drop: false }`
[INFO] running `Command { std: "docker" "exec" "-e" "SOURCE_DIR=/opt/rustwide/workdir" "-e" "CARGO_HOME=/opt/rustwide/cargo-home" "-e" "RUSTUP_HOME=/opt/rustwide/rustup-home" "-e" "CARGO_TARGET_DIR=/opt/rustwide/target" "-e" "CARGO_INCREMENTAL=0" "-e" "RUST_BACKTRACE=full" "-e" "RUSTFLAGS=--cap-lints=warn" "-e" "RUSTDOCFLAGS=--cap-lints=warn" "-w" "/opt/rustwide/workdir" "--user" "0:0" "e3a16a5a855d2b3486132945521dd615688c5136a52689f2022128239666affa" "/opt/rustwide/cargo-home/bin/cargo" "+1.100.0-beta.1" "test" "--frozen" "--no-run" "--message-format=json" "--release", kill_on_drop: false }`
[INFO] [stderr]    Compiling tokio v1.53.1
[INFO] [stderr]    Compiling assert-json-diff v2.0.2
[INFO] [stderr]    Compiling tokio-util v0.7.19
[INFO] [stderr]    Compiling tower v0.5.3
[INFO] [stderr]    Compiling tokio-rustls v0.26.6
[INFO] [stderr]    Compiling deadpool v0.12.3
[INFO] [stderr]    Compiling tokio-stream v0.1.19
[INFO] [stderr]    Compiling tower-http v0.6.11
[INFO] [stderr]    Compiling tokio-test v0.4.6
[INFO] [stderr]    Compiling h2 v0.4.19
[INFO] [stderr]    Compiling turbomcp-core v3.6.0
[INFO] [stderr]    Compiling turbomcp-protocol v3.6.0
[INFO] [stderr]    Compiling hyper v1.11.1
[INFO] [stderr]    Compiling hyper-util v0.1.21
[INFO] [stderr]    Compiling hyper-rustls v0.27.10
[INFO] [stderr]    Compiling wiremock v0.6.5
[INFO] [stderr]    Compiling reqwest v0.13.5
[INFO] [stderr]    Compiling turbomcp-auth v3.6.0 (/opt/rustwide/workdir)
[INFO] [stderr]     Finished `release` profile [optimized] target(s) in 1m 52s
[INFO] running `Command { std: "docker" "inspect" "e3a16a5a855d2b3486132945521dd615688c5136a52689f2022128239666affa", kill_on_drop: false }`
[INFO] running `Command { std: "docker" "exec" "-e" "SOURCE_DIR=/opt/rustwide/workdir" "-e" "CARGO_HOME=/opt/rustwide/cargo-home" "-e" "RUSTUP_HOME=/opt/rustwide/rustup-home" "-e" "CARGO_TARGET_DIR=/opt/rustwide/target" "-e" "CARGO_INCREMENTAL=0" "-e" "RUST_BACKTRACE=full" "-e" "RUSTFLAGS=--cap-lints=warn" "-e" "RUSTDOCFLAGS=--cap-lints=warn" "-w" "/opt/rustwide/workdir" "--user" "0:0" "e3a16a5a855d2b3486132945521dd615688c5136a52689f2022128239666affa" "/opt/rustwide/cargo-home/bin/cargo" "+1.100.0-beta.1" "test" "--frozen" "--release", kill_on_drop: false }`
[INFO] [stderr]     Finished `release` profile [optimized] target(s) in 0.49s
[INFO] [stderr]      Running unittests src/lib.rs (/opt/rustwide/target/release/build/turbomcp-auth/caa4cae46f411946/out/turbomcp_auth-caa4cae46f411946)
[INFO] [stdout] 
[INFO] [stdout] running 136 tests
[INFO] [stdout] test api_key_validation::tests::test_validate_empty_keys ... ok
[INFO] [stdout] test api_key_validation::tests::test_validate_incorrect_key ... ok
[INFO] [stdout] test api_key_validation::tests::test_unicode_keys ... ok
[INFO] [stdout] test audit::tests::test_audit_logger_creation ... ok
[INFO] [stdout] test api_key_validation::tests::test_validate_multiple_keys_middle_match ... ok
[INFO] [stdout] test api_key_validation::tests::test_validate_multiple_keys_first_match ... ok
[INFO] [stdout] test api_key_validation::tests::test_blake3_hash_collision_resistance ... ok
[INFO] [stdout] test audit::tests::test_identifier_hashing ... ok
[INFO] [stdout] test audit::tests::test_event_serialization ... ok
[INFO] [stdout] test audit::tests::test_ip_redaction ... ok
[INFO] [stdout] test auth_metrics::tests::test_init_auth_metrics ... ok
[INFO] [stdout] test audit::tests::test_audit_record_serialization ... ok
[INFO] [stdout] test auth_metrics::tests::test_no_op_functions_without_metrics ... ok
[INFO] [stdout] test api_key_validation::tests::test_long_keys ... ok
[INFO] [stdout] test context::tests::test_has_all_roles ... ok
[INFO] [stdout] test api_key_validation::tests::test_validate_multiple_keys_empty_list ... ok
[INFO] [stdout] test api_key_validation::tests::test_validate_case_sensitive ... ok
[INFO] [stdout] test context::tests::test_has_permission ... ok
[INFO] [stdout] test context::tests::test_has_role ... ok
[INFO] [stdout] test api_key_validation::tests::test_timing_attack_resistance ... ok
[INFO] [stdout] test api_key_validation::tests::test_special_characters ... ok
[INFO] [stdout] test api_key_validation::tests::test_validate_correct_key ... ok
[INFO] [stdout] test api_key_validation::tests::test_blake3_hash_consistency ... ok
[INFO] [stdout] test api_key_validation::tests::test_validate_suffix_mismatch ... ok
[INFO] [stdout] test context::tests::test_is_expired ... ok
[INFO] [stdout] test api_key_validation::tests::test_validate_prefix_mismatch ... ok
[INFO] [stdout] test context::tests::test_jwt_serialization ... ok
[INFO] [stdout] test audit::tests::test_privacy_focused_logger ... ok
[INFO] [stdout] test api_key_validation::tests::test_validate_short_keys_rejected ... ok
[INFO] [stdout] test context::tests::test_builder_minimal ... ok
[INFO] [stdout] test api_key_validation::tests::test_validate_multiple_keys_no_match ... ok
[INFO] [stdout] test context::tests::test_has_any_role ... ok
[INFO] [stdout] test context::tests::test_has_scope ... ok
[INFO] [stdout] test context::tests::test_builder_full ... ok
[INFO] [stdout] test api_key_validation::tests::test_validate_multiple_keys_last_match ... ok
[INFO] [stdout] test jwt::jwks::tests::test_cached_jwks_expired ... ok
[INFO] [stdout] test jwt::jwks::tests::test_cached_jwks_validity ... ok
[INFO] [stdout] test introspection::tests::test_introspection_response_active ... ok
[INFO] [stdout] test introspection::tests::test_introspection_response_full ... ok
[INFO] [stdout] test introspection::tests::test_introspection_response_inactive ... ok
[INFO] [stdout] test context::tests::test_validation_expired ... ok
[INFO] [stdout] test context::tests::test_validation_not_yet_valid ... ok
[INFO] [stdout] test context::tests::test_metadata ... ok
[INFO] [stdout] test context::tests::test_validation_audience ... ok
[INFO] [stdout] test manager::tests::test_api_key_provider ... ok
[INFO] [stdout] test manager::tests::test_auth_manager ... ok
[INFO] [stdout] test manager::tests::test_oauth2_config ... ok
[INFO] [stdout] test jwt::validator::tests::test_multi_issuer_validator_creation ... ok
[INFO] [stdout] test manager::tests::test_oauth2_pkce_integration ... ok
[INFO] [stdout] test jwt::validator::tests::test_multi_issuer_validator_add_issuer ... ok
[INFO] [stdout] test jwt::jwks::tests::an_oversized_jwks_is_refused ... ok
[INFO] [stdout] test jwt::jwks::tests::test_jwks_client_with_custom_ttl ... ok
[INFO] [stdout] test jwt::validator::tests::test_jwt_validator_creation_with_jwks_uri ... ok
[INFO] [stdout] test jwt::jwks::tests::test_clear_cache ... ok
[INFO] [stdout] test jwt::validator::tests::test_jwt_validator_custom_clock_skew ... ok
[INFO] [stdout] test jwt::jwks::tests::test_jwks_cache_creation ... ok
[INFO] [stdout] test oauth2::client::tests::test_client_credentials_flow_sends_resource_parameter ... ok
[INFO] [stdout] test introspection::tests::test_introspection_client_creation ... ok
[INFO] [stdout] test jwt::validator::tests::test_jwt_validator_custom_algorithms ... ok
[INFO] [stdout] test oauth2::client::tests::test_redirect_uri_rejects_custom_scheme_by_default ... ok
[INFO] [stdout] test oauth2::dcr::tests::test_dcr_builder_mcp_client ... ok
[INFO] [stdout] test oauth2::dcr::tests::test_dcr_builder_native_client ... ok
[INFO] [stdout] test jwt::jwks::tests::test_jwks_client_creation ... ok
[INFO] [stdout] test oauth2::client::tests::test_redirect_uri_rejects_non_loopback_http ... ok
[INFO] [stdout] test oauth2::client::tests::test_redirect_uri_accepts_custom_scheme_when_opted_in ... ok
[INFO] [stdout] test oauth2::resource::tests::test_invalid_scheme_rejected ... ok
[INFO] [stdout] test oauth2::resource::tests::test_localhost_http_allowed ... ok
[INFO] [stdout] test oauth2::dcr::tests::test_registration_response_deserialization ... ok
[INFO] [stdout] test oauth2::client::tests::test_authorization_code_flow_sends_resource_parameter ... ok
[INFO] [stdout] test oauth2::resource::tests::test_mcp_examples ... ok
[INFO] [stdout] test oauth2::resource::tests::test_port_handling ... ok
[INFO] [stdout] test oauth2::resource::tests::test_query_parameters_removed ... ok
[INFO] [stdout] test oauth2::resource::tests::test_missing_host_rejected ... ok
[INFO] [stdout] test oauth2::resource::tests::test_valid_https_uri ... ok
[INFO] [stdout] test oauth2::validation::tests::test_oauth_state_validation_empty_expected ... ok
[INFO] [stdout] test oauth2::resource::tests::test_trailing_slash_removal ... ok
[INFO] [stdout] test jwt::jwks::tests::test_jwks_cache_different_issuers ... ok
[INFO] [stdout] test oauth2::resource::tests::test_http_non_localhost_rejected ... ok
[INFO] [stdout] test oauth2::http_client::tests::test_error_display ... ok
[INFO] [stdout] test oauth2::resource::tests::test_fragment_rejected ... ok
[INFO] [stdout] test oauth2::validation::tests::test_oauth_state_validation_empty_received ... ok
[INFO] [stdout] test oauth2::resource::tests::test_uri_normalization ... ok
[INFO] [stdout] test oauth2::validation::tests::test_oauth_state_validation_case_sensitive ... ok
[INFO] [stdout] test oauth2::client::tests::test_redirect_uri_accepts_loopback_http ... ok
[INFO] [stdout] test oauth2::validation::tests::test_oauth_state_validation_success ... ok
[INFO] [stdout] test rate_limit::tests::test_get_usage_returns_limit_when_enabled ... ok
[INFO] [stdout] test oauth2::validation::tests::test_oauth_state_validation_mismatch ... ok
[INFO] [stdout] test rate_limit::tests::test_rate_limiter_allows_under_limit ... ok
[INFO] [stdout] test rate_limit::tests::test_rate_limiter_blocks_over_limit ... ok
[INFO] [stdout] test rate_limit::tests::test_rate_limit_key_creation ... ok
[INFO] [stdout] test rate_limit::tests::test_rate_limiter_allows_burst ... ok
[INFO] [stdout] test rate_limit::tests::test_rate_limiter_different_keys ... ok
[INFO] [stdout] test rate_limit::tests::test_rate_limiter_for_auth ... ok
[INFO] [stdout] test rate_limit::tests::test_rate_limiter_reset ... ok
[INFO] [stdout] test server::tests::test_audience_validation_case_insensitive ... ok
[INFO] [stdout] test server::tests::test_audience_validation_default_ports ... ok
[INFO] [stdout] test server::tests::test_audience_validation_exact_match ... ok
[INFO] [stdout] test server::tests::test_audience_validation_path_significant ... ok
[INFO] [stdout] test server::tests::test_audience_validation_port_mismatch ... ok
[INFO] [stdout] test rate_limit::tests::test_rate_limiter_disabled ... ok
[INFO] [stdout] test server::tests::test_audience_validation_trailing_slash ... ok
[INFO] [stdout] test server::tests::test_bearer_token_extraction ... ok
[INFO] [stdout] test server::tests::test_bearer_token_extraction_case_insensitive ... ok
[INFO] [stdout] test server::tests::test_bearer_token_extraction_invalid_format ... ok
[INFO] [stdout] test server::tests::test_metadata_builder_multiple_authorization_servers ... ok
[INFO] [stdout] test server::tests::test_unauthorized_response ... ok
[INFO] [stdout] test server::tests::test_normalize_resource_uri ... ok
[INFO] [stdout] test server::tests::test_www_authenticate_builder ... ok
[INFO] [stdout] test server::tests::test_www_authenticate_insufficient_scope ... ok
[INFO] [stdout] test server::tests::test_www_authenticate_invalid_token ... ok
[INFO] [stdout] test ssrf::tests::test_custom_policy_builder ... ok
[INFO] [stdout] test ssrf::tests::test_default_policy_allows_public_ip ... ok
[INFO] [stdout] test server::tests::test_metadata_builder ... ok
[INFO] [stdout] test ssrf::tests::test_default_policy_blocks_cloud_metadata ... ok
[INFO] [stdout] test ssrf::tests::test_ip_allowlist ... ok
[INFO] [stdout] test ssrf::tests::test_default_policy_blocks_localhost ... ok
[INFO] [stdout] test ssrf::tests::test_default_policy_blocks_private_networks ... ok
[INFO] [stdout] test oauth2::http_client::tests::test_client_creation ... ok
[INFO] [stdout] test ssrf::tests::test_ipv4_mapped_ipv6_cloud_metadata_blocked ... ok
[INFO] [stdout] test ssrf::tests::test_ipv4_mapped_ipv6_private_network_blocked ... ok
[INFO] [stdout] test ssrf::tests::test_ipv4_mapped_ipv6_public_address_allowed ... ok
[INFO] [stdout] test ssrf::tests::test_url_validation_requires_https ... ok
[INFO] [stdout] test ssrf::tests::test_ipv6_unique_local_blocked ... ok
[INFO] [stdout] test ssrf::tests::test_link_local_blocked ... ok
[INFO] [stdout] test oauth2::client::tests::test_redirect_uri_accepts_https ... ok
[INFO] [stdout] test oauth2::http_client::tests::test_default ... ok
[INFO] [stdout] test oauth2::client::tests::test_authorization_code_flow_omits_resource_when_disabled ... ok
[INFO] [stdout] test jwt::jwks::tests::an_ssrf_checked_fetch_uses_the_validated_address ... ok
[INFO] [stdout] test ssrf::tests::a_redirect_is_validated_like_the_first_url ... ok
[INFO] [stdout] test oauth2::dcr::tests::test_dcr_client_creation ... ok
[INFO] [stdout] test providers::oauth2::tests::test_validate_audience_binding_accepts_matching_aud_in_array ... ok
[INFO] [stdout] test providers::oauth2::tests::test_validate_audience_binding_accepts_matching_aud ... ok
[INFO] [stdout] test providers::oauth2::tests::test_oauth2_provider_creation ... ok
[INFO] [stdout] test providers::oauth2::tests::test_validate_audience_binding_rejects_mismatched_aud ... ok
[INFO] [stdout] test providers::oauth2::tests::test_validate_audience_binding_fails_closed_without_resource_uri ... ok
[INFO] [stdout] test providers::oauth2::tests::test_validate_audience_binding_rejects_opaque_token_without_introspection ... ok
[INFO] [stdout] 
[INFO] [stdout] test result: ok. 136 passed; 0 failed; 0 ignored; 0 measured; 0 filtered out; finished in 0.32s
[INFO] [stdout] 
[INFO] [stderr]      Running tests/dpop_integration.rs (/opt/rustwide/target/release/build/turbomcp-auth/e16798932c3ed93a/out/dpop_integration-e16798932c3ed93a)
[INFO] [stdout] 
[INFO] [stderr]      Running tests/dpop_token_endpoint.rs (/opt/rustwide/target/release/build/turbomcp-auth/822d71f959c692d9/out/dpop_token_endpoint-822d71f959c692d9)
[INFO] [stdout] running 0 tests
[INFO] [stdout] 
[INFO] [stdout] test result: ok. 0 passed; 0 failed; 0 ignored; 0 measured; 0 filtered out; finished in 0.00s
[INFO] [stdout] 
[INFO] [stdout] 
[INFO] [stdout] running 0 tests
[INFO] [stdout] 
[INFO] [stdout] test result: ok. 0 passed; 0 failed; 0 ignored; 0 measured; 0 filtered out; finished in 0.00s
[INFO] [stdout] 
[INFO] [stderr]      Running tests/jwks_caching_robustness.rs (/opt/rustwide/target/release/build/turbomcp-auth/6945fea2a50145e9/out/jwks_caching_robustness-6945fea2a50145e9)
[INFO] [stdout] 
[INFO] [stdout] running 10 tests
[INFO] [stdout] test common::tests::test_sha256_hash ... ok
[INFO] [stdout] test common::tests::test_current_timestamp ... ok
[INFO] [stdout] test common::tests::test_mock_server_startup ... ok
[INFO] [stdout] test test_cache_invalidation_on_signature_failure ... ok
[INFO] [stdout] test test_jwks_fallback_to_cache_on_endpoint_failure ... ok
[INFO] [stdout] test test_jwks_cache_hit_rate_performance ... ok
[INFO] [stdout] test test_key_rotation_with_grace_period ... ok
[INFO] [stdout] test test_concurrent_jwks_cache_access ... ok
[INFO] [stdout] test test_jwks_cache_control_headers ... ok
[INFO] [stdout] test test_jwks_cache_ttl_refresh has been running for over 60 seconds
[INFO] [stdout] test test_jwks_cache_ttl_refresh ... ok
[INFO] [stdout] 
[INFO] [stdout] test result: ok. 10 passed; 0 failed; 0 ignored; 0 measured; 0 filtered out; finished in 61.10s
[INFO] [stdout] 
[INFO] [stderr]      Running tests/jwt_validation_edge_cases.rs (/opt/rustwide/target/release/build/turbomcp-auth/5b4d8b2a0e5cd481/out/jwt_validation_edge_cases-5b4d8b2a0e5cd481)
[INFO] [stdout] 
[INFO] [stdout] running 18 tests
[INFO] [stdout] test test_issuer_validation ... ok
[INFO] [stdout] test test_far_future_expiration ... ok
[INFO] [stdout] test test_audience_claim_variations ... ok
[INFO] [stdout] test common::tests::test_sha256_hash ... ok
[INFO] [stdout] test test_jwt_expiration_boundary ... ok
[INFO] [stdout] test common::tests::test_current_timestamp ... ok
[INFO] [stdout] test test_expired_token ... ok
[INFO] [stdout] test test_algorithm_mismatch ... ok
[INFO] [stdout] test test_clock_skew_tolerance ... ok
[INFO] [stdout] test test_missing_required_claims ... ok
[INFO] [stdout] test test_missing_expiration ... ok
[INFO] [stdout] test common::tests::test_mock_server_startup ... ok
[INFO] [stdout] test test_nbf_claim_validation ... ok
[INFO] [stdout] test test_validate_bearer_token_rejects_invalid_token ... ok
[INFO] [stdout] test test_jwt_validator_accepts_token_after_nbf ... ok
[INFO] [stdout] test test_validate_bearer_token_accepts_valid_token_with_scope ... ok
[INFO] [stdout] test test_validate_bearer_token_distinguishes_insufficient_scope_from_invalid_token ... ok
[INFO] [stdout] test test_jwt_validator_enforces_nbf ... ok
[INFO] [stdout] 
[INFO] [stdout] test result: ok. 18 passed; 0 failed; 0 ignored; 0 measured; 0 filtered out; finished in 0.17s
[INFO] [stdout] 
[INFO] [stderr]      Running tests/multi_provider_scenarios.rs (/opt/rustwide/target/release/build/turbomcp-auth/7598fe376138dc41/out/multi_provider_scenarios-7598fe376138dc41)
[INFO] [stdout] 
[INFO] [stdout] running 16 tests
[INFO] [stdout] test common::tests::test_sha256_hash ... ok
[INFO] [stdout] test common::tests::test_mock_server_startup ... ok
[INFO] [stdout] test test_issuer_specific_validation_rules ... ok
[INFO] [stdout] test common::tests::test_current_timestamp ... ok
[INFO] [stdout] test test_per_provider_rate_limiting ... ok
[INFO] [stdout] test test_apple_signin_oauth2_1_support ... ok
[INFO] [stdout] test test_concurrent_jwks_fetching_multi_provider ... ok
[INFO] [stdout] test test_provider_failover ... ok
[INFO] [stdout] test test_cross_provider_token_isolation ... ok
[INFO] [stdout] test test_auth0_identity_platform_oauth2_1_support ... ok
[INFO] [stdout] test test_keycloak_oidc_provider_oauth2_1_support ... ok
[INFO] [stdout] test test_per_provider_jwks_configuration ... ok
[INFO] [stdout] test test_concurrent_multi_provider_authentication ... ok
[INFO] [stdout] test test_okta_enterprise_oauth2_1_support ... ok
[INFO] [stdout] test test_all_new_providers_oauth2_1_features ... ok
[INFO] [stdout] test test_provider_specific_error_formats ... ok
[INFO] [stdout] 
[INFO] [stdout] test result: ok. 16 passed; 0 failed; 0 ignored; 0 measured; 0 filtered out; finished in 0.21s
[INFO] [stdout] 
[INFO] [stderr]      Running tests/oauth2_flow_integration.rs (/opt/rustwide/target/release/build/turbomcp-auth/d8326076bd185cae/out/oauth2_flow_integration-d8326076bd185cae)
[INFO] [stdout] 
[INFO] [stdout] running 11 tests
[INFO] [stdout] test common::tests::test_sha256_hash ... ok
[INFO] [stdout] test common::tests::test_mock_server_startup ... ok
[INFO] [stdout] test common::tests::test_current_timestamp ... ok
[INFO] [stdout] test test_oauth2_token_exchange_invalid_code ... ok
[INFO] [stdout] test test_oauth2_client_credentials_flow ... ok
[INFO] [stdout] test test_oauth2_authorization_redirect ... ok
[INFO] [stdout] test test_oauth2_pkce_code_challenge_validation ... ok
[INFO] [stdout] test test_oauth2_missing_required_parameters ... ok
[INFO] [stdout] test test_oauth2_token_exchange_success ... ok
[INFO] [stdout] test test_oauth2_refresh_token_flow ... ok
[INFO] [stdout] test test_oauth2_scope_handling ... ok
[INFO] [stdout] 
[INFO] [stdout] test result: ok. 11 passed; 0 failed; 0 ignored; 0 measured; 0 filtered out; finished in 0.10s
[INFO] [stdout] 
[INFO] [stderr]      Running tests/security_attack_scenarios.rs (/opt/rustwide/target/release/build/turbomcp-auth/70a749d3a7afbdda/out/security_attack_scenarios-70a749d3a7afbdda)
[INFO] [stdout] 
[INFO] [stdout] running 11 tests
[INFO] [stdout] test common::tests::test_current_timestamp ... ok
[INFO] [stdout] test test_jsonwebtoken_rejects_none_algorithm ... ok
[INFO] [stdout] test test_reject_jwk_injection_in_access_token ... ok
[INFO] [stdout] test test_token_type_confusion_attack ... ok
[INFO] [stdout] test test_replay_attack_prevention_with_jti ... ok
[INFO] [stdout] test common::tests::test_mock_server_startup ... ok
[INFO] [stdout] test common::tests::test_sha256_hash ... ok
[INFO] [stdout] test test_pkce_downgrade_attack_prevention ... ok
[INFO] [stdout] test test_redirect_uri_validation ... ok
[INFO] [stdout] test test_authorization_code_single_use ... ok
[INFO] [stdout] test test_scope_escalation_prevention ... ok
[INFO] [stdout] 
[INFO] [stdout] test result: ok. 11 passed; 0 failed; 0 ignored; 0 measured; 0 filtered out; finished in 0.06s
[INFO] [stdout] 
[INFO] [stderr]      Running tests/token_lifecycle.rs (/opt/rustwide/target/release/build/turbomcp-auth/03abe3b106bbfab1/out/token_lifecycle-03abe3b106bbfab1)
[INFO] [stdout] 
[INFO] [stdout] running 9 tests
[INFO] [stdout] test common::tests::test_sha256_hash ... ok
[INFO] [stdout] test common::tests::test_mock_server_startup ... ok
[INFO] [stdout] test common::tests::test_current_timestamp ... ok
[INFO] [stdout] test test_automatic_token_refresh_before_expiration ... ok
[INFO] [stdout] test test_refresh_token_rotation_grace_period ... ok
[INFO] [stdout] test test_token_revocation_rfc7009 ... ok
[INFO] [stdout] test test_token_lifetime_best_practices ... ok
[INFO] [stdout] test test_revocation_propagates_to_access_tokens ... ok
[INFO] [stdout] test test_refresh_token_rotation_single_use ... ok
[INFO] [stdout] 
[INFO] [stdout] test result: ok. 9 passed; 0 failed; 0 ignored; 0 measured; 0 filtered out; finished in 0.09s
[INFO] [stdout] 
[INFO] [stderr]    Doc-tests turbomcp_auth
[INFO] [stdout] 
[INFO] [stdout] running 43 tests
[INFO] [stdout] test src/auth_metrics.rs - auth_metrics (line 15) ... ignored
[INFO] [stdout] test src/context.rs - context::AuthContext (line 90) ... ignored
[INFO] [stdout] test src/context.rs - context::AuthContext::get_metadata (line 456) ... ignored
[INFO] [stdout] test src/context.rs - context::AuthContext::to_jwt_claims (line 283) ... ignored
[INFO] [stdout] test src/context.rs - context::AuthContextBuilder (line 582) ... ignored
[INFO] [stdout] test src/jwt/jwks.rs - jwt::jwks::JwksCache (line 401) - compile ... ok
[INFO] [stdout] test src/introspection.rs - introspection::IntrospectionClient (line 121) - compile ... ok
[INFO] [stdout] test src/jwt/jwks.rs - jwt::jwks::JwksClient (line 51) - compile ... ok
[INFO] [stdout] test src/jwt/validator.rs - jwt::validator::JwtValidator::validate (line 365) - compile ... FAILED
[INFO] [stdout] test src/introspection.rs - introspection::IntrospectionClient::is_token_active (line 299) - compile ... ok
[INFO] [stdout] test src/oauth2/client.rs - oauth2::client::OAuth2Client::authorization_code_flow (line 480) ... ignored
[INFO] [stdout] test src/oauth2/client.rs - oauth2::client::OAuth2Client::refresh_access_token (line 589) ... ignored
[INFO] [stdout] test src/oauth2/client.rs - oauth2::client::OAuth2Client::revoke_token (line 693) ... ignored
[INFO] [stdout] test src/introspection.rs - introspection (line 15) - compile ... ok
[INFO] [stdout] test src/jwt/jwks.rs - jwt::jwks::JwksClient::new (line 103) ... ok
[INFO] [stdout] test src/api_key_validation.rs - api_key_validation (line 28) ... ok
[INFO] [stdout] test src/introspection.rs - introspection::IntrospectionClient::introspect (line 228) - compile ... ok
[INFO] [stdout] test src/manager.rs - manager::AuthManager::authenticate (line 110) - compile ... ok
[INFO] [stdout] test src/jwt/validator.rs - jwt::validator::MultiIssuerValidator (line 546) - compile ... FAILED
[INFO] [stdout] test src/manager.rs - manager (line 13) - compile ... ok
[INFO] [stdout] test src/oauth2/validation.rs - oauth2::validation::validate_oauth_state (line 36) ... ignored
[INFO] [stdout] test src/oauth2/dcr.rs - oauth2::dcr::DcrClient (line 203) - compile ... ok
[INFO] [stdout] test src/manager.rs - manager::AuthManager::validate_token (line 183) - compile ... ok
[INFO] [stdout] test src/jwt/validator.rs - jwt::validator::JwtValidator (line 45) - compile ... FAILED
[INFO] [stdout] test src/oauth2/dcr.rs - oauth2::dcr (line 21) - compile ... ok
[INFO] [stdout] test src/ssrf.rs - ssrf (line 30) ... ignored
[INFO] [stdout] test src/ssrf.rs - ssrf::SsrfValidator::create_pinned_client (line 585) ... ignored
[INFO] [stdout] test src/ssrf.rs - ssrf::SsrfValidator::fetch (line 708) ... ignored
[INFO] [stdout] test src/audit.rs - audit (line 28) ... ok
[INFO] [stdout] test src/api_key_validation.rs - api_key_validation::validate_api_key_multiple (line 150) ... ok
[INFO] [stdout] test src/oauth2/dcr.rs - oauth2::dcr::DcrClient::update (line 352) - compile ... ok
[INFO] [stdout] test src/api_key_validation.rs - api_key_validation::validate_api_key (line 92) ... ok
[INFO] [stdout] test src/jwt/validator.rs - jwt::validator::JwtValidator::with_jwks_uri (line 262) ... ok
[INFO] [stdout] test src/rate_limit.rs - rate_limit (line 31) - compile ... ok
[INFO] [stdout] test src/oauth2/dcr.rs - oauth2::dcr::DcrClient::register (line 306) - compile ... ok
[INFO] [stdout] test src/introspection.rs - introspection::IntrospectionClient::new (line 182) ... ok
[INFO] [stdout] test src/server.rs - server::validate_bearer_token (line 409) - compile ... ok
[INFO] [stdout] test src/server.rs - server::BearerTokenValidator::extract_from_header (line 218) - compile ... ok
[INFO] [stdout] test src/oauth2/dcr.rs - oauth2::dcr::DcrBuilder (line 434) ... ok
[INFO] [stdout] test src/oauth2/dcr.rs - oauth2::dcr::DcrClient::new (line 264) ... ok
[INFO] [stdout] test src/lib.rs - (line 37) ... ok
[INFO] [stdout] test src/oauth2/resource.rs - oauth2::resource::validate_resource_uri (line 57) ... ok
[INFO] [stdout] test src/server.rs - server::validate_audience (line 559) ... ok
[INFO] [stdout] 
[INFO] [stdout] failures:
[INFO] [stdout] 
[INFO] [stdout] ---- src/jwt/validator.rs - jwt::validator::JwtValidator::validate (line 365) stdout ----
[INFO] [stdout] error[E0599]: no associated function or constant named `new` found for struct `JwtValidator` in the current scope
[INFO] [stdout]    --> src/jwt/validator.rs:369:31
[INFO] [stdout]     |
[INFO] [stdout] 369 | let validator = JwtValidator::new(
[INFO] [stdout]     |                               ^^^ associated function or constant not found in `JwtValidator`
[INFO] [stdout]     |
[INFO] [stdout] note: if you're trying to build a new `JwtValidator` consider using one of the following associated functions:
[INFO] [stdout]       JwtValidator::with_jwks_uri
[INFO] [stdout]       JwtValidator::with_jwks_client
[INFO] [stdout]    --> src/jwt/validator.rs:271:5
[INFO] [stdout]     |
[INFO] [stdout] 271 | /     pub fn with_jwks_uri(
[INFO] [stdout] 272 | |         expected_issuer: String,
[INFO] [stdout] 273 | |         expected_audience: String,
[INFO] [stdout] 274 | |         jwks_uri: String,
[INFO] [stdout] 275 | |     ) -> Self {
[INFO] [stdout]     | |_____________^
[INFO] [stdout] ...
[INFO] [stdout] 293 | /     pub fn with_jwks_client(
[INFO] [stdout] 294 | |         expected_issuer: String,
[INFO] [stdout] 295 | |         expected_audience: String,
[INFO] [stdout] 296 | |         jwks_client: Arc<JwksClient>,
[INFO] [stdout] 297 | |     ) -> Self {
[INFO] [stdout]     | |_____________^
[INFO] [stdout] 
[INFO] [stdout] warning: method call on a diverging inference variable
[INFO] [stdout]    --> src/jwt/validator.rs:374:17
[INFO] [stdout]     |
[INFO] [stdout] 374 | match validator.validate("eyJ0eXAi...").await {
[INFO] [stdout]     |                 ^^^^^^^^
[INFO] [stdout]     |
[INFO] [stdout]     = help: consider providing a type annotation
[INFO] [stdout]     = warning: this was previously accepted by the compiler but is being phased out; it will become a hard error in a future release!
[INFO] [stdout]     = note: for more information, see issue #156047 <https://github.com/rust-lang/rust/issues/156047>
[INFO] [stdout]     = note: `#[warn(method_call_on_diverging_infer_var)]` (part of `#[warn(future_incompatible)]`) on by default
[INFO] [stdout] 
[INFO] [stdout] error[E0599]: no method named `validate` found for type `!` in the current scope
[INFO] [stdout]    --> src/jwt/validator.rs:374:17
[INFO] [stdout]     |
[INFO] [stdout] 374 | match validator.validate("eyJ0eXAi...").await {
[INFO] [stdout]     |                 ^^^^^^^^ method not found in `!`
[INFO] [stdout] 
[INFO] [stdout] error: aborting due to 2 previous errors; 1 warning emitted
[INFO] [stdout] 
[INFO] [stdout] For more information about this error, try `rustc --explain E0599`.
[INFO] [stdout] Couldn't compile the test.
[INFO] [stdout] ---- src/jwt/validator.rs - jwt::validator::MultiIssuerValidator (line 546) stdout ----
[INFO] [stdout] error[E0599]: no method named `add_issuer` found for struct `MultiIssuerValidator` in the current scope
[INFO] [stdout]    --> src/jwt/validator.rs:553:11
[INFO] [stdout]     |
[INFO] [stdout] 553 | validator.add_issuer("https://accounts.google.com".to_string());
[INFO] [stdout]     |           ^^^^^^^^^^ method not found in `MultiIssuerValidator`
[INFO] [stdout] 
[INFO] [stdout] error[E0599]: no method named `add_issuer` found for struct `MultiIssuerValidator` in the current scope
[INFO] [stdout]    --> src/jwt/validator.rs:554:11
[INFO] [stdout]     |
[INFO] [stdout] 554 | validator.add_issuer("https://login.microsoftonline.com".to_string());
[INFO] [stdout]     |           ^^^^^^^^^^ method not found in `MultiIssuerValidator`
[INFO] [stdout] 
[INFO] [stdout] error: aborting due to 2 previous errors
[INFO] [stdout] 
[INFO] [stdout] For more information about this error, try `rustc --explain E0599`.
[INFO] [stdout] Couldn't compile the test.
[INFO] [stdout] ---- src/jwt/validator.rs - jwt::validator::JwtValidator (line 45) stdout ----
[INFO] [stdout] error[E0599]: no associated function or constant named `new` found for struct `JwtValidator` in the current scope
[INFO] [stdout]    --> src/jwt/validator.rs:49:31
[INFO] [stdout]     |
[INFO] [stdout]  49 | let validator = JwtValidator::new(
[INFO] [stdout]     |                               ^^^ associated function or constant not found in `JwtValidator`
[INFO] [stdout]     |
[INFO] [stdout] note: if you're trying to build a new `JwtValidator` consider using one of the following associated functions:
[INFO] [stdout]       JwtValidator::with_jwks_uri
[INFO] [stdout]       JwtValidator::with_jwks_client
[INFO] [stdout]    --> src/jwt/validator.rs:271:5
[INFO] [stdout]     |
[INFO] [stdout] 271 | /     pub fn with_jwks_uri(
[INFO] [stdout] 272 | |         expected_issuer: String,
[INFO] [stdout] 273 | |         expected_audience: String,
[INFO] [stdout] 274 | |         jwks_uri: String,
[INFO] [stdout] 275 | |     ) -> Self {
[INFO] [stdout]     | |_____________^
[INFO] [stdout] ...
[INFO] [stdout] 293 | /     pub fn with_jwks_client(
[INFO] [stdout] 294 | |         expected_issuer: String,
[INFO] [stdout] 295 | |         expected_audience: String,
[INFO] [stdout] 296 | |         jwks_client: Arc<JwksClient>,
[INFO] [stdout] 297 | |     ) -> Self {
[INFO] [stdout]     | |_____________^
[INFO] [stdout] 
[INFO] [stdout] warning: method call on a diverging inference variable
[INFO] [stdout]   --> src/jwt/validator.rs:55:24
[INFO] [stdout]    |
[INFO] [stdout] 55 | let result = validator.validate(token).await?;
[INFO] [stdout]    |                        ^^^^^^^^
[INFO] [stdout]    |
[INFO] [stdout]    = help: consider providing a type annotation
[INFO] [stdout]    = warning: this was previously accepted by the compiler but is being phased out; it will become a hard error in a future release!
[INFO] [stdout]    = note: for more information, see issue #156047 <https://github.com/rust-lang/rust/issues/156047>
[INFO] [stdout]    = note: `#[warn(method_call_on_diverging_infer_var)]` (part of `#[warn(future_incompatible)]`) on by default
[INFO] [stdout] 
[INFO] [stdout] error[E0599]: no method named `validate` found for type `!` in the current scope
[INFO] [stdout]   --> src/jwt/validator.rs:55:24
[INFO] [stdout]    |
[INFO] [stdout] 55 | let result = validator.validate(token).await?;
[INFO] [stdout]    |                        ^^^^^^^^ method not found in `!`
[INFO] [stdout] 
[INFO] [stdout] error: aborting due to 2 previous errors; 1 warning emitted
[INFO] [stdout] 
[INFO] [stdout] For more information about this error, try `rustc --explain E0599`.
[INFO] [stdout] Couldn't compile the test.
[INFO] [stdout] 
[INFO] [stdout] failures:
[INFO] [stdout]     src/jwt/validator.rs - jwt::validator::JwtValidator (line 45)
[INFO] [stdout]     src/jwt/validator.rs - jwt::validator::JwtValidator::validate (line 365)
[INFO] [stdout]     src/jwt/validator.rs - jwt::validator::MultiIssuerValidator (line 546)
[INFO] [stdout] 
[INFO] [stdout] test result: FAILED. 28 passed; 3 failed; 12 ignored; 0 measured; 0 filtered out; finished in 2.45s
[INFO] [stdout] 
[INFO] [stdout] all doctests ran in 3.00s; merged doctests compilation took 0.54s
[INFO] [stderr] error: doctest failed, to rerun pass `--doc`
[INFO] running `Command { std: "docker" "inspect" "e3a16a5a855d2b3486132945521dd615688c5136a52689f2022128239666affa", kill_on_drop: false }`
[INFO] running `Command { std: "docker" "rm" "-f" "e3a16a5a855d2b3486132945521dd615688c5136a52689f2022128239666affa", kill_on_drop: false }`
[INFO] [stdout] e3a16a5a855d2b3486132945521dd615688c5136a52689f2022128239666affa
