[INFO] fetching crate tuning 0.7.0...
[INFO] testing tuning-0.7.0 against 1.99.0-beta.8+cargoflags=--release for beta-release-1.100-2
[INFO] extracting crate tuning 0.7.0 into /workspace/builds/worker-6-tc1/source
[INFO] started tweaking crates.io crate tuning 0.7.0
[INFO] finished tweaking crates.io crate tuning 0.7.0
[INFO] tweaked toml for crates.io crate tuning 0.7.0 written to /workspace/builds/worker-6-tc1/source/Cargo.toml
[INFO] validating manifest of crates.io crate tuning 0.7.0 on toolchain 1.99.0-beta.8
[INFO] running `Command { std: CARGO_HOME="/workspace/cargo-home" RUSTUP_HOME="/workspace/rustup-home" "/workspace/cargo-home/bin/cargo" "+1.99.0-beta.8" "metadata" "--manifest-path" "Cargo.toml" "--no-deps", kill_on_drop: false }`
[INFO] crate crates.io crate tuning 0.7.0 already has a lockfile, it will not be regenerated
[INFO] running `Command { std: CARGO_HOME="/workspace/cargo-home" RUSTUP_HOME="/workspace/rustup-home" "/workspace/cargo-home/bin/cargo" "+1.99.0-beta.8" "fetch" "--manifest-path" "Cargo.toml", kill_on_drop: false }`
[INFO] [stderr]     Updating crates.io index
[INFO] [stderr]  Downloading crates ...
[INFO] [stderr]   Downloaded serde_spanned v1.1.2
[INFO] [stderr]   Downloaded toml_writer v1.1.3+spec-1.1.0
[INFO] [stderr]   Downloaded gix-utils v0.4.0
[INFO] [stderr]   Downloaded gix-validate v0.12.0
[INFO] [stderr]   Downloaded toml_parser v1.1.4+spec-1.1.0
[INFO] [stderr]   Downloaded gix-error v0.4.0
[INFO] [stderr]   Downloaded gix-trace v0.2.0
[INFO] [stderr]   Downloaded toml v1.1.7+spec-1.1.0
[INFO] [stderr]   Downloaded tera v2.4.0
[INFO] [stderr]   Downloaded gix-url v0.39.0
[INFO] [stderr]   Downloaded gix-path v0.13.0
[INFO] running `Command { std: "docker" "create" "-v" "/var/lib/crater-agent-workspace/builds/worker-6-tc1/source:/opt/rustwide/workdir:ro,Z" "-v" "/var/lib/crater-agent-workspace/builds/worker-6-tc1/target:/opt/rustwide/target:rw,Z" "-v" "/var/lib/crater-agent-workspace/cargo-home:/opt/rustwide/cargo-home:ro,Z" "-v" "/var/lib/crater-agent-workspace/rustup-home:/opt/rustwide/rustup-home:ro,Z" "-m" "1610612736" "--network" "none" "ghcr.io/rust-lang/crates-build-env/linux@sha256:77db811e55d90add9212f6832c23229e3de5f1c1f9905e8cb07319ea15df73ac" "sleep" "infinity", kill_on_drop: false }`
[INFO] [stdout] ce24bf4fc84a36f51df074b9b3e68e14cbdd315f3d642859e42082aa696f5c37
[INFO] running `Command { std: "docker" "start" "ce24bf4fc84a36f51df074b9b3e68e14cbdd315f3d642859e42082aa696f5c37", kill_on_drop: false }`
[INFO] running `Command { std: "docker" "inspect" "ce24bf4fc84a36f51df074b9b3e68e14cbdd315f3d642859e42082aa696f5c37", kill_on_drop: false }`
[INFO] running `Command { std: "docker" "exec" "-e" "SOURCE_DIR=/opt/rustwide/workdir" "-e" "CARGO_HOME=/opt/rustwide/cargo-home" "-e" "RUSTUP_HOME=/opt/rustwide/rustup-home" "-e" "CARGO_TARGET_DIR=/opt/rustwide/target" "-w" "/opt/rustwide/workdir" "--user" "0:0" "ce24bf4fc84a36f51df074b9b3e68e14cbdd315f3d642859e42082aa696f5c37" "/opt/rustwide/cargo-home/bin/cargo" "+1.99.0-beta.8" "metadata" "--no-deps" "--format-version=1", kill_on_drop: false }`
[INFO] running `Command { std: "docker" "inspect" "ce24bf4fc84a36f51df074b9b3e68e14cbdd315f3d642859e42082aa696f5c37", kill_on_drop: false }`
[INFO] running `Command { std: "docker" "exec" "-e" "SOURCE_DIR=/opt/rustwide/workdir" "-e" "CARGO_HOME=/opt/rustwide/cargo-home" "-e" "RUSTUP_HOME=/opt/rustwide/rustup-home" "-e" "CARGO_TARGET_DIR=/opt/rustwide/target" "-e" "CARGO_INCREMENTAL=0" "-e" "RUST_BACKTRACE=full" "-e" "RUSTFLAGS=--cap-lints=warn" "-e" "RUSTDOCFLAGS=--cap-lints=warn" "-w" "/opt/rustwide/workdir" "--user" "0:0" "ce24bf4fc84a36f51df074b9b3e68e14cbdd315f3d642859e42082aa696f5c37" "/opt/rustwide/cargo-home/bin/cargo" "+1.99.0-beta.8" "build" "--frozen" "--message-format=json" "--release", kill_on_drop: false }`
[INFO] [stderr]    Compiling proc-macro2 v1.0.107
[INFO] [stderr]    Compiling quote v1.0.47
[INFO] [stderr]    Compiling serde_core v1.0.229
[INFO] [stderr]    Compiling unicode-ident v1.0.26
[INFO] [stderr]    Compiling memchr v2.8.3
[INFO] [stderr]    Compiling libc v0.2.190
[INFO] [stderr]    Compiling regex-syntax v0.8.11
[INFO] [stderr]    Compiling getrandom v0.4.3
[INFO] [stderr]    Compiling futures-core v0.3.34
[INFO] [stderr]    Compiling utf8parse v0.2.2
[INFO] [stderr]    Compiling futures-sink v0.3.34
[INFO] [stderr]    Compiling cfg-if v1.0.5
[INFO] [stderr]    Compiling pin-project-lite v0.2.17
[INFO] [stderr]    Compiling serde v1.0.229
[INFO] [stderr]    Compiling futures-channel v0.3.34
[INFO] [stderr]    Compiling anstyle-parse v1.0.0
[INFO] [stderr]    Compiling zmij v1.0.23
[INFO] [stderr]    Compiling futures-io v0.3.34
[INFO] [stderr]    Compiling tinyvec v1.13.3
[INFO] [stderr]    Compiling anstyle-query v1.1.5
[INFO] [stderr]    Compiling anstyle v1.0.14
[INFO] [stderr]    Compiling is_terminal_polyfill v1.70.2
[INFO] [stderr]    Compiling colorchoice v1.0.5
[INFO] [stderr]    Compiling slab v0.4.12
[INFO] [stderr]    Compiling aho-corasick v1.1.5
[INFO] [stderr]    Compiling syn v3.0.6
[INFO] [stderr]    Compiling futures-task v0.3.34
[INFO] [stderr]    Compiling unicode-normalization v0.1.25
[INFO] [stderr]    Compiling anstream v1.0.0
[INFO] [stderr]    Compiling strsim v0.11.1
[INFO] [stderr]    Compiling option-ext v0.2.0
[INFO] [stderr]    Compiling camino v1.2.6
[INFO] [stderr]    Compiling clap_lex v1.1.1
[INFO] [stderr]    Compiling fastrand v2.5.0
[INFO] [stderr]    Compiling errno v0.3.14
[INFO] [stderr]    Compiling gix-trace v0.2.0
[INFO] [stderr]    Compiling serde_json v1.0.151
[INFO] [stderr]    Compiling winnow v1.0.4
[INFO] [stderr]    Compiling heck v0.5.0
[INFO] [stderr]    Compiling signal-hook-registry v1.4.8
[INFO] [stderr]    Compiling clap_builder v4.6.7
[INFO] [stderr]    Compiling regex-automata v0.4.18
[INFO] [stderr]    Compiling toml_parser v1.1.4+spec-1.1.0
[INFO] [stderr]    Compiling dirs-sys v0.5.0
[INFO] [stderr]    Compiling toml_datetime v1.1.2+spec-1.1.0
[INFO] [stderr]    Compiling serde_spanned v1.1.2
[INFO] [stderr]    Compiling mio v1.2.4
[INFO] [stderr]    Compiling toml_writer v1.1.3+spec-1.1.0
[INFO] [stderr]    Compiling itoa v1.0.18
[INFO] [stderr]    Compiling bytes v1.12.1
[INFO] [stderr]    Compiling percent-encoding v2.3.2
[INFO] [stderr]    Compiling toml v1.1.7+spec-1.1.0
[INFO] [stderr]    Compiling futures-macro v0.3.34
[INFO] [stderr]    Compiling serde_derive v1.0.229
[INFO] [stderr]    Compiling bstr v1.13.1
[INFO] [stderr]    Compiling gix-error v0.4.0
[INFO] [stderr]    Compiling futures-util v0.3.34
[INFO] [stderr]    Compiling gix-validate v0.12.0
[INFO] [stderr]    Compiling gix-path v0.13.0
[INFO] [stderr]    Compiling gix-utils v0.4.0
[INFO] [stderr]    Compiling clap_derive v4.6.7
[INFO] [stderr]    Compiling tokio-macros v2.7.2
[INFO] [stderr]    Compiling regex v1.13.1
[INFO] [stderr]    Compiling tera v2.4.0
[INFO] [stderr]    Compiling tokio v1.53.2
[INFO] [stderr]    Compiling gix-url v0.39.0
[INFO] [stderr]    Compiling futures-executor v0.3.34
[INFO] [stderr]    Compiling futures v0.3.34
[INFO] [stderr]    Compiling clap v4.6.7
[INFO] [stderr]    Compiling dirs v7.0.0
[INFO] [stderr]    Compiling uuid v1.27.0
[INFO] [stderr]    Compiling which v8.0.6
[INFO] [stderr]    Compiling colored v3.1.1
[INFO] [stderr]    Compiling semver v1.0.28
[INFO] [stderr]    Compiling tuning v0.7.0 (/opt/rustwide/workdir)
[INFO] [stderr]     Finished `release` profile [optimized] target(s) in 2m 58s
[INFO] running `Command { std: "docker" "inspect" "ce24bf4fc84a36f51df074b9b3e68e14cbdd315f3d642859e42082aa696f5c37", kill_on_drop: false }`
[INFO] running `Command { std: "docker" "exec" "-e" "SOURCE_DIR=/opt/rustwide/workdir" "-e" "CARGO_HOME=/opt/rustwide/cargo-home" "-e" "RUSTUP_HOME=/opt/rustwide/rustup-home" "-e" "CARGO_TARGET_DIR=/opt/rustwide/target" "-e" "CARGO_INCREMENTAL=0" "-e" "RUST_BACKTRACE=full" "-e" "RUSTFLAGS=--cap-lints=warn" "-e" "RUSTDOCFLAGS=--cap-lints=warn" "-w" "/opt/rustwide/workdir" "--user" "0:0" "ce24bf4fc84a36f51df074b9b3e68e14cbdd315f3d642859e42082aa696f5c37" "/opt/rustwide/cargo-home/bin/cargo" "+1.99.0-beta.8" "test" "--frozen" "--no-run" "--message-format=json" "--release", kill_on_drop: false }`
[INFO] [stderr]    Compiling tuning v0.7.0 (/opt/rustwide/workdir)
[INFO] [stderr]     Finished `release` profile [optimized] target(s) in 29.51s
[INFO] running `Command { std: "docker" "inspect" "ce24bf4fc84a36f51df074b9b3e68e14cbdd315f3d642859e42082aa696f5c37", kill_on_drop: false }`
[INFO] running `Command { std: "docker" "exec" "-e" "SOURCE_DIR=/opt/rustwide/workdir" "-e" "CARGO_HOME=/opt/rustwide/cargo-home" "-e" "RUSTUP_HOME=/opt/rustwide/rustup-home" "-e" "CARGO_TARGET_DIR=/opt/rustwide/target" "-e" "CARGO_INCREMENTAL=0" "-e" "RUST_BACKTRACE=full" "-e" "RUSTFLAGS=--cap-lints=warn" "-e" "RUSTDOCFLAGS=--cap-lints=warn" "-w" "/opt/rustwide/workdir" "--user" "0:0" "ce24bf4fc84a36f51df074b9b3e68e14cbdd315f3d642859e42082aa696f5c37" "/opt/rustwide/cargo-home/bin/cargo" "+1.99.0-beta.8" "test" "--frozen" "--release", kill_on_drop: false }`
[INFO] [stderr]     Finished `release` profile [optimized] target(s) in 0.13s
[INFO] [stderr]      Running unittests src/lib.rs (/opt/rustwide/target/release/deps/tuning-312f4ab70878bda7)
[INFO] [stdout] 
[INFO] [stdout] running 94 tests
[INFO] [stdout] test convert::tests::into_option_bool_from_string ... ok
[INFO] [stdout] test config::tests::read_main_toml_with_deep_includes ... FAILED
[INFO] [stdout] test config::tests::read_main_toml_with_includes_not_found ... ok
[INFO] [stdout] test convert::tests::into_option_bool_from_bool ... ok
[INFO] [stdout] test convert::tests::into_option_bool_from_invalid_string ... ok
[INFO] [stdout] test config::tests::read_main_toml_with_recursive_includes ... FAILED
[INFO] [stdout] test convert::tests::into_option_duration_ms_from_i64 ... ok
[INFO] [stdout] test installer::test::changed_for_different_versions ... ok
[INFO] [stdout] test convert::tests::into_option_duration_ms_from_invalid_string ... ok
[INFO] [stdout] test convert::tests::into_option_nonzero_u32_from_invalid_string ... ok
[INFO] [stdout] test convert::tests::into_option_nonzero_u32_from_string ... ok
[INFO] [stdout] test convert::tests::into_option_nonzero_u32_from_i64 ... ok
[INFO] [stdout] test convert::tests::into_option_duration_ms_from_string ... ok
[INFO] [stdout] test facts::tests::gather_does_not_panic ... ok
[INFO] [stdout] test installer::test::nochange_for_same_versions ... ok
[INFO] [stdout] test config::tests::read_main_toml_with_no_includes ... FAILED
[INFO] [stdout] test jobs::command::tests::name_with_command_and_chdir ... ok
[INFO] [stdout] test jobs::command::tests::name_with_command_and_removes ... ok
[INFO] [stdout] test jobs::command::tests::resolves_creates_relative_to_chdir ... ok
[INFO] [stdout] test jobs::command::tests::name_with_command_and_creates ... ok
[INFO] [stdout] test jobs::command::tests::name_with_command ... ok
[INFO] [stdout] test jobs::command::tests::name_with_command_and_argv ... ok
[INFO] [stdout] test jobs::command::tests::skips_when_creates_file_already_exists ... ok
[INFO] [stdout] test jobs::command::tests::resolves_removes_relative_to_chdir ... ok
[INFO] [stdout] test jobs::command::tests::skips_when_removes_file_already_gone ... ok
[INFO] [stdout] test jobs::file::tests::absent_deletes_existing_directory ... ok
[INFO] [stdout] test jobs::file::tests::absent_makes_nochange_when_already_absent ... ok
[INFO] [stdout] test jobs::file::tests::absent_deletes_dangling_symlink ... ok
[INFO] [stdout] test jobs::file::tests::absent_deletes_existing_file ... ok
[INFO] [stdout] test jobs::file::tests::directory_preserved_at_path_when_preexisting ... ok
[INFO] [stdout] test jobs::file::tests::directory_without_force_preserves_preexisting_symlink ... ok
[INFO] [stdout] test jobs::file::tests::link_symlinks_src_to_path ... ok
[INFO] [stdout] cargo 1.99.0-beta.8 (5f94df478 2026-08-27)
[INFO] [stdout] test jobs::file::tests::link_removes_existing_file_at_path ... ok
[INFO] [stdout] test jobs::file::tests::link_removes_existing_directory_at_path ... ok
[INFO] [stdout] test jobs::command::tests::changed_after_running_command ... ok
[INFO] [stdout] test jobs::file::tests::link_with_force_replaces_dangling_symlink ... ok
[INFO] [stdout] test jobs::file::tests::link_symlinks_src_to_path_in_new_directory ... ok
[INFO] [stdout] test jobs::file::tests::link_without_force_requires_src_to_exist ... ok
[INFO] [stdout] test jobs::file::tests::name_absent ... ok
[INFO] [stdout] test jobs::file::tests::name_absent_force ... ok
[INFO] [stdout] test jobs::file::tests::name_directory ... ok
[INFO] [stdout] test jobs::file::tests::name_link ... ok
[INFO] [stdout] test jobs::file::tests::name_link_force ... ok
[INFO] [stdout] test jobs::file::tests::name_touch ... ok
[INFO] [stdout] test jobs::file::tests::touch_makes_nochange_for_existing_path ... ok
[INFO] [stdout] test jobs::file::tests::link_without_force_requires_path_to_not_exist ... ok
[INFO] [stdout] test jobs::file::tests::touch_creates_new_empty_file ... ok
[INFO] [stdout] test jobs::file::tests::link_corrects_existing_symlink ... ok
[INFO] [stdout] test jobs::git::tests::is_git_url_eq_with_same_urls ... ok
[INFO] [stdout] test jobs::git::tests::is_git_url_eq_with_ssh_versus_https_urls ... ok
[INFO] [stdout] test jobs::installercargo::tests::parse_installed_ok ... ok
[INFO] [stdout] test jobs::git::tests::error_when_absent_and_no_clone ... ok
[INFO] [stdout] test jobs::installergo::tests::executable_name_cases ... ok
[INFO] [stdout] test jobs::file::tests::directory_with_force_replaces_preexisting_symlink ... ok
[INFO] [stdout] test jobs::installergo::tests::gobin_values ... ok
[INFO] [stdout] test jobs::installergo::tests::gopath_values ... ok
[INFO] [stdout] test jobs::tests::absent_when_defaults_to_true ... ok
[INFO] [stdout] test jobs::tests::fake_toml ... ok
[INFO] [stdout] test jobs::tests::command_toml ... ok
[INFO] [stdout] test jobs::tests::git_toml ... ok
[INFO] [stdout] test jobs::tests::git_toml_with_strings_to_convert ... ok
[INFO] [stdout] test jobs::tests::installercargo_toml ... ok
[INFO] [stdout] test jobs::tests::installergo_toml ... ok
[INFO] [stdout] test jobs::tests::installernpm_toml ... ok
[INFO] [stdout] test preflight::tests::expression_with_undefined_variable_errors ... ok
[INFO] [stdout] test jobs::tests::fake_toml_with_strings_to_convert ... ok
[INFO] [stdout] test jobs::tests::file_toml ... ok
[INFO] [stdout] test preflight::tests::parse_command_toml_to_rawjob ... ok
[INFO] [stdout] test preflight::tests::parse_command_toml_to_rawjob_with_defaults ... ok
[INFO] [stdout] test preflight::tests::rawmain_validate ... ok
[INFO] [stdout] test preflight::tests::rawmain_validate_with_needs_missing_job ... ok
[INFO] [stdout] test preflight::tests::parse_command_toml_to_rawjob_with_expressions ... ok
[INFO] [stdout] test jobs::git::tests::error_when_not_repo_and_no_force ... ok
[INFO] [stdout] test runner::tests::run_does_not_execute_ordered_job_when_some_needs_are_not_done ... ok
[INFO] [stdout] test runner::tests::run_does_not_execute_ordered_job_when_needs_are_not_done ... ok
[INFO] [stdout] test runner::tests::run_executes_unordered_jobs ... ok
[INFO] [stdout] test runner::tests::run_executes_ordered_jobs ... ok
[INFO] [stdout] test runnerstate::tests::display_fmt ... ok
[INFO] [stdout] test runnerstate::tests::is_all_settled_with_all_settled ... ok
[INFO] [stdout] test runnerstate::tests::is_all_settled_with_no_jobs ... ok
[INFO] [stdout] test runnerstate::tests::is_all_settled_with_some_not_settled ... ok
[INFO] [stderr] error: unexpected argument '--flag-does-not-exist' found
[INFO] [stdout] test status::tests::from_status_for_string ... ok
[INFO] [stderr] 
[INFO] [stdout] test status::tests::from_toml ... ok
[INFO] [stderr] Usage: cargo [+toolchain] [OPTIONS] [COMMAND]
[INFO] [stdout] test status::tests::into_toml ... ok
[INFO] [stderr]        cargo [+toolchain] [OPTIONS] -Zscript <MANIFEST_RS> [ARGS]...
[INFO] [stdout] test tags::tests::tags_match_false ... ok
[INFO] [stderr] 
[INFO] [stdout] test tags::tests::tags_match_true ... ok
[INFO] [stderr] For more information, try '--help'.
[INFO] [stdout] test template::tests::make_tera_ok ... ok
[INFO] [stdout] test runner::tests::run_does_not_execute_job_with_false_when_or_needs_job_with_false_when ... ok
[INFO] [stdout] test jobs::file::tests::directory_created_at_path ... ok
[INFO] [stdout] test runner::tests::run_executes_jobs_with_complex_needs ... ok
[INFO] [stdout] test jobs::command::tests::error_after_running_failed_command ... ok
[INFO] [stderr] hint: Using 'master' as the name for the initial branch. This default branch name
[INFO] [stderr] hint: will change to "main" in Git 3.0. To configure the initial branch name
[INFO] [stderr] hint: to use in all of your new repositories, which will suppress this warning,
[INFO] [stderr] hint: call:
[INFO] [stderr] hint:
[INFO] [stderr] hint: 	git config --global init.defaultBranch <name>
[INFO] [stderr] hint:
[INFO] [stderr] hint: Names commonly chosen instead of 'master' are 'main', 'trunk' and
[INFO] [stderr] hint: 'development'. The just-created branch can be renamed via this command:
[INFO] [stderr] hint:
[INFO] [stderr] hint: 	git branch -m <name>
[INFO] [stderr] hint:
[INFO] [stderr] hint: Disable this message with "git config set advice.defaultBranchName false"
[INFO] [stdout] Initialized empty Git repository in /tmp/tuning-test-263402819997099451593507811807157266529/.git/
[INFO] [stderr] hint: Using 'master' as the name for the initial branch. This default branch name
[INFO] [stdout] test jobs::git::tests::current_commit_errors_for_repository_without_a_commit ... ok
[INFO] [stderr] hint: will change to "main" in Git 3.0. To configure the initial branch name
[INFO] [stdout] Initialized empty Git repository in /tmp/tuning-test-254148553285269001529084676627176197280/.git/
[INFO] [stderr] hint: to use in all of your new repositories, which will suppress this warning,
[INFO] [stderr] hint: call:
[INFO] [stderr] hint:
[INFO] [stderr] hint: 	git config --global init.defaultBranch <name>
[INFO] [stderr] hint:
[INFO] [stderr] hint: Names commonly chosen instead of 'master' are 'main', 'trunk' and
[INFO] [stderr] hint: 'development'. The just-created branch can be renamed via this command:
[INFO] [stderr] hint:
[INFO] [stderr] hint: 	git branch -m <name>
[INFO] [stderr] hint:
[INFO] [stderr] hint: Disable this message with "git config set advice.defaultBranchName false"
[INFO] [stdout] [master (root-commit) c603b3e] initial
[INFO] [stderr] There is no tracking information for the current branch.
[INFO] [stderr] Please specify which branch you want to merge with.
[INFO] [stderr] See git-pull(1) for details.
[INFO] [stderr] 
[INFO] [stderr]     git pull <remote> <branch>
[INFO] [stderr] 
[INFO] [stderr] If you wish to set tracking information for this branch you can do so with:
[INFO] [stderr] 
[INFO] [stderr]     git branch --set-upstream-to=<remote>/<branch> master
[INFO] [stderr] 
[INFO] [stdout] test jobs::git::tests::error_when_pull_fails_and_no_force ... ok
[INFO] [stdout] test runner::tests::run_executes_unordered_jobs_concurrently ... ok
[INFO] [stderr] error: test failed, to rerun pass `--lib`
[INFO] [stdout] 
[INFO] [stdout] failures:
[INFO] [stdout] 
[INFO] [stdout] ---- config::tests::read_main_toml_with_deep_includes stdout ----
[INFO] [stdout] Error: Io { source: Os { code: 2, kind: NotFound, message: "No such file or directory" } }
[INFO] [stdout] 
[INFO] [stdout] ---- config::tests::read_main_toml_with_recursive_includes stdout ----
[INFO] [stdout] Error: Io { source: Os { code: 2, kind: NotFound, message: "No such file or directory" } }
[INFO] [stdout] 
[INFO] [stdout] ---- config::tests::read_main_toml_with_no_includes stdout ----
[INFO] [stdout] Error: Io { source: Os { code: 2, kind: NotFound, message: "No such file or directory" } }
[INFO] [stdout] 
[INFO] [stdout] 
[INFO] [stdout] failures:
[INFO] [stdout]     config::tests::read_main_toml_with_deep_includes
[INFO] [stdout]     config::tests::read_main_toml_with_no_includes
[INFO] [stdout]     config::tests::read_main_toml_with_recursive_includes
[INFO] [stdout] 
[INFO] [stdout] test result: FAILED. 91 passed; 3 failed; 0 ignored; 0 measured; 0 filtered out; finished in 0.83s
[INFO] [stdout] 
[INFO] running `Command { std: "docker" "inspect" "ce24bf4fc84a36f51df074b9b3e68e14cbdd315f3d642859e42082aa696f5c37", kill_on_drop: false }`
[INFO] running `Command { std: "docker" "rm" "-f" "ce24bf4fc84a36f51df074b9b3e68e14cbdd315f3d642859e42082aa696f5c37", kill_on_drop: false }`
[INFO] [stdout] ce24bf4fc84a36f51df074b9b3e68e14cbdd315f3d642859e42082aa696f5c37
