[INFO] fetching crate tun-rs 2.8.11...
[INFO] testing tun-rs-2.8.11 against 1.100.0-beta.1+cargoflags=--release for beta-release-1.100-2
[INFO] extracting crate tun-rs 2.8.11 into /workspace/builds/worker-2-tc2/source
[INFO] removed /workspace/builds/worker-2-tc2/source/.cargo/config.toml
[INFO] started tweaking crates.io crate tun-rs 2.8.11
[INFO] removed 0 missing examples
[INFO] removed 0 missing tests
[INFO] finished tweaking crates.io crate tun-rs 2.8.11
[INFO] tweaked toml for crates.io crate tun-rs 2.8.11 written to /workspace/builds/worker-2-tc2/source/Cargo.toml
[INFO] validating manifest of crates.io crate tun-rs 2.8.11 on toolchain 1.100.0-beta.1
[INFO] running `Command { std: CARGO_HOME="/workspace/cargo-home" RUSTUP_HOME="/workspace/rustup-home" "/workspace/cargo-home/bin/cargo" "+1.100.0-beta.1" "metadata" "--manifest-path" "Cargo.toml" "--no-deps", kill_on_drop: false }`
[INFO] crate crates.io crate tun-rs 2.8.11 already has a lockfile, it will not be regenerated
[INFO] running `Command { std: CARGO_HOME="/workspace/cargo-home" RUSTUP_HOME="/workspace/rustup-home" "/workspace/cargo-home/bin/cargo" "+1.100.0-beta.1" "fetch" "--manifest-path" "Cargo.toml", kill_on_drop: false }`
[INFO] running `Command { std: "docker" "create" "-v" "/var/lib/crater-agent-workspace/builds/worker-2-tc2/source:/opt/rustwide/workdir:ro,Z" "-v" "/var/lib/crater-agent-workspace/builds/worker-2-tc2/target:/opt/rustwide/target:rw,Z" "-v" "/var/lib/crater-agent-workspace/cargo-home:/opt/rustwide/cargo-home:ro,Z" "-v" "/var/lib/crater-agent-workspace/rustup-home:/opt/rustwide/rustup-home:ro,Z" "-m" "1610612736" "--network" "none" "ghcr.io/rust-lang/crates-build-env/linux@sha256:77db811e55d90add9212f6832c23229e3de5f1c1f9905e8cb07319ea15df73ac" "sleep" "infinity", kill_on_drop: false }`
[INFO] [stdout] 9012026a698c8152db43b3f3d2c05b1c658d9aaef9a4b6706bf5fb1a95670ff8
[INFO] running `Command { std: "docker" "start" "9012026a698c8152db43b3f3d2c05b1c658d9aaef9a4b6706bf5fb1a95670ff8", kill_on_drop: false }`
[INFO] running `Command { std: "docker" "inspect" "9012026a698c8152db43b3f3d2c05b1c658d9aaef9a4b6706bf5fb1a95670ff8", kill_on_drop: false }`
[INFO] running `Command { std: "docker" "exec" "-e" "SOURCE_DIR=/opt/rustwide/workdir" "-e" "CARGO_HOME=/opt/rustwide/cargo-home" "-e" "RUSTUP_HOME=/opt/rustwide/rustup-home" "-e" "CARGO_TARGET_DIR=/opt/rustwide/target" "-w" "/opt/rustwide/workdir" "--user" "0:0" "9012026a698c8152db43b3f3d2c05b1c658d9aaef9a4b6706bf5fb1a95670ff8" "/opt/rustwide/cargo-home/bin/cargo" "+1.100.0-beta.1" "metadata" "--no-deps" "--format-version=1", kill_on_drop: false }`
[INFO] running `Command { std: "docker" "inspect" "9012026a698c8152db43b3f3d2c05b1c658d9aaef9a4b6706bf5fb1a95670ff8", kill_on_drop: false }`
[INFO] running `Command { std: "docker" "exec" "-e" "SOURCE_DIR=/opt/rustwide/workdir" "-e" "CARGO_HOME=/opt/rustwide/cargo-home" "-e" "RUSTUP_HOME=/opt/rustwide/rustup-home" "-e" "CARGO_TARGET_DIR=/opt/rustwide/target" "-e" "CARGO_INCREMENTAL=0" "-e" "RUST_BACKTRACE=full" "-e" "RUSTFLAGS=--cap-lints=warn" "-e" "RUSTDOCFLAGS=--cap-lints=warn" "-w" "/opt/rustwide/workdir" "--user" "0:0" "9012026a698c8152db43b3f3d2c05b1c658d9aaef9a4b6706bf5fb1a95670ff8" "/opt/rustwide/cargo-home/bin/cargo" "+1.100.0-beta.1" "build" "--frozen" "--message-format=json" "--release", kill_on_drop: false }`
[INFO] [stderr]    Compiling libc v0.2.189
[INFO] [stderr]    Compiling proc-macro2 v1.0.107
[INFO] [stderr]    Compiling cfg_aliases v0.2.2
[INFO] [stderr]    Compiling unicode-ident v1.0.25
[INFO] [stderr]    Compiling autocfg v1.5.1
[INFO] [stderr]    Compiling quote v1.0.47
[INFO] [stderr]    Compiling paste v1.0.15
[INFO] [stderr]    Compiling bitflags v2.13.2
[INFO] [stderr]    Compiling nix v0.30.1
[INFO] [stderr]    Compiling log v0.4.34
[INFO] [stderr]    Compiling cfg-if v1.0.5
[INFO] [stderr]    Compiling thiserror v2.0.20
[INFO] [stderr]    Compiling memoffset v0.9.1
[INFO] [stderr]    Compiling nix v0.31.3
[INFO] [stderr]    Compiling bytes v1.12.1
[INFO] [stderr]    Compiling ipnet v2.12.2
[INFO] [stderr]    Compiling tun-rs v2.8.11 (/opt/rustwide/workdir)
[INFO] [stderr]    Compiling byteorder v1.5.0
[INFO] [stderr]    Compiling netlink-packet-core v0.8.2
[INFO] [stderr]    Compiling syn v3.0.6
[INFO] [stderr]    Compiling netlink-packet-route v0.25.1
[INFO] [stderr]    Compiling netlink-sys v0.8.8
[INFO] [stderr]    Compiling getifaddrs v0.6.2
[INFO] [stderr]    Compiling thiserror-impl v2.0.20
[INFO] [stderr]    Compiling netconfig-rs v0.1.6
[INFO] [stderr]     Finished `release` profile [optimized] target(s) in 39.35s
[INFO] running `Command { std: "docker" "inspect" "9012026a698c8152db43b3f3d2c05b1c658d9aaef9a4b6706bf5fb1a95670ff8", kill_on_drop: false }`
[INFO] running `Command { std: "docker" "exec" "-e" "SOURCE_DIR=/opt/rustwide/workdir" "-e" "CARGO_HOME=/opt/rustwide/cargo-home" "-e" "RUSTUP_HOME=/opt/rustwide/rustup-home" "-e" "CARGO_TARGET_DIR=/opt/rustwide/target" "-e" "CARGO_INCREMENTAL=0" "-e" "RUST_BACKTRACE=full" "-e" "RUSTFLAGS=--cap-lints=warn" "-e" "RUSTDOCFLAGS=--cap-lints=warn" "-w" "/opt/rustwide/workdir" "--user" "0:0" "9012026a698c8152db43b3f3d2c05b1c658d9aaef9a4b6706bf5fb1a95670ff8" "/opt/rustwide/cargo-home/bin/cargo" "+1.100.0-beta.1" "test" "--frozen" "--no-run" "--message-format=json" "--release", kill_on_drop: false }`
[INFO] [stderr]    Compiling crossbeam-utils v0.8.23
[INFO] [stderr]    Compiling bitflags v2.13.2
[INFO] [stderr]    Compiling futures-core v0.3.34
[INFO] [stderr]    Compiling parking v2.2.1
[INFO] [stderr]    Compiling futures-io v0.3.34
[INFO] [stderr]    Compiling memchr v2.8.3
[INFO] [stderr]    Compiling syn v3.0.6
[INFO] [stderr]    Compiling value-bag v1.14.1
[INFO] [stderr]    Compiling slab v0.4.12
[INFO] [stderr]    Compiling fastrand v2.5.0
[INFO] [stderr]    Compiling syn v2.0.119
[INFO] [stderr]    Compiling rustix v1.1.5
[INFO] [stderr]    Compiling log v0.4.34
[INFO] [stderr]    Compiling futures-lite v2.6.1
[INFO] [stderr]    Compiling event-listener v5.4.2
[INFO] [stderr]    Compiling linux-raw-sys v0.12.1
[INFO] [stderr]    Compiling serde_core v1.0.229
[INFO] [stderr]    Compiling concurrent-queue v2.5.0
[INFO] [stderr]    Compiling event-listener-strategy v0.5.4
[INFO] [stderr]    Compiling errno v0.3.14
[INFO] [stderr]    Compiling async-io v2.6.0
[INFO] [stderr]    Compiling crossbeam-epoch v0.9.21
[INFO] [stderr]    Compiling zerocopy v0.8.57
[INFO] [stderr]    Compiling signal-hook-registry v1.4.8
[INFO] [stderr]    Compiling aho-corasick v1.1.5
[INFO] [stderr]    Compiling nix v0.31.3
[INFO] [stderr]    Compiling nix v0.30.1
[INFO] [stderr]    Compiling zmij v1.0.23
[INFO] [stderr]    Compiling serde v1.0.229
[INFO] [stderr]    Compiling crossbeam-deque v0.8.8
[INFO] [stderr]    Compiling regex-syntax v0.8.11
[INFO] [stderr]    Compiling anstyle v1.0.14
[INFO] [stderr]    Compiling async-task v4.7.1
[INFO] [stderr]    Compiling async-channel v2.5.0
[INFO] [stderr]    Compiling num-traits v0.2.19
[INFO] [stderr]    Compiling syn v1.0.109
[INFO] [stderr]    Compiling regex-automata v0.4.18
[INFO] [stderr]    Compiling serde_json v1.0.151
[INFO] [stderr]    Compiling rayon-core v1.13.0
[INFO] [stderr]    Compiling either v1.18.0
[INFO] [stderr]    Compiling serde_derive v1.0.229
[INFO] [stderr]    Compiling zerocopy-derive v0.8.57
[INFO] [stderr]    Compiling atomic-waker v1.1.2
[INFO] [stderr]    Compiling futures-sink v0.3.34
[INFO] [stderr]    Compiling futures-channel v0.3.34
[INFO] [stderr]    Compiling piper v0.2.5
[INFO] [stderr]    Compiling futures-macro v0.3.34
[INFO] [stderr]    Compiling thiserror-impl v2.0.20
[INFO] [stderr]    Compiling polling v3.11.0
[INFO] [stderr]    Compiling regex v1.13.1
[INFO] [stderr]    Compiling async-lock v3.4.2
[INFO] [stderr]    Compiling ciborium-io v0.2.2
[INFO] [stderr]    Compiling clap_lex v1.1.1
[INFO] [stderr]    Compiling getrandom v0.4.3
[INFO] [stderr]    Compiling futures-task v0.3.34
[INFO] [stderr]    Compiling no-std-net v0.6.0
[INFO] [stderr]    Compiling rand_core v0.10.1
[INFO] [stderr]    Compiling plotters-backend v0.3.7
[INFO] [stderr]    Compiling utf8parse v0.2.2
[INFO] [stderr]    Compiling anstyle-parse v1.0.0
[INFO] [stderr]    Compiling pnet_base v0.35.0
[INFO] [stderr]    Compiling plotters-svg v0.3.7
[INFO] [stderr]    Compiling futures-util v0.3.34
[INFO] [stderr]    Compiling netlink-sys v0.8.8
[INFO] [stderr]    Compiling clap_builder v4.6.7
[INFO] [stderr]    Compiling half v2.7.1
[INFO] [stderr]    Compiling ciborium-ll v0.2.2
[INFO] [stderr]    Compiling netlink-packet-route v0.25.1
[INFO] [stderr]    Compiling thiserror v2.0.20
[INFO] [stderr]    Compiling async-signal v0.2.14
[INFO] [stderr]    Compiling blocking v1.7.0
[INFO] [stderr]    Compiling itertools v0.10.5
[INFO] [stderr]    Compiling tokio-macros v2.7.2
[INFO] [stderr]    Compiling async-executor v1.14.0
[INFO] [stderr]    Compiling mio v1.2.3
[INFO] [stderr]    Compiling cast v0.3.0
[INFO] [stderr]    Compiling anstyle-query v1.1.5
[INFO] [stderr]    Compiling same-file v1.0.6
[INFO] [stderr]    Compiling event-listener v2.5.3
[INFO] [stderr]    Compiling colorchoice v1.0.5
[INFO] [stderr]    Compiling jiff-core v0.1.1
[INFO] [stderr]    Compiling is_terminal_polyfill v1.70.2
[INFO] [stderr]    Compiling cpufeatures v0.3.1
[INFO] [stderr]    Compiling anstream v1.0.0
[INFO] [stderr]    Compiling chacha20 v0.10.2
[INFO] [stderr]    Compiling async-channel v1.9.0
[INFO] [stderr]    Compiling criterion-plot v0.5.0
[INFO] [stderr]    Compiling walkdir v2.5.0
[INFO] [stderr]    Compiling tokio v1.53.1
[INFO] [stderr]    Compiling jiff v0.2.37
[INFO] [stderr]    Compiling async-global-executor v2.4.1
[INFO] [stderr]    Compiling async-attributes v1.1.2
[INFO] [stderr]    Compiling pnet_macros v0.35.0
[INFO] [stderr]    Compiling futures-executor v0.3.34
[INFO] [stderr]    Compiling netconfig-rs v0.1.6
[INFO] [stderr]    Compiling async-process v2.5.0
[INFO] [stderr]    Compiling plotters v0.3.7
[INFO] [stderr]    Compiling clap v4.6.7
[INFO] [stderr]    Compiling ciborium v0.2.2
[INFO] [stderr]    Compiling tinytemplate v1.2.1
[INFO] [stderr]    Compiling rayon v1.12.0
[INFO] [stderr]    Compiling ctrlc v3.5.2
[INFO] [stderr]    Compiling pnet_macros_support v0.35.0
[INFO] [stderr]    Compiling env_filter v2.0.0
[INFO] [stderr]    Compiling kv-log-macro v1.0.7
[INFO] [stderr]    Compiling getifaddrs v0.6.2
[INFO] [stderr]    Compiling is-terminal v0.4.17
[INFO] [stderr]    Compiling anes v0.1.6
[INFO] [stderr]    Compiling oorandom v11.1.5
[INFO] [stderr]    Compiling pin-utils v0.1.0
[INFO] [stderr]    Compiling async-std v1.13.2
[INFO] [stderr]    Compiling env_logger v0.11.11
[INFO] [stderr]    Compiling pnet_packet v0.35.0
[INFO] [stderr]    Compiling rand v0.10.2
[INFO] [stderr]    Compiling async-ctrlc v1.2.0
[INFO] [stderr]    Compiling ctrlc2 v3.7.3
[INFO] [stderr]    Compiling futures v0.3.34
[INFO] [stderr]    Compiling criterion v0.5.1
[INFO] [stderr]    Compiling tun-rs v2.8.11 (/opt/rustwide/workdir)
[INFO] [stderr]     Finished `release` profile [optimized] target(s) in 3m 49s
[INFO] running `Command { std: "docker" "inspect" "9012026a698c8152db43b3f3d2c05b1c658d9aaef9a4b6706bf5fb1a95670ff8", kill_on_drop: false }`
[INFO] running `Command { std: "docker" "exec" "-e" "SOURCE_DIR=/opt/rustwide/workdir" "-e" "CARGO_HOME=/opt/rustwide/cargo-home" "-e" "RUSTUP_HOME=/opt/rustwide/rustup-home" "-e" "CARGO_TARGET_DIR=/opt/rustwide/target" "-e" "CARGO_INCREMENTAL=0" "-e" "RUST_BACKTRACE=full" "-e" "RUSTFLAGS=--cap-lints=warn" "-e" "RUSTDOCFLAGS=--cap-lints=warn" "-w" "/opt/rustwide/workdir" "--user" "0:0" "9012026a698c8152db43b3f3d2c05b1c658d9aaef9a4b6706bf5fb1a95670ff8" "/opt/rustwide/cargo-home/bin/cargo" "+1.100.0-beta.1" "test" "--frozen" "--release", kill_on_drop: false }`
[INFO] [stderr]     Finished `release` profile [optimized] target(s) in 0.25s
[INFO] [stderr]      Running unittests src/lib.rs (/opt/rustwide/target/release/build/tun-rs/8e96e3c7920942c3/out/tun_rs-8e96e3c7920942c3)
[INFO] [stdout] 
[INFO] [stdout] running 10 tests
[INFO] [stdout] test platform::linux::offload::tests::gso_split_rejects_zero_gso_size ... ok
[INFO] [stderr]      Running tests/test_dev.rs (/opt/rustwide/target/release/build/tun-rs/27f3883dfbb9899c/out/test_dev-27f3883dfbb9899c)
[INFO] [stdout] 
[INFO] [stdout] running 6 tests
[INFO] [stdout] test test_offload_mask_cleared_on_reattach_without_offload ... ignored
[INFO] [stdout] test create_tap ... FAILED
[INFO] [stdout] test create_tun ... FAILED
[INFO] [stdout] test test_op ... FAILED
[INFO] [stdout] test test_udp_v4 ... FAILED
[INFO] [stdout] test test_udp_v6 ... FAILED
[INFO] [stdout] 
[INFO] [stdout] failures:
[INFO] [stdout] 
[INFO] [stdout] ---- create_tap stdout ----
[INFO] [stdout] 
[INFO] [stdout] thread 'create_tap' (2958) panicked at tests/test_dev.rs:455:10:
[INFO] [stdout] called `Result::unwrap()` on an `Err` value: Os { code: 1, kind: PermissionDenied, message: "Operation not permitted" }
[INFO] [stdout] stack backtrace:
[INFO] [stdout]    0:     0x5631c1dc1a51 - <<std[617be2ca0a6fd877]::sys::backtrace::BacktraceLock>::print::DisplayBacktrace as core[a373ad73a504971]::fmt::Display>::fmt
[INFO] [stdout]    1:     0x5631c1dd666a - core[a373ad73a504971]::fmt::write
[INFO] [stdout]    2:     0x5631c1dc5f8c - <alloc[2e1b2a31b91974c5]::vec::Vec<u8> as core[a373ad73a504971]::io::write::Write>::write_fmt
[INFO] [stdout]    3:     0x5631c1d9cc96 - std[617be2ca0a6fd877]::panicking::default_hook::{closure#0}
[INFO] [stdout]    4:     0x5631c1db9b49 - std[617be2ca0a6fd877]::panicking::default_hook
[INFO] [stdout]    5:     0x5631c1d19c30 - test[aada8e7e76ba119b]::test_main_inner::{closure#0}
[INFO] [stdout]    6:     0x5631c1db9d02 - std[617be2ca0a6fd877]::panicking::panic_with_hook
[INFO] [stdout]    7:     0x5631c1d9cd42 - std[617be2ca0a6fd877]::panicking::panic_handler::{closure#0}
[INFO] [stdout]    8:     0x5631c1d95889 - std[617be2ca0a6fd877]::sys::backtrace::__rust_end_short_backtrace::<std[617be2ca0a6fd877]::panicking::panic_handler::{closure#0}, !>
[INFO] [stdout]    9:     0x5631c1d9db3d - __rustc[ea4f61d10b84890b]::rust_begin_unwind
[INFO] [stdout]   10:     0x5631c1dd6d9c - core[a373ad73a504971]::panicking::panic_fmt
[INFO] [stdout]   11:     0x5631c1dd6b72 - core[a373ad73a504971]::result::unwrap_failed
[INFO] [stdout]   12:     0x5631c1d06190 - <test_dev[a6c9907f2f318074]::create_tap::{closure#0} as core[a373ad73a504971]::ops::function::FnOnce<()>>::call_once
[INFO] [stdout]   13:     0x5631c1d0d07b - test[aada8e7e76ba119b]::__rust_begin_short_backtrace::<core[a373ad73a504971]::result::Result<(), alloc[2e1b2a31b91974c5]::string::String>, fn() -> core[a373ad73a504971]::result::Result<(), alloc[2e1b2a31b91974c5]::string::String>>
[INFO] [stdout]   14:     0x5631c1d1a255 - test[aada8e7e76ba119b]::run_test::{closure#0}
[INFO] [stdout]   15:     0x5631c1d13b44 - std[617be2ca0a6fd877]::sys::backtrace::__rust_begin_short_backtrace::<test[aada8e7e76ba119b]::run_test::{closure#1}, ()>
[INFO] [stdout]   16:     0x5631c1d1d2e2 - <std[617be2ca0a6fd877]::thread::lifecycle::spawn_unchecked<test[aada8e7e76ba119b]::run_test::{closure#1}, ()>::{closure#1} as core[a373ad73a504971]::ops::function::FnOnce<()>>::call_once::{shim:vtable#0}
[INFO] [stdout]   17:     0x5631c1dc0dcf - <std[617be2ca0a6fd877]::sys::thread::unix::Thread>::new::thread_start
[INFO] [stdout]   18:     0x7c81ffed8dfa - <unknown>
[INFO] [stdout]   19:     0x7c81fff6c3d4 - clone
[INFO] [stdout]   20:                0x0 - <unknown>
[INFO] [stdout] 
[INFO] [stdout] ---- create_tun stdout ----
[INFO] [stdout] 
[INFO] [stdout] thread 'create_tun' (2959) panicked at tests/test_dev.rs:421:63:
[INFO] [stdout] called `Result::unwrap()` on an `Err` value: Os { code: 1, kind: PermissionDenied, message: "Operation not permitted" }
[INFO] [stdout] stack backtrace:
[INFO] [stdout]    0:     0x5631c1dc1a51 - <<std[617be2ca0a6fd877]::sys::backtrace::BacktraceLock>::print::DisplayBacktrace as core[a373ad73a504971]::fmt::Display>::fmt
[INFO] [stdout]    1:     0x5631c1dd666a - core[a373ad73a504971]::fmt::write
[INFO] [stdout]    2:     0x5631c1dc5f8c - <alloc[2e1b2a31b91974c5]::vec::Vec<u8> as core[a373ad73a504971]::io::write::Write>::write_fmt
[INFO] [stdout]    3:     0x5631c1d9cc96 - std[617be2ca0a6fd877]::panicking::default_hook::{closure#0}
[INFO] [stdout]    4:     0x5631c1db9b49 - std[617be2ca0a6fd877]::panicking::default_hook
[INFO] [stdout]    5:     0x5631c1d19c30 - test[aada8e7e76ba119b]::test_main_inner::{closure#0}
[INFO] [stdout]    6:     0x5631c1db9d02 - std[617be2ca0a6fd877]::panicking::panic_with_hook
[INFO] [stdout]    7:     0x5631c1d9cd42 - std[617be2ca0a6fd877]::panicking::panic_handler::{closure#0}
[INFO] [stdout]    8:     0x5631c1d95889 - std[617be2ca0a6fd877]::sys::backtrace::__rust_end_short_backtrace::<std[617be2ca0a6fd877]::panicking::panic_handler::{closure#0}, !>
[INFO] [stdout]    9:     0x5631c1d9db3d - __rustc[ea4f61d10b84890b]::rust_begin_unwind
[INFO] [stdout]   10:     0x5631c1dd6d9c - core[a373ad73a504971]::panicking::panic_fmt
[INFO] [stdout]   11:     0x5631c1dd6b72 - core[a373ad73a504971]::result::unwrap_failed
[INFO] [stdout]   12:     0x5631c1d0668c - <test_dev[a6c9907f2f318074]::create_tun::{closure#0} as core[a373ad73a504971]::ops::function::FnOnce<()>>::call_once
[INFO] [stdout]   13:     0x5631c1d0d07b - test[aada8e7e76ba119b]::__rust_begin_short_backtrace::<core[a373ad73a504971]::result::Result<(), alloc[2e1b2a31b91974c5]::string::String>, fn() -> core[a373ad73a504971]::result::Result<(), alloc[2e1b2a31b91974c5]::string::String>>
[INFO] [stdout]   14:     0x5631c1d1a255 - test[aada8e7e76ba119b]::run_test::{closure#0}
[INFO] [stdout]   15:     0x5631c1d13b44 - std[617be2ca0a6fd877]::sys::backtrace::__rust_begin_short_backtrace::<test[aada8e7e76ba119b]::run_test::{closure#1}, ()>
[INFO] [stdout]   16:     0x5631c1d1d2e2 - <std[617be2ca0a6fd877]::thread::lifecycle::spawn_unchecked<test[aada8e7e76ba119b]::run_test::{closure#1}, ()>::{closure#1} as core[a373ad73a504971]::ops::function::FnOnce<()>>::call_once::{shim:vtable#0}
[INFO] [stdout]   17:     0x5631c1dc0dcf - <std[617be2ca0a6fd877]::sys::thread::unix::Thread>::new::thread_start
[INFO] [stdout]   18:     0x7c81ffed8dfa - <unknown>
[INFO] [stdout]   19:     0x7c81fff6c3d4 - clone
[INFO] [stdout]   20:                0x0 - <unknown>
[INFO] [stdout] 
[INFO] [stdout] ---- test_op stdout ----
[INFO] [stdout] 
[INFO] [stdout] thread 'test_op' (2960) panicked at tests/test_dev.rs:303:10:
[INFO] [stdout] called `Result::unwrap()` on an `Err` value: Os { code: 1, kind: PermissionDenied, message: "Operation not permitted" }
[INFO] [stdout] stack backtrace:
[INFO] [stdout]    0:     0x5631c1dc1a51 - <<std[617be2ca0a6fd877]::sys::backtrace::BacktraceLock>::print::DisplayBacktrace as core[a373ad73a504971]::fmt::Display>::fmt
[INFO] [stdout]    1:     0x5631c1dd666a - core[a373ad73a504971]::fmt::write
[INFO] [stdout]    2:     0x5631c1dc5f8c - <alloc[2e1b2a31b91974c5]::vec::Vec<u8> as core[a373ad73a504971]::io::write::Write>::write_fmt
[INFO] [stdout]    3:     0x5631c1d9cc96 - std[617be2ca0a6fd877]::panicking::default_hook::{closure#0}
[INFO] [stdout]    4:     0x5631c1db9b49 - std[617be2ca0a6fd877]::panicking::default_hook
[INFO] [stdout]    5:     0x5631c1d19c30 - test[aada8e7e76ba119b]::test_main_inner::{closure#0}
[INFO] [stdout]    6:     0x5631c1db9d02 - std[617be2ca0a6fd877]::panicking::panic_with_hook
[INFO] [stdout]    7:     0x5631c1d9cd42 - std[617be2ca0a6fd877]::panicking::panic_handler::{closure#0}
[INFO] [stdout]    8:     0x5631c1d95889 - std[617be2ca0a6fd877]::sys::backtrace::__rust_end_short_backtrace::<std[617be2ca0a6fd877]::panicking::panic_handler::{closure#0}, !>
[INFO] [stdout]    9:     0x5631c1d9db3d - __rustc[ea4f61d10b84890b]::rust_begin_unwind
[INFO] [stdout]   10:     0x5631c1dd6d9c - core[a373ad73a504971]::panicking::panic_fmt
[INFO] [stdout]   11:     0x5631c1dd6b72 - core[a373ad73a504971]::result::unwrap_failed
[INFO] [stdout]   12:     0x5631c1d089aa - <test_dev[a6c9907f2f318074]::test_op::{closure#0} as core[a373ad73a504971]::ops::function::FnOnce<()>>::call_once
[INFO] [stdout]   13:     0x5631c1d0d07b - test[aada8e7e76ba119b]::__rust_begin_short_backtrace::<core[a373ad73a504971]::result::Result<(), alloc[2e1b2a31b91974c5]::string::String>, fn() -> core[a373ad73a504971]::result::Result<(), alloc[2e1b2a31b91974c5]::string::String>>
[INFO] [stdout]   14:     0x5631c1d1a255 - test[aada8e7e76ba119b]::run_test::{closure#0}
[INFO] [stdout]   15:     0x5631c1d13b44 - std[617be2ca0a6fd877]::sys::backtrace::__rust_begin_short_backtrace::<test[aada8e7e76ba119b]::run_test::{closure#1}, ()>
[INFO] [stdout]   16:     0x5631c1d1d2e2 - <std[617be2ca0a6fd877]::thread::lifecycle::spawn_unchecked<test[aada8e7e76ba119b]::run_test::{closure#1}, ()>::{closure#1} as core[a373ad73a504971]::ops::function::FnOnce<()>>::call_once::{shim:vtable#0}
[INFO] [stdout]   17:     0x5631c1dc0dcf - <std[617be2ca0a6fd877]::sys::thread::unix::Thread>::new::thread_start
[INFO] [stdout]   18:     0x7c81ffed8dfa - <unknown>
[INFO] [stdout]   19:     0x7c81fff6c3d4 - clone
[INFO] [stdout]   20:                0x0 - <unknown>
[INFO] [stdout] 
[INFO] [stdout] ---- test_udp_v4 stdout ----
[INFO] [stdout] 
[INFO] [stdout] thread 'test_udp_v4' (2961) panicked at tests/test_dev.rs:34:10:
[INFO] [stdout] called `Result::unwrap()` on an `Err` value: Os { code: 1, kind: PermissionDenied, message: "Operation not permitted" }
[INFO] [stdout] stack backtrace:
[INFO] [stdout]    0:     0x5631c1dc1a51 - <<std[617be2ca0a6fd877]::sys::backtrace::BacktraceLock>::print::DisplayBacktrace as core[a373ad73a504971]::fmt::Display>::fmt
[INFO] [stdout]    1:     0x5631c1dd666a - core[a373ad73a504971]::fmt::write
[INFO] [stdout]    2:     0x5631c1dc5f8c - <alloc[2e1b2a31b91974c5]::vec::Vec<u8> as core[a373ad73a504971]::io::write::Write>::write_fmt
[INFO] [stdout]    3:     0x5631c1d9cc96 - std[617be2ca0a6fd877]::panicking::default_hook::{closure#0}
[INFO] [stdout]    4:     0x5631c1db9b49 - std[617be2ca0a6fd877]::panicking::default_hook
[INFO] [stdout]    5:     0x5631c1d19c30 - test[aada8e7e76ba119b]::test_main_inner::{closure#0}
[INFO] [stdout]    6:     0x5631c1db9d02 - std[617be2ca0a6fd877]::panicking::panic_with_hook
[INFO] [stdout]    7:     0x5631c1d9cd42 - std[617be2ca0a6fd877]::panicking::panic_handler::{closure#0}
[INFO] [stdout]    8:     0x5631c1d95889 - std[617be2ca0a6fd877]::sys::backtrace::__rust_end_short_backtrace::<std[617be2ca0a6fd877]::panicking::panic_handler::{closure#0}, !>
[INFO] [stdout]    9:     0x5631c1d9db3d - __rustc[ea4f61d10b84890b]::rust_begin_unwind
[INFO] [stdout]   10:     0x5631c1dd6d9c - core[a373ad73a504971]::panicking::panic_fmt
[INFO] [stdout]   11:     0x5631c1dd6b72 - core[a373ad73a504971]::result::unwrap_failed
[INFO] [stdout]   12:     0x5631c1d06c34 - <test_dev[a6c9907f2f318074]::test_udp_v4::{closure#0} as core[a373ad73a504971]::ops::function::FnOnce<()>>::call_once
[INFO] [stdout]   13:     0x5631c1d0d07b - test[aada8e7e76ba119b]::__rust_begin_short_backtrace::<core[a373ad73a504971]::result::Result<(), alloc[2e1b2a31b91974c5]::string::String>, fn() -> core[a373ad73a504971]::result::Result<(), alloc[2e1b2a31b91974c5]::string::String>>
[INFO] [stdout]   14:     0x5631c1d1a255 - test[aada8e7e76ba119b]::run_test::{closure#0}
[INFO] [stdout]   15:     0x5631c1d13b44 - std[617be2ca0a6fd877]::sys::backtrace::__rust_begin_short_backtrace::<test[aada8e7e76ba119b]::run_test::{closure#1}, ()>
[INFO] [stdout]   16:     0x5631c1d1d2e2 - <std[617be2ca0a6fd877]::thread::lifecycle::spawn_unchecked<test[aada8e7e76ba119b]::run_test::{closure#1}, ()>::{closure#1} as core[a373ad73a504971]::ops::function::FnOnce<()>>::call_once::{shim:vtable#0}
[INFO] [stdout]   17:     0x5631c1dc0dcf - <std[617be2ca0a6fd877]::sys::thread::unix::Thread>::new::thread_start
[INFO] [stdout]   18:     0x7c81ffed8dfa - <unknown>
[INFO] [stdout]   19:     0x7c81fff6c3d4 - clone
[INFO] [stdout]   20:                0x0 - <unknown>
[INFO] [stdout] 
[INFO] [stdout] ---- test_udp_v6 stdout ----
[INFO] [stdout] 
[INFO] [stdout] thread 'test_udp_v6' (2962) panicked at tests/test_dev.rs:98:10:
[INFO] [stdout] called `Result::unwrap()` on an `Err` value: Os { code: 1, kind: PermissionDenied, message: "Operation not permitted" }
[INFO] [stdout] stack backtrace:
[INFO] [stdout]    0:     0x5631c1dc1a51 - <<std[617be2ca0a6fd877]::sys::backtrace::BacktraceLock>::print::DisplayBacktrace as core[a373ad73a504971]::fmt::Display>::fmt
[INFO] [stdout]    1:     0x5631c1dd666a - core[a373ad73a504971]::fmt::write
[INFO] [stdout]    2:     0x5631c1dc5f8c - <alloc[2e1b2a31b91974c5]::vec::Vec<u8> as core[a373ad73a504971]::io::write::Write>::write_fmt
[INFO] [stdout]    3:     0x5631c1d9cc96 - std[617be2ca0a6fd877]::panicking::default_hook::{closure#0}
[INFO] [stdout]    4:     0x5631c1db9b49 - std[617be2ca0a6fd877]::panicking::default_hook
[INFO] [stdout]    5:     0x5631c1d19c30 - test[aada8e7e76ba119b]::test_main_inner::{closure#0}
[INFO] [stdout]    6:     0x5631c1db9d02 - std[617be2ca0a6fd877]::panicking::panic_with_hook
[INFO] [stdout]    7:     0x5631c1d9cd42 - std[617be2ca0a6fd877]::panicking::panic_handler::{closure#0}
[INFO] [stdout]    8:     0x5631c1d95889 - std[617be2ca0a6fd877]::sys::backtrace::__rust_end_short_backtrace::<std[617be2ca0a6fd877]::panicking::panic_handler::{closure#0}, !>
[INFO] [stdout]    9:     0x5631c1d9db3d - __rustc[ea4f61d10b84890b]::rust_begin_unwind
[INFO] [stdout]   10:     0x5631c1dd6d9c - core[a373ad73a504971]::panicking::panic_fmt
[INFO] [stdout]   11:     0x5631c1dd6b72 - core[a373ad73a504971]::result::unwrap_failed
[INFO] [stdout]   12:     0x5631c1d07244 - <test_dev[a6c9907f2f318074]::test_udp_v6::{closure#0} as core[a373ad73a504971]::ops::function::FnOnce<()>>::call_once
[INFO] [stdout]   13:     0x5631c1d0d07b - test[aada8e7e76ba119b]::__rust_begin_short_backtrace::<core[a373ad73a504971]::result::Result<(), alloc[2e1b2a31b91974c5]::string::String>, fn() -> core[a373ad73a504971]::result::Result<(), alloc[2e1b2a31b91974c5]::string::String>>
[INFO] [stdout]   14:     0x5631c1d1a255 - test[aada8e7e76ba119b]::run_test::{closure#0}
[INFO] [stdout]   15:     0x5631c1d13b44 - std[617be2ca0a6fd877]::sys::backtrace::__rust_begin_short_backtrace::<test[aada8e7e76ba119b]::run_test::{closure#1}, ()>
[INFO] [stdout]   16:     0x5631c1d1d2e2 - <std[617be2ca0a6fd877]::thread::lifecycle::spawn_unchecked<test[aada8e7e76ba119b]::run_test::{closure#1}, ()>::{closure#1} as core[a373ad73a504971]::ops::function::FnOnce<()>>::call_once::{shim:vtable#0}
[INFO] [stdout]   17:     0x5631c1dc0dcf - <std[617be2ca0a6fd877]::sys::thread::unix::Thread>::new::thread_start
[INFO] [stdout]   18:     0x7c81ffed8dfa - <unknown>
[INFO] [stdout]   19:     0x7c81fff6c3d4 - clone
[INFO] [stdout]   20:                0x0 - <unknown>
[INFO] [stdout] 
[INFO] [stdout] 
[INFO] [stdout] failures:
[INFO] [stdout]     create_tap
[INFO] [stdout]     create_tun
[INFO] [stdout]     test_op
[INFO] [stdout]     test_udp_v4
[INFO] [stdout]     test_udp_v6
[INFO] [stdout] 
[INFO] [stdout] test result: FAILED. 0 passed; 5 failed; 1 ignored; 0 measured; 0 filtered out; finished in 0.00s
[INFO] [stdout] 
[INFO] [stderr] error: test failed, to rerun pass `--test test_dev`
[INFO] running `Command { std: "docker" "inspect" "9012026a698c8152db43b3f3d2c05b1c658d9aaef9a4b6706bf5fb1a95670ff8", kill_on_drop: false }`
[INFO] running `Command { std: "docker" "rm" "-f" "9012026a698c8152db43b3f3d2c05b1c658d9aaef9a4b6706bf5fb1a95670ff8", kill_on_drop: false }`
[INFO] [stdout] 9012026a698c8152db43b3f3d2c05b1c658d9aaef9a4b6706bf5fb1a95670ff8
