[INFO] fetching crate tumo_path 0.1.1...
[INFO] testing tumo_path-0.1.1 against 1.99.0-beta.8+cargoflags=--release for beta-release-1.100-2
[INFO] extracting crate tumo_path 0.1.1 into /workspace/builds/worker-1-tc1/source
[INFO] started tweaking crates.io crate tumo_path 0.1.1
[INFO] finished tweaking crates.io crate tumo_path 0.1.1
[INFO] tweaked toml for crates.io crate tumo_path 0.1.1 written to /workspace/builds/worker-1-tc1/source/Cargo.toml
[INFO] validating manifest of crates.io crate tumo_path 0.1.1 on toolchain 1.99.0-beta.8
[INFO] running `Command { std: CARGO_HOME="/workspace/cargo-home" RUSTUP_HOME="/workspace/rustup-home" "/workspace/cargo-home/bin/cargo" "+1.99.0-beta.8" "metadata" "--manifest-path" "Cargo.toml" "--no-deps", kill_on_drop: false }`
[INFO] crate crates.io crate tumo_path 0.1.1 already has a lockfile, it will not be regenerated
[INFO] running `Command { std: CARGO_HOME="/workspace/cargo-home" RUSTUP_HOME="/workspace/rustup-home" "/workspace/cargo-home/bin/cargo" "+1.99.0-beta.8" "fetch" "--manifest-path" "Cargo.toml", kill_on_drop: false }`
[INFO] running `Command { std: "docker" "create" "-v" "/var/lib/crater-agent-workspace/builds/worker-1-tc1/source:/opt/rustwide/workdir:ro,Z" "-v" "/var/lib/crater-agent-workspace/builds/worker-1-tc1/target:/opt/rustwide/target:rw,Z" "-v" "/var/lib/crater-agent-workspace/cargo-home:/opt/rustwide/cargo-home:ro,Z" "-v" "/var/lib/crater-agent-workspace/rustup-home:/opt/rustwide/rustup-home:ro,Z" "-m" "1610612736" "--network" "none" "ghcr.io/rust-lang/crates-build-env/linux@sha256:77db811e55d90add9212f6832c23229e3de5f1c1f9905e8cb07319ea15df73ac" "sleep" "infinity", kill_on_drop: false }`
[INFO] [stdout] afb50186504a13eecbbef54bcd2049df8ff5f52f48a0b4edfcd181ae76c4d2a8
[INFO] running `Command { std: "docker" "start" "afb50186504a13eecbbef54bcd2049df8ff5f52f48a0b4edfcd181ae76c4d2a8", kill_on_drop: false }`
[INFO] running `Command { std: "docker" "inspect" "afb50186504a13eecbbef54bcd2049df8ff5f52f48a0b4edfcd181ae76c4d2a8", kill_on_drop: false }`
[INFO] running `Command { std: "docker" "exec" "-e" "SOURCE_DIR=/opt/rustwide/workdir" "-e" "CARGO_HOME=/opt/rustwide/cargo-home" "-e" "RUSTUP_HOME=/opt/rustwide/rustup-home" "-e" "CARGO_TARGET_DIR=/opt/rustwide/target" "-w" "/opt/rustwide/workdir" "--user" "0:0" "afb50186504a13eecbbef54bcd2049df8ff5f52f48a0b4edfcd181ae76c4d2a8" "/opt/rustwide/cargo-home/bin/cargo" "+1.99.0-beta.8" "metadata" "--no-deps" "--format-version=1", kill_on_drop: false }`
[INFO] running `Command { std: "docker" "inspect" "afb50186504a13eecbbef54bcd2049df8ff5f52f48a0b4edfcd181ae76c4d2a8", kill_on_drop: false }`
[INFO] running `Command { std: "docker" "exec" "-e" "SOURCE_DIR=/opt/rustwide/workdir" "-e" "CARGO_HOME=/opt/rustwide/cargo-home" "-e" "RUSTUP_HOME=/opt/rustwide/rustup-home" "-e" "CARGO_TARGET_DIR=/opt/rustwide/target" "-e" "CARGO_INCREMENTAL=0" "-e" "RUST_BACKTRACE=full" "-e" "RUSTFLAGS=--cap-lints=warn" "-e" "RUSTDOCFLAGS=--cap-lints=warn" "-w" "/opt/rustwide/workdir" "--user" "0:0" "afb50186504a13eecbbef54bcd2049df8ff5f52f48a0b4edfcd181ae76c4d2a8" "/opt/rustwide/cargo-home/bin/cargo" "+1.99.0-beta.8" "build" "--frozen" "--message-format=json" "--release", kill_on_drop: false }`
[INFO] [stderr]    Compiling tumo_path v0.1.1 (/opt/rustwide/workdir)
[INFO] [stderr]     Finished `release` profile [optimized] target(s) in 3.75s
[INFO] running `Command { std: "docker" "inspect" "afb50186504a13eecbbef54bcd2049df8ff5f52f48a0b4edfcd181ae76c4d2a8", kill_on_drop: false }`
[INFO] running `Command { std: "docker" "exec" "-e" "SOURCE_DIR=/opt/rustwide/workdir" "-e" "CARGO_HOME=/opt/rustwide/cargo-home" "-e" "RUSTUP_HOME=/opt/rustwide/rustup-home" "-e" "CARGO_TARGET_DIR=/opt/rustwide/target" "-e" "CARGO_INCREMENTAL=0" "-e" "RUST_BACKTRACE=full" "-e" "RUSTFLAGS=--cap-lints=warn" "-e" "RUSTDOCFLAGS=--cap-lints=warn" "-w" "/opt/rustwide/workdir" "--user" "0:0" "afb50186504a13eecbbef54bcd2049df8ff5f52f48a0b4edfcd181ae76c4d2a8" "/opt/rustwide/cargo-home/bin/cargo" "+1.99.0-beta.8" "test" "--frozen" "--no-run" "--message-format=json" "--release", kill_on_drop: false }`
[INFO] [stderr]    Compiling tumo_path v0.1.1 (/opt/rustwide/workdir)
[INFO] [stderr]     Finished `release` profile [optimized] target(s) in 6.20s
[INFO] running `Command { std: "docker" "inspect" "afb50186504a13eecbbef54bcd2049df8ff5f52f48a0b4edfcd181ae76c4d2a8", kill_on_drop: false }`
[INFO] running `Command { std: "docker" "exec" "-e" "SOURCE_DIR=/opt/rustwide/workdir" "-e" "CARGO_HOME=/opt/rustwide/cargo-home" "-e" "RUSTUP_HOME=/opt/rustwide/rustup-home" "-e" "CARGO_TARGET_DIR=/opt/rustwide/target" "-e" "CARGO_INCREMENTAL=0" "-e" "RUST_BACKTRACE=full" "-e" "RUSTFLAGS=--cap-lints=warn" "-e" "RUSTDOCFLAGS=--cap-lints=warn" "-w" "/opt/rustwide/workdir" "--user" "0:0" "afb50186504a13eecbbef54bcd2049df8ff5f52f48a0b4edfcd181ae76c4d2a8" "/opt/rustwide/cargo-home/bin/cargo" "+1.99.0-beta.8" "test" "--frozen" "--release", kill_on_drop: false }`
[INFO] [stderr]     Finished `release` profile [optimized] target(s) in 0.04s
[INFO] [stderr]      Running unittests src/lib.rs (/opt/rustwide/target/release/deps/tumo_path-b560b693680a3874)
[INFO] [stdout] 
[INFO] [stdout] running 30 tests
[INFO] [stdout] test build::extend::test_cubic_connect ... FAILED
[INFO] [stdout] test flow::linear::test_linearize ... FAILED
[INFO] [stdout] test build::svg::test_svg_arc ... FAILED
[INFO] [stdout] test build::geometry::test_geometry ... FAILED
[INFO] [stdout] test path::array::test_arraypath ... FAILED
[INFO] [stdout] test raster::test_raster_arc ... FAILED
[INFO] [stdout] test svg::bundle::test_svg_setting ... FAILED
[INFO] [stdout] test raster::stroke::test_stroke_rect ... FAILED
[INFO] [stdout] test build::extend::test_round ... FAILED
[INFO] [stdout] test build::extend::test_arc_connect ... FAILED
[INFO] [stdout] test flow::dash::test_dash ... FAILED
[INFO] [stdout] test flow::close::test_closer ... FAILED
[INFO] [stdout] test svg::bundle::test_svgbundle ... FAILED
[INFO] [stdout] test raster::test_raster_dash ... FAILED
[INFO] [stdout] test raster::stroke::test_stroke_simple ... FAILED
[INFO] [stdout] test svg::parse::test_instruction ... ok
[INFO] [stdout] test svg::parse::test_name ... ok
[INFO] [stdout] test svg::parse::test_attr ... ok
[INFO] [stdout] test svg::parse::test_svg ... ok
[INFO] [stdout] test svg::parse::test_comment ... ok
[INFO] [stdout] test svg::parse::test_declaration ... ok
[INFO] [stdout] test svg::parse::test_number ... ok
[INFO] [stdout] test svg::parse::test_tag ... ok
[INFO] [stdout] test tessel::stripe::test_stripe_rect ... FAILED
[INFO] [stdout] test svg::parse::test_transform ... ok
[INFO] [stdout] test tessel::traper::test_trapezate_hole_non_zero ... FAILED
[INFO] [stdout] test tessel::traper::test_trapezate_hole_even_odd ... FAILED
[INFO] [stdout] test svg::path::test_svgparser_iter ... FAILED
[INFO] [stdout] test tessel::traper::test_trapezate_circle ... FAILED
[INFO] [stdout] test tessel::stripe::test_stripe_simple ... FAILED
[INFO] [stdout] 
[INFO] [stdout] failures:
[INFO] [stdout] 
[INFO] [stdout] ---- build::extend::test_cubic_connect stdout ----
[INFO] [stdout] 
[INFO] [stdout] thread 'build::extend::test_cubic_connect' (187) panicked at src/lib.rs:209:68:
[INFO] [stdout] called `Result::unwrap()` on an `Err` value: Os { code: 30, kind: ReadOnlyFilesystem, message: "Read-only file system" }
[INFO] [stdout] stack backtrace:
[INFO] [stdout]    0:     0x568653ab9ec1 - <<std[70759c8f55707aa4]::sys::backtrace::BacktraceLock>::print::DisplayBacktrace as core[df12db4294e9bfd3]::fmt::Display>::fmt
[INFO] [stdout]    1:     0x568653acf7ba - core[df12db4294e9bfd3]::fmt::write
[INFO] [stdout]    2:     0x568653abe35c - <alloc[2182bb758b4b3781]::vec::Vec<u8> as core[df12db4294e9bfd3]::io::write::Write>::write_fmt
[INFO] [stdout]    3:     0x568653a964b6 - std[70759c8f55707aa4]::panicking::default_hook::{closure#0}
[INFO] [stdout]    4:     0x568653ab2629 - std[70759c8f55707aa4]::panicking::default_hook
[INFO] [stdout]    5:     0x568653a4eab0 - test[9d35eded1c95d3be]::test_main_inner::<test[9d35eded1c95d3be]::test_main_static::{closure#0}>::{closure#0}
[INFO] [stdout]    6:     0x568653ab27e2 - std[70759c8f55707aa4]::panicking::panic_with_hook
[INFO] [stdout]    7:     0x568653a96562 - std[70759c8f55707aa4]::panicking::panic_handler::{closure#0}
[INFO] [stdout]    8:     0x568653a8f2e9 - std[70759c8f55707aa4]::sys::backtrace::__rust_end_short_backtrace::<std[70759c8f55707aa4]::panicking::panic_handler::{closure#0}, !>
[INFO] [stdout]    9:     0x568653a9715d - __rustc[8fa7c3cbc660c2b3]::rust_begin_unwind
[INFO] [stdout]   10:     0x568653acfeec - core[df12db4294e9bfd3]::panicking::panic_fmt
[INFO] [stdout]   11:     0x568653acfcc2 - core[df12db4294e9bfd3]::result::unwrap_failed
[INFO] [stdout]   12:     0x568653a374a5 - tumo_path[83efca11cd82aeea]::tests::dump_svg
[INFO] [stdout]   13:     0x568653a2e1b2 - tumo_path[83efca11cd82aeea]::build::extend::test_cubic_connect
[INFO] [stdout]   14:     0x568653a335e9 - <tumo_path[83efca11cd82aeea]::build::extend::test_cubic_connect::{closure#0} as core[df12db4294e9bfd3]::ops::function::FnOnce<()>>::call_once
[INFO] [stdout]   15:     0x568653a41d9b - test[9d35eded1c95d3be]::__rust_begin_short_backtrace::<core[df12db4294e9bfd3]::result::Result<(), alloc[2182bb758b4b3781]::string::String>, fn() -> core[df12db4294e9bfd3]::result::Result<(), alloc[2182bb758b4b3781]::string::String>>
[INFO] [stdout]   16:     0x568653a4f405 - test[9d35eded1c95d3be]::run_test::{closure#0}
[INFO] [stdout]   17:     0x568653a48cc4 - std[70759c8f55707aa4]::sys::backtrace::__rust_begin_short_backtrace::<test[9d35eded1c95d3be]::run_test::{closure#1}, ()>
[INFO] [stdout]   18:     0x568653a52562 - <std[70759c8f55707aa4]::thread::lifecycle::spawn_unchecked<test[9d35eded1c95d3be]::run_test::{closure#1}, ()>::{closure#1} as core[df12db4294e9bfd3]::ops::function::FnOnce<()>>::call_once::{shim:vtable#0}
[INFO] [stdout]   19:     0x568653ab9799 - <std[70759c8f55707aa4]::sys::thread::unix::Thread>::new::thread_start
[INFO] [stdout]   20:     0x7de488acfdfa - <unknown>
[INFO] [stdout]   21:     0x7de488b633d4 - clone
[INFO] [stdout]   22:                0x0 - <unknown>
[INFO] [stdout] 
[INFO] [stdout] ---- flow::linear::test_linearize stdout ----
[INFO] [stdout] 
[INFO] [stdout] thread 'flow::linear::test_linearize' (193) panicked at src/lib.rs:209:68:
[INFO] [stdout] called `Result::unwrap()` on an `Err` value: Os { code: 30, kind: ReadOnlyFilesystem, message: "Read-only file system" }
[INFO] [stdout] stack backtrace:
[INFO] [stdout]    0:     0x568653ab9ec1 - <<std[70759c8f55707aa4]::sys::backtrace::BacktraceLock>::print::DisplayBacktrace as core[df12db4294e9bfd3]::fmt::Display>::fmt
[INFO] [stdout]    1:     0x568653acf7ba - core[df12db4294e9bfd3]::fmt::write
[INFO] [stdout]    2:     0x568653abe35c - <alloc[2182bb758b4b3781]::vec::Vec<u8> as core[df12db4294e9bfd3]::io::write::Write>::write_fmt
[INFO] [stdout]    3:     0x568653a964b6 - std[70759c8f55707aa4]::panicking::default_hook::{closure#0}
[INFO] [stdout]    4:     0x568653ab2629 - std[70759c8f55707aa4]::panicking::default_hook
[INFO] [stdout]    5:     0x568653a4eab0 - test[9d35eded1c95d3be]::test_main_inner::<test[9d35eded1c95d3be]::test_main_static::{closure#0}>::{closure#0}
[INFO] [stdout]    6:     0x568653ab27e2 - std[70759c8f55707aa4]::panicking::panic_with_hook
[INFO] [stdout]    7:     0x568653a96562 - std[70759c8f55707aa4]::panicking::panic_handler::{closure#0}
[INFO] [stdout]    8:     0x568653a8f2e9 - std[70759c8f55707aa4]::sys::backtrace::__rust_end_short_backtrace::<std[70759c8f55707aa4]::panicking::panic_handler::{closure#0}, !>
[INFO] [stdout]    9:     0x568653a9715d - __rustc[8fa7c3cbc660c2b3]::rust_begin_unwind
[INFO] [stdout]   10:     0x568653acfeec - core[df12db4294e9bfd3]::panicking::panic_fmt
[INFO] [stdout]   11:     0x568653acfcc2 - core[df12db4294e9bfd3]::result::unwrap_failed
[INFO] [stdout]   12:     0x568653a374a5 - tumo_path[83efca11cd82aeea]::tests::dump_svg
[INFO] [stdout]   13:     0x568653a29067 - tumo_path[83efca11cd82aeea]::flow::linear::test_linearize
[INFO] [stdout]   14:     0x568653a33549 - <tumo_path[83efca11cd82aeea]::flow::linear::test_linearize::{closure#0} as core[df12db4294e9bfd3]::ops::function::FnOnce<()>>::call_once
[INFO] [stdout]   15:     0x568653a41d9b - test[9d35eded1c95d3be]::__rust_begin_short_backtrace::<core[df12db4294e9bfd3]::result::Result<(), alloc[2182bb758b4b3781]::string::String>, fn() -> core[df12db4294e9bfd3]::result::Result<(), alloc[2182bb758b4b3781]::string::String>>
[INFO] [stdout]   16:     0x568653a4f405 - test[9d35eded1c95d3be]::run_test::{closure#0}
[INFO] [stdout]   17:     0x568653a48cc4 - std[70759c8f55707aa4]::sys::backtrace::__rust_begin_short_backtrace::<test[9d35eded1c95d3be]::run_test::{closure#1}, ()>
[INFO] [stdout]   18:     0x568653a52562 - <std[70759c8f55707aa4]::thread::lifecycle::spawn_unchecked<test[9d35eded1c95d3be]::run_test::{closure#1}, ()>::{closure#1} as core[df12db4294e9bfd3]::ops::function::FnOnce<()>>::call_once::{shim:vtable#0}
[INFO] [stdout]   19:     0x568653ab9799 - <std[70759c8f55707aa4]::sys::thread::unix::Thread>::new::thread_start
[INFO] [stdout]   20:     0x7de488acfdfa - <unknown>
[INFO] [stdout]   21:     0x7de488b633d4 - clone
[INFO] [stdout]   22:                0x0 - <unknown>
[INFO] [stdout] 
[INFO] [stdout] ---- build::svg::test_svg_arc stdout ----
[INFO] [stdout] 
[INFO] [stdout] thread 'build::svg::test_svg_arc' (190) panicked at src/lib.rs:209:68:
[INFO] [stdout] called `Result::unwrap()` on an `Err` value: Os { code: 30, kind: ReadOnlyFilesystem, message: "Read-only file system" }
[INFO] [stdout] stack backtrace:
[INFO] [stdout]    0:     0x568653ab9ec1 - <<std[70759c8f55707aa4]::sys::backtrace::BacktraceLock>::print::DisplayBacktrace as core[df12db4294e9bfd3]::fmt::Display>::fmt
[INFO] [stdout]    1:     0x568653acf7ba - core[df12db4294e9bfd3]::fmt::write
[INFO] [stdout]    2:     0x568653abe35c - <alloc[2182bb758b4b3781]::vec::Vec<u8> as core[df12db4294e9bfd3]::io::write::Write>::write_fmt
[INFO] [stdout]    3:     0x568653a964b6 - std[70759c8f55707aa4]::panicking::default_hook::{closure#0}
[INFO] [stdout]    4:     0x568653ab2629 - std[70759c8f55707aa4]::panicking::default_hook
[INFO] [stdout]    5:     0x568653a4eab0 - test[9d35eded1c95d3be]::test_main_inner::<test[9d35eded1c95d3be]::test_main_static::{closure#0}>::{closure#0}
[INFO] [stdout]    6:     0x568653ab27e2 - std[70759c8f55707aa4]::panicking::panic_with_hook
[INFO] [stdout]    7:     0x568653a96562 - std[70759c8f55707aa4]::panicking::panic_handler::{closure#0}
[INFO] [stdout]    8:     0x568653a8f2e9 - std[70759c8f55707aa4]::sys::backtrace::__rust_end_short_backtrace::<std[70759c8f55707aa4]::panicking::panic_handler::{closure#0}, !>
[INFO] [stdout]    9:     0x568653a9715d - __rustc[8fa7c3cbc660c2b3]::rust_begin_unwind
[INFO] [stdout]   10:     0x568653acfeec - core[df12db4294e9bfd3]::panicking::panic_fmt
[INFO] [stdout]   11:     0x568653acfcc2 - core[df12db4294e9bfd3]::result::unwrap_failed
[INFO] [stdout]   12:     0x568653a374a5 - tumo_path[83efca11cd82aeea]::tests::dump_svg
[INFO] [stdout]   13:     0x568653a393ca - tumo_path[83efca11cd82aeea]::build::svg::test_svg_arc
[INFO] [stdout]   14:     0x568653a33589 - <tumo_path[83efca11cd82aeea]::build::svg::test_svg_arc::{closure#0} as core[df12db4294e9bfd3]::ops::function::FnOnce<()>>::call_once
[INFO] [stdout]   15:     0x568653a41d9b - test[9d35eded1c95d3be]::__rust_begin_short_backtrace::<core[df12db4294e9bfd3]::result::Result<(), alloc[2182bb758b4b3781]::string::String>, fn() -> core[df12db4294e9bfd3]::result::Result<(), alloc[2182bb758b4b3781]::string::String>>
[INFO] [stdout]   16:     0x568653a4f405 - test[9d35eded1c95d3be]::run_test::{closure#0}
[INFO] [stdout]   17:     0x568653a48cc4 - std[70759c8f55707aa4]::sys::backtrace::__rust_begin_short_backtrace::<test[9d35eded1c95d3be]::run_test::{closure#1}, ()>
[INFO] [stdout]   18:     0x568653a52562 - <std[70759c8f55707aa4]::thread::lifecycle::spawn_unchecked<test[9d35eded1c95d3be]::run_test::{closure#1}, ()>::{closure#1} as core[df12db4294e9bfd3]::ops::function::FnOnce<()>>::call_once::{shim:vtable#0}
[INFO] [stdout]   19:     0x568653ab9799 - <std[70759c8f55707aa4]::sys::thread::unix::Thread>::new::thread_start
[INFO] [stdout]   20:     0x7de488acfdfa - <unknown>
[INFO] [stdout]   21:     0x7de488b633d4 - clone
[INFO] [stdout]   22:                0x0 - <unknown>
[INFO] [stdout] 
[INFO] [stdout] ---- build::geometry::test_geometry stdout ----
[INFO] [stdout] 
[INFO] [stdout] thread 'build::geometry::test_geometry' (189) panicked at src/lib.rs:209:68:
[INFO] [stdout] called `Result::unwrap()` on an `Err` value: Os { code: 30, kind: ReadOnlyFilesystem, message: "Read-only file system" }
[INFO] [stdout] stack backtrace:
[INFO] [stdout]    0:     0x568653ab9ec1 - <<std[70759c8f55707aa4]::sys::backtrace::BacktraceLock>::print::DisplayBacktrace as core[df12db4294e9bfd3]::fmt::Display>::fmt
[INFO] [stdout]    1:     0x568653acf7ba - core[df12db4294e9bfd3]::fmt::write
[INFO] [stdout]    2:     0x568653abe35c - <alloc[2182bb758b4b3781]::vec::Vec<u8> as core[df12db4294e9bfd3]::io::write::Write>::write_fmt
[INFO] [stdout]    3:     0x568653a964b6 - std[70759c8f55707aa4]::panicking::default_hook::{closure#0}
[INFO] [stdout]    4:     0x568653ab2629 - std[70759c8f55707aa4]::panicking::default_hook
[INFO] [stdout]    5:     0x568653a4eab0 - test[9d35eded1c95d3be]::test_main_inner::<test[9d35eded1c95d3be]::test_main_static::{closure#0}>::{closure#0}
[INFO] [stdout]    6:     0x568653ab27e2 - std[70759c8f55707aa4]::panicking::panic_with_hook
[INFO] [stdout]    7:     0x568653a96562 - std[70759c8f55707aa4]::panicking::panic_handler::{closure#0}
[INFO] [stdout]    8:     0x568653a8f2e9 - std[70759c8f55707aa4]::sys::backtrace::__rust_end_short_backtrace::<std[70759c8f55707aa4]::panicking::panic_handler::{closure#0}, !>
[INFO] [stdout]    9:     0x568653a9715d - __rustc[8fa7c3cbc660c2b3]::rust_begin_unwind
[INFO] [stdout]   10:     0x568653acfeec - core[df12db4294e9bfd3]::panicking::panic_fmt
[INFO] [stdout]   11:     0x568653acfcc2 - core[df12db4294e9bfd3]::result::unwrap_failed
[INFO] [stdout]   12:     0x568653a374a5 - tumo_path[83efca11cd82aeea]::tests::dump_svg
[INFO] [stdout]   13:     0x568653a3b500 - tumo_path[83efca11cd82aeea]::build::geometry::test_geometry
[INFO] [stdout]   14:     0x568653a33609 - <tumo_path[83efca11cd82aeea]::build::geometry::test_geometry::{closure#0} as core[df12db4294e9bfd3]::ops::function::FnOnce<()>>::call_once
[INFO] [stdout]   15:     0x568653a41d9b - test[9d35eded1c95d3be]::__rust_begin_short_backtrace::<core[df12db4294e9bfd3]::result::Result<(), alloc[2182bb758b4b3781]::string::String>, fn() -> core[df12db4294e9bfd3]::result::Result<(), alloc[2182bb758b4b3781]::string::String>>
[INFO] [stdout]   16:     0x568653a4f405 - test[9d35eded1c95d3be]::run_test::{closure#0}
[INFO] [stdout]   17:     0x568653a48cc4 - std[70759c8f55707aa4]::sys::backtrace::__rust_begin_short_backtrace::<test[9d35eded1c95d3be]::run_test::{closure#1}, ()>
[INFO] [stdout]   18:     0x568653a52562 - <std[70759c8f55707aa4]::thread::lifecycle::spawn_unchecked<test[9d35eded1c95d3be]::run_test::{closure#1}, ()>::{closure#1} as core[df12db4294e9bfd3]::ops::function::FnOnce<()>>::call_once::{shim:vtable#0}
[INFO] [stdout]   19:     0x568653ab9799 - <std[70759c8f55707aa4]::sys::thread::unix::Thread>::new::thread_start
[INFO] [stdout]   20:     0x7de488acfdfa - <unknown>
[INFO] [stdout]   21:     0x7de488b633d4 - clone
[INFO] [stdout]   22:                0x0 - <unknown>
[INFO] [stdout] 
[INFO] [stdout] ---- path::array::test_arraypath stdout ----
[INFO] [stdout] 
[INFO] [stdout] thread 'path::array::test_arraypath' (194) panicked at src/lib.rs:209:68:
[INFO] [stdout] called `Result::unwrap()` on an `Err` value: Os { code: 30, kind: ReadOnlyFilesystem, message: "Read-only file system" }
[INFO] [stdout] stack backtrace:
[INFO] [stdout]    0:     0x568653ab9ec1 - <<std[70759c8f55707aa4]::sys::backtrace::BacktraceLock>::print::DisplayBacktrace as core[df12db4294e9bfd3]::fmt::Display>::fmt
[INFO] [stdout]    1:     0x568653acf7ba - core[df12db4294e9bfd3]::fmt::write
[INFO] [stdout]    2:     0x568653abe35c - <alloc[2182bb758b4b3781]::vec::Vec<u8> as core[df12db4294e9bfd3]::io::write::Write>::write_fmt
[INFO] [stdout]    3:     0x568653a964b6 - std[70759c8f55707aa4]::panicking::default_hook::{closure#0}
[INFO] [stdout]    4:     0x568653ab2629 - std[70759c8f55707aa4]::panicking::default_hook
[INFO] [stdout]    5:     0x568653a4eab0 - test[9d35eded1c95d3be]::test_main_inner::<test[9d35eded1c95d3be]::test_main_static::{closure#0}>::{closure#0}
[INFO] [stdout]    6:     0x568653ab27e2 - std[70759c8f55707aa4]::panicking::panic_with_hook
[INFO] [stdout]    7:     0x568653a96562 - std[70759c8f55707aa4]::panicking::panic_handler::{closure#0}
[INFO] [stdout]    8:     0x568653a8f2e9 - std[70759c8f55707aa4]::sys::backtrace::__rust_end_short_backtrace::<std[70759c8f55707aa4]::panicking::panic_handler::{closure#0}, !>
[INFO] [stdout]    9:     0x568653a9715d - __rustc[8fa7c3cbc660c2b3]::rust_begin_unwind
[INFO] [stdout]   10:     0x568653acfeec - core[df12db4294e9bfd3]::panicking::panic_fmt
[INFO] [stdout]   11:     0x568653acfcc2 - core[df12db4294e9bfd3]::result::unwrap_failed
[INFO] [stdout]   12:     0x568653a374a5 - tumo_path[83efca11cd82aeea]::tests::dump_svg
[INFO] [stdout]   13:     0x568653a4013d - tumo_path[83efca11cd82aeea]::path::array::test_arraypath
[INFO] [stdout]   14:     0x568653a33569 - <tumo_path[83efca11cd82aeea]::path::array::test_arraypath::{closure#0} as core[df12db4294e9bfd3]::ops::function::FnOnce<()>>::call_once
[INFO] [stdout]   15:     0x568653a41d9b - test[9d35eded1c95d3be]::__rust_begin_short_backtrace::<core[df12db4294e9bfd3]::result::Result<(), alloc[2182bb758b4b3781]::string::String>, fn() -> core[df12db4294e9bfd3]::result::Result<(), alloc[2182bb758b4b3781]::string::String>>
[INFO] [stdout]   16:     0x568653a4f405 - test[9d35eded1c95d3be]::run_test::{closure#0}
[INFO] [stdout]   17:     0x568653a48cc4 - std[70759c8f55707aa4]::sys::backtrace::__rust_begin_short_backtrace::<test[9d35eded1c95d3be]::run_test::{closure#1}, ()>
[INFO] [stdout]   18:     0x568653a52562 - <std[70759c8f55707aa4]::thread::lifecycle::spawn_unchecked<test[9d35eded1c95d3be]::run_test::{closure#1}, ()>::{closure#1} as core[df12db4294e9bfd3]::ops::function::FnOnce<()>>::call_once::{shim:vtable#0}
[INFO] [stdout]   19:     0x568653ab9799 - <std[70759c8f55707aa4]::sys::thread::unix::Thread>::new::thread_start
[INFO] [stdout]   20:     0x7de488acfdfa - <unknown>
[INFO] [stdout]   21:     0x7de488b633d4 - clone
[INFO] [stdout]   22:                0x0 - <unknown>
[INFO] [stdout] 
[INFO] [stdout] ---- raster::test_raster_arc stdout ----
[INFO] [stdout] 
[INFO] [stdout] thread 'raster::test_raster_arc' (197) panicked at src/lib.rs:223:68:
[INFO] [stdout] called `Result::unwrap()` on an `Err` value: Os { code: 30, kind: ReadOnlyFilesystem, message: "Read-only file system" }
[INFO] [stdout] stack backtrace:
[INFO] [stdout]    0:     0x568653ab9ec1 - <<std[70759c8f55707aa4]::sys::backtrace::BacktraceLock>::print::DisplayBacktrace as core[df12db4294e9bfd3]::fmt::Display>::fmt
[INFO] [stdout]    1:     0x568653acf7ba - core[df12db4294e9bfd3]::fmt::write
[INFO] [stdout]    2:     0x568653abe35c - <alloc[2182bb758b4b3781]::vec::Vec<u8> as core[df12db4294e9bfd3]::io::write::Write>::write_fmt
[INFO] [stdout]    3:     0x568653a964b6 - std[70759c8f55707aa4]::panicking::default_hook::{closure#0}
[INFO] [stdout]    4:     0x568653ab2629 - std[70759c8f55707aa4]::panicking::default_hook
[INFO] [stdout]    5:     0x568653a4eab0 - test[9d35eded1c95d3be]::test_main_inner::<test[9d35eded1c95d3be]::test_main_static::{closure#0}>::{closure#0}
[INFO] [stdout]    6:     0x568653ab27e2 - std[70759c8f55707aa4]::panicking::panic_with_hook
[INFO] [stdout]    7:     0x568653a96562 - std[70759c8f55707aa4]::panicking::panic_handler::{closure#0}
[INFO] [stdout]    8:     0x568653a8f2e9 - std[70759c8f55707aa4]::sys::backtrace::__rust_end_short_backtrace::<std[70759c8f55707aa4]::panicking::panic_handler::{closure#0}, !>
[INFO] [stdout]    9:     0x568653a9715d - __rustc[8fa7c3cbc660c2b3]::rust_begin_unwind
[INFO] [stdout]   10:     0x568653acfeec - core[df12db4294e9bfd3]::panicking::panic_fmt
[INFO] [stdout]   11:     0x568653acfcc2 - core[df12db4294e9bfd3]::result::unwrap_failed
[INFO] [stdout]   12:     0x568653a36ea5 - tumo_path[83efca11cd82aeea]::tests::dump_bmp
[INFO] [stdout]   13:     0x568653a38251 - tumo_path[83efca11cd82aeea]::raster::test_raster_arc
[INFO] [stdout]   14:     0x568653a33189 - <tumo_path[83efca11cd82aeea]::raster::test_raster_arc::{closure#0} as core[df12db4294e9bfd3]::ops::function::FnOnce<()>>::call_once
[INFO] [stdout]   15:     0x568653a41d9b - test[9d35eded1c95d3be]::__rust_begin_short_backtrace::<core[df12db4294e9bfd3]::result::Result<(), alloc[2182bb758b4b3781]::string::String>, fn() -> core[df12db4294e9bfd3]::result::Result<(), alloc[2182bb758b4b3781]::string::String>>
[INFO] [stdout]   16:     0x568653a4f405 - test[9d35eded1c95d3be]::run_test::{closure#0}
[INFO] [stdout]   17:     0x568653a48cc4 - std[70759c8f55707aa4]::sys::backtrace::__rust_begin_short_backtrace::<test[9d35eded1c95d3be]::run_test::{closure#1}, ()>
[INFO] [stdout]   18:     0x568653a52562 - <std[70759c8f55707aa4]::thread::lifecycle::spawn_unchecked<test[9d35eded1c95d3be]::run_test::{closure#1}, ()>::{closure#1} as core[df12db4294e9bfd3]::ops::function::FnOnce<()>>::call_once::{shim:vtable#0}
[INFO] [stdout]   19:     0x568653ab9799 - <std[70759c8f55707aa4]::sys::thread::unix::Thread>::new::thread_start
[INFO] [stdout]   20:     0x7de488acfdfa - <unknown>
[INFO] [stdout]   21:     0x7de488b633d4 - clone
[INFO] [stdout]   22:                0x0 - <unknown>
[INFO] [stdout] 
[INFO] [stdout] ---- svg::bundle::test_svg_setting stdout ----
[INFO] [stdout] 
[INFO] [stdout] thread 'svg::bundle::test_svg_setting' (199) panicked at src/lib.rs:209:68:
[INFO] [stdout] called `Result::unwrap()` on an `Err` value: Os { code: 30, kind: ReadOnlyFilesystem, message: "Read-only file system" }
[INFO] [stdout] stack backtrace:
[INFO] [stdout]    0:     0x568653ab9ec1 - <<std[70759c8f55707aa4]::sys::backtrace::BacktraceLock>::print::DisplayBacktrace as core[df12db4294e9bfd3]::fmt::Display>::fmt
[INFO] [stdout]    1:     0x568653acf7ba - core[df12db4294e9bfd3]::fmt::write
[INFO] [stdout]    2:     0x568653abe35c - <alloc[2182bb758b4b3781]::vec::Vec<u8> as core[df12db4294e9bfd3]::io::write::Write>::write_fmt
[INFO] [stdout]    3:     0x568653a964b6 - std[70759c8f55707aa4]::panicking::default_hook::{closure#0}
[INFO] [stdout]    4:     0x568653ab2629 - std[70759c8f55707aa4]::panicking::default_hook
[INFO] [stdout]    5:     0x568653a4eab0 - test[9d35eded1c95d3be]::test_main_inner::<test[9d35eded1c95d3be]::test_main_static::{closure#0}>::{closure#0}
[INFO] [stdout]    6:     0x568653ab27e2 - std[70759c8f55707aa4]::panicking::panic_with_hook
[INFO] [stdout]    7:     0x568653a96562 - std[70759c8f55707aa4]::panicking::panic_handler::{closure#0}
[INFO] [stdout]    8:     0x568653a8f2e9 - std[70759c8f55707aa4]::sys::backtrace::__rust_end_short_backtrace::<std[70759c8f55707aa4]::panicking::panic_handler::{closure#0}, !>
[INFO] [stdout]    9:     0x568653a9715d - __rustc[8fa7c3cbc660c2b3]::rust_begin_unwind
[INFO] [stdout]   10:     0x568653acfeec - core[df12db4294e9bfd3]::panicking::panic_fmt
[INFO] [stdout]   11:     0x568653acfcc2 - core[df12db4294e9bfd3]::result::unwrap_failed
[INFO] [stdout]   12:     0x568653a374a5 - tumo_path[83efca11cd82aeea]::tests::dump_svg
[INFO] [stdout]   13:     0x568653a2146e - tumo_path[83efca11cd82aeea]::svg::bundle::test_svg_setting
[INFO] [stdout]   14:     0x568653a334e9 - <tumo_path[83efca11cd82aeea]::svg::bundle::test_svg_setting::{closure#0} as core[df12db4294e9bfd3]::ops::function::FnOnce<()>>::call_once
[INFO] [stdout]   15:     0x568653a41d9b - test[9d35eded1c95d3be]::__rust_begin_short_backtrace::<core[df12db4294e9bfd3]::result::Result<(), alloc[2182bb758b4b3781]::string::String>, fn() -> core[df12db4294e9bfd3]::result::Result<(), alloc[2182bb758b4b3781]::string::String>>
[INFO] [stdout]   16:     0x568653a4f405 - test[9d35eded1c95d3be]::run_test::{closure#0}
[INFO] [stdout]   17:     0x568653a48cc4 - std[70759c8f55707aa4]::sys::backtrace::__rust_begin_short_backtrace::<test[9d35eded1c95d3be]::run_test::{closure#1}, ()>
[INFO] [stdout]   18:     0x568653a52562 - <std[70759c8f55707aa4]::thread::lifecycle::spawn_unchecked<test[9d35eded1c95d3be]::run_test::{closure#1}, ()>::{closure#1} as core[df12db4294e9bfd3]::ops::function::FnOnce<()>>::call_once::{shim:vtable#0}
[INFO] [stdout]   19:     0x568653ab9799 - <std[70759c8f55707aa4]::sys::thread::unix::Thread>::new::thread_start
[INFO] [stdout]   20:     0x7de488acfdfa - <unknown>
[INFO] [stdout]   21:     0x7de488b633d4 - clone
[INFO] [stdout]   22:                0x0 - <unknown>
[INFO] [stdout] 
[INFO] [stdout] ---- raster::stroke::test_stroke_rect stdout ----
[INFO] [stdout] 
[INFO] [stdout] thread 'raster::stroke::test_stroke_rect' (195) panicked at src/lib.rs:209:68:
[INFO] [stdout] called `Result::unwrap()` on an `Err` value: Os { code: 30, kind: ReadOnlyFilesystem, message: "Read-only file system" }
[INFO] [stdout] stack backtrace:
[INFO] [stdout]    0:     0x568653ab9ec1 - <<std[70759c8f55707aa4]::sys::backtrace::BacktraceLock>::print::DisplayBacktrace as core[df12db4294e9bfd3]::fmt::Display>::fmt
[INFO] [stdout]    1:     0x568653acf7ba - core[df12db4294e9bfd3]::fmt::write
[INFO] [stdout]    2:     0x568653abe35c - <alloc[2182bb758b4b3781]::vec::Vec<u8> as core[df12db4294e9bfd3]::io::write::Write>::write_fmt
[INFO] [stdout]    3:     0x568653a964b6 - std[70759c8f55707aa4]::panicking::default_hook::{closure#0}
[INFO] [stdout]    4:     0x568653ab2629 - std[70759c8f55707aa4]::panicking::default_hook
[INFO] [stdout]    5:     0x568653a4eab0 - test[9d35eded1c95d3be]::test_main_inner::<test[9d35eded1c95d3be]::test_main_static::{closure#0}>::{closure#0}
[INFO] [stdout]    6:     0x568653ab27e2 - std[70759c8f55707aa4]::panicking::panic_with_hook
[INFO] [stdout]    7:     0x568653a96562 - std[70759c8f55707aa4]::panicking::panic_handler::{closure#0}
[INFO] [stdout]    8:     0x568653a8f2e9 - std[70759c8f55707aa4]::sys::backtrace::__rust_end_short_backtrace::<std[70759c8f55707aa4]::panicking::panic_handler::{closure#0}, !>
[INFO] [stdout]    9:     0x568653a9715d - __rustc[8fa7c3cbc660c2b3]::rust_begin_unwind
[INFO] [stdout]   10:     0x568653acfeec - core[df12db4294e9bfd3]::panicking::panic_fmt
[INFO] [stdout]   11:     0x568653acfcc2 - core[df12db4294e9bfd3]::result::unwrap_failed
[INFO] [stdout]   12:     0x568653a374a5 - tumo_path[83efca11cd82aeea]::tests::dump_svg
[INFO] [stdout]   13:     0x568653a10737 - tumo_path[83efca11cd82aeea]::raster::stroke::test_stroke_rect
[INFO] [stdout]   14:     0x568653a33629 - <tumo_path[83efca11cd82aeea]::raster::stroke::test_stroke_rect::{closure#0} as core[df12db4294e9bfd3]::ops::function::FnOnce<()>>::call_once
[INFO] [stdout]   15:     0x568653a41d9b - test[9d35eded1c95d3be]::__rust_begin_short_backtrace::<core[df12db4294e9bfd3]::result::Result<(), alloc[2182bb758b4b3781]::string::String>, fn() -> core[df12db4294e9bfd3]::result::Result<(), alloc[2182bb758b4b3781]::string::String>>
[INFO] [stdout]   16:     0x568653a4f405 - test[9d35eded1c95d3be]::run_test::{closure#0}
[INFO] [stdout]   17:     0x568653a48cc4 - std[70759c8f55707aa4]::sys::backtrace::__rust_begin_short_backtrace::<test[9d35eded1c95d3be]::run_test::{closure#1}, ()>
[INFO] [stdout]   18:     0x568653a52562 - <std[70759c8f55707aa4]::thread::lifecycle::spawn_unchecked<test[9d35eded1c95d3be]::run_test::{closure#1}, ()>::{closure#1} as core[df12db4294e9bfd3]::ops::function::FnOnce<()>>::call_once::{shim:vtable#0}
[INFO] [stdout]   19:     0x568653ab9799 - <std[70759c8f55707aa4]::sys::thread::unix::Thread>::new::thread_start
[INFO] [stdout]   20:     0x7de488acfdfa - <unknown>
[INFO] [stdout]   21:     0x7de488b633d4 - clone
[INFO] [stdout]   22:                0x0 - <unknown>
[INFO] [stdout] 
[INFO] [stdout] ---- build::extend::test_round stdout ----
[INFO] [stdout] 
[INFO] [stdout] thread 'build::extend::test_round' (188) panicked at src/lib.rs:209:68:
[INFO] [stdout] called `Result::unwrap()` on an `Err` value: Os { code: 30, kind: ReadOnlyFilesystem, message: "Read-only file system" }
[INFO] [stdout] stack backtrace:
[INFO] [stdout]    0:     0x568653ab9ec1 - <<std[70759c8f55707aa4]::sys::backtrace::BacktraceLock>::print::DisplayBacktrace as core[df12db4294e9bfd3]::fmt::Display>::fmt
[INFO] [stdout]    1:     0x568653acf7ba - core[df12db4294e9bfd3]::fmt::write
[INFO] [stdout]    2:     0x568653abe35c - <alloc[2182bb758b4b3781]::vec::Vec<u8> as core[df12db4294e9bfd3]::io::write::Write>::write_fmt
[INFO] [stdout]    3:     0x568653a964b6 - std[70759c8f55707aa4]::panicking::default_hook::{closure#0}
[INFO] [stdout]    4:     0x568653ab2629 - std[70759c8f55707aa4]::panicking::default_hook
[INFO] [stdout]    5:     0x568653a4eab0 - test[9d35eded1c95d3be]::test_main_inner::<test[9d35eded1c95d3be]::test_main_static::{closure#0}>::{closure#0}
[INFO] [stdout]    6:     0x568653ab27e2 - std[70759c8f55707aa4]::panicking::panic_with_hook
[INFO] [stdout]    7:     0x568653a96562 - std[70759c8f55707aa4]::panicking::panic_handler::{closure#0}
[INFO] [stdout]    8:     0x568653a8f2e9 - std[70759c8f55707aa4]::sys::backtrace::__rust_end_short_backtrace::<std[70759c8f55707aa4]::panicking::panic_handler::{closure#0}, !>
[INFO] [stdout]    9:     0x568653a9715d - __rustc[8fa7c3cbc660c2b3]::rust_begin_unwind
[INFO] [stdout]   10:     0x568653acfeec - core[df12db4294e9bfd3]::panicking::panic_fmt
[INFO] [stdout]   11:     0x568653acfcc2 - core[df12db4294e9bfd3]::result::unwrap_failed
[INFO] [stdout]   12:     0x568653a374a5 - tumo_path[83efca11cd82aeea]::tests::dump_svg
[INFO] [stdout]   13:     0x568653a2db52 - tumo_path[83efca11cd82aeea]::build::extend::test_round
[INFO] [stdout]   14:     0x568653a335a9 - <tumo_path[83efca11cd82aeea]::build::extend::test_round::{closure#0} as core[df12db4294e9bfd3]::ops::function::FnOnce<()>>::call_once
[INFO] [stdout]   15:     0x568653a41d9b - test[9d35eded1c95d3be]::__rust_begin_short_backtrace::<core[df12db4294e9bfd3]::result::Result<(), alloc[2182bb758b4b3781]::string::String>, fn() -> core[df12db4294e9bfd3]::result::Result<(), alloc[2182bb758b4b3781]::string::String>>
[INFO] [stdout]   16:     0x568653a4f405 - test[9d35eded1c95d3be]::run_test::{closure#0}
[INFO] [stdout]   17:     0x568653a48cc4 - std[70759c8f55707aa4]::sys::backtrace::__rust_begin_short_backtrace::<test[9d35eded1c95d3be]::run_test::{closure#1}, ()>
[INFO] [stdout]   18:     0x568653a52562 - <std[70759c8f55707aa4]::thread::lifecycle::spawn_unchecked<test[9d35eded1c95d3be]::run_test::{closure#1}, ()>::{closure#1} as core[df12db4294e9bfd3]::ops::function::FnOnce<()>>::call_once::{shim:vtable#0}
[INFO] [stdout]   19:     0x568653ab9799 - <std[70759c8f55707aa4]::sys::thread::unix::Thread>::new::thread_start
[INFO] [stdout]   20:     0x7de488acfdfa - <unknown>
[INFO] [stdout]   21:     0x7de488b633d4 - clone
[INFO] [stdout]   22:                0x0 - <unknown>
[INFO] [stdout] 
[INFO] [stdout] ---- build::extend::test_arc_connect stdout ----
[INFO] [stdout] 
[INFO] [stdout] thread 'build::extend::test_arc_connect' (186) panicked at src/lib.rs:209:68:
[INFO] [stdout] called `Result::unwrap()` on an `Err` value: Os { code: 30, kind: ReadOnlyFilesystem, message: "Read-only file system" }
[INFO] [stdout] stack backtrace:
[INFO] [stdout]    0:     0x568653ab9ec1 - <<std[70759c8f55707aa4]::sys::backtrace::BacktraceLock>::print::DisplayBacktrace as core[df12db4294e9bfd3]::fmt::Display>::fmt
[INFO] [stdout]    1:     0x568653acf7ba - core[df12db4294e9bfd3]::fmt::write
[INFO] [stdout]    2:     0x568653abe35c - <alloc[2182bb758b4b3781]::vec::Vec<u8> as core[df12db4294e9bfd3]::io::write::Write>::write_fmt
[INFO] [stdout]    3:     0x568653a964b6 - std[70759c8f55707aa4]::panicking::default_hook::{closure#0}
[INFO] [stdout]    4:     0x568653ab2629 - std[70759c8f55707aa4]::panicking::default_hook
[INFO] [stdout]    5:     0x568653a4eab0 - test[9d35eded1c95d3be]::test_main_inner::<test[9d35eded1c95d3be]::test_main_static::{closure#0}>::{closure#0}
[INFO] [stdout]    6:     0x568653ab27e2 - std[70759c8f55707aa4]::panicking::panic_with_hook
[INFO] [stdout]    7:     0x568653a96562 - std[70759c8f55707aa4]::panicking::panic_handler::{closure#0}
[INFO] [stdout]    8:     0x568653a8f2e9 - std[70759c8f55707aa4]::sys::backtrace::__rust_end_short_backtrace::<std[70759c8f55707aa4]::panicking::panic_handler::{closure#0}, !>
[INFO] [stdout]    9:     0x568653a9715d - __rustc[8fa7c3cbc660c2b3]::rust_begin_unwind
[INFO] [stdout]   10:     0x568653acfeec - core[df12db4294e9bfd3]::panicking::panic_fmt
[INFO] [stdout]   11:     0x568653acfcc2 - core[df12db4294e9bfd3]::result::unwrap_failed
[INFO] [stdout]   12:     0x568653a374a5 - tumo_path[83efca11cd82aeea]::tests::dump_svg
[INFO] [stdout]   13:     0x568653a2de82 - tumo_path[83efca11cd82aeea]::build::extend::test_arc_connect
[INFO] [stdout]   14:     0x568653a335c9 - <tumo_path[83efca11cd82aeea]::build::extend::test_arc_connect::{closure#0} as core[df12db4294e9bfd3]::ops::function::FnOnce<()>>::call_once
[INFO] [stdout]   15:     0x568653a41d9b - test[9d35eded1c95d3be]::__rust_begin_short_backtrace::<core[df12db4294e9bfd3]::result::Result<(), alloc[2182bb758b4b3781]::string::String>, fn() -> core[df12db4294e9bfd3]::result::Result<(), alloc[2182bb758b4b3781]::string::String>>
[INFO] [stdout]   16:     0x568653a4f405 - test[9d35eded1c95d3be]::run_test::{closure#0}
[INFO] [stdout]   17:     0x568653a48cc4 - std[70759c8f55707aa4]::sys::backtrace::__rust_begin_short_backtrace::<test[9d35eded1c95d3be]::run_test::{closure#1}, ()>
[INFO] [stdout]   18:     0x568653a52562 - <std[70759c8f55707aa4]::thread::lifecycle::spawn_unchecked<test[9d35eded1c95d3be]::run_test::{closure#1}, ()>::{closure#1} as core[df12db4294e9bfd3]::ops::function::FnOnce<()>>::call_once::{shim:vtable#0}
[INFO] [stdout]   19:     0x568653ab9799 - <std[70759c8f55707aa4]::sys::thread::unix::Thread>::new::thread_start
[INFO] [stdout]   20:     0x7de488acfdfa - <unknown>
[INFO] [stdout]   21:     0x7de488b633d4 - clone
[INFO] [stdout]   22:                0x0 - <unknown>
[INFO] [stdout] 
[INFO] [stdout] ---- flow::dash::test_dash stdout ----
[INFO] [stdout] 
[INFO] [stdout] thread 'flow::dash::test_dash' (192) panicked at src/lib.rs:209:68:
[INFO] [stdout] called `Result::unwrap()` on an `Err` value: Os { code: 30, kind: ReadOnlyFilesystem, message: "Read-only file system" }
[INFO] [stdout] stack backtrace:
[INFO] [stdout]    0:     0x568653ab9ec1 - <<std[70759c8f55707aa4]::sys::backtrace::BacktraceLock>::print::DisplayBacktrace as core[df12db4294e9bfd3]::fmt::Display>::fmt
[INFO] [stdout]    1:     0x568653acf7ba - core[df12db4294e9bfd3]::fmt::write
[INFO] [stdout]    2:     0x568653abe35c - <alloc[2182bb758b4b3781]::vec::Vec<u8> as core[df12db4294e9bfd3]::io::write::Write>::write_fmt
[INFO] [stdout]    3:     0x568653a964b6 - std[70759c8f55707aa4]::panicking::default_hook::{closure#0}
[INFO] [stdout]    4:     0x568653ab2629 - std[70759c8f55707aa4]::panicking::default_hook
[INFO] [stdout]    5:     0x568653a4eab0 - test[9d35eded1c95d3be]::test_main_inner::<test[9d35eded1c95d3be]::test_main_static::{closure#0}>::{closure#0}
[INFO] [stdout]    6:     0x568653ab27e2 - std[70759c8f55707aa4]::panicking::panic_with_hook
[INFO] [stdout]    7:     0x568653a96562 - std[70759c8f55707aa4]::panicking::panic_handler::{closure#0}
[INFO] [stdout]    8:     0x568653a8f2e9 - std[70759c8f55707aa4]::sys::backtrace::__rust_end_short_backtrace::<std[70759c8f55707aa4]::panicking::panic_handler::{closure#0}, !>
[INFO] [stdout]    9:     0x568653a9715d - __rustc[8fa7c3cbc660c2b3]::rust_begin_unwind
[INFO] [stdout]   10:     0x568653acfeec - core[df12db4294e9bfd3]::panicking::panic_fmt
[INFO] [stdout]   11:     0x568653acfcc2 - core[df12db4294e9bfd3]::result::unwrap_failed
[INFO] [stdout]   12:     0x568653a374a5 - tumo_path[83efca11cd82aeea]::tests::dump_svg
[INFO] [stdout]   13:     0x568653a38dab - tumo_path[83efca11cd82aeea]::flow::dash::test_dash
[INFO] [stdout]   14:     0x568653a33509 - <tumo_path[83efca11cd82aeea]::flow::dash::test_dash::{closure#0} as core[df12db4294e9bfd3]::ops::function::FnOnce<()>>::call_once
[INFO] [stdout]   15:     0x568653a41d9b - test[9d35eded1c95d3be]::__rust_begin_short_backtrace::<core[df12db4294e9bfd3]::result::Result<(), alloc[2182bb758b4b3781]::string::String>, fn() -> core[df12db4294e9bfd3]::result::Result<(), alloc[2182bb758b4b3781]::string::String>>
[INFO] [stdout]   16:     0x568653a4f405 - test[9d35eded1c95d3be]::run_test::{closure#0}
[INFO] [stdout]   17:     0x568653a48cc4 - std[70759c8f55707aa4]::sys::backtrace::__rust_begin_short_backtrace::<test[9d35eded1c95d3be]::run_test::{closure#1}, ()>
[INFO] [stdout]   18:     0x568653a52562 - <std[70759c8f55707aa4]::thread::lifecycle::spawn_unchecked<test[9d35eded1c95d3be]::run_test::{closure#1}, ()>::{closure#1} as core[df12db4294e9bfd3]::ops::function::FnOnce<()>>::call_once::{shim:vtable#0}
[INFO] [stdout]   19:     0x568653ab9799 - <std[70759c8f55707aa4]::sys::thread::unix::Thread>::new::thread_start
[INFO] [stdout]   20:     0x7de488acfdfa - <unknown>
[INFO] [stdout]   21:     0x7de488b633d4 - clone
[INFO] [stdout]   22:                0x0 - <unknown>
[INFO] [stdout] 
[INFO] [stdout] ---- flow::close::test_closer stdout ----
[INFO] [stdout] 
[INFO] [stdout] thread 'flow::close::test_closer' (191) panicked at src/lib.rs:209:68:
[INFO] [stdout] called `Result::unwrap()` on an `Err` value: Os { code: 30, kind: ReadOnlyFilesystem, message: "Read-only file system" }
[INFO] [stdout] stack backtrace:
[INFO] [stdout]    0:     0x568653ab9ec1 - <<std[70759c8f55707aa4]::sys::backtrace::BacktraceLock>::print::DisplayBacktrace as core[df12db4294e9bfd3]::fmt::Display>::fmt
[INFO] [stdout]    1:     0x568653acf7ba - core[df12db4294e9bfd3]::fmt::write
[INFO] [stdout]    2:     0x568653abe35c - <alloc[2182bb758b4b3781]::vec::Vec<u8> as core[df12db4294e9bfd3]::io::write::Write>::write_fmt
[INFO] [stdout]    3:     0x568653a964b6 - std[70759c8f55707aa4]::panicking::default_hook::{closure#0}
[INFO] [stdout]    4:     0x568653ab2629 - std[70759c8f55707aa4]::panicking::default_hook
[INFO] [stdout]    5:     0x568653a4eab0 - test[9d35eded1c95d3be]::test_main_inner::<test[9d35eded1c95d3be]::test_main_static::{closure#0}>::{closure#0}
[INFO] [stdout]    6:     0x568653ab27e2 - std[70759c8f55707aa4]::panicking::panic_with_hook
[INFO] [stdout]    7:     0x568653a96562 - std[70759c8f55707aa4]::panicking::panic_handler::{closure#0}
[INFO] [stdout]    8:     0x568653a8f2e9 - std[70759c8f55707aa4]::sys::backtrace::__rust_end_short_backtrace::<std[70759c8f55707aa4]::panicking::panic_handler::{closure#0}, !>
[INFO] [stdout]    9:     0x568653a9715d - __rustc[8fa7c3cbc660c2b3]::rust_begin_unwind
[INFO] [stdout]   10:     0x568653acfeec - core[df12db4294e9bfd3]::panicking::panic_fmt
[INFO] [stdout]   11:     0x568653acfcc2 - core[df12db4294e9bfd3]::result::unwrap_failed
[INFO] [stdout]   12:     0x568653a374a5 - tumo_path[83efca11cd82aeea]::tests::dump_svg
[INFO] [stdout]   13:     0x568653a2d8a5 - tumo_path[83efca11cd82aeea]::flow::close::test_closer
[INFO] [stdout]   14:     0x568653a33529 - <tumo_path[83efca11cd82aeea]::flow::close::test_closer::{closure#0} as core[df12db4294e9bfd3]::ops::function::FnOnce<()>>::call_once
[INFO] [stdout]   15:     0x568653a41d9b - test[9d35eded1c95d3be]::__rust_begin_short_backtrace::<core[df12db4294e9bfd3]::result::Result<(), alloc[2182bb758b4b3781]::string::String>, fn() -> core[df12db4294e9bfd3]::result::Result<(), alloc[2182bb758b4b3781]::string::String>>
[INFO] [stdout]   16:     0x568653a4f405 - test[9d35eded1c95d3be]::run_test::{closure#0}
[INFO] [stdout]   17:     0x568653a48cc4 - std[70759c8f55707aa4]::sys::backtrace::__rust_begin_short_backtrace::<test[9d35eded1c95d3be]::run_test::{closure#1}, ()>
[INFO] [stdout]   18:     0x568653a52562 - <std[70759c8f55707aa4]::thread::lifecycle::spawn_unchecked<test[9d35eded1c95d3be]::run_test::{closure#1}, ()>::{closure#1} as core[df12db4294e9bfd3]::ops::function::FnOnce<()>>::call_once::{shim:vtable#0}
[INFO] [stdout]   19:     0x568653ab9799 - <std[70759c8f55707aa4]::sys::thread::unix::Thread>::new::thread_start
[INFO] [stdout]   20:     0x7de488acfdfa - <unknown>
[INFO] [stdout]   21:     0x7de488b633d4 - clone
[INFO] [stdout]   22:                0x0 - <unknown>
[INFO] [stdout] 
[INFO] [stdout] ---- svg::bundle::test_svgbundle stdout ----
[INFO] [stdout] 
[INFO] [stdout] thread 'svg::bundle::test_svgbundle' (200) panicked at src/lib.rs:209:68:
[INFO] [stdout] called `Result::unwrap()` on an `Err` value: Os { code: 30, kind: ReadOnlyFilesystem, message: "Read-only file system" }
[INFO] [stdout] stack backtrace:
[INFO] [stdout]    0:     0x568653ab9ec1 - <<std[70759c8f55707aa4]::sys::backtrace::BacktraceLock>::print::DisplayBacktrace as core[df12db4294e9bfd3]::fmt::Display>::fmt
[INFO] [stdout]    1:     0x568653acf7ba - core[df12db4294e9bfd3]::fmt::write
[INFO] [stdout]    2:     0x568653abe35c - <alloc[2182bb758b4b3781]::vec::Vec<u8> as core[df12db4294e9bfd3]::io::write::Write>::write_fmt
[INFO] [stdout]    3:     0x568653a964b6 - std[70759c8f55707aa4]::panicking::default_hook::{closure#0}
[INFO] [stdout]    4:     0x568653ab2629 - std[70759c8f55707aa4]::panicking::default_hook
[INFO] [stdout]    5:     0x568653a4eab0 - test[9d35eded1c95d3be]::test_main_inner::<test[9d35eded1c95d3be]::test_main_static::{closure#0}>::{closure#0}
[INFO] [stdout]    6:     0x568653ab27e2 - std[70759c8f55707aa4]::panicking::panic_with_hook
[INFO] [stdout]    7:     0x568653a96562 - std[70759c8f55707aa4]::panicking::panic_handler::{closure#0}
[INFO] [stdout]    8:     0x568653a8f2e9 - std[70759c8f55707aa4]::sys::backtrace::__rust_end_short_backtrace::<std[70759c8f55707aa4]::panicking::panic_handler::{closure#0}, !>
[INFO] [stdout]    9:     0x568653a9715d - __rustc[8fa7c3cbc660c2b3]::rust_begin_unwind
[INFO] [stdout]   10:     0x568653acfeec - core[df12db4294e9bfd3]::panicking::panic_fmt
[INFO] [stdout]   11:     0x568653acfcc2 - core[df12db4294e9bfd3]::result::unwrap_failed
[INFO] [stdout]   12:     0x568653a374a5 - tumo_path[83efca11cd82aeea]::tests::dump_svg
[INFO] [stdout]   13:     0x568653a20c7c - tumo_path[83efca11cd82aeea]::svg::bundle::test_svgbundle
[INFO] [stdout]   14:     0x568653a334c9 - <tumo_path[83efca11cd82aeea]::svg::bundle::test_svgbundle::{closure#0} as core[df12db4294e9bfd3]::ops::function::FnOnce<()>>::call_once
[INFO] [stdout]   15:     0x568653a41d9b - test[9d35eded1c95d3be]::__rust_begin_short_backtrace::<core[df12db4294e9bfd3]::result::Result<(), alloc[2182bb758b4b3781]::string::String>, fn() -> core[df12db4294e9bfd3]::result::Result<(), alloc[2182bb758b4b3781]::string::String>>
[INFO] [stdout]   16:     0x568653a4f405 - test[9d35eded1c95d3be]::run_test::{closure#0}
[INFO] [stdout]   17:     0x568653a48cc4 - std[70759c8f55707aa4]::sys::backtrace::__rust_begin_short_backtrace::<test[9d35eded1c95d3be]::run_test::{closure#1}, ()>
[INFO] [stdout]   18:     0x568653a52562 - <std[70759c8f55707aa4]::thread::lifecycle::spawn_unchecked<test[9d35eded1c95d3be]::run_test::{closure#1}, ()>::{closure#1} as core[df12db4294e9bfd3]::ops::function::FnOnce<()>>::call_once::{shim:vtable#0}
[INFO] [stdout]   19:     0x568653ab9799 - <std[70759c8f55707aa4]::sys::thread::unix::Thread>::new::thread_start
[INFO] [stdout]   20:     0x7de488acfdfa - <unknown>
[INFO] [stdout]   21:     0x7de488b633d4 - clone
[INFO] [stdout]   22:                0x0 - <unknown>
[INFO] [stdout] 
[INFO] [stdout] ---- raster::test_raster_dash stdout ----
[INFO] [stdout] 
[INFO] [stdout] thread 'raster::test_raster_dash' (198) panicked at src/lib.rs:223:68:
[INFO] [stdout] called `Result::unwrap()` on an `Err` value: Os { code: 30, kind: ReadOnlyFilesystem, message: "Read-only file system" }
[INFO] [stdout] stack backtrace:
[INFO] [stdout]    0:     0x568653ab9ec1 - <<std[70759c8f55707aa4]::sys::backtrace::BacktraceLock>::print::DisplayBacktrace as core[df12db4294e9bfd3]::fmt::Display>::fmt
[INFO] [stdout]    1:     0x568653acf7ba - core[df12db4294e9bfd3]::fmt::write
[INFO] [stdout]    2:     0x568653abe35c - <alloc[2182bb758b4b3781]::vec::Vec<u8> as core[df12db4294e9bfd3]::io::write::Write>::write_fmt
[INFO] [stdout]    3:     0x568653a964b6 - std[70759c8f55707aa4]::panicking::default_hook::{closure#0}
[INFO] [stdout]    4:     0x568653ab2629 - std[70759c8f55707aa4]::panicking::default_hook
[INFO] [stdout]    5:     0x568653a4eab0 - test[9d35eded1c95d3be]::test_main_inner::<test[9d35eded1c95d3be]::test_main_static::{closure#0}>::{closure#0}
[INFO] [stdout]    6:     0x568653ab27e2 - std[70759c8f55707aa4]::panicking::panic_with_hook
[INFO] [stdout]    7:     0x568653a96562 - std[70759c8f55707aa4]::panicking::panic_handler::{closure#0}
[INFO] [stdout]    8:     0x568653a8f2e9 - std[70759c8f55707aa4]::sys::backtrace::__rust_end_short_backtrace::<std[70759c8f55707aa4]::panicking::panic_handler::{closure#0}, !>
[INFO] [stdout]    9:     0x568653a9715d - __rustc[8fa7c3cbc660c2b3]::rust_begin_unwind
[INFO] [stdout]   10:     0x568653acfeec - core[df12db4294e9bfd3]::panicking::panic_fmt
[INFO] [stdout]   11:     0x568653acfcc2 - core[df12db4294e9bfd3]::result::unwrap_failed
[INFO] [stdout]   12:     0x568653a36ea5 - tumo_path[83efca11cd82aeea]::tests::dump_bmp
[INFO] [stdout]   13:     0x568653a38918 - tumo_path[83efca11cd82aeea]::raster::test_raster_dash
[INFO] [stdout]   14:     0x568653a331a9 - <tumo_path[83efca11cd82aeea]::raster::test_raster_dash::{closure#0} as core[df12db4294e9bfd3]::ops::function::FnOnce<()>>::call_once
[INFO] [stdout]   15:     0x568653a41d9b - test[9d35eded1c95d3be]::__rust_begin_short_backtrace::<core[df12db4294e9bfd3]::result::Result<(), alloc[2182bb758b4b3781]::string::String>, fn() -> core[df12db4294e9bfd3]::result::Result<(), alloc[2182bb758b4b3781]::string::String>>
[INFO] [stdout]   16:     0x568653a4f405 - test[9d35eded1c95d3be]::run_test::{closure#0}
[INFO] [stdout]   17:     0x568653a48cc4 - std[70759c8f55707aa4]::sys::backtrace::__rust_begin_short_backtrace::<test[9d35eded1c95d3be]::run_test::{closure#1}, ()>
[INFO] [stdout]   18:     0x568653a52562 - <std[70759c8f55707aa4]::thread::lifecycle::spawn_unchecked<test[9d35eded1c95d3be]::run_test::{closure#1}, ()>::{closure#1} as core[df12db4294e9bfd3]::ops::function::FnOnce<()>>::call_once::{shim:vtable#0}
[INFO] [stdout]   19:     0x568653ab9799 - <std[70759c8f55707aa4]::sys::thread::unix::Thread>::new::thread_start
[INFO] [stdout]   20:     0x7de488acfdfa - <unknown>
[INFO] [stdout]   21:     0x7de488b633d4 - clone
[INFO] [stdout]   22:                0x0 - <unknown>
[INFO] [stdout] 
[INFO] [stdout] ---- raster::stroke::test_stroke_simple stdout ----
[INFO] [stdout] 
[INFO] [stdout] thread 'raster::stroke::test_stroke_simple' (196) panicked at src/lib.rs:209:68:
[INFO] [stdout] called `Result::unwrap()` on an `Err` value: Os { code: 30, kind: ReadOnlyFilesystem, message: "Read-only file system" }
[INFO] [stdout] stack backtrace:
[INFO] [stdout]    0:     0x568653ab9ec1 - <<std[70759c8f55707aa4]::sys::backtrace::BacktraceLock>::print::DisplayBacktrace as core[df12db4294e9bfd3]::fmt::Display>::fmt
[INFO] [stdout]    1:     0x568653acf7ba - core[df12db4294e9bfd3]::fmt::write
[INFO] [stdout]    2:     0x568653abe35c - <alloc[2182bb758b4b3781]::vec::Vec<u8> as core[df12db4294e9bfd3]::io::write::Write>::write_fmt
[INFO] [stdout]    3:     0x568653a964b6 - std[70759c8f55707aa4]::panicking::default_hook::{closure#0}
[INFO] [stdout]    4:     0x568653ab2629 - std[70759c8f55707aa4]::panicking::default_hook
[INFO] [stdout]    5:     0x568653a4eab0 - test[9d35eded1c95d3be]::test_main_inner::<test[9d35eded1c95d3be]::test_main_static::{closure#0}>::{closure#0}
[INFO] [stdout]    6:     0x568653ab27e2 - std[70759c8f55707aa4]::panicking::panic_with_hook
[INFO] [stdout]    7:     0x568653a96562 - std[70759c8f55707aa4]::panicking::panic_handler::{closure#0}
[INFO] [stdout]    8:     0x568653a8f2e9 - std[70759c8f55707aa4]::sys::backtrace::__rust_end_short_backtrace::<std[70759c8f55707aa4]::panicking::panic_handler::{closure#0}, !>
[INFO] [stdout]    9:     0x568653a9715d - __rustc[8fa7c3cbc660c2b3]::rust_begin_unwind
[INFO] [stdout]   10:     0x568653acfeec - core[df12db4294e9bfd3]::panicking::panic_fmt
[INFO] [stdout]   11:     0x568653acfcc2 - core[df12db4294e9bfd3]::result::unwrap_failed
[INFO] [stdout]   12:     0x568653a374a5 - tumo_path[83efca11cd82aeea]::tests::dump_svg
[INFO] [stdout]   13:     0x568653a11182 - tumo_path[83efca11cd82aeea]::raster::stroke::test_stroke_simple
[INFO] [stdout]   14:     0x568653a33649 - <tumo_path[83efca11cd82aeea]::raster::stroke::test_stroke_simple::{closure#0} as core[df12db4294e9bfd3]::ops::function::FnOnce<()>>::call_once
[INFO] [stdout]   15:     0x568653a41d9b - test[9d35eded1c95d3be]::__rust_begin_short_backtrace::<core[df12db4294e9bfd3]::result::Result<(), alloc[2182bb758b4b3781]::string::String>, fn() -> core[df12db4294e9bfd3]::result::Result<(), alloc[2182bb758b4b3781]::string::String>>
[INFO] [stdout]   16:     0x568653a4f405 - test[9d35eded1c95d3be]::run_test::{closure#0}
[INFO] [stdout]   17:     0x568653a48cc4 - std[70759c8f55707aa4]::sys::backtrace::__rust_begin_short_backtrace::<test[9d35eded1c95d3be]::run_test::{closure#1}, ()>
[INFO] [stdout]   18:     0x568653a52562 - <std[70759c8f55707aa4]::thread::lifecycle::spawn_unchecked<test[9d35eded1c95d3be]::run_test::{closure#1}, ()>::{closure#1} as core[df12db4294e9bfd3]::ops::function::FnOnce<()>>::call_once::{shim:vtable#0}
[INFO] [stdout]   19:     0x568653ab9799 - <std[70759c8f55707aa4]::sys::thread::unix::Thread>::new::thread_start
[INFO] [stdout]   20:     0x7de488acfdfa - <unknown>
[INFO] [stdout]   21:     0x7de488b633d4 - clone
[INFO] [stdout]   22:                0x0 - <unknown>
[INFO] [stdout] 
[INFO] [stdout] ---- tessel::stripe::test_stripe_rect stdout ----
[INFO] [stdout] 
[INFO] [stdout] thread 'tessel::stripe::test_stripe_rect' (211) panicked at src/lib.rs:209:68:
[INFO] [stdout] called `Result::unwrap()` on an `Err` value: Os { code: 30, kind: ReadOnlyFilesystem, message: "Read-only file system" }
[INFO] [stdout] stack backtrace:
[INFO] [stdout]    0:     0x568653ab9ec1 - <<std[70759c8f55707aa4]::sys::backtrace::BacktraceLock>::print::DisplayBacktrace as core[df12db4294e9bfd3]::fmt::Display>::fmt
[INFO] [stdout]    1:     0x568653acf7ba - core[df12db4294e9bfd3]::fmt::write
[INFO] [stdout]    2:     0x568653abe35c - <alloc[2182bb758b4b3781]::vec::Vec<u8> as core[df12db4294e9bfd3]::io::write::Write>::write_fmt
[INFO] [stdout]    3:     0x568653a964b6 - std[70759c8f55707aa4]::panicking::default_hook::{closure#0}
[INFO] [stderr] error: test failed, to rerun pass `--lib`
[INFO] [stdout]    4:     0x568653ab2629 - std[70759c8f55707aa4]::panicking::default_hook
[INFO] [stdout]    5:     0x568653a4eab0 - test[9d35eded1c95d3be]::test_main_inner::<test[9d35eded1c95d3be]::test_main_static::{closure#0}>::{closure#0}
[INFO] [stdout]    6:     0x568653ab27e2 - std[70759c8f55707aa4]::panicking::panic_with_hook
[INFO] [stdout]    7:     0x568653a96562 - std[70759c8f55707aa4]::panicking::panic_handler::{closure#0}
[INFO] [stdout]    8:     0x568653a8f2e9 - std[70759c8f55707aa4]::sys::backtrace::__rust_end_short_backtrace::<std[70759c8f55707aa4]::panicking::panic_handler::{closure#0}, !>
[INFO] [stdout]    9:     0x568653a9715d - __rustc[8fa7c3cbc660c2b3]::rust_begin_unwind
[INFO] [stdout]   10:     0x568653acfeec - core[df12db4294e9bfd3]::panicking::panic_fmt
[INFO] [stdout]   11:     0x568653acfcc2 - core[df12db4294e9bfd3]::result::unwrap_failed
[INFO] [stdout]   12:     0x568653a374a5 - tumo_path[83efca11cd82aeea]::tests::dump_svg
[INFO] [stdout]   13:     0x568653a2540c - tumo_path[83efca11cd82aeea]::tessel::stripe::test_stripe_rect
[INFO] [stdout]   14:     0x568653a33669 - <tumo_path[83efca11cd82aeea]::tessel::stripe::test_stripe_rect::{closure#0} as core[df12db4294e9bfd3]::ops::function::FnOnce<()>>::call_once
[INFO] [stdout]   15:     0x568653a41d9b - test[9d35eded1c95d3be]::__rust_begin_short_backtrace::<core[df12db4294e9bfd3]::result::Result<(), alloc[2182bb758b4b3781]::string::String>, fn() -> core[df12db4294e9bfd3]::result::Result<(), alloc[2182bb758b4b3781]::string::String>>
[INFO] [stdout]   16:     0x568653a4f405 - test[9d35eded1c95d3be]::run_test::{closure#0}
[INFO] [stdout]   17:     0x568653a48cc4 - std[70759c8f55707aa4]::sys::backtrace::__rust_begin_short_backtrace::<test[9d35eded1c95d3be]::run_test::{closure#1}, ()>
[INFO] [stdout]   18:     0x568653a52562 - <std[70759c8f55707aa4]::thread::lifecycle::spawn_unchecked<test[9d35eded1c95d3be]::run_test::{closure#1}, ()>::{closure#1} as core[df12db4294e9bfd3]::ops::function::FnOnce<()>>::call_once::{shim:vtable#0}
[INFO] [stdout]   19:     0x568653ab9799 - <std[70759c8f55707aa4]::sys::thread::unix::Thread>::new::thread_start
[INFO] [stdout]   20:     0x7de488acfdfa - <unknown>
[INFO] [stdout]   21:     0x7de488b633d4 - clone
[INFO] [stdout]   22:                0x0 - <unknown>
[INFO] [stdout] 
[INFO] [stdout] ---- tessel::traper::test_trapezate_hole_non_zero stdout ----
[INFO] [stdout] 
[INFO] [stdout] thread 'tessel::traper::test_trapezate_hole_non_zero' (215) panicked at src/lib.rs:209:68:
[INFO] [stdout] called `Result::unwrap()` on an `Err` value: Os { code: 30, kind: ReadOnlyFilesystem, message: "Read-only file system" }
[INFO] [stdout] stack backtrace:
[INFO] [stdout]    0:     0x568653ab9ec1 - <<std[70759c8f55707aa4]::sys::backtrace::BacktraceLock>::print::DisplayBacktrace as core[df12db4294e9bfd3]::fmt::Display>::fmt
[INFO] [stdout]    1:     0x568653acf7ba - core[df12db4294e9bfd3]::fmt::write
[INFO] [stdout]    2:     0x568653abe35c - <alloc[2182bb758b4b3781]::vec::Vec<u8> as core[df12db4294e9bfd3]::io::write::Write>::write_fmt
[INFO] [stdout]    3:     0x568653a964b6 - std[70759c8f55707aa4]::panicking::default_hook::{closure#0}
[INFO] [stdout]    4:     0x568653ab2629 - std[70759c8f55707aa4]::panicking::default_hook
[INFO] [stdout]    5:     0x568653a4eab0 - test[9d35eded1c95d3be]::test_main_inner::<test[9d35eded1c95d3be]::test_main_static::{closure#0}>::{closure#0}
[INFO] [stdout]    6:     0x568653ab27e2 - std[70759c8f55707aa4]::panicking::panic_with_hook
[INFO] [stdout]    7:     0x568653a96562 - std[70759c8f55707aa4]::panicking::panic_handler::{closure#0}
[INFO] [stdout]    8:     0x568653a8f2e9 - std[70759c8f55707aa4]::sys::backtrace::__rust_end_short_backtrace::<std[70759c8f55707aa4]::panicking::panic_handler::{closure#0}, !>
[INFO] [stdout]    9:     0x568653a9715d - __rustc[8fa7c3cbc660c2b3]::rust_begin_unwind
[INFO] [stdout]   10:     0x568653acfeec - core[df12db4294e9bfd3]::panicking::panic_fmt
[INFO] [stdout]   11:     0x568653acfcc2 - core[df12db4294e9bfd3]::result::unwrap_failed
[INFO] [stdout]   12:     0x568653a374a5 - tumo_path[83efca11cd82aeea]::tests::dump_svg
[INFO] [stdout]   13:     0x568653a3f725 - tumo_path[83efca11cd82aeea]::tessel::traper::test_trapezate_hole_non_zero
[INFO] [stdout]   14:     0x568653a336e9 - <tumo_path[83efca11cd82aeea]::tessel::traper::test_trapezate_hole_non_zero::{closure#0} as core[df12db4294e9bfd3]::ops::function::FnOnce<()>>::call_once
[INFO] [stdout]   15:     0x568653a41d9b - test[9d35eded1c95d3be]::__rust_begin_short_backtrace::<core[df12db4294e9bfd3]::result::Result<(), alloc[2182bb758b4b3781]::string::String>, fn() -> core[df12db4294e9bfd3]::result::Result<(), alloc[2182bb758b4b3781]::string::String>>
[INFO] [stdout]   16:     0x568653a4f405 - test[9d35eded1c95d3be]::run_test::{closure#0}
[INFO] [stdout]   17:     0x568653a48cc4 - std[70759c8f55707aa4]::sys::backtrace::__rust_begin_short_backtrace::<test[9d35eded1c95d3be]::run_test::{closure#1}, ()>
[INFO] [stdout]   18:     0x568653a52562 - <std[70759c8f55707aa4]::thread::lifecycle::spawn_unchecked<test[9d35eded1c95d3be]::run_test::{closure#1}, ()>::{closure#1} as core[df12db4294e9bfd3]::ops::function::FnOnce<()>>::call_once::{shim:vtable#0}
[INFO] [stdout]   19:     0x568653ab9799 - <std[70759c8f55707aa4]::sys::thread::unix::Thread>::new::thread_start
[INFO] [stdout]   20:     0x7de488acfdfa - <unknown>
[INFO] [stdout]   21:     0x7de488b633d4 - clone
[INFO] [stdout]   22:                0x0 - <unknown>
[INFO] [stdout] 
[INFO] [stdout] ---- tessel::traper::test_trapezate_hole_even_odd stdout ----
[INFO] [stdout] 
[INFO] [stdout] thread 'tessel::traper::test_trapezate_hole_even_odd' (214) panicked at src/lib.rs:209:68:
[INFO] [stdout] called `Result::unwrap()` on an `Err` value: Os { code: 30, kind: ReadOnlyFilesystem, message: "Read-only file system" }
[INFO] [stdout] stack backtrace:
[INFO] [stdout]    0:     0x568653ab9ec1 - <<std[70759c8f55707aa4]::sys::backtrace::BacktraceLock>::print::DisplayBacktrace as core[df12db4294e9bfd3]::fmt::Display>::fmt
[INFO] [stdout]    1:     0x568653acf7ba - core[df12db4294e9bfd3]::fmt::write
[INFO] [stdout]    2:     0x568653abe35c - <alloc[2182bb758b4b3781]::vec::Vec<u8> as core[df12db4294e9bfd3]::io::write::Write>::write_fmt
[INFO] [stdout]    3:     0x568653a964b6 - std[70759c8f55707aa4]::panicking::default_hook::{closure#0}
[INFO] [stdout]    4:     0x568653ab2629 - std[70759c8f55707aa4]::panicking::default_hook
[INFO] [stdout]    5:     0x568653a4eab0 - test[9d35eded1c95d3be]::test_main_inner::<test[9d35eded1c95d3be]::test_main_static::{closure#0}>::{closure#0}
[INFO] [stdout]    6:     0x568653ab27e2 - std[70759c8f55707aa4]::panicking::panic_with_hook
[INFO] [stdout]    7:     0x568653a96562 - std[70759c8f55707aa4]::panicking::panic_handler::{closure#0}
[INFO] [stdout]    8:     0x568653a8f2e9 - std[70759c8f55707aa4]::sys::backtrace::__rust_end_short_backtrace::<std[70759c8f55707aa4]::panicking::panic_handler::{closure#0}, !>
[INFO] [stdout]    9:     0x568653a9715d - __rustc[8fa7c3cbc660c2b3]::rust_begin_unwind
[INFO] [stdout]   10:     0x568653acfeec - core[df12db4294e9bfd3]::panicking::panic_fmt
[INFO] [stdout]   11:     0x568653acfcc2 - core[df12db4294e9bfd3]::result::unwrap_failed
[INFO] [stdout]   12:     0x568653a374a5 - tumo_path[83efca11cd82aeea]::tests::dump_svg
[INFO] [stdout]   13:     0x568653a3f108 - tumo_path[83efca11cd82aeea]::tessel::traper::test_trapezate_hole_even_odd
[INFO] [stdout]   14:     0x568653a336c9 - <tumo_path[83efca11cd82aeea]::tessel::traper::test_trapezate_hole_even_odd::{closure#0} as core[df12db4294e9bfd3]::ops::function::FnOnce<()>>::call_once
[INFO] [stdout]   15:     0x568653a41d9b - test[9d35eded1c95d3be]::__rust_begin_short_backtrace::<core[df12db4294e9bfd3]::result::Result<(), alloc[2182bb758b4b3781]::string::String>, fn() -> core[df12db4294e9bfd3]::result::Result<(), alloc[2182bb758b4b3781]::string::String>>
[INFO] [stdout]   16:     0x568653a4f405 - test[9d35eded1c95d3be]::run_test::{closure#0}
[INFO] [stdout]   17:     0x568653a48cc4 - std[70759c8f55707aa4]::sys::backtrace::__rust_begin_short_backtrace::<test[9d35eded1c95d3be]::run_test::{closure#1}, ()>
[INFO] [stdout]   18:     0x568653a52562 - <std[70759c8f55707aa4]::thread::lifecycle::spawn_unchecked<test[9d35eded1c95d3be]::run_test::{closure#1}, ()>::{closure#1} as core[df12db4294e9bfd3]::ops::function::FnOnce<()>>::call_once::{shim:vtable#0}
[INFO] [stdout]   19:     0x568653ab9799 - <std[70759c8f55707aa4]::sys::thread::unix::Thread>::new::thread_start
[INFO] [stdout]   20:     0x7de488acfdfa - <unknown>
[INFO] [stdout]   21:     0x7de488b633d4 - clone
[INFO] [stdout]   22:                0x0 - <unknown>
[INFO] [stdout] 
[INFO] [stdout] ---- svg::path::test_svgparser_iter stdout ----
[INFO] [stdout] 
[INFO] [stdout] thread 'svg::path::test_svgparser_iter' (210) panicked at src/lib.rs:209:68:
[INFO] [stdout] called `Result::unwrap()` on an `Err` value: Os { code: 30, kind: ReadOnlyFilesystem, message: "Read-only file system" }
[INFO] [stdout] stack backtrace:
[INFO] [stdout]    0:     0x568653ab9ec1 - <<std[70759c8f55707aa4]::sys::backtrace::BacktraceLock>::print::DisplayBacktrace as core[df12db4294e9bfd3]::fmt::Display>::fmt
[INFO] [stdout]    1:     0x568653acf7ba - core[df12db4294e9bfd3]::fmt::write
[INFO] [stdout]    2:     0x568653abe35c - <alloc[2182bb758b4b3781]::vec::Vec<u8> as core[df12db4294e9bfd3]::io::write::Write>::write_fmt
[INFO] [stdout]    3:     0x568653a964b6 - std[70759c8f55707aa4]::panicking::default_hook::{closure#0}
[INFO] [stdout]    4:     0x568653ab2629 - std[70759c8f55707aa4]::panicking::default_hook
[INFO] [stdout]    5:     0x568653a4eab0 - test[9d35eded1c95d3be]::test_main_inner::<test[9d35eded1c95d3be]::test_main_static::{closure#0}>::{closure#0}
[INFO] [stdout]    6:     0x568653ab27e2 - std[70759c8f55707aa4]::panicking::panic_with_hook
[INFO] [stdout]    7:     0x568653a96562 - std[70759c8f55707aa4]::panicking::panic_handler::{closure#0}
[INFO] [stdout]    8:     0x568653a8f2e9 - std[70759c8f55707aa4]::sys::backtrace::__rust_end_short_backtrace::<std[70759c8f55707aa4]::panicking::panic_handler::{closure#0}, !>
[INFO] [stdout]    9:     0x568653a9715d - __rustc[8fa7c3cbc660c2b3]::rust_begin_unwind
[INFO] [stdout]   10:     0x568653acfeec - core[df12db4294e9bfd3]::panicking::panic_fmt
[INFO] [stdout]   11:     0x568653acfcc2 - core[df12db4294e9bfd3]::result::unwrap_failed
[INFO] [stdout]   12:     0x568653a374a5 - tumo_path[83efca11cd82aeea]::tests::dump_svg
[INFO] [stdout]   13:     0x568653a1c89c - tumo_path[83efca11cd82aeea]::svg::path::test_svgparser_iter
[INFO] [stdout]   14:     0x568653a331c9 - <tumo_path[83efca11cd82aeea]::svg::path::test_svgparser_iter::{closure#0} as core[df12db4294e9bfd3]::ops::function::FnOnce<()>>::call_once
[INFO] [stdout]   15:     0x568653a41d9b - test[9d35eded1c95d3be]::__rust_begin_short_backtrace::<core[df12db4294e9bfd3]::result::Result<(), alloc[2182bb758b4b3781]::string::String>, fn() -> core[df12db4294e9bfd3]::result::Result<(), alloc[2182bb758b4b3781]::string::String>>
[INFO] [stdout]   16:     0x568653a4f405 - test[9d35eded1c95d3be]::run_test::{closure#0}
[INFO] [stdout]   17:     0x568653a48cc4 - std[70759c8f55707aa4]::sys::backtrace::__rust_begin_short_backtrace::<test[9d35eded1c95d3be]::run_test::{closure#1}, ()>
[INFO] [stdout]   18:     0x568653a52562 - <std[70759c8f55707aa4]::thread::lifecycle::spawn_unchecked<test[9d35eded1c95d3be]::run_test::{closure#1}, ()>::{closure#1} as core[df12db4294e9bfd3]::ops::function::FnOnce<()>>::call_once::{shim:vtable#0}
[INFO] [stdout]   19:     0x568653ab9799 - <std[70759c8f55707aa4]::sys::thread::unix::Thread>::new::thread_start
[INFO] [stdout]   20:     0x7de488acfdfa - <unknown>
[INFO] [stdout]   21:     0x7de488b633d4 - clone
[INFO] [stdout]   22:                0x0 - <unknown>
[INFO] [stdout] 
[INFO] [stdout] ---- tessel::traper::test_trapezate_circle stdout ----
[INFO] [stdout] 
[INFO] [stdout] thread 'tessel::traper::test_trapezate_circle' (213) panicked at src/lib.rs:209:68:
[INFO] [stdout] called `Result::unwrap()` on an `Err` value: Os { code: 30, kind: ReadOnlyFilesystem, message: "Read-only file system" }
[INFO] [stdout] stack backtrace:
[INFO] [stdout]    0:     0x568653ab9ec1 - <<std[70759c8f55707aa4]::sys::backtrace::BacktraceLock>::print::DisplayBacktrace as core[df12db4294e9bfd3]::fmt::Display>::fmt
[INFO] [stdout]    1:     0x568653acf7ba - core[df12db4294e9bfd3]::fmt::write
[INFO] [stdout]    2:     0x568653abe35c - <alloc[2182bb758b4b3781]::vec::Vec<u8> as core[df12db4294e9bfd3]::io::write::Write>::write_fmt
[INFO] [stdout]    3:     0x568653a964b6 - std[70759c8f55707aa4]::panicking::default_hook::{closure#0}
[INFO] [stdout]    4:     0x568653ab2629 - std[70759c8f55707aa4]::panicking::default_hook
[INFO] [stdout]    5:     0x568653a4eab0 - test[9d35eded1c95d3be]::test_main_inner::<test[9d35eded1c95d3be]::test_main_static::{closure#0}>::{closure#0}
[INFO] [stdout]    6:     0x568653ab27e2 - std[70759c8f55707aa4]::panicking::panic_with_hook
[INFO] [stdout]    7:     0x568653a96562 - std[70759c8f55707aa4]::panicking::panic_handler::{closure#0}
[INFO] [stdout]    8:     0x568653a8f2e9 - std[70759c8f55707aa4]::sys::backtrace::__rust_end_short_backtrace::<std[70759c8f55707aa4]::panicking::panic_handler::{closure#0}, !>
[INFO] [stdout]    9:     0x568653a9715d - __rustc[8fa7c3cbc660c2b3]::rust_begin_unwind
[INFO] [stdout]   10:     0x568653acfeec - core[df12db4294e9bfd3]::panicking::panic_fmt
[INFO] [stdout]   11:     0x568653acfcc2 - core[df12db4294e9bfd3]::result::unwrap_failed
[INFO] [stdout]   12:     0x568653a374a5 - tumo_path[83efca11cd82aeea]::tests::dump_svg
[INFO] [stdout]   13:     0x568653a3eaea - tumo_path[83efca11cd82aeea]::tessel::traper::test_trapezate_circle
[INFO] [stdout]   14:     0x568653a336a9 - <tumo_path[83efca11cd82aeea]::tessel::traper::test_trapezate_circle::{closure#0} as core[df12db4294e9bfd3]::ops::function::FnOnce<()>>::call_once
[INFO] [stdout]   15:     0x568653a41d9b - test[9d35eded1c95d3be]::__rust_begin_short_backtrace::<core[df12db4294e9bfd3]::result::Result<(), alloc[2182bb758b4b3781]::string::String>, fn() -> core[df12db4294e9bfd3]::result::Result<(), alloc[2182bb758b4b3781]::string::String>>
[INFO] [stdout]   16:     0x568653a4f405 - test[9d35eded1c95d3be]::run_test::{closure#0}
[INFO] [stdout]   17:     0x568653a48cc4 - std[70759c8f55707aa4]::sys::backtrace::__rust_begin_short_backtrace::<test[9d35eded1c95d3be]::run_test::{closure#1}, ()>
[INFO] [stdout]   18:     0x568653a52562 - <std[70759c8f55707aa4]::thread::lifecycle::spawn_unchecked<test[9d35eded1c95d3be]::run_test::{closure#1}, ()>::{closure#1} as core[df12db4294e9bfd3]::ops::function::FnOnce<()>>::call_once::{shim:vtable#0}
[INFO] [stdout]   19:     0x568653ab9799 - <std[70759c8f55707aa4]::sys::thread::unix::Thread>::new::thread_start
[INFO] [stdout]   20:     0x7de488acfdfa - <unknown>
[INFO] [stdout]   21:     0x7de488b633d4 - clone
[INFO] [stdout]   22:                0x0 - <unknown>
[INFO] [stdout] 
[INFO] [stdout] ---- tessel::stripe::test_stripe_simple stdout ----
[INFO] [stdout] 
[INFO] [stdout] thread 'tessel::stripe::test_stripe_simple' (212) panicked at src/lib.rs:209:68:
[INFO] [stdout] called `Result::unwrap()` on an `Err` value: Os { code: 30, kind: ReadOnlyFilesystem, message: "Read-only file system" }
[INFO] [stdout] stack backtrace:
[INFO] [stdout]    0:     0x568653ab9ec1 - <<std[70759c8f55707aa4]::sys::backtrace::BacktraceLock>::print::DisplayBacktrace as core[df12db4294e9bfd3]::fmt::Display>::fmt
[INFO] [stdout]    1:     0x568653acf7ba - core[df12db4294e9bfd3]::fmt::write
[INFO] [stdout]    2:     0x568653abe35c - <alloc[2182bb758b4b3781]::vec::Vec<u8> as core[df12db4294e9bfd3]::io::write::Write>::write_fmt
[INFO] [stdout]    3:     0x568653a964b6 - std[70759c8f55707aa4]::panicking::default_hook::{closure#0}
[INFO] [stdout]    4:     0x568653ab2629 - std[70759c8f55707aa4]::panicking::default_hook
[INFO] [stdout]    5:     0x568653a4eab0 - test[9d35eded1c95d3be]::test_main_inner::<test[9d35eded1c95d3be]::test_main_static::{closure#0}>::{closure#0}
[INFO] [stdout]    6:     0x568653ab27e2 - std[70759c8f55707aa4]::panicking::panic_with_hook
[INFO] [stdout]    7:     0x568653a96562 - std[70759c8f55707aa4]::panicking::panic_handler::{closure#0}
[INFO] [stdout]    8:     0x568653a8f2e9 - std[70759c8f55707aa4]::sys::backtrace::__rust_end_short_backtrace::<std[70759c8f55707aa4]::panicking::panic_handler::{closure#0}, !>
[INFO] [stdout]    9:     0x568653a9715d - __rustc[8fa7c3cbc660c2b3]::rust_begin_unwind
[INFO] [stdout]   10:     0x568653acfeec - core[df12db4294e9bfd3]::panicking::panic_fmt
[INFO] [stdout]   11:     0x568653acfcc2 - core[df12db4294e9bfd3]::result::unwrap_failed
[INFO] [stdout]   12:     0x568653a374a5 - tumo_path[83efca11cd82aeea]::tests::dump_svg
[INFO] [stdout]   13:     0x568653a2605c - tumo_path[83efca11cd82aeea]::tessel::stripe::test_stripe_simple
[INFO] [stdout]   14:     0x568653a33689 - <tumo_path[83efca11cd82aeea]::tessel::stripe::test_stripe_simple::{closure#0} as core[df12db4294e9bfd3]::ops::function::FnOnce<()>>::call_once
[INFO] [stdout]   15:     0x568653a41d9b - test[9d35eded1c95d3be]::__rust_begin_short_backtrace::<core[df12db4294e9bfd3]::result::Result<(), alloc[2182bb758b4b3781]::string::String>, fn() -> core[df12db4294e9bfd3]::result::Result<(), alloc[2182bb758b4b3781]::string::String>>
[INFO] [stdout]   16:     0x568653a4f405 - test[9d35eded1c95d3be]::run_test::{closure#0}
[INFO] [stdout]   17:     0x568653a48cc4 - std[70759c8f55707aa4]::sys::backtrace::__rust_begin_short_backtrace::<test[9d35eded1c95d3be]::run_test::{closure#1}, ()>
[INFO] [stdout]   18:     0x568653a52562 - <std[70759c8f55707aa4]::thread::lifecycle::spawn_unchecked<test[9d35eded1c95d3be]::run_test::{closure#1}, ()>::{closure#1} as core[df12db4294e9bfd3]::ops::function::FnOnce<()>>::call_once::{shim:vtable#0}
[INFO] [stdout]   19:     0x568653ab9799 - <std[70759c8f55707aa4]::sys::thread::unix::Thread>::new::thread_start
[INFO] [stdout]   20:     0x7de488acfdfa - <unknown>
[INFO] [stdout]   21:     0x7de488b633d4 - clone
[INFO] [stdout]   22:                0x0 - <unknown>
[INFO] [stdout] 
[INFO] [stdout] 
[INFO] [stdout] failures:
[INFO] [stdout]     build::extend::test_arc_connect
[INFO] [stdout]     build::extend::test_cubic_connect
[INFO] [stdout]     build::extend::test_round
[INFO] [stdout]     build::geometry::test_geometry
[INFO] [stdout]     build::svg::test_svg_arc
[INFO] [stdout]     flow::close::test_closer
[INFO] [stdout]     flow::dash::test_dash
[INFO] [stdout]     flow::linear::test_linearize
[INFO] [stdout]     path::array::test_arraypath
[INFO] [stdout]     raster::stroke::test_stroke_rect
[INFO] [stdout]     raster::stroke::test_stroke_simple
[INFO] [stdout]     raster::test_raster_arc
[INFO] [stdout]     raster::test_raster_dash
[INFO] [stdout]     svg::bundle::test_svg_setting
[INFO] [stdout]     svg::bundle::test_svgbundle
[INFO] [stdout]     svg::path::test_svgparser_iter
[INFO] [stdout]     tessel::stripe::test_stripe_rect
[INFO] [stdout]     tessel::stripe::test_stripe_simple
[INFO] [stdout]     tessel::traper::test_trapezate_circle
[INFO] [stdout]     tessel::traper::test_trapezate_hole_even_odd
[INFO] [stdout]     tessel::traper::test_trapezate_hole_non_zero
[INFO] [stdout] 
[INFO] [stdout] test result: FAILED. 9 passed; 21 failed; 0 ignored; 0 measured; 0 filtered out; finished in 0.06s
[INFO] [stdout] 
[INFO] running `Command { std: "docker" "inspect" "afb50186504a13eecbbef54bcd2049df8ff5f52f48a0b4edfcd181ae76c4d2a8", kill_on_drop: false }`
[INFO] running `Command { std: "docker" "rm" "-f" "afb50186504a13eecbbef54bcd2049df8ff5f52f48a0b4edfcd181ae76c4d2a8", kill_on_drop: false }`
[INFO] [stdout] afb50186504a13eecbbef54bcd2049df8ff5f52f48a0b4edfcd181ae76c4d2a8
