[INFO] fetching crate tuilib 0.1.0...
[INFO] testing tuilib-0.1.0 against 1.99.0-beta.8+cargoflags=--release for beta-release-1.100-2
[INFO] extracting crate tuilib 0.1.0 into /workspace/builds/worker-4-tc1/source
[INFO] started tweaking crates.io crate tuilib 0.1.0
[INFO] finished tweaking crates.io crate tuilib 0.1.0
[INFO] tweaked toml for crates.io crate tuilib 0.1.0 written to /workspace/builds/worker-4-tc1/source/Cargo.toml
[INFO] validating manifest of crates.io crate tuilib 0.1.0 on toolchain 1.99.0-beta.8
[INFO] running `Command { std: CARGO_HOME="/workspace/cargo-home" RUSTUP_HOME="/workspace/rustup-home" "/workspace/cargo-home/bin/cargo" "+1.99.0-beta.8" "metadata" "--manifest-path" "Cargo.toml" "--no-deps", kill_on_drop: false }`
[INFO] running `Command { std: CARGO_HOME="/workspace/cargo-home" RUSTUP_HOME="/workspace/rustup-home" "/workspace/cargo-home/bin/cargo" "+1.99.0-beta.8" "generate-lockfile" "--manifest-path" "Cargo.toml", kill_on_drop: false }`
[INFO] [stderr]     Updating crates.io index
[INFO] [stderr]      Locking 35 packages to highest compatible versions
[INFO] [stderr]       Adding crossterm v0.28.1 (available: v0.29.0)
[INFO] running `Command { std: CARGO_HOME="/workspace/cargo-home" RUSTUP_HOME="/workspace/rustup-home" "/workspace/cargo-home/bin/cargo" "+1.99.0-beta.8" "fetch" "--manifest-path" "Cargo.toml", kill_on_drop: false }`
[INFO] running `Command { std: "docker" "create" "-v" "/var/lib/crater-agent-workspace/builds/worker-4-tc1/source:/opt/rustwide/workdir:ro,Z" "-v" "/var/lib/crater-agent-workspace/builds/worker-4-tc1/target:/opt/rustwide/target:rw,Z" "-v" "/var/lib/crater-agent-workspace/cargo-home:/opt/rustwide/cargo-home:ro,Z" "-v" "/var/lib/crater-agent-workspace/rustup-home:/opt/rustwide/rustup-home:ro,Z" "-m" "1610612736" "--network" "none" "ghcr.io/rust-lang/crates-build-env/linux@sha256:77db811e55d90add9212f6832c23229e3de5f1c1f9905e8cb07319ea15df73ac" "sleep" "infinity", kill_on_drop: false }`
[INFO] [stdout] 883c7c42a774841b7db518d77909a88cb17325611b869426c260caab3e9b70e2
[INFO] running `Command { std: "docker" "start" "883c7c42a774841b7db518d77909a88cb17325611b869426c260caab3e9b70e2", kill_on_drop: false }`
[INFO] running `Command { std: "docker" "inspect" "883c7c42a774841b7db518d77909a88cb17325611b869426c260caab3e9b70e2", kill_on_drop: false }`
[INFO] running `Command { std: "docker" "exec" "-e" "SOURCE_DIR=/opt/rustwide/workdir" "-e" "CARGO_HOME=/opt/rustwide/cargo-home" "-e" "RUSTUP_HOME=/opt/rustwide/rustup-home" "-e" "CARGO_TARGET_DIR=/opt/rustwide/target" "-w" "/opt/rustwide/workdir" "--user" "0:0" "883c7c42a774841b7db518d77909a88cb17325611b869426c260caab3e9b70e2" "/opt/rustwide/cargo-home/bin/cargo" "+1.99.0-beta.8" "metadata" "--no-deps" "--format-version=1", kill_on_drop: false }`
[INFO] running `Command { std: "docker" "inspect" "883c7c42a774841b7db518d77909a88cb17325611b869426c260caab3e9b70e2", kill_on_drop: false }`
[INFO] running `Command { std: "docker" "exec" "-e" "SOURCE_DIR=/opt/rustwide/workdir" "-e" "CARGO_HOME=/opt/rustwide/cargo-home" "-e" "RUSTUP_HOME=/opt/rustwide/rustup-home" "-e" "CARGO_TARGET_DIR=/opt/rustwide/target" "-e" "CARGO_INCREMENTAL=0" "-e" "RUST_BACKTRACE=full" "-e" "RUSTFLAGS=--cap-lints=warn" "-e" "RUSTDOCFLAGS=--cap-lints=warn" "-w" "/opt/rustwide/workdir" "--user" "0:0" "883c7c42a774841b7db518d77909a88cb17325611b869426c260caab3e9b70e2" "/opt/rustwide/cargo-home/bin/cargo" "+1.99.0-beta.8" "build" "--frozen" "--message-format=json" "--release", kill_on_drop: false }`
[INFO] [stderr]    Compiling libc v0.2.191
[INFO] [stderr]    Compiling signal-hook v0.3.18
[INFO] [stderr]    Compiling rustix v0.38.44
[INFO] [stderr]    Compiling smallvec v1.16.3
[INFO] [stderr]    Compiling log v0.4.34
[INFO] [stderr]    Compiling bitflags v2.13.2
[INFO] [stderr]    Compiling linux-raw-sys v0.4.15
[INFO] [stderr]    Compiling errno v0.3.14
[INFO] [stderr]    Compiling parking_lot_core v0.9.12
[INFO] [stderr]    Compiling mio v1.2.4
[INFO] [stderr]    Compiling signal-hook-registry v1.4.8
[INFO] [stderr]    Compiling parking_lot v0.12.5
[INFO] [stderr]    Compiling signal-hook-mio v0.2.5
[INFO] [stderr]    Compiling crossterm v0.28.1
[INFO] [stderr]    Compiling tuilib v0.1.0 (/opt/rustwide/workdir)
[INFO] [stdout] warning: unused imports: `ClearType::Purge`, `Clear`, `DisableMouseCapture`, `EnableMouseCapture`, `EnterAlternateScreen`, `ExecutableCommand`, `Hide`, `LeaveAlternateScreen`, `Show`, `disable_raw_mode`, `enable_raw_mode`, `poll`, and `read`
[INFO] [stdout]   --> src/lib.rs:3:9
[INFO] [stdout]    |
[INFO] [stdout]  3 |         read, poll,
[INFO] [stdout]    |         ^^^^  ^^^^
[INFO] [stdout]  4 |         DisableMouseCapture, EnableMouseCapture, 
[INFO] [stdout]    |         ^^^^^^^^^^^^^^^^^^^  ^^^^^^^^^^^^^^^^^^
[INFO] [stdout] ...
[INFO] [stdout]  9 |         disable_raw_mode, enable_raw_mode,
[INFO] [stdout]    |         ^^^^^^^^^^^^^^^^  ^^^^^^^^^^^^^^^
[INFO] [stdout] 10 |         EnterAlternateScreen, LeaveAlternateScreen,
[INFO] [stdout]    |         ^^^^^^^^^^^^^^^^^^^^  ^^^^^^^^^^^^^^^^^^^^
[INFO] [stdout] 11 |         Clear, ClearType::Purge,
[INFO] [stdout]    |         ^^^^^  ^^^^^^^^^^^^^^^^
[INFO] [stdout] ...
[INFO] [stdout] 15 |         Hide,
[INFO] [stdout]    |         ^^^^
[INFO] [stdout] 16 |         Show
[INFO] [stdout]    |         ^^^^
[INFO] [stdout] 17 |     },
[INFO] [stdout] 18 |     ExecutableCommand
[INFO] [stdout]    |     ^^^^^^^^^^^^^^^^^
[INFO] [stdout]    |
[INFO] [stdout]    = note: `#[warn(unused_imports)]` (part of `#[warn(unused)]`) on by default
[INFO] [stdout] 
[INFO] [stdout] 
[INFO] [stdout] warning: unused imports: `thread` and `time::Duration`
[INFO] [stdout]   --> src/lib.rs:21:5
[INFO] [stdout]    |
[INFO] [stdout] 21 |     time::Duration,
[INFO] [stdout]    |     ^^^^^^^^^^^^^^
[INFO] [stdout] 22 |     io::{Write, stdout},
[INFO] [stdout] 23 |     thread
[INFO] [stdout]    |     ^^^^^^
[INFO] [stdout] 
[INFO] [stdout] 
[INFO] [stderr]     Finished `release` profile [optimized] target(s) in 6.68s
[INFO] running `Command { std: "docker" "inspect" "883c7c42a774841b7db518d77909a88cb17325611b869426c260caab3e9b70e2", kill_on_drop: false }`
[INFO] running `Command { std: "docker" "exec" "-e" "SOURCE_DIR=/opt/rustwide/workdir" "-e" "CARGO_HOME=/opt/rustwide/cargo-home" "-e" "RUSTUP_HOME=/opt/rustwide/rustup-home" "-e" "CARGO_TARGET_DIR=/opt/rustwide/target" "-e" "CARGO_INCREMENTAL=0" "-e" "RUST_BACKTRACE=full" "-e" "RUSTFLAGS=--cap-lints=warn" "-e" "RUSTDOCFLAGS=--cap-lints=warn" "-w" "/opt/rustwide/workdir" "--user" "0:0" "883c7c42a774841b7db518d77909a88cb17325611b869426c260caab3e9b70e2" "/opt/rustwide/cargo-home/bin/cargo" "+1.99.0-beta.8" "test" "--frozen" "--no-run" "--message-format=json" "--release", kill_on_drop: false }`
[INFO] [stdout] warning: unused imports: `ClearType::Purge`, `Clear`, `DisableMouseCapture`, `EnableMouseCapture`, `EnterAlternateScreen`, `ExecutableCommand`, `Hide`, `LeaveAlternateScreen`, `Show`, `disable_raw_mode`, `enable_raw_mode`, `poll`, and `read`
[INFO] [stdout]   --> src/lib.rs:3:9
[INFO] [stdout]    |
[INFO] [stdout]  3 |         read, poll,
[INFO] [stdout]    |         ^^^^  ^^^^
[INFO] [stdout]  4 |         DisableMouseCapture, EnableMouseCapture, 
[INFO] [stdout]    |         ^^^^^^^^^^^^^^^^^^^  ^^^^^^^^^^^^^^^^^^
[INFO] [stdout] ...
[INFO] [stdout]  9 |         disable_raw_mode, enable_raw_mode,
[INFO] [stdout]    |         ^^^^^^^^^^^^^^^^  ^^^^^^^^^^^^^^^
[INFO] [stdout] 10 |         EnterAlternateScreen, LeaveAlternateScreen,
[INFO] [stdout]    |         ^^^^^^^^^^^^^^^^^^^^  ^^^^^^^^^^^^^^^^^^^^
[INFO] [stdout] 11 |         Clear, ClearType::Purge,
[INFO] [stdout]    |         ^^^^^  ^^^^^^^^^^^^^^^^
[INFO] [stdout] ...
[INFO] [stdout] 15 |         Hide,
[INFO] [stdout]    |         ^^^^
[INFO] [stdout] 16 |         Show
[INFO] [stdout]    |         ^^^^
[INFO] [stdout] 17 |     },
[INFO] [stdout] 18 |     ExecutableCommand
[INFO] [stdout]    |     ^^^^^^^^^^^^^^^^^
[INFO] [stdout]    |
[INFO] [stdout]    = note: `#[warn(unused_imports)]` (part of `#[warn(unused)]`) on by default
[INFO] [stdout] 
[INFO] [stdout] 
[INFO] [stdout] warning: unused imports: `thread` and `time::Duration`
[INFO] [stdout]   --> src/lib.rs:21:5
[INFO] [stdout]    |
[INFO] [stdout] 21 |     time::Duration,
[INFO] [stdout]    |     ^^^^^^^^^^^^^^
[INFO] [stdout] 22 |     io::{Write, stdout},
[INFO] [stdout] 23 |     thread
[INFO] [stdout]    |     ^^^^^^
[INFO] [stdout] 
[INFO] [stdout] 
[INFO] [stderr]    Compiling tuilib v0.1.0 (/opt/rustwide/workdir)
[INFO] [stderr]     Finished `release` profile [optimized] target(s) in 0.54s
[INFO] running `Command { std: "docker" "inspect" "883c7c42a774841b7db518d77909a88cb17325611b869426c260caab3e9b70e2", kill_on_drop: false }`
[INFO] running `Command { std: "docker" "exec" "-e" "SOURCE_DIR=/opt/rustwide/workdir" "-e" "CARGO_HOME=/opt/rustwide/cargo-home" "-e" "RUSTUP_HOME=/opt/rustwide/rustup-home" "-e" "CARGO_TARGET_DIR=/opt/rustwide/target" "-e" "CARGO_INCREMENTAL=0" "-e" "RUST_BACKTRACE=full" "-e" "RUSTFLAGS=--cap-lints=warn" "-e" "RUSTDOCFLAGS=--cap-lints=warn" "-w" "/opt/rustwide/workdir" "--user" "0:0" "883c7c42a774841b7db518d77909a88cb17325611b869426c260caab3e9b70e2" "/opt/rustwide/cargo-home/bin/cargo" "+1.99.0-beta.8" "test" "--frozen" "--release", kill_on_drop: false }`
[INFO] [stderr] warning: unused imports: `ClearType::Purge`, `Clear`, `DisableMouseCapture`, `EnableMouseCapture`, `EnterAlternateScreen`, `ExecutableCommand`, `Hide`, `LeaveAlternateScreen`, `Show`, `disable_raw_mode`, `enable_raw_mode`, `poll`, and `read`
[INFO] [stderr]   --> src/lib.rs:3:9
[INFO] [stderr]    |
[INFO] [stderr]  3 |         read, poll,
[INFO] [stderr]    |         ^^^^  ^^^^
[INFO] [stderr]  4 |         DisableMouseCapture, EnableMouseCapture, 
[INFO] [stderr]    |         ^^^^^^^^^^^^^^^^^^^  ^^^^^^^^^^^^^^^^^^
[INFO] [stderr] ...
[INFO] [stderr]  9 |         disable_raw_mode, enable_raw_mode,
[INFO] [stderr]    |         ^^^^^^^^^^^^^^^^  ^^^^^^^^^^^^^^^
[INFO] [stderr] 10 |         EnterAlternateScreen, LeaveAlternateScreen,
[INFO] [stderr]    |         ^^^^^^^^^^^^^^^^^^^^  ^^^^^^^^^^^^^^^^^^^^
[INFO] [stderr] 11 |         Clear, ClearType::Purge,
[INFO] [stderr]    |         ^^^^^  ^^^^^^^^^^^^^^^^
[INFO] [stderr] ...
[INFO] [stderr] 15 |         Hide,
[INFO] [stderr]    |         ^^^^
[INFO] [stderr] 16 |         Show
[INFO] [stderr]    |         ^^^^
[INFO] [stderr] 17 |     },
[INFO] [stderr] 18 |     ExecutableCommand
[INFO] [stderr]    |     ^^^^^^^^^^^^^^^^^
[INFO] [stderr]    |
[INFO] [stderr]    = note: `#[warn(unused_imports)]` (part of `#[warn(unused)]`) on by default
[INFO] [stderr] 
[INFO] [stderr] warning: unused imports: `thread` and `time::Duration`
[INFO] [stderr]   --> src/lib.rs:21:5
[INFO] [stderr]    |
[INFO] [stderr] 21 |     time::Duration,
[INFO] [stderr]    |     ^^^^^^^^^^^^^^
[INFO] [stderr] 22 |     io::{Write, stdout},
[INFO] [stderr] 23 |     thread
[INFO] [stderr]    |     ^^^^^^
[INFO] [stderr] 
[INFO] [stderr] warning: `tuilib` (lib) generated 2 warnings (run `cargo fix --lib -p tuilib` to apply 2 suggestions)
[INFO] [stderr]     Finished `release` profile [optimized] target(s) in 0.06s
[INFO] [stderr]      Running unittests src/lib.rs (/opt/rustwide/target/release/deps/tuilib-d06027c056ef0bd5)
[INFO] [stdout] 
[INFO] [stdout] running 1 test
[INFO] [stdout] test tests::it_works ... FAILED
[INFO] [stdout] 
[INFO] [stdout] failures:
[INFO] [stdout] 
[INFO] [stdout] ---- tests::it_works stdout ----
[INFO] [stdout] 
[INFO] [stdout] thread 'tests::it_works' (385) panicked at src/lib.rs:195:27:
[INFO] [stdout] called `Result::unwrap()` on an `Err` value: Os { code: 6, kind: Uncategorized, message: "No such device or address" }
[INFO] [stdout] stack backtrace:
[INFO] [stdout]    0:     0x5a97c454d741 - <<std[70759c8f55707aa4]::sys::backtrace::BacktraceLock>::print::DisplayBacktrace as core[df12db4294e9bfd3]::fmt::Display>::fmt
[INFO] [stdout]    1:     0x5a97c4561aca - core[df12db4294e9bfd3]::fmt::write
[INFO] [stdout]    2:     0x5a97c4551d8c - <alloc[2182bb758b4b3781]::vec::Vec<u8> as core[df12db4294e9bfd3]::io::write::Write>::write_fmt
[INFO] [stdout]    3:     0x5a97c45296a6 - std[70759c8f55707aa4]::panicking::default_hook::{closure#0}
[INFO] [stdout]    4:     0x5a97c4545919 - std[70759c8f55707aa4]::panicking::default_hook
[INFO] [stdout]    5:     0x5a97c44d6580 - test[9d35eded1c95d3be]::test_main_inner::<test[9d35eded1c95d3be]::test_main_static::{closure#0}>::{closure#0}
[INFO] [stdout]    6:     0x5a97c4545ad2 - std[70759c8f55707aa4]::panicking::panic_with_hook
[INFO] [stdout]    7:     0x5a97c4529752 - std[70759c8f55707aa4]::panicking::panic_handler::{closure#0}
[INFO] [stdout]    8:     0x5a97c45224d9 - std[70759c8f55707aa4]::sys::backtrace::__rust_end_short_backtrace::<std[70759c8f55707aa4]::panicking::panic_handler::{closure#0}, !>
[INFO] [stdout]    9:     0x5a97c452a34d - __rustc[8fa7c3cbc660c2b3]::rust_begin_unwind
[INFO] [stdout]   10:     0x5a97c45621fc - core[df12db4294e9bfd3]::panicking::panic_fmt
[INFO] [stdout]   11:     0x5a97c4561fd2 - core[df12db4294e9bfd3]::result::unwrap_failed
[INFO] [stdout]   12:     0x5a97c44c90d3 - <tuilib[f292e5220e42c185]::tests::it_works::{closure#0} as core[df12db4294e9bfd3]::ops::function::FnOnce<()>>::call_once
[INFO] [stdout]   13:     0x5a97c44c986b - test[9d35eded1c95d3be]::__rust_begin_short_backtrace::<core[df12db4294e9bfd3]::result::Result<(), alloc[2182bb758b4b3781]::string::String>, fn() -> core[df12db4294e9bfd3]::result::Result<(), alloc[2182bb758b4b3781]::string::String>>
[INFO] [stdout]   14:     0x5a97c44d6ed5 - test[9d35eded1c95d3be]::run_test::{closure#0}
[INFO] [stdout]   15:     0x5a97c44d0794 - std[70759c8f55707aa4]::sys::backtrace::__rust_begin_short_backtrace::<test[9d35eded1c95d3be]::run_test::{closure#1}, ()>
[INFO] [stdout]   16:     0x5a97c44da032 - <std[70759c8f55707aa4]::thread::lifecycle::spawn_unchecked<test[9d35eded1c95d3be]::run_test::{closure#1}, ()>::{closure#1} as core[df12db4294e9bfd3]::ops::function::FnOnce<()>>::call_once::{shim:vtable#0}
[INFO] [stdout]   17:     0x5a97c454cbe9 - <std[70759c8f55707aa4]::sys::thread::unix::Thread>::new::thread_start
[INFO] [stdout]   18:     0x78328a117dfa - <unknown>
[INFO] [stdout]   19:     0x78328a1ab3d4 - clone
[INFO] [stdout]   20:                0x0 - <unknown>
[INFO] [stdout] 
[INFO] [stdout] 
[INFO] [stdout] failures:
[INFO] [stdout]     tests::it_works
[INFO] [stdout] 
[INFO] [stdout] test result: FAILED. 0 passed; 1 failed; 0 ignored; 0 measured; 0 filtered out; finished in 0.00s
[INFO] [stdout] 
[INFO] [stderr] error: test failed, to rerun pass `--lib`
[INFO] running `Command { std: "docker" "inspect" "883c7c42a774841b7db518d77909a88cb17325611b869426c260caab3e9b70e2", kill_on_drop: false }`
[INFO] running `Command { std: "docker" "rm" "-f" "883c7c42a774841b7db518d77909a88cb17325611b869426c260caab3e9b70e2", kill_on_drop: false }`
[INFO] [stdout] 883c7c42a774841b7db518d77909a88cb17325611b869426c260caab3e9b70e2
