[INFO] fetching crate tuifeed 0.4.2...
[INFO] testing tuifeed-0.4.2 against 1.99.0-beta.8+cargoflags=--release for beta-release-1.100-2
[INFO] extracting crate tuifeed 0.4.2 into /workspace/builds/worker-7-tc1/source
[INFO] started tweaking crates.io crate tuifeed 0.4.2
[INFO] finished tweaking crates.io crate tuifeed 0.4.2
[INFO] tweaked toml for crates.io crate tuifeed 0.4.2 written to /workspace/builds/worker-7-tc1/source/Cargo.toml
[INFO] validating manifest of crates.io crate tuifeed 0.4.2 on toolchain 1.99.0-beta.8
[INFO] running `Command { std: CARGO_HOME="/workspace/cargo-home" RUSTUP_HOME="/workspace/rustup-home" "/workspace/cargo-home/bin/cargo" "+1.99.0-beta.8" "metadata" "--manifest-path" "Cargo.toml" "--no-deps", kill_on_drop: false }`
[INFO] crate crates.io crate tuifeed 0.4.2 already has a lockfile, it will not be regenerated
[INFO] running `Command { std: CARGO_HOME="/workspace/cargo-home" RUSTUP_HOME="/workspace/rustup-home" "/workspace/cargo-home/bin/cargo" "+1.99.0-beta.8" "fetch" "--manifest-path" "Cargo.toml", kill_on_drop: false }`
[INFO] [stderr]     Updating crates.io index
[INFO] [stderr]  Downloading crates ...
[INFO] [stderr]   Downloaded ureq-proto v0.3.5
[INFO] [stderr]   Downloaded lazy-regex v3.4.1
[INFO] [stderr]   Downloaded is-wsl v0.4.0
[INFO] [stderr]   Downloaded open v5.3.2
[INFO] [stderr]   Downloaded unicode-truncate v2.0.0
[INFO] [stderr]   Downloaded tuirealm_derive v2.0.0
[INFO] [stderr]   Downloaded serial_test_derive v3.2.0
[INFO] [stderr]   Downloaded lazy-regex-proc_macros v3.4.1
[INFO] [stderr]   Downloaded rustls-pki-types v1.11.0
[INFO] [stderr]   Downloaded is-docker v0.2.0
[INFO] [stderr]   Downloaded tempfile v3.19.1
[INFO] [stderr]   Downloaded serial_test v3.2.0
[INFO] [stderr]   Downloaded sdd v3.0.8
[INFO] [stderr]   Downloaded tui-realm-textarea v2.1.0
[INFO] [stderr]   Downloaded argh v0.1.13
[INFO] [stderr]   Downloaded argh_derive v0.1.13
[INFO] [stderr]   Downloaded tui-realm-stdlib v2.0.1
[INFO] [stderr]   Downloaded argh_shared v0.1.13
[INFO] [stderr]   Downloaded ureq v3.0.10
[INFO] [stderr]   Downloaded tui-textarea v0.7.0
[INFO] [stderr]   Downloaded iana-time-zone v0.1.62
[INFO] [stderr]   Downloaded tuirealm v2.1.0
[INFO] [stderr]   Downloaded indexmap v2.8.0
[INFO] [stderr]   Downloaded mediatype v0.19.20
[INFO] [stderr]   Downloaded scc v2.3.3
[INFO] [stderr]   Downloaded feed-rs v2.3.1
[INFO] [stderr]   Downloaded winnow v0.7.4
[INFO] [stderr]   Downloaded quick-xml v0.37.3
[INFO] [stderr]   Downloaded webpki-roots v0.26.8
[INFO] [stderr]   Downloaded rustls v0.23.25
[INFO] [stderr]   Downloaded rustix v1.0.3
[INFO] [stderr]   Downloaded rustls-webpki v0.103.1
[INFO] [stderr]   Downloaded rust-fuzzy-search v0.1.1
[INFO] [stderr]   Downloaded linux-raw-sys v0.9.3
[INFO] running `Command { std: "docker" "create" "-v" "/var/lib/crater-agent-workspace/builds/worker-7-tc1/source:/opt/rustwide/workdir:ro,Z" "-v" "/var/lib/crater-agent-workspace/builds/worker-7-tc1/target:/opt/rustwide/target:rw,Z" "-v" "/var/lib/crater-agent-workspace/cargo-home:/opt/rustwide/cargo-home:ro,Z" "-v" "/var/lib/crater-agent-workspace/rustup-home:/opt/rustwide/rustup-home:ro,Z" "-m" "1610612736" "--network" "none" "ghcr.io/rust-lang/crates-build-env/linux@sha256:77db811e55d90add9212f6832c23229e3de5f1c1f9905e8cb07319ea15df73ac" "sleep" "infinity", kill_on_drop: false }`
[INFO] [stdout] 8301ad01cae804485df77a3acbcc0bd26ecddde2ff14348a6ca8346bbbddf0b3
[INFO] running `Command { std: "docker" "start" "8301ad01cae804485df77a3acbcc0bd26ecddde2ff14348a6ca8346bbbddf0b3", kill_on_drop: false }`
[INFO] running `Command { std: "docker" "inspect" "8301ad01cae804485df77a3acbcc0bd26ecddde2ff14348a6ca8346bbbddf0b3", kill_on_drop: false }`
[INFO] running `Command { std: "docker" "exec" "-e" "SOURCE_DIR=/opt/rustwide/workdir" "-e" "CARGO_HOME=/opt/rustwide/cargo-home" "-e" "RUSTUP_HOME=/opt/rustwide/rustup-home" "-e" "CARGO_TARGET_DIR=/opt/rustwide/target" "-w" "/opt/rustwide/workdir" "--user" "0:0" "8301ad01cae804485df77a3acbcc0bd26ecddde2ff14348a6ca8346bbbddf0b3" "/opt/rustwide/cargo-home/bin/cargo" "+1.99.0-beta.8" "metadata" "--no-deps" "--format-version=1", kill_on_drop: false }`
[INFO] running `Command { std: "docker" "inspect" "8301ad01cae804485df77a3acbcc0bd26ecddde2ff14348a6ca8346bbbddf0b3", kill_on_drop: false }`
[INFO] running `Command { std: "docker" "exec" "-e" "SOURCE_DIR=/opt/rustwide/workdir" "-e" "CARGO_HOME=/opt/rustwide/cargo-home" "-e" "RUSTUP_HOME=/opt/rustwide/rustup-home" "-e" "CARGO_TARGET_DIR=/opt/rustwide/target" "-e" "CARGO_INCREMENTAL=0" "-e" "RUST_BACKTRACE=full" "-e" "RUSTFLAGS=--cap-lints=warn" "-e" "RUSTDOCFLAGS=--cap-lints=warn" "-w" "/opt/rustwide/workdir" "--user" "0:0" "8301ad01cae804485df77a3acbcc0bd26ecddde2ff14348a6ca8346bbbddf0b3" "/opt/rustwide/cargo-home/bin/cargo" "+1.99.0-beta.8" "build" "--frozen" "--message-format=json" "--release", kill_on_drop: false }`
[INFO] [stderr]    Compiling proc-macro2 v1.0.94
[INFO] [stderr]    Compiling libc v0.2.171
[INFO] [stderr]    Compiling smallvec v1.14.0
[INFO] [stderr]    Compiling rustversion v1.0.20
[INFO] [stderr]    Compiling memchr v2.7.4
[INFO] [stderr]    Compiling hashbrown v0.15.2
[INFO] [stderr]    Compiling signal-hook v0.3.17
[INFO] [stderr]    Compiling rustix v0.38.44
[INFO] [stderr]    Compiling cc v1.2.17
[INFO] [stderr]    Compiling unicode-segmentation v1.12.0
[INFO] [stderr]    Compiling quote v1.0.40
[INFO] [stderr]    Compiling aho-corasick v1.1.3
[INFO] [stderr]    Compiling regex-syntax v0.8.5
[INFO] [stderr]    Compiling syn v2.0.100
[INFO] [stderr]    Compiling signal-hook-registry v1.4.2
[INFO] [stderr]    Compiling parking_lot_core v0.9.10
[INFO] [stderr]    Compiling mio v1.0.3
[INFO] [stderr]    Compiling bitflags v2.9.0
[INFO] [stderr]    Compiling linux-raw-sys v0.4.15
[INFO] [stderr]    Compiling unicode-width v0.2.0
[INFO] [stderr]    Compiling signal-hook-mio v0.2.4
[INFO] [stderr]    Compiling regex-automata v0.4.9
[INFO] [stderr]    Compiling ring v0.17.14
[INFO] [stderr]    Compiling parking_lot v0.12.3
[INFO] [stderr]    Compiling castaway v0.2.3
[INFO] [stderr]    Compiling static_assertions v1.1.0
[INFO] [stderr]    Compiling indoc v2.0.6
[INFO] [stderr]    Compiling unicode-width v0.1.14
[INFO] [stderr]    Compiling unicode-truncate v1.1.0
[INFO] [stderr]    Compiling crossterm v0.28.1
[INFO] [stderr]    Compiling compact_str v0.8.1
[INFO] [stderr]    Compiling lru v0.12.5
[INFO] [stderr]    Compiling synstructure v0.13.1
[INFO] [stderr]    Compiling darling_core v0.20.11
[INFO] [stderr]    Compiling zerofrom-derive v0.1.6
[INFO] [stderr]    Compiling yoke-derive v0.7.5
[INFO] [stderr]    Compiling serde_derive v1.0.219
[INFO] [stderr]    Compiling zerovec-derive v0.10.3
[INFO] [stderr]    Compiling zerofrom v0.1.6
[INFO] [stderr]    Compiling yoke v0.7.5
[INFO] [stderr]    Compiling displaydoc v0.2.5
[INFO] [stderr]    Compiling icu_provider_macros v1.5.0
[INFO] [stderr]    Compiling strum_macros v0.26.4
[INFO] [stderr]    Compiling regex v1.11.1
[INFO] [stderr]    Compiling darling_macro v0.20.11
[INFO] [stderr]    Compiling zerovec v0.10.4
[INFO] [stderr]    Compiling darling v0.20.11
[INFO] [stderr]    Compiling instability v0.3.7
[INFO] [stderr]    Compiling cassowary v0.3.0
[INFO] [stderr]    Compiling thiserror v2.0.12
[INFO] [stderr]    Compiling rustls-pki-types v1.11.0
[INFO] [stderr]    Compiling tinystr v0.7.6
[INFO] [stderr]    Compiling icu_collections v1.5.0
[INFO] [stderr]    Compiling icu_locid v1.5.0
[INFO] [stderr]    Compiling strum v0.26.3
[INFO] [stderr]    Compiling ratatui v0.29.0
[INFO] [stderr]    Compiling lazy-regex-proc_macros v3.4.1
[INFO] [stderr]    Compiling serde v1.0.219
[INFO] [stderr]    Compiling icu_provider v1.5.0
[INFO] [stderr]    Compiling thiserror-impl v2.0.12
[INFO] [stderr]    Compiling getrandom v0.2.15
[INFO] [stderr]    Compiling icu_locid_transform v1.5.0
[INFO] [stderr]    Compiling num-traits v0.2.19
[INFO] [stderr]    Compiling httparse v1.10.1
[INFO] [stderr]    Compiling getrandom v0.3.2
[INFO] [stderr]    Compiling lazy-regex v3.4.1
[INFO] [stderr]    Compiling tuirealm_derive v2.0.0
[INFO] [stderr]    Compiling adler2 v2.0.0
[INFO] [stderr]    Compiling icu_properties v1.5.1
[INFO] [stderr]    Compiling rustls v0.23.25
[INFO] [stderr]    Compiling http v1.3.1
[INFO] [stderr]    Compiling tuirealm v2.1.0
[INFO] [stderr]    Compiling toml_datetime v0.6.8
[INFO] [stderr]    Compiling serde_spanned v0.6.8
[INFO] [stderr]    Compiling miniz_oxide v0.8.5
[INFO] [stderr]    Compiling icu_normalizer v1.5.0
[INFO] [stderr]    Compiling form_urlencoded v1.2.1
[INFO] [stderr]    Compiling indexmap v2.8.0
[INFO] [stderr]    Compiling idna_adapter v1.2.0
[INFO] [stderr]    Compiling idna v1.0.3
[INFO] [stderr]    Compiling rustls-webpki v0.103.1
[INFO] [stderr]    Compiling is-docker v0.2.0
[INFO] [stderr]    Compiling crc32fast v1.4.2
[INFO] [stderr]    Compiling argh_shared v0.1.13
[INFO] [stderr]    Compiling iana-time-zone v0.1.62
[INFO] [stderr]    Compiling unicode-linebreak v0.1.5
[INFO] [stderr]    Compiling winnow v0.7.4
[INFO] [stderr]    Compiling smawk v0.3.2
[INFO] [stderr]    Compiling zeroize v1.8.1
[INFO] [stderr]    Compiling dirs-sys v0.5.0
[INFO] [stderr]    Compiling ureq-proto v0.3.5
[INFO] [stderr]    Compiling textwrap v0.16.2
[INFO] [stderr]    Compiling chrono v0.4.40
[INFO] [stderr]    Compiling argh_derive v0.1.13
[INFO] [stderr]    Compiling url v2.5.4
[INFO] [stderr]    Compiling toml_edit v0.22.24
[INFO] [stderr]    Compiling flate2 v1.1.0
[INFO] [stderr]    Compiling is-wsl v0.4.0
[INFO] [stderr]    Compiling quick-xml v0.37.3
[INFO] [stderr]    Compiling uuid v1.16.0
[INFO] [stderr]    Compiling serde_json v1.0.140
[INFO] [stderr]    Compiling mediatype v0.19.20
[INFO] [stderr]    Compiling tui-textarea v0.7.0
[INFO] [stderr]    Compiling rustls-pemfile v2.2.0
[INFO] [stderr]    Compiling webpki-roots v0.26.8
[INFO] [stderr]    Compiling siphasher v1.0.1
[INFO] [stderr]    Compiling utf-8 v0.7.6
[INFO] [stderr]    Compiling pathdiff v0.2.3
[INFO] [stderr]    Compiling rust-fuzzy-search v0.1.1
[INFO] [stderr]    Compiling open v5.3.2
[INFO] [stderr]    Compiling argh v0.1.13
[INFO] [stderr]    Compiling toml v0.8.20
[INFO] [stderr]    Compiling feed-rs v2.3.1
[INFO] [stderr]    Compiling ureq v3.0.10
[INFO] [stderr]    Compiling tui-realm-textarea v2.1.0
[INFO] [stderr]    Compiling tui-realm-stdlib v2.0.1
[INFO] [stderr]    Compiling dirs v6.0.0
[INFO] [stderr]    Compiling unicode-truncate v2.0.0
[INFO] [stderr]    Compiling tuifeed v0.4.2 (/opt/rustwide/workdir)
[INFO] [stdout] warning: hiding a lifetime that's elided elsewhere is confusing
[INFO] [stdout]   --> src/ui/components/lists/feed_list.rs:75:34
[INFO] [stdout]    |
[INFO] [stdout] 75 |     fn feed_state_to_span(state: &FlatFeedState, loading_step: char) -> Span {
[INFO] [stdout]    |                                  ^^^^^^^^^^^^^^                         ^^^^ the same lifetime is hidden here
[INFO] [stdout]    |                                  |
[INFO] [stdout]    |                                  the lifetime is elided here
[INFO] [stdout]    |
[INFO] [stdout]    = help: the same lifetime is referred to in inconsistent ways, making the signature confusing
[INFO] [stdout]    = note: `#[warn(mismatched_lifetime_syntaxes)]` on by default
[INFO] [stdout] help: use `'_` for type paths
[INFO] [stdout]    |
[INFO] [stdout] 75 |     fn feed_state_to_span(state: &FlatFeedState, loading_step: char) -> Span<'_> {
[INFO] [stdout]    |                                                                             ++++
[INFO] [stdout] 
[INFO] [stdout] 
[INFO] [stderr]     Finished `release` profile [optimized] target(s) in 4m 13s
[INFO] running `Command { std: "docker" "inspect" "8301ad01cae804485df77a3acbcc0bd26ecddde2ff14348a6ca8346bbbddf0b3", kill_on_drop: false }`
[INFO] running `Command { std: "docker" "exec" "-e" "SOURCE_DIR=/opt/rustwide/workdir" "-e" "CARGO_HOME=/opt/rustwide/cargo-home" "-e" "RUSTUP_HOME=/opt/rustwide/rustup-home" "-e" "CARGO_TARGET_DIR=/opt/rustwide/target" "-e" "CARGO_INCREMENTAL=0" "-e" "RUST_BACKTRACE=full" "-e" "RUSTFLAGS=--cap-lints=warn" "-e" "RUSTDOCFLAGS=--cap-lints=warn" "-w" "/opt/rustwide/workdir" "--user" "0:0" "8301ad01cae804485df77a3acbcc0bd26ecddde2ff14348a6ca8346bbbddf0b3" "/opt/rustwide/cargo-home/bin/cargo" "+1.99.0-beta.8" "test" "--frozen" "--no-run" "--message-format=json" "--release", kill_on_drop: false }`
[INFO] [stderr]    Compiling futures-core v0.3.31
[INFO] [stderr]    Compiling futures-sink v0.3.31
[INFO] [stderr]    Compiling futures-task v0.3.31
[INFO] [stderr]    Compiling futures-io v0.3.31
[INFO] [stderr]    Compiling rustix v1.0.3
[INFO] [stderr]    Compiling sdd v3.0.8
[INFO] [stderr]    Compiling linux-raw-sys v0.9.3
[INFO] [stderr]    Compiling serial_test_derive v3.2.0
[INFO] [stderr]    Compiling fastrand v2.3.0
[INFO] [stderr]    Compiling futures-channel v0.3.31
[INFO] [stderr]    Compiling scc v2.3.3
[INFO] [stderr]    Compiling futures-util v0.3.31
[INFO] [stderr]    Compiling tempfile v3.19.1
[INFO] [stderr]    Compiling futures-executor v0.3.31
[INFO] [stderr]    Compiling futures v0.3.31
[INFO] [stderr]    Compiling serial_test v3.2.0
[INFO] [stderr]    Compiling tuifeed v0.4.2 (/opt/rustwide/workdir)
[INFO] [stdout] warning: hiding a lifetime that's elided elsewhere is confusing
[INFO] [stdout]   --> src/ui/components/lists/feed_list.rs:75:34
[INFO] [stdout]    |
[INFO] [stdout] 75 |     fn feed_state_to_span(state: &FlatFeedState, loading_step: char) -> Span {
[INFO] [stdout]    |                                  ^^^^^^^^^^^^^^                         ^^^^ the same lifetime is hidden here
[INFO] [stdout]    |                                  |
[INFO] [stdout]    |                                  the lifetime is elided here
[INFO] [stdout]    |
[INFO] [stdout]    = help: the same lifetime is referred to in inconsistent ways, making the signature confusing
[INFO] [stdout]    = note: `#[warn(mismatched_lifetime_syntaxes)]` on by default
[INFO] [stdout] help: use `'_` for type paths
[INFO] [stdout]    |
[INFO] [stdout] 75 |     fn feed_state_to_span(state: &FlatFeedState, loading_step: char) -> Span<'_> {
[INFO] [stdout]    |                                                                             ++++
[INFO] [stdout] 
[INFO] [stdout] 
[INFO] [stderr]     Finished `release` profile [optimized] target(s) in 32.58s
[INFO] running `Command { std: "docker" "inspect" "8301ad01cae804485df77a3acbcc0bd26ecddde2ff14348a6ca8346bbbddf0b3", kill_on_drop: false }`
[INFO] running `Command { std: "docker" "exec" "-e" "SOURCE_DIR=/opt/rustwide/workdir" "-e" "CARGO_HOME=/opt/rustwide/cargo-home" "-e" "RUSTUP_HOME=/opt/rustwide/rustup-home" "-e" "CARGO_TARGET_DIR=/opt/rustwide/target" "-e" "CARGO_INCREMENTAL=0" "-e" "RUST_BACKTRACE=full" "-e" "RUSTFLAGS=--cap-lints=warn" "-e" "RUSTDOCFLAGS=--cap-lints=warn" "-w" "/opt/rustwide/workdir" "--user" "0:0" "8301ad01cae804485df77a3acbcc0bd26ecddde2ff14348a6ca8346bbbddf0b3" "/opt/rustwide/cargo-home/bin/cargo" "+1.99.0-beta.8" "test" "--frozen" "--release", kill_on_drop: false }`
[INFO] [stderr] warning: hiding a lifetime that's elided elsewhere is confusing
[INFO] [stderr]   --> src/ui/components/lists/feed_list.rs:75:34
[INFO] [stderr]    |
[INFO] [stderr] 75 |     fn feed_state_to_span(state: &FlatFeedState, loading_step: char) -> Span {
[INFO] [stderr]    |                                  ^^^^^^^^^^^^^^                         ^^^^ the same lifetime is hidden here
[INFO] [stderr]    |                                  |
[INFO] [stderr]    |                                  the lifetime is elided here
[INFO] [stderr]    |
[INFO] [stderr]    = help: the same lifetime is referred to in inconsistent ways, making the signature confusing
[INFO] [stderr]    = note: `#[warn(mismatched_lifetime_syntaxes)]` on by default
[INFO] [stderr] help: use `'_` for type paths
[INFO] [stderr]    |
[INFO] [stderr] 75 |     fn feed_state_to_span(state: &FlatFeedState, loading_step: char) -> Span<'_> {
[INFO] [stderr]    |                                                                             ++++
[INFO] [stderr] 
[INFO] [stderr] warning: `tuifeed` (bin "tuifeed" test) generated 1 warning (run `cargo fix --bin "tuifeed" -p tuifeed --tests` to apply 1 suggestion)
[INFO] [stderr]     Finished `release` profile [optimized] target(s) in 0.28s
[INFO] [stderr]      Running unittests src/main.rs (/opt/rustwide/target/release/deps/tuifeed-ea2d81cc45801243)
[INFO] [stdout] 
[INFO] [stdout] running 42 tests
[INFO] [stdout] test config::serializer::test::should_create_serialization_errors ... ok
[INFO] [stdout] test config::serializer::test::should_deserialize_config ... ok
[INFO] [stdout] test config::serializer::test::should_deserialize_config_wno_opts ... ok
[INFO] [stdout] test feed::result::test::should_convert_parse_error ... ok
[INFO] [stdout] test feed::result::test::should_convert_request_error ... ok
[INFO] [stdout] test feed::result::test::should_convert_io_error ... ok
[INFO] [stdout] test feed::source::test::test_should_fail_parsing_invalid_source ... ok
[INFO] [stdout] test feed::client::test::test_should_fetch_source_from_file ... ok
[INFO] [stdout] test feed::source::test::test_should_fail_parsing_relative_path ... ok
[INFO] [stdout] test feed::client::test::should_fail_getting_source ... ok
[INFO] [stdout] test feed::source::test::test_should_parse_http_source ... ok
[INFO] [stdout] test feed::client::test::should_get_source ... FAILED
[INFO] [stdout] test feed::test::should_convert_entry_into_article ... ok
[INFO] [stdout] test feed::source::test::test_should_parse_file_source ... ok
[INFO] [stdout] test feed::client::test::should_fetch_source ... FAILED
[INFO] [stdout] test config::serializer::test::should_fail_config_deserialization ... ok
[INFO] [stdout] test feed::source::test::test_should_parse_https_source ... ok
[INFO] [stdout] test helpers::file::test::should_write_file ... ok
[INFO] [stdout] test helpers::path::tests::should_get_config_file ... ok
[INFO] [stdout] test helpers::strings::test::should_elide_string ... ok
[INFO] [stdout] test helpers::strings::test::should_elide_without_panicking ... ok
[INFO] [stdout] test helpers::strings::test::should_not_elide_string ... ok
[INFO] [stdout] test feed::test::should_convert_rssfeed_into_feed ... ok
[INFO] [stdout] test feed::test::should_get_feed_attributes ... ok
[INFO] [stdout] test helpers::path::tests::should_get_config_dir ... ok
[INFO] [stdout] test helpers::fmt::test::should_format_datetime ... ok
[INFO] [stdout] test helpers::path::tests::should_fail_getting_config_dir ... ok
[INFO] [stdout] test helpers::strings::test::should_replace_multiple_newlines ... ok
[INFO] [stdout] test helpers::strings::test::should_strip_html ... ok
[INFO] [stdout] test helpers::file::test::should_open_file_for_read ... ok
[INFO] [stdout] test ui::lib::history::test::test_should_filter_articles ... ok
[INFO] [stdout] test ui::lib::history::test::test_should_mark_source_as_read ... ok
[INFO] [stdout] test ui::lib::history::test::test_should_read_all_sources ... ok
[INFO] [stdout] test ui::lib::kiosk::test::should_create_kiosk ... ok
[INFO] [stdout] test ui::lib::kiosk::test::should_get_feed_from_kiosk ... ok
[INFO] [stdout] test ui::lib::history::test::test_should_insert_article ... ok
[INFO] [stdout] test ui::lib::history::test::test_should_work_with_history ... ok
[INFO] [stdout] test ui::lib::kiosk::test::should_get_feed_state_from_kiosk ... ok
[INFO] [stdout] test ui::lib::kiosk::test::should_get_sources_from_kiosk ... ok
[INFO] [stdout] test ui::lib::kiosk::test::should_insert_feed_into_kiosk ... ok
[INFO] [stdout] test ui::lib::kiosk::test::should_return_kiosk_state ... ok
[INFO] [stdout] test ui::lib::client::test::should_run_worker ... FAILED
[INFO] [stderr] error: test failed, to rerun pass `--bin tuifeed`
[INFO] [stdout] 
[INFO] [stdout] failures:
[INFO] [stdout] 
[INFO] [stdout] ---- feed::client::test::should_get_source stdout ----
[INFO] [stdout] 
[INFO] [stdout] thread 'feed::client::test::should_get_source' (2734) panicked at src/feed/client.rs:54:9:
[INFO] [stdout] assertion failed: client.fetch("The New York Times",
[INFO] [stdout]         &(String::from("https://rss.nytimes.com/services/xml/rss/nyt/World.xml").try_into().unwrap())).is_ok()
[INFO] [stdout] stack backtrace:
[INFO] [stdout]    0:     0x5f19fc9aede1 - <<std[70759c8f55707aa4]::sys::backtrace::BacktraceLock>::print::DisplayBacktrace as core[df12db4294e9bfd3]::fmt::Display>::fmt
[INFO] [stdout]    1:     0x5f19fc9c6e8a - core[df12db4294e9bfd3]::fmt::write
[INFO] [stdout]    2:     0x5f19fc9b39ac - <alloc[2182bb758b4b3781]::vec::Vec<u8> as core[df12db4294e9bfd3]::io::write::Write>::write_fmt
[INFO] [stdout]    3:     0x5f19fc987ee6 - std[70759c8f55707aa4]::panicking::default_hook::{closure#0}
[INFO] [stdout]    4:     0x5f19fc9a5d99 - std[70759c8f55707aa4]::panicking::default_hook
[INFO] [stdout]    5:     0x5f19fc6e6450 - test[9d35eded1c95d3be]::test_main_inner::<test[9d35eded1c95d3be]::test_main_static::{closure#0}>::{closure#0}
[INFO] [stdout]    6:     0x5f19fc9a5f52 - std[70759c8f55707aa4]::panicking::panic_with_hook
[INFO] [stdout]    7:     0x5f19fc987fc4 - std[70759c8f55707aa4]::panicking::panic_handler::{closure#0}
[INFO] [stdout]    8:     0x5f19fc980989 - std[70759c8f55707aa4]::sys::backtrace::__rust_end_short_backtrace::<std[70759c8f55707aa4]::panicking::panic_handler::{closure#0}, !>
[INFO] [stdout]    9:     0x5f19fc988d7d - __rustc[8fa7c3cbc660c2b3]::rust_begin_unwind
[INFO] [stdout]   10:     0x5f19fc9c766c - core[df12db4294e9bfd3]::panicking::panic_fmt
[INFO] [stdout]   11:     0x5f19fc9c7632 - core[df12db4294e9bfd3]::panicking::panic
[INFO] [stdout]   12:     0x5f19fc695958 - tuifeed[4ff84e5228a7d42b]::feed::client::test::should_get_source
[INFO] [stdout]   13:     0x5f19fc67fee9 - <tuifeed[4ff84e5228a7d42b]::feed::client::test::should_get_source::{closure#0} as core[df12db4294e9bfd3]::ops::function::FnOnce<()>>::call_once
[INFO] [stdout]   14:     0x5f19fc6d973b - test[9d35eded1c95d3be]::__rust_begin_short_backtrace::<core[df12db4294e9bfd3]::result::Result<(), alloc[2182bb758b4b3781]::string::String>, fn() -> core[df12db4294e9bfd3]::result::Result<(), alloc[2182bb758b4b3781]::string::String>>
[INFO] [stdout]   15:     0x5f19fc6e6da5 - test[9d35eded1c95d3be]::run_test::{closure#0}
[INFO] [stdout]   16:     0x5f19fc6e0664 - std[70759c8f55707aa4]::sys::backtrace::__rust_begin_short_backtrace::<test[9d35eded1c95d3be]::run_test::{closure#1}, ()>
[INFO] [stdout]   17:     0x5f19fc6e9f02 - <std[70759c8f55707aa4]::thread::lifecycle::spawn_unchecked<test[9d35eded1c95d3be]::run_test::{closure#1}, ()>::{closure#1} as core[df12db4294e9bfd3]::ops::function::FnOnce<()>>::call_once::{shim:vtable#0}
[INFO] [stdout]   18:     0x5f19fc9adad9 - <std[70759c8f55707aa4]::sys::thread::unix::Thread>::new::thread_start
[INFO] [stdout]   19:     0x7dfecf7bddfa - <unknown>
[INFO] [stdout]   20:     0x7dfecf8513d4 - clone
[INFO] [stdout]   21:                0x0 - <unknown>
[INFO] [stdout] 
[INFO] [stdout] ---- feed::client::test::should_fetch_source stdout ----
[INFO] [stdout] 
[INFO] [stdout] thread 'feed::client::test::should_fetch_source' (2733) panicked at src/feed/client.rs:85:9:
[INFO] [stdout] assertion failed: Client.fetch("The New York Times",
[INFO] [stdout]         &("https://rss.nytimes.com/services/xml/rss/nyt/World.xml".to_string().try_into().unwrap())).is_ok()
[INFO] [stdout] stack backtrace:
[INFO] [stdout]    0:     0x5f19fc9aede1 - <<std[70759c8f55707aa4]::sys::backtrace::BacktraceLock>::print::DisplayBacktrace as core[df12db4294e9bfd3]::fmt::Display>::fmt
[INFO] [stdout]    1:     0x5f19fc9c6e8a - core[df12db4294e9bfd3]::fmt::write
[INFO] [stdout]    2:     0x5f19fc9b39ac - <alloc[2182bb758b4b3781]::vec::Vec<u8> as core[df12db4294e9bfd3]::io::write::Write>::write_fmt
[INFO] [stdout]    3:     0x5f19fc987ee6 - std[70759c8f55707aa4]::panicking::default_hook::{closure#0}
[INFO] [stdout]    4:     0x5f19fc9a5d99 - std[70759c8f55707aa4]::panicking::default_hook
[INFO] [stdout]    5:     0x5f19fc6e6450 - test[9d35eded1c95d3be]::test_main_inner::<test[9d35eded1c95d3be]::test_main_static::{closure#0}>::{closure#0}
[INFO] [stdout]    6:     0x5f19fc9a5f52 - std[70759c8f55707aa4]::panicking::panic_with_hook
[INFO] [stdout]    7:     0x5f19fc987fc4 - std[70759c8f55707aa4]::panicking::panic_handler::{closure#0}
[INFO] [stdout]    8:     0x5f19fc980989 - std[70759c8f55707aa4]::sys::backtrace::__rust_end_short_backtrace::<std[70759c8f55707aa4]::panicking::panic_handler::{closure#0}, !>
[INFO] [stdout]    9:     0x5f19fc988d7d - __rustc[8fa7c3cbc660c2b3]::rust_begin_unwind
[INFO] [stdout]   10:     0x5f19fc9c766c - core[df12db4294e9bfd3]::panicking::panic_fmt
[INFO] [stdout]   11:     0x5f19fc9c7632 - core[df12db4294e9bfd3]::panicking::panic
[INFO] [stdout]   12:     0x5f19fc695b45 - tuifeed[4ff84e5228a7d42b]::feed::client::test::should_fetch_source
[INFO] [stdout]   13:     0x5f19fc67ff09 - <tuifeed[4ff84e5228a7d42b]::feed::client::test::should_fetch_source::{closure#0} as core[df12db4294e9bfd3]::ops::function::FnOnce<()>>::call_once
[INFO] [stdout]   14:     0x5f19fc6d973b - test[9d35eded1c95d3be]::__rust_begin_short_backtrace::<core[df12db4294e9bfd3]::result::Result<(), alloc[2182bb758b4b3781]::string::String>, fn() -> core[df12db4294e9bfd3]::result::Result<(), alloc[2182bb758b4b3781]::string::String>>
[INFO] [stdout]   15:     0x5f19fc6e6da5 - test[9d35eded1c95d3be]::run_test::{closure#0}
[INFO] [stdout]   16:     0x5f19fc6e0664 - std[70759c8f55707aa4]::sys::backtrace::__rust_begin_short_backtrace::<test[9d35eded1c95d3be]::run_test::{closure#1}, ()>
[INFO] [stdout]   17:     0x5f19fc6e9f02 - <std[70759c8f55707aa4]::thread::lifecycle::spawn_unchecked<test[9d35eded1c95d3be]::run_test::{closure#1}, ()>::{closure#1} as core[df12db4294e9bfd3]::ops::function::FnOnce<()>>::call_once::{shim:vtable#0}
[INFO] [stdout]   18:     0x5f19fc9adad9 - <std[70759c8f55707aa4]::sys::thread::unix::Thread>::new::thread_start
[INFO] [stdout]   19:     0x7dfecf7bddfa - <unknown>
[INFO] [stdout]   20:     0x7dfecf8513d4 - clone
[INFO] [stdout]   21:                0x0 - <unknown>
[INFO] [stdout] 
[INFO] [stdout] ---- ui::lib::client::test::should_run_worker stdout ----
[INFO] [stdout] 
[INFO] [stdout] thread 'ui::lib::client::test::should_run_worker' (2758) panicked at src/ui/lib/client.rs:149:17:
[INFO] [stdout] assertion failed: result.is_ok()
[INFO] [stdout] stack backtrace:
[INFO] [stdout]    0:     0x5f19fc9aede1 - <<std[70759c8f55707aa4]::sys::backtrace::BacktraceLock>::print::DisplayBacktrace as core[df12db4294e9bfd3]::fmt::Display>::fmt
[INFO] [stdout]    1:     0x5f19fc9c6e8a - core[df12db4294e9bfd3]::fmt::write
[INFO] [stdout]    2:     0x5f19fc9b39ac - <alloc[2182bb758b4b3781]::vec::Vec<u8> as core[df12db4294e9bfd3]::io::write::Write>::write_fmt
[INFO] [stdout]    3:     0x5f19fc987ee6 - std[70759c8f55707aa4]::panicking::default_hook::{closure#0}
[INFO] [stdout]    4:     0x5f19fc9a5d99 - std[70759c8f55707aa4]::panicking::default_hook
[INFO] [stdout]    5:     0x5f19fc6e6450 - test[9d35eded1c95d3be]::test_main_inner::<test[9d35eded1c95d3be]::test_main_static::{closure#0}>::{closure#0}
[INFO] [stdout]    6:     0x5f19fc9a5f52 - std[70759c8f55707aa4]::panicking::panic_with_hook
[INFO] [stdout]    7:     0x5f19fc987fc4 - std[70759c8f55707aa4]::panicking::panic_handler::{closure#0}
[INFO] [stdout]    8:     0x5f19fc980989 - std[70759c8f55707aa4]::sys::backtrace::__rust_end_short_backtrace::<std[70759c8f55707aa4]::panicking::panic_handler::{closure#0}, !>
[INFO] [stdout]    9:     0x5f19fc988d7d - __rustc[8fa7c3cbc660c2b3]::rust_begin_unwind
[INFO] [stdout]   10:     0x5f19fc9c766c - core[df12db4294e9bfd3]::panicking::panic_fmt
[INFO] [stdout]   11:     0x5f19fc9c7632 - core[df12db4294e9bfd3]::panicking::panic
[INFO] [stdout]   12:     0x5f19fc6ad860 - tuifeed[4ff84e5228a7d42b]::ui::lib::client::test::should_run_worker
[INFO] [stdout]   13:     0x5f19fc6804b9 - <tuifeed[4ff84e5228a7d42b]::ui::lib::client::test::should_run_worker::{closure#0} as core[df12db4294e9bfd3]::ops::function::FnOnce<()>>::call_once
[INFO] [stdout]   14:     0x5f19fc6d973b - test[9d35eded1c95d3be]::__rust_begin_short_backtrace::<core[df12db4294e9bfd3]::result::Result<(), alloc[2182bb758b4b3781]::string::String>, fn() -> core[df12db4294e9bfd3]::result::Result<(), alloc[2182bb758b4b3781]::string::String>>
[INFO] [stdout]   15:     0x5f19fc6e6da5 - test[9d35eded1c95d3be]::run_test::{closure#0}
[INFO] [stdout]   16:     0x5f19fc6e0664 - std[70759c8f55707aa4]::sys::backtrace::__rust_begin_short_backtrace::<test[9d35eded1c95d3be]::run_test::{closure#1}, ()>
[INFO] [stdout]   17:     0x5f19fc6e9f02 - <std[70759c8f55707aa4]::thread::lifecycle::spawn_unchecked<test[9d35eded1c95d3be]::run_test::{closure#1}, ()>::{closure#1} as core[df12db4294e9bfd3]::ops::function::FnOnce<()>>::call_once::{shim:vtable#0}
[INFO] [stdout]   18:     0x5f19fc9adad9 - <std[70759c8f55707aa4]::sys::thread::unix::Thread>::new::thread_start
[INFO] [stdout]   19:     0x7dfecf7bddfa - <unknown>
[INFO] [stdout]   20:     0x7dfecf8513d4 - clone
[INFO] [stdout]   21:                0x0 - <unknown>
[INFO] [stdout] 
[INFO] [stdout] 
[INFO] [stdout] failures:
[INFO] [stdout]     feed::client::test::should_fetch_source
[INFO] [stdout]     feed::client::test::should_get_source
[INFO] [stdout]     ui::lib::client::test::should_run_worker
[INFO] [stdout] 
[INFO] [stdout] test result: FAILED. 39 passed; 3 failed; 0 ignored; 0 measured; 0 filtered out; finished in 0.51s
[INFO] [stdout] 
[INFO] running `Command { std: "docker" "inspect" "8301ad01cae804485df77a3acbcc0bd26ecddde2ff14348a6ca8346bbbddf0b3", kill_on_drop: false }`
[INFO] running `Command { std: "docker" "rm" "-f" "8301ad01cae804485df77a3acbcc0bd26ecddde2ff14348a6ca8346bbbddf0b3", kill_on_drop: false }`
[INFO] [stdout] 8301ad01cae804485df77a3acbcc0bd26ecddde2ff14348a6ca8346bbbddf0b3
