[INFO] fetching crate tui-vision 0.1.1...
[INFO] testing tui-vision-0.1.1 against 1.100.0-beta.1+cargoflags=--release for beta-release-1.100-2
[INFO] extracting crate tui-vision 0.1.1 into /workspace/builds/worker-1-tc2/source
[INFO] started tweaking crates.io crate tui-vision 0.1.1
[INFO] removed 0 missing examples
[INFO] finished tweaking crates.io crate tui-vision 0.1.1
[INFO] tweaked toml for crates.io crate tui-vision 0.1.1 written to /workspace/builds/worker-1-tc2/source/Cargo.toml
[INFO] validating manifest of crates.io crate tui-vision 0.1.1 on toolchain 1.100.0-beta.1
[INFO] running `Command { std: CARGO_HOME="/workspace/cargo-home" RUSTUP_HOME="/workspace/rustup-home" "/workspace/cargo-home/bin/cargo" "+1.100.0-beta.1" "metadata" "--manifest-path" "Cargo.toml" "--no-deps", kill_on_drop: false }`
[INFO] crate crates.io crate tui-vision 0.1.1 already has a lockfile, it will not be regenerated
[INFO] running `Command { std: CARGO_HOME="/workspace/cargo-home" RUSTUP_HOME="/workspace/rustup-home" "/workspace/cargo-home/bin/cargo" "+1.100.0-beta.1" "fetch" "--manifest-path" "Cargo.toml", kill_on_drop: false }`
[INFO] running `Command { std: "docker" "create" "-v" "/var/lib/crater-agent-workspace/builds/worker-1-tc2/source:/opt/rustwide/workdir:ro,Z" "-v" "/var/lib/crater-agent-workspace/builds/worker-1-tc2/target:/opt/rustwide/target:rw,Z" "-v" "/var/lib/crater-agent-workspace/cargo-home:/opt/rustwide/cargo-home:ro,Z" "-v" "/var/lib/crater-agent-workspace/rustup-home:/opt/rustwide/rustup-home:ro,Z" "-m" "1610612736" "--network" "none" "ghcr.io/rust-lang/crates-build-env/linux@sha256:77db811e55d90add9212f6832c23229e3de5f1c1f9905e8cb07319ea15df73ac" "sleep" "infinity", kill_on_drop: false }`
[INFO] [stdout] 69d6e9308640e01556fd0c7212773e5d741f1f23edda6ac6839653869b2071ae
[INFO] running `Command { std: "docker" "start" "69d6e9308640e01556fd0c7212773e5d741f1f23edda6ac6839653869b2071ae", kill_on_drop: false }`
[INFO] running `Command { std: "docker" "inspect" "69d6e9308640e01556fd0c7212773e5d741f1f23edda6ac6839653869b2071ae", kill_on_drop: false }`
[INFO] running `Command { std: "docker" "exec" "-e" "SOURCE_DIR=/opt/rustwide/workdir" "-e" "CARGO_HOME=/opt/rustwide/cargo-home" "-e" "RUSTUP_HOME=/opt/rustwide/rustup-home" "-e" "CARGO_TARGET_DIR=/opt/rustwide/target" "-w" "/opt/rustwide/workdir" "--user" "0:0" "69d6e9308640e01556fd0c7212773e5d741f1f23edda6ac6839653869b2071ae" "/opt/rustwide/cargo-home/bin/cargo" "+1.100.0-beta.1" "metadata" "--no-deps" "--format-version=1", kill_on_drop: false }`
[INFO] running `Command { std: "docker" "inspect" "69d6e9308640e01556fd0c7212773e5d741f1f23edda6ac6839653869b2071ae", kill_on_drop: false }`
[INFO] running `Command { std: "docker" "exec" "-e" "SOURCE_DIR=/opt/rustwide/workdir" "-e" "CARGO_HOME=/opt/rustwide/cargo-home" "-e" "RUSTUP_HOME=/opt/rustwide/rustup-home" "-e" "CARGO_TARGET_DIR=/opt/rustwide/target" "-e" "CARGO_INCREMENTAL=0" "-e" "RUST_BACKTRACE=full" "-e" "RUSTFLAGS=--cap-lints=warn" "-e" "RUSTDOCFLAGS=--cap-lints=warn" "-w" "/opt/rustwide/workdir" "--user" "0:0" "69d6e9308640e01556fd0c7212773e5d741f1f23edda6ac6839653869b2071ae" "/opt/rustwide/cargo-home/bin/cargo" "+1.100.0-beta.1" "build" "--frozen" "--message-format=json" "--release", kill_on_drop: false }`
[INFO] [stderr]    Compiling proc-macro2 v1.0.95
[INFO] [stderr]    Compiling libc v0.2.174
[INFO] [stderr]    Compiling rustversion v1.0.21
[INFO] [stderr]    Compiling cfg-if v1.0.1
[INFO] [stderr]    Compiling bitflags v2.9.1
[INFO] [stderr]    Compiling either v1.15.0
[INFO] [stderr]    Compiling foldhash v0.1.5
[INFO] [stderr]    Compiling allocator-api2 v0.2.21
[INFO] [stderr]    Compiling thiserror v2.0.12
[INFO] [stderr]    Compiling unicode-segmentation v1.12.0
[INFO] [stderr]    Compiling heck v0.5.0
[INFO] [stderr]    Compiling lock_api v0.4.13
[INFO] [stderr]    Compiling parking_lot_core v0.9.11
[INFO] [stderr]    Compiling signal-hook v0.3.18
[INFO] [stderr]    Compiling smallvec v1.15.1
[INFO] [stderr]    Compiling indoc v2.0.6
[INFO] [stderr]    Compiling rustix v1.0.7
[INFO] [stderr]    Compiling unicode-width v0.2.0
[INFO] [stderr]    Compiling litrs v0.4.1
[INFO] [stderr]    Compiling convert_case v0.7.1
[INFO] [stderr]    Compiling linux-raw-sys v0.9.4
[INFO] [stderr]    Compiling line-clipping v0.3.3
[INFO] [stderr]    Compiling itertools v0.13.0
[INFO] [stderr]    Compiling itertools v0.14.0
[INFO] [stderr]    Compiling document-features v0.2.11
[INFO] [stderr]    Compiling signal-hook-registry v1.4.5
[INFO] [stderr]    Compiling mio v1.0.4
[INFO] [stderr]    Compiling castaway v0.2.3
[INFO] [stderr]    Compiling hashbrown v0.15.4
[INFO] [stderr]    Compiling compact_str v0.9.0
[INFO] [stderr]    Compiling parking_lot v0.12.4
[INFO] [stderr]    Compiling signal-hook-mio v0.2.4
[INFO] [stderr]    Compiling quote v1.0.40
[INFO] [stderr]    Compiling lru v0.14.0
[INFO] [stderr]    Compiling syn v2.0.103
[INFO] [stderr]    Compiling unicode-truncate v2.0.0
[INFO] [stderr]    Compiling darling_core v0.20.11
[INFO] [stderr]    Compiling thiserror-impl v2.0.12
[INFO] [stderr]    Compiling strum_macros v0.27.1
[INFO] [stderr]    Compiling derive_more-impl v2.0.1
[INFO] [stderr]    Compiling derive_more v2.0.1
[INFO] [stderr]    Compiling crossterm v0.29.0
[INFO] [stderr]    Compiling kasuari v0.4.6
[INFO] [stderr]    Compiling strum v0.27.1
[INFO] [stderr]    Compiling ratatui-core v0.1.0-alpha.5
[INFO] [stderr]    Compiling darling_macro v0.20.11
[INFO] [stderr]    Compiling darling v0.20.11
[INFO] [stderr]    Compiling instability v0.3.7
[INFO] [stderr]    Compiling ratatui-widgets v0.3.0-alpha.4
[INFO] [stderr]    Compiling tui-vision v0.1.1 (/opt/rustwide/workdir)
[INFO] [stderr]     Finished `release` profile [optimized] target(s) in 25.23s
[INFO] running `Command { std: "docker" "inspect" "69d6e9308640e01556fd0c7212773e5d741f1f23edda6ac6839653869b2071ae", kill_on_drop: false }`
[INFO] running `Command { std: "docker" "exec" "-e" "SOURCE_DIR=/opt/rustwide/workdir" "-e" "CARGO_HOME=/opt/rustwide/cargo-home" "-e" "RUSTUP_HOME=/opt/rustwide/rustup-home" "-e" "CARGO_TARGET_DIR=/opt/rustwide/target" "-e" "CARGO_INCREMENTAL=0" "-e" "RUST_BACKTRACE=full" "-e" "RUSTFLAGS=--cap-lints=warn" "-e" "RUSTDOCFLAGS=--cap-lints=warn" "-w" "/opt/rustwide/workdir" "--user" "0:0" "69d6e9308640e01556fd0c7212773e5d741f1f23edda6ac6839653869b2071ae" "/opt/rustwide/cargo-home/bin/cargo" "+1.100.0-beta.1" "test" "--frozen" "--no-run" "--message-format=json" "--release", kill_on_drop: false }`
[INFO] [stderr]    Compiling thiserror v2.0.12
[INFO] [stderr]    Compiling itertools v0.13.0
[INFO] [stderr]    Compiling once_cell v1.21.3
[INFO] [stderr]    Compiling itertools v0.14.0
[INFO] [stderr]    Compiling powerfmt v0.2.0
[INFO] [stderr]    Compiling strum v0.27.1
[INFO] [stderr]    Compiling compact_str v0.9.0
[INFO] [stderr]    Compiling num-conv v0.1.0
[INFO] [stderr]    Compiling num_threads v0.1.7
[INFO] [stderr]    Compiling time-core v0.1.4
[INFO] [stderr]    Compiling sharded-slab v0.1.7
[INFO] [stderr]    Compiling thread_local v1.1.9
[INFO] [stderr]    Compiling owo-colors v4.2.1
[INFO] [stderr]    Compiling object v0.36.7
[INFO] [stderr]    Compiling pin-project-lite v0.2.16
[INFO] [stderr]    Compiling memchr v2.7.5
[INFO] [stderr]    Compiling gimli v0.31.1
[INFO] [stderr]    Compiling deranged v0.4.0
[INFO] [stderr]    Compiling tracing-core v0.1.34
[INFO] [stderr]    Compiling color-spantrace v0.3.0
[INFO] [stderr]    Compiling eyre v0.6.12
[INFO] [stderr]    Compiling indenter v0.3.3
[INFO] [stderr]    Compiling rustc-demangle v0.1.25
[INFO] [stderr]    Compiling kasuari v0.4.6
[INFO] [stderr]    Compiling tracing v0.1.41
[INFO] [stderr]    Compiling tracing-subscriber v0.3.19
[INFO] [stderr]    Compiling time v0.3.41
[INFO] [stderr]    Compiling tracing-error v0.2.1
[INFO] [stderr]    Compiling unicode-truncate v2.0.0
[INFO] [stderr]    Compiling ratatui-core v0.1.0-alpha.5
[INFO] [stderr]    Compiling addr2line v0.24.2
[INFO] [stderr]    Compiling ratatui-widgets v0.3.0-alpha.4
[INFO] [stderr]    Compiling ratatui-crossterm v0.1.0-alpha.4
[INFO] [stderr]    Compiling ratatui-macros v0.7.0-alpha.3
[INFO] [stderr]    Compiling tui-vision v0.1.1 (/opt/rustwide/workdir)
[INFO] [stderr]    Compiling ratatui v0.30.0-alpha.4
[INFO] [stderr]    Compiling backtrace v0.3.75
[INFO] [stderr]    Compiling color-eyre v0.6.5
[INFO] [stdout] warning: unused import: `Borders`
[INFO] [stdout]   --> examples/menu_bar_demo.rs:10:22
[INFO] [stdout]    |
[INFO] [stdout] 10 |     widgets::{Block, Borders, Paragraph},
[INFO] [stdout]    |                      ^^^^^^^
[INFO] [stdout]    |
[INFO] [stdout]    = note: `#[warn(unused_imports)]` (part of `#[warn(unused)]`) on by default
[INFO] [stdout] 
[INFO] [stdout] 
[INFO] [stderr]     Finished `release` profile [optimized] target(s) in 32.56s
[INFO] running `Command { std: "docker" "inspect" "69d6e9308640e01556fd0c7212773e5d741f1f23edda6ac6839653869b2071ae", kill_on_drop: false }`
[INFO] running `Command { std: "docker" "exec" "-e" "SOURCE_DIR=/opt/rustwide/workdir" "-e" "CARGO_HOME=/opt/rustwide/cargo-home" "-e" "RUSTUP_HOME=/opt/rustwide/rustup-home" "-e" "CARGO_TARGET_DIR=/opt/rustwide/target" "-e" "CARGO_INCREMENTAL=0" "-e" "RUST_BACKTRACE=full" "-e" "RUSTFLAGS=--cap-lints=warn" "-e" "RUSTDOCFLAGS=--cap-lints=warn" "-w" "/opt/rustwide/workdir" "--user" "0:0" "69d6e9308640e01556fd0c7212773e5d741f1f23edda6ac6839653869b2071ae" "/opt/rustwide/cargo-home/bin/cargo" "+1.100.0-beta.1" "test" "--frozen" "--release", kill_on_drop: false }`
[INFO] [stderr] warning: unused import: `Borders`
[INFO] [stderr]   --> examples/menu_bar_demo.rs:10:22
[INFO] [stderr]    |
[INFO] [stderr] 10 |     widgets::{Block, Borders, Paragraph},
[INFO] [stderr]    |                      ^^^^^^^
[INFO] [stderr]    |
[INFO] [stderr]    = note: `#[warn(unused_imports)]` (part of `#[warn(unused)]`) on by default
[INFO] [stderr] 
[INFO] [stderr] warning: `tui-vision` (example "menu_bar_demo") generated 1 warning (run `cargo fix --example "menu_bar_demo" -p tui-vision` to apply 1 suggestion)
[INFO] [stderr]     Finished `release` profile [optimized] target(s) in 0.17s
[INFO] [stderr]      Running unittests src/lib.rs (/opt/rustwide/target/release/build/tui-vision/e73df8cb1916645e/out/tui_vision-e73df8cb1916645e)
[INFO] [stdout] 
[INFO] [stdout] running 32 tests
[INFO] [stdout] test menus::events::tests::arrow_keys_navigate_menus ... ok
[INFO] [stdout] test menus::events::tests::menu_hotkey_with_alt_opens_menu ... ok
[INFO] [stdout] test menus::render::tests::clear_area_functionality ... ok
[INFO] [stdout] test menus::render::tests::empty_menu_bar_rendering ... ok
[INFO] [stdout] test menus::bar::tests::theme_switching_affects_rendering ... ok
[INFO] [stdout] test menus::render::tests::menu_bar_with_menus_rendering ... ok
[INFO] [stdout] test menus::events::tests::enter_opens_submenu ... ok
[INFO] [stdout] test menus::events::tests::submenu_item_selection_triggers_item_selected_event ... FAILED
[INFO] [stdout] test menus::render::tests::hotkey_underlining_test ... ok
[INFO] [stdout] test menus::render::tests::menu_bar_with_opened_dropdown ... ok
[INFO] [stdout] test menus::events::tests::space_activates_menu_system ... ok
[INFO] [stdout] test menus::bar::tests::theme_switching_works ... ok
[INFO] [stdout] test menus::render::tests::dropdown_area_calculation ... ok
[INFO] [stdout] test menus::render::tests::submenu_rendering_test ... ok
[INFO] [stdout] test menus::render::tests::selection_visibility_test ... ok
[INFO] [stdout] test menus::render::tests::menu_bar_only_affects_first_line ... ok
[INFO] [stdout] test menus::tests::test_enum_pattern_matching ... ok
[INFO] [stdout] test menus::render::tests::separator_styling_test ... ok
[INFO] [stdout] test menus::tests::test_hotkey_functionality ... ok
[INFO] [stdout] test menus::render::tests::menu_item_display ... ok
[INFO] [stdout] test menus::render::tests::menu_width_calculation ... ok
[INFO] [stdout] test menus::tests::test_hotkey_case_sensitivity ... ok
[INFO] [stdout] test menus::tests::test_menu_item_properties ... ok
[INFO] [stdout] test menus::macros::tests::menu_bar ... ok
[INFO] [stdout] test menus::tests::test_new_constructor_api ... ok
[INFO] [stdout] test menus::theme::tests::default_theme_is_classic ... ok
[INFO] [stdout] test menus::bar::tests::theme_builder_pattern_works ... ok
[INFO] [stdout] test menus::tests::test_menu_hierarchy ... ok
[INFO] [stdout] test menus::render::tests::dropdown_renders_on_top_of_content ... ok
[INFO] [stdout] test menus::events::tests::escape_closes_menu ... ok
[INFO] [stdout] test menus::theme::tests::theme_presets_have_different_colors ... ok
[INFO] [stdout] test menus::events::tests::item_hotkey_selects_action ... ok
[INFO] [stderr] error: test failed, to rerun pass `--lib`
[INFO] [stdout] 
[INFO] [stdout] failures:
[INFO] [stdout] 
[INFO] [stdout] ---- menus::events::tests::submenu_item_selection_triggers_item_selected_event stdout ----
[INFO] [stdout] 
[INFO] [stdout] thread 'menus::events::tests::submenu_item_selection_triggers_item_selected_event' (1841) panicked at src/menus/events.rs:521:17:
[INFO] [stdout] Expected SubmenuOpened, got: NotHandled
[INFO] [stdout] stack backtrace:
[INFO] [stdout]    0:     0x5879cfc64e21 - <<std[617be2ca0a6fd877]::sys::backtrace::BacktraceLock>::print::DisplayBacktrace as core[a373ad73a504971]::fmt::Display>::fmt
[INFO] [stdout]    1:     0x5879cfc79fea - core[a373ad73a504971]::fmt::write
[INFO] [stdout]    2:     0x5879cfc6903c - <alloc[2e1b2a31b91974c5]::vec::Vec<u8> as core[a373ad73a504971]::io::write::Write>::write_fmt
[INFO] [stdout]    3:     0x5879cfc41286 - std[617be2ca0a6fd877]::panicking::default_hook::{closure#0}
[INFO] [stdout]    4:     0x5879cfc5d4b9 - std[617be2ca0a6fd877]::panicking::default_hook
[INFO] [stdout]    5:     0x5879cfbed740 - test[aada8e7e76ba119b]::test_main_inner::{closure#0}
[INFO] [stdout]    6:     0x5879cfc5d672 - std[617be2ca0a6fd877]::panicking::panic_with_hook
[INFO] [stdout]    7:     0x5879cfc41332 - std[617be2ca0a6fd877]::panicking::panic_handler::{closure#0}
[INFO] [stdout]    8:     0x5879cfc3a049 - std[617be2ca0a6fd877]::sys::backtrace::__rust_end_short_backtrace::<std[617be2ca0a6fd877]::panicking::panic_handler::{closure#0}, !>
[INFO] [stdout]    9:     0x5879cfc41f3d - __rustc[ea4f61d10b84890b]::rust_begin_unwind
[INFO] [stdout]   10:     0x5879cfc7a71c - core[a373ad73a504971]::panicking::panic_fmt
[INFO] [stdout]   11:     0x5879cfbd8129 - <tui_vision[8f2226892ed862c9]::menus::events::tests::submenu_item_selection_triggers_item_selected_event::{closure#0} as core[a373ad73a504971]::ops::function::FnOnce<()>>::call_once
[INFO] [stdout]   12:     0x5879cfbe0b8b - test[aada8e7e76ba119b]::__rust_begin_short_backtrace::<core[a373ad73a504971]::result::Result<(), alloc[2e1b2a31b91974c5]::string::String>, fn() -> core[a373ad73a504971]::result::Result<(), alloc[2e1b2a31b91974c5]::string::String>>
[INFO] [stdout]   13:     0x5879cfbedd65 - test[aada8e7e76ba119b]::run_test::{closure#0}
[INFO] [stdout]   14:     0x5879cfbe7654 - std[617be2ca0a6fd877]::sys::backtrace::__rust_begin_short_backtrace::<test[aada8e7e76ba119b]::run_test::{closure#1}, ()>
[INFO] [stdout]   15:     0x5879cfbf0df2 - <std[617be2ca0a6fd877]::thread::lifecycle::spawn_unchecked<test[aada8e7e76ba119b]::run_test::{closure#1}, ()>::{closure#1} as core[a373ad73a504971]::ops::function::FnOnce<()>>::call_once::{shim:vtable#0}
[INFO] [stdout]   16:     0x5879cfc6467f - <std[617be2ca0a6fd877]::sys::thread::unix::Thread>::new::thread_start
[INFO] [stdout]   17:     0x7a4751625dfa - <unknown>
[INFO] [stdout]   18:     0x7a47516b93d4 - clone
[INFO] [stdout]   19:                0x0 - <unknown>
[INFO] [stdout] 
[INFO] [stdout] 
[INFO] [stdout] failures:
[INFO] [stdout]     menus::events::tests::submenu_item_selection_triggers_item_selected_event
[INFO] [stdout] 
[INFO] [stdout] test result: FAILED. 31 passed; 1 failed; 0 ignored; 0 measured; 0 filtered out; finished in 0.10s
[INFO] [stdout] 
[INFO] running `Command { std: "docker" "inspect" "69d6e9308640e01556fd0c7212773e5d741f1f23edda6ac6839653869b2071ae", kill_on_drop: false }`
[INFO] running `Command { std: "docker" "rm" "-f" "69d6e9308640e01556fd0c7212773e5d741f1f23edda6ac6839653869b2071ae", kill_on_drop: false }`
[INFO] [stdout] 69d6e9308640e01556fd0c7212773e5d741f1f23edda6ac6839653869b2071ae
