[INFO] fetching crate tui-do-api 1.0.1...
[INFO] testing tui-do-api-1.0.1 against 1.100.0-beta.1+cargoflags=--release for beta-release-1.100-2
[INFO] extracting crate tui-do-api 1.0.1 into /workspace/builds/worker-3-tc2/source
[INFO] started tweaking crates.io crate tui-do-api 1.0.1
[INFO] removed 0 missing tests
[INFO] finished tweaking crates.io crate tui-do-api 1.0.1
[INFO] tweaked toml for crates.io crate tui-do-api 1.0.1 written to /workspace/builds/worker-3-tc2/source/Cargo.toml
[INFO] validating manifest of crates.io crate tui-do-api 1.0.1 on toolchain 1.100.0-beta.1
[INFO] running `Command { std: CARGO_HOME="/workspace/cargo-home" RUSTUP_HOME="/workspace/rustup-home" "/workspace/cargo-home/bin/cargo" "+1.100.0-beta.1" "metadata" "--manifest-path" "Cargo.toml" "--no-deps", kill_on_drop: false }`
[INFO] crate crates.io crate tui-do-api 1.0.1 already has a lockfile, it will not be regenerated
[INFO] running `Command { std: CARGO_HOME="/workspace/cargo-home" RUSTUP_HOME="/workspace/rustup-home" "/workspace/cargo-home/bin/cargo" "+1.100.0-beta.1" "fetch" "--manifest-path" "Cargo.toml", kill_on_drop: false }`
[INFO] running `Command { std: "docker" "create" "-v" "/var/lib/crater-agent-workspace/builds/worker-3-tc2/source:/opt/rustwide/workdir:ro,Z" "-v" "/var/lib/crater-agent-workspace/builds/worker-3-tc2/target:/opt/rustwide/target:rw,Z" "-v" "/var/lib/crater-agent-workspace/cargo-home:/opt/rustwide/cargo-home:ro,Z" "-v" "/var/lib/crater-agent-workspace/rustup-home:/opt/rustwide/rustup-home:ro,Z" "-m" "1610612736" "--network" "none" "ghcr.io/rust-lang/crates-build-env/linux@sha256:77db811e55d90add9212f6832c23229e3de5f1c1f9905e8cb07319ea15df73ac" "sleep" "infinity", kill_on_drop: false }`
[INFO] [stdout] 0b8d65797affdee3998209ff511292b62408045a17d2cc3688c89b57139f53fb
[INFO] running `Command { std: "docker" "start" "0b8d65797affdee3998209ff511292b62408045a17d2cc3688c89b57139f53fb", kill_on_drop: false }`
[INFO] running `Command { std: "docker" "inspect" "0b8d65797affdee3998209ff511292b62408045a17d2cc3688c89b57139f53fb", kill_on_drop: false }`
[INFO] running `Command { std: "docker" "exec" "-e" "SOURCE_DIR=/opt/rustwide/workdir" "-e" "CARGO_HOME=/opt/rustwide/cargo-home" "-e" "RUSTUP_HOME=/opt/rustwide/rustup-home" "-e" "CARGO_TARGET_DIR=/opt/rustwide/target" "-w" "/opt/rustwide/workdir" "--user" "0:0" "0b8d65797affdee3998209ff511292b62408045a17d2cc3688c89b57139f53fb" "/opt/rustwide/cargo-home/bin/cargo" "+1.100.0-beta.1" "metadata" "--no-deps" "--format-version=1", kill_on_drop: false }`
[INFO] running `Command { std: "docker" "inspect" "0b8d65797affdee3998209ff511292b62408045a17d2cc3688c89b57139f53fb", kill_on_drop: false }`
[INFO] running `Command { std: "docker" "exec" "-e" "SOURCE_DIR=/opt/rustwide/workdir" "-e" "CARGO_HOME=/opt/rustwide/cargo-home" "-e" "RUSTUP_HOME=/opt/rustwide/rustup-home" "-e" "CARGO_TARGET_DIR=/opt/rustwide/target" "-e" "CARGO_INCREMENTAL=0" "-e" "RUST_BACKTRACE=full" "-e" "RUSTFLAGS=--cap-lints=warn" "-e" "RUSTDOCFLAGS=--cap-lints=warn" "-w" "/opt/rustwide/workdir" "--user" "0:0" "0b8d65797affdee3998209ff511292b62408045a17d2cc3688c89b57139f53fb" "/opt/rustwide/cargo-home/bin/cargo" "+1.100.0-beta.1" "build" "--frozen" "--message-format=json" "--release", kill_on_drop: false }`
[INFO] [stderr]    Compiling proc-macro2 v1.0.107
[INFO] [stderr]    Compiling find-msvc-tools v0.1.11
[INFO] [stderr]    Compiling smallvec v1.15.2
[INFO] [stderr]    Compiling libc v0.2.189
[INFO] [stderr]    Compiling aws-lc-rs v1.18.0
[INFO] [stderr]    Compiling serde_core v1.0.229
[INFO] [stderr]    Compiling rustls-pki-types v1.15.1
[INFO] [stderr]    Compiling http-body v1.1.0
[INFO] [stderr]    Compiling rustls v0.23.43
[INFO] [stderr]    Compiling futures-util v0.3.34
[INFO] [stderr]    Compiling miniz_oxide v0.8.9
[INFO] [stderr]    Compiling futures-channel v0.3.34
[INFO] [stderr]    Compiling compression-core v0.4.32
[INFO] [stderr]    Compiling num-traits v0.2.19
[INFO] [stderr]    Compiling cookie v0.18.2
[INFO] [stderr]    Compiling ipnet v2.12.1
[INFO] [stderr]    Compiling bitflags v2.13.1
[INFO] [stderr]    Compiling http-body-util v0.1.5
[INFO] [stderr]    Compiling cc v1.4.4
[INFO] [stderr]    Compiling rustls-native-certs v0.8.4
[INFO] [stderr]    Compiling flate2 v1.1.9
[INFO] [stderr]    Compiling quote v1.0.47
[INFO] [stderr]    Compiling syn v2.0.119
[INFO] [stderr]    Compiling syn v3.0.4
[INFO] [stderr]    Compiling mio v1.2.2
[INFO] [stderr]    Compiling socket2 v0.6.5
[INFO] [stderr]    Compiling compression-codecs v0.4.38
[INFO] [stderr]    Compiling cmake v0.1.58
[INFO] [stderr]    Compiling tokio v1.53.1
[INFO] [stderr]    Compiling aws-lc-sys v0.44.0
[INFO] [stderr]    Compiling serde_json v1.0.151
[INFO] [stderr]    Compiling zerovec-derive v0.11.6
[INFO] [stderr]    Compiling displaydoc v0.2.7
[INFO] [stderr]    Compiling serde_derive v1.0.229
[INFO] [stderr]    Compiling thiserror-impl v2.0.20
[INFO] [stderr]    Compiling synstructure v0.13.2
[INFO] [stderr]    Compiling thiserror v2.0.20
[INFO] [stderr]    Compiling zerofrom-derive v0.1.7
[INFO] [stderr]    Compiling yoke-derive v0.8.2
[INFO] [stderr]    Compiling tracing-attributes v0.1.31
[INFO] [stderr]    Compiling zerofrom v0.1.8
[INFO] [stderr]    Compiling tokio-util v0.7.19
[INFO] [stderr]    Compiling tower v0.5.3
[INFO] [stderr]    Compiling async-compression v0.4.43
[INFO] [stderr]    Compiling yoke v0.8.3
[INFO] [stderr]    Compiling zerovec v0.11.8
[INFO] [stderr]    Compiling zerotrie v0.2.5
[INFO] [stderr]    Compiling serde v1.0.229
[INFO] [stderr]    Compiling tracing v0.1.44
[INFO] [stderr]    Compiling h2 v0.4.19
[INFO] [stderr]    Compiling tinystr v0.8.4
[INFO] [stderr]    Compiling icu_locale_core v2.3.0
[INFO] [stderr]    Compiling potential_utf v0.1.6
[INFO] [stderr]    Compiling serde_urlencoded v0.7.1
[INFO] [stderr]    Compiling chrono v0.4.45
[INFO] [stderr]    Compiling icu_collections v2.3.0
[INFO] [stderr]    Compiling icu_provider v2.3.1
[INFO] [stderr]    Compiling icu_normalizer v2.3.0
[INFO] [stderr]    Compiling icu_properties v2.3.0
[INFO] [stderr]    Compiling idna_adapter v1.2.2
[INFO] [stderr]    Compiling idna v1.1.0
[INFO] [stderr]    Compiling url v2.5.8
[INFO] [stderr]    Compiling publicsuffix v2.3.0
[INFO] [stderr]    Compiling hyper v1.11.0
[INFO] [stderr]    Compiling cookie_store v0.22.1
[INFO] [stderr]    Compiling tower-http v0.6.11
[INFO] [stderr]    Compiling hyper-util v0.1.20
[INFO] [stderr]    Compiling rustls-webpki v0.103.15
[INFO] [stderr]    Compiling tokio-rustls v0.26.4
[INFO] [stderr]    Compiling rustls-platform-verifier v0.6.2
[INFO] [stderr]    Compiling hyper-rustls v0.27.9
[INFO] [stderr]    Compiling reqwest v0.13.1
[INFO] [stderr]    Compiling tui-do-api v1.0.1 (/opt/rustwide/workdir)
[INFO] [stderr]     Finished `release` profile [optimized] target(s) in 1m 55s
[INFO] running `Command { std: "docker" "inspect" "0b8d65797affdee3998209ff511292b62408045a17d2cc3688c89b57139f53fb", kill_on_drop: false }`
[INFO] running `Command { std: "docker" "exec" "-e" "SOURCE_DIR=/opt/rustwide/workdir" "-e" "CARGO_HOME=/opt/rustwide/cargo-home" "-e" "RUSTUP_HOME=/opt/rustwide/rustup-home" "-e" "CARGO_TARGET_DIR=/opt/rustwide/target" "-e" "CARGO_INCREMENTAL=0" "-e" "RUST_BACKTRACE=full" "-e" "RUSTFLAGS=--cap-lints=warn" "-e" "RUSTDOCFLAGS=--cap-lints=warn" "-w" "/opt/rustwide/workdir" "--user" "0:0" "0b8d65797affdee3998209ff511292b62408045a17d2cc3688c89b57139f53fb" "/opt/rustwide/cargo-home/bin/cargo" "+1.100.0-beta.1" "test" "--frozen" "--no-run" "--message-format=json" "--release", kill_on_drop: false }`
[INFO] [stderr]    Compiling syn v3.0.4
[INFO] [stderr]    Compiling num_cpus v1.17.0
[INFO] [stderr]    Compiling deadpool-runtime v0.1.4
[INFO] [stderr]    Compiling regex-automata v0.4.18
[INFO] [stderr]    Compiling regex v1.13.1
[INFO] [stderr]    Compiling zerovec-derive v0.11.6
[INFO] [stderr]    Compiling displaydoc v0.2.7
[INFO] [stderr]    Compiling tokio-macros v2.7.2
[INFO] [stderr]    Compiling futures-macro v0.3.34
[INFO] [stderr]    Compiling serde_derive v1.0.229
[INFO] [stderr]    Compiling thiserror-impl v2.0.20
[INFO] [stderr]    Compiling tokio v1.53.1
[INFO] [stderr]    Compiling zerotrie v0.2.5
[INFO] [stderr]    Compiling futures-util v0.3.34
[INFO] [stderr]    Compiling thiserror v2.0.20
[INFO] [stderr]    Compiling zerovec v0.11.8
[INFO] [stderr]    Compiling tinystr v0.8.4
[INFO] [stderr]    Compiling potential_utf v0.1.6
[INFO] [stderr]    Compiling icu_collections v2.3.0
[INFO] [stderr]    Compiling icu_locale_core v2.3.0
[INFO] [stderr]    Compiling serde v1.0.229
[INFO] [stderr]    Compiling serde_urlencoded v0.7.1
[INFO] [stderr]    Compiling chrono v0.4.45
[INFO] [stderr]    Compiling assert-json-diff v2.0.2
[INFO] [stderr]    Compiling icu_provider v2.3.1
[INFO] [stderr]    Compiling futures-executor v0.3.34
[INFO] [stderr]    Compiling futures v0.3.34
[INFO] [stderr]    Compiling icu_normalizer v2.3.0
[INFO] [stderr]    Compiling icu_properties v2.3.0
[INFO] [stderr]    Compiling idna_adapter v1.2.2
[INFO] [stderr]    Compiling idna v1.1.0
[INFO] [stderr]    Compiling url v2.5.8
[INFO] [stderr]    Compiling publicsuffix v2.3.0
[INFO] [stderr]    Compiling cookie_store v0.22.1
[INFO] [stderr]    Compiling tokio-util v0.7.19
[INFO] [stderr]    Compiling tokio-rustls v0.26.4
[INFO] [stderr]    Compiling tower v0.5.3
[INFO] [stderr]    Compiling async-compression v0.4.43
[INFO] [stderr]    Compiling deadpool v0.12.3
[INFO] [stderr]    Compiling h2 v0.4.19
[INFO] [stderr]    Compiling tower-http v0.6.11
[INFO] [stderr]    Compiling hyper v1.11.0
[INFO] [stderr]    Compiling hyper-util v0.1.20
[INFO] [stderr]    Compiling hyper-rustls v0.27.9
[INFO] [stderr]    Compiling wiremock v0.6.5
[INFO] [stderr]    Compiling reqwest v0.13.1
[INFO] [stderr]    Compiling tui-do-api v1.0.1 (/opt/rustwide/workdir)
[INFO] [stderr]     Finished `release` profile [optimized] target(s) in 1m 27s
[INFO] running `Command { std: "docker" "inspect" "0b8d65797affdee3998209ff511292b62408045a17d2cc3688c89b57139f53fb", kill_on_drop: false }`
[INFO] running `Command { std: "docker" "exec" "-e" "SOURCE_DIR=/opt/rustwide/workdir" "-e" "CARGO_HOME=/opt/rustwide/cargo-home" "-e" "RUSTUP_HOME=/opt/rustwide/rustup-home" "-e" "CARGO_TARGET_DIR=/opt/rustwide/target" "-e" "CARGO_INCREMENTAL=0" "-e" "RUST_BACKTRACE=full" "-e" "RUSTFLAGS=--cap-lints=warn" "-e" "RUSTDOCFLAGS=--cap-lints=warn" "-w" "/opt/rustwide/workdir" "--user" "0:0" "0b8d65797affdee3998209ff511292b62408045a17d2cc3688c89b57139f53fb" "/opt/rustwide/cargo-home/bin/cargo" "+1.100.0-beta.1" "test" "--frozen" "--release", kill_on_drop: false }`
[INFO] [stderr]     Finished `release` profile [optimized] target(s) in 0.20s
[INFO] [stderr]      Running unittests src/lib.rs (/opt/rustwide/target/release/build/tui-do-api/8cea66d0e2ef22a1/out/tui_do_api-8cea66d0e2ef22a1)
[INFO] [stdout] 
[INFO] [stdout] running 82 tests
[INFO] [stdout] test auth::tests::an_anonymous_session_sends_no_header ... ok
[INFO] [stdout] test client::tests::a_rate_limit_reset_in_the_past_is_a_zero_wait_not_an_underflow ... ok
[INFO] [stdout] test client::tests::no_rate_limit_headers_means_no_advice ... ok
[INFO] [stdout] test client::tests::a_url_that_is_not_a_url_is_rejected ... ok
[INFO] [stdout] test auth::tests::only_a_jwt_session_is_worth_refreshing ... ok
[INFO] [stdout] test client::tests::a_subpath_deployment_keeps_its_prefix ... ok
[INFO] [stdout] test auth::tests::credentials_do_not_leak_through_debug ... ok
[INFO] [stdout] test error::tests::falls_back_to_raw_text_for_non_json_bodies ... ok
[INFO] [stdout] test error::tests::only_transient_failures_are_retryable ... ok
[INFO] [stdout] test client::tests::a_small_rate_limit_reset_is_read_as_seconds_remaining ... ok
[INFO] [stdout] test error::tests::parses_the_bare_message_shape ... ok
[INFO] [stdout] test client::tests::the_api_prefix_is_added_once_and_only_once ... ok
[INFO] [stdout] test error::tests::parses_the_http_error_shape ... ok
[INFO] [stdout] test client::tests::retry_after_prefers_the_explicit_header ... ok
[INFO] [stdout] test error::tests::statuses_map_to_the_variant_the_sync_engine_expects ... ok
[INFO] [stdout] test models::auth::tests::login_serializes_the_fields_vikunja_expects ... ok
[INFO] [stdout] test models::auth::tests::a_login_does_not_print_its_password ... ok
[INFO] [stdout] test models::auth::tests::token_parses_the_server_response ... ok
[INFO] [stdout] test models::datetime::tests::empty_string_is_unset ... ok
[INFO] [stdout] test models::datetime::tests::real_dates_survive ... ok
[INFO] [stdout] test error::tests::the_vikunja_error_code_survives_classification ... ok
[INFO] [stdout] test models::datetime::tests::none_renders_as_the_zero_value ... ok
[INFO] [stdout] test models::datetime::tests::offsets_normalise_to_utc ... ok
[INFO] [stdout] test models::datetime::tests::render_round_trips_through_parse ... ok
[INFO] [stdout] test client::tests::a_rate_limit_reset_reads_as_a_timestamp_the_way_vikunja_sends_it ... ok
[INFO] [stdout] test models::datetime::tests::timestamp_deserializes_from_json ... ok
[INFO] [stdout] test models::ids::tests::ids_are_transparent_on_the_wire ... ok
[INFO] [stdout] test models::ids::tests::ids_display_as_plain_numbers_for_url_building ... ok
[INFO] [stdout] test models::info::tests::a_missing_cap_falls_back_rather_than_meaning_unlimited ... ok
[INFO] [stdout] test models::datetime::tests::garbage_is_unset_rather_than_an_error ... ok
[INFO] [stdout] test models::label::tests::a_recolour_and_a_rename_of_the_same_label_both_land ... ok
[INFO] [stdout] test models::label::tests::a_rename_keeps_a_colour_someone_else_changed ... ok
[INFO] [stdout] test models::label::tests::a_true_collision_is_named_and_the_users_value_wins ... ok
[INFO] [stdout] test models::label::tests::deserializes_a_label_from_a_task_payload ... ok
[INFO] [stdout] test models::nullable::tests::a_wrong_type_is_still_an_error ... ok
[INFO] [stdout] test models::nullable::tests::null_becomes_empty ... ok
[INFO] [stdout] test models::nullable::tests::an_absent_field_still_works ... ok
[INFO] [stdout] test models::datetime::tests::timezone_shifted_zero_value_is_still_unset ... ok
[INFO] [stdout] test models::info::tests::parses_the_live_response_and_ignores_what_it_does_not_model ... ok
[INFO] [stdout] test models::nullable::tests::real_values_are_untouched ... ok
[INFO] [stdout] test models::project::tests::archived_projects_reject_writes ... ok
[INFO] [stdout] test models::project::tests::favorites_pseudo_project_is_recognised ... ok
[INFO] [stdout] test models::project::tests::known_view_kinds_parse ... ok
[INFO] [stdout] test models::project::tests::unknown_view_kind_degrades_instead_of_failing ... ok
[INFO] [stdout] test models::task::tests::a_task_with_no_dates_is_not_ancient ... ok
[INFO] [stdout] test models::task::tests::absent_collections_default_to_empty ... ok
[INFO] [stdout] test models::task::tests::display_identifier_falls_back_to_the_id ... ok
[INFO] [stdout] test models::label::tests::the_merged_label_takes_its_id_from_the_server ... ok
[INFO] [stdout] test models::datetime::tests::zero_value_is_unset ... ok
[INFO] [stdout] test models::task::tests::overdue_requires_a_due_date_in_the_past_and_an_open_task ... ok
[INFO] [stdout] test models::task::tests::related_tasks_deserialize_keyed_by_relation_kind ... ok
[INFO] [stdout] test models::task::tests::repeat_mode_round_trips_and_tolerates_unknown_values ... ok
[INFO] [stdout] test models::task::tests::unset_priority_is_distinguishable_from_low ... ok
[INFO] [stdout] test models::user::tests::deserializes_a_sparse_embedded_user ... ok
[INFO] [stdout] test models::user::tests::display_name_falls_back_to_username ... ok
[INFO] [stdout] test pagination::tests::a_capped_page_size_is_detected_rather_than_believed ... ok
[INFO] [stdout] test pagination::tests::a_silent_cap_without_headers_does_not_truncate ... ok
[INFO] [stdout] test pagination::tests::an_empty_page_always_ends_the_collection ... ok
[INFO] [stdout] test pagination::tests::unparseable_headers_are_treated_as_absent ... ok
[INFO] [stdout] test pagination::tests::without_headers_a_page_shorter_than_the_server_serves_is_the_last ... ok
[INFO] [stdout] test pagination::tests::the_dev_instances_task_list_needs_every_page ... ok
[INFO] [stdout] test pagination::tests::reads_both_pagination_headers ... ok
[INFO] [stdout] test query::tests::a_filter_is_passed_through_verbatim ... ok
[INFO] [stdout] test query::tests::an_empty_query_sends_nothing ... ok
[INFO] [stdout] test query::tests::expansions_do_not_duplicate ... ok
[INFO] [stdout] test query::tests::sort_keys_are_emitted_as_two_corresponding_runs ... ok
[INFO] [stdout] test models::project::tests::ordinary_projects_accept_writes ... ok
[INFO] [stdout] test secret::tests::debug_never_prints_the_value ... ok
[INFO] [stdout] test query::tests::expanding_subtasks_is_flagged_as_breaking_the_page_size ... ok
[INFO] [stdout] test secret::tests::debug_of_a_containing_struct_is_also_clean ... ok
[INFO] [stdout] test secret::tests::round_trips_through_json ... ok
[INFO] [stdout] test secret::tests::serialization_still_sends_the_real_value ... ok
[INFO] [stdout] test client::tests::a_path_parameter_cannot_smuggle_url_structure ... ok
[INFO] [stdout] test client::tests::an_endpoint_outside_the_spec_cannot_be_called ... ok
[INFO] [stdout] test client::tests::the_page_size_is_conservative_until_info_says_otherwise ... ok
[INFO] [stdout] test client::tests::an_unfilled_path_parameter_is_an_error_not_a_literal_brace ... ok
[INFO] [stdout] test client::tests::the_dev_server_url_resolves_as_expected ... ok
[INFO] [stdout] test client::tests::requests_needing_auth_fail_before_they_are_sent ... ok
[INFO] [stdout] test client::tests::ordinary_path_parameters_still_pass ... ok
[INFO] [stdout] test client::tests::the_authorization_header_is_marked_sensitive ... ok
[INFO] [stdout] test client::tests::a_call_does_not_print_its_body ... ok
[INFO] [stdout] test client::tests::an_api_token_is_in_force_immediately_but_a_password_is_not ... ok
[INFO] [stdout] 
[INFO] [stdout] test result: ok. 82 passed; 0 failed; 0 ignored; 0 measured; 0 filtered out; finished in 0.24s
[INFO] [stdout] 
[INFO] [stderr]      Running tests/client.rs (/opt/rustwide/target/release/build/tui-do-api/38ef796ba7731c1f/out/client-38ef796ba7731c1f)
[INFO] [stdout] 
[INFO] [stdout] running 26 tests
[INFO] [stdout] test a_collection_without_pagination_headers_is_still_read_to_the_end ... ok
[INFO] [stdout] test a_failed_refresh_surfaces_the_original_rejection ... ok
[INFO] [stdout] test a_permission_denial_does_not_spend_a_token_refresh ... ok
[INFO] [stdout] test an_update_sends_the_whole_task_including_cleared_dates ... ok
[INFO] [stdout] test an_expired_jwt_is_refreshed_and_the_request_retried ... ok
[INFO] [stdout] test a_pager_reports_progress_page_by_page ... ok
[INFO] [stdout] test a_task_page_survives_vikunjas_null_collections ... ok
[INFO] [stdout] test a_response_of_the_wrong_shape_is_reported_as_spec_drift ... ok
[INFO] [stdout] test an_unreachable_server_is_a_retryable_transport_error ... ok
[INFO] [stdout] test an_oversized_response_is_refused_rather_than_buffered ... ok
[INFO] [stdout] test an_api_token_session_does_not_attempt_a_refresh ... ok
[INFO] [stdout] test a_collection_that_grows_while_it_is_read_is_still_read_to_the_end ... ok
[INFO] [stdout] test the_projects_listing_asks_for_archived_ones_too ... ok
[INFO] [stdout] test a_full_task_fetch_returns_every_page_not_just_the_first ... ok
[INFO] [stdout] test query_parameters_reach_the_server ... ok
[INFO] [stdout] test a_refresh_is_refused_after_logout ... ok
[INFO] [stdout] test a_401_on_a_delete_is_refreshed_and_retried_like_any_other_request ... ok
[INFO] [stdout] test logging_in_stores_the_jwt_and_sends_it ... ok
[INFO] [stdout] test error_bodies_become_typed_errors ... ok
[INFO] [stdout] test labels_can_be_looked_up_by_title ... ok
[INFO] [stdout] test writes_use_the_verbs_the_spec_declares ... ok
[INFO] [stdout] test creating_a_task_puts_the_project_in_the_body_as_well_as_the_path ... ok
[INFO] [stdout] test projects_and_labels_paginate_too ... ok
[INFO] [stdout] test the_page_size_comes_from_the_server_rather_than_a_guess ... ok
[INFO] [stdout] test pages_fetched_at_once_still_arrive_in_order ... ok
[INFO] [stdout] test a_server_that_ignores_the_page_parameter_fails_loudly ... ok
[INFO] [stdout] 
[INFO] [stdout] test result: ok. 26 passed; 0 failed; 0 ignored; 0 measured; 0 filtered out; finished in 2.06s
[INFO] [stdout] 
[INFO] [stderr]      Running tests/conformance.rs (/opt/rustwide/target/release/build/tui-do-api/fc9df9235f020aaf/out/conformance-fc9df9235f020aaf)
[INFO] [stdout] 
[INFO] [stdout] running 6 tests
[INFO] [stdout] test pagination_headers_are_documented_as_expected ... FAILED
[INFO] [stdout] test every_endpoint_exists_in_the_spec ... FAILED
[INFO] [stdout] test the_spec_is_the_version_we_target ... FAILED
[INFO] [stdout] test model_fields_exist_in_the_spec ... FAILED
[INFO] [stderr] error: test failed, to rerun pass `--test conformance`
[INFO] [stdout] test the_endpoint_list_has_no_duplicates ... ok
[INFO] [stdout] test the_renamed_tasks_endpoint_is_not_resurrected ... FAILED
[INFO] [stdout] 
[INFO] [stdout] failures:
[INFO] [stdout] 
[INFO] [stdout] ---- pagination_headers_are_documented_as_expected stdout ----
[INFO] [stdout] 
[INFO] [stdout] thread 'pagination_headers_are_documented_as_expected' (3832) panicked at tests/conformance.rs:39:9:
[INFO] [stdout] could not read /opt/rustwide/workdir/../../spec/vikunja.json (No such file or directory (os error 2)). Run `cargo xtask fetch-spec`.
[INFO] [stdout] stack backtrace:
[INFO] [stdout]    0:     0x5bcfbf21fe01 - <<std[617be2ca0a6fd877]::sys::backtrace::BacktraceLock>::print::DisplayBacktrace as core[a373ad73a504971]::fmt::Display>::fmt
[INFO] [stdout]    1:     0x5bcfbf2347ca - core[a373ad73a504971]::fmt::write
[INFO] [stdout]    2:     0x5bcfbf22403c - <alloc[2e1b2a31b91974c5]::vec::Vec<u8> as core[a373ad73a504971]::io::write::Write>::write_fmt
[INFO] [stdout]    3:     0x5bcfbf1fbd76 - std[617be2ca0a6fd877]::panicking::default_hook::{closure#0}
[INFO] [stdout]    4:     0x5bcfbf218139 - std[617be2ca0a6fd877]::panicking::default_hook
[INFO] [stdout]    5:     0x5bcfbf1ac020 - test[aada8e7e76ba119b]::test_main_inner::{closure#0}
[INFO] [stdout]    6:     0x5bcfbf2182f2 - std[617be2ca0a6fd877]::panicking::panic_with_hook
[INFO] [stdout]    7:     0x5bcfbf1fbe22 - std[617be2ca0a6fd877]::panicking::panic_handler::{closure#0}
[INFO] [stdout]    8:     0x5bcfbf1f49a9 - std[617be2ca0a6fd877]::sys::backtrace::__rust_end_short_backtrace::<std[617be2ca0a6fd877]::panicking::panic_handler::{closure#0}, !>
[INFO] [stdout]    9:     0x5bcfbf1fca2d - __rustc[ea4f61d10b84890b]::rust_begin_unwind
[INFO] [stdout]   10:     0x5bcfbf234efc - core[a373ad73a504971]::panicking::panic_fmt
[INFO] [stdout]   11:     0x5bcfbf189db9 - conformance[f1ab9754743c990b]::spec::{closure#0}
[INFO] [stdout]   12:     0x5bcfbf18a211 - conformance[f1ab9754743c990b]::spec
[INFO] [stdout]   13:     0x5bcfbf18ff44 - <conformance[f1ab9754743c990b]::pagination_headers_are_documented_as_expected::{closure#0} as core[a373ad73a504971]::ops::function::FnOnce<()>>::call_once
[INFO] [stdout]   14:     0x5bcfbf19f46b - test[aada8e7e76ba119b]::__rust_begin_short_backtrace::<core[a373ad73a504971]::result::Result<(), alloc[2e1b2a31b91974c5]::string::String>, fn() -> core[a373ad73a504971]::result::Result<(), alloc[2e1b2a31b91974c5]::string::String>>
[INFO] [stdout]   15:     0x5bcfbf1ac645 - test[aada8e7e76ba119b]::run_test::{closure#0}
[INFO] [stdout]   16:     0x5bcfbf1a5f34 - std[617be2ca0a6fd877]::sys::backtrace::__rust_begin_short_backtrace::<test[aada8e7e76ba119b]::run_test::{closure#1}, ()>
[INFO] [stdout]   17:     0x5bcfbf1af6d2 - <std[617be2ca0a6fd877]::thread::lifecycle::spawn_unchecked<test[aada8e7e76ba119b]::run_test::{closure#1}, ()>::{closure#1} as core[a373ad73a504971]::ops::function::FnOnce<()>>::call_once::{shim:vtable#0}
[INFO] [stdout]   18:     0x5bcfbf21f2ff - <std[617be2ca0a6fd877]::sys::thread::unix::Thread>::new::thread_start
[INFO] [stdout]   19:     0x755039d6bdfa - <unknown>
[INFO] [stdout]   20:     0x755039dff3d4 - clone
[INFO] [stdout]   21:                0x0 - <unknown>
[INFO] [stdout] 
[INFO] [stdout] ---- every_endpoint_exists_in_the_spec stdout ----
[INFO] [stdout] 
[INFO] [stdout] thread 'every_endpoint_exists_in_the_spec' (3830) panicked at tests/conformance.rs:39:9:
[INFO] [stdout] could not read /opt/rustwide/workdir/../../spec/vikunja.json (No such file or directory (os error 2)). Run `cargo xtask fetch-spec`.
[INFO] [stdout] stack backtrace:
[INFO] [stdout]    0:     0x5bcfbf21fe01 - <<std[617be2ca0a6fd877]::sys::backtrace::BacktraceLock>::print::DisplayBacktrace as core[a373ad73a504971]::fmt::Display>::fmt
[INFO] [stdout]    1:     0x5bcfbf2347ca - core[a373ad73a504971]::fmt::write
[INFO] [stdout]    2:     0x5bcfbf22403c - <alloc[2e1b2a31b91974c5]::vec::Vec<u8> as core[a373ad73a504971]::io::write::Write>::write_fmt
[INFO] [stdout]    3:     0x5bcfbf1fbd76 - std[617be2ca0a6fd877]::panicking::default_hook::{closure#0}
[INFO] [stdout]    4:     0x5bcfbf218139 - std[617be2ca0a6fd877]::panicking::default_hook
[INFO] [stdout]    5:     0x5bcfbf1ac020 - test[aada8e7e76ba119b]::test_main_inner::{closure#0}
[INFO] [stdout]    6:     0x5bcfbf2182f2 - std[617be2ca0a6fd877]::panicking::panic_with_hook
[INFO] [stdout]    7:     0x5bcfbf1fbe22 - std[617be2ca0a6fd877]::panicking::panic_handler::{closure#0}
[INFO] [stdout]    8:     0x5bcfbf1f49a9 - std[617be2ca0a6fd877]::sys::backtrace::__rust_end_short_backtrace::<std[617be2ca0a6fd877]::panicking::panic_handler::{closure#0}, !>
[INFO] [stdout]    9:     0x5bcfbf1fca2d - __rustc[ea4f61d10b84890b]::rust_begin_unwind
[INFO] [stdout]   10:     0x5bcfbf234efc - core[a373ad73a504971]::panicking::panic_fmt
[INFO] [stdout]   11:     0x5bcfbf189db9 - conformance[f1ab9754743c990b]::spec::{closure#0}
[INFO] [stdout]   12:     0x5bcfbf18a211 - conformance[f1ab9754743c990b]::spec
[INFO] [stdout]   13:     0x5bcfbf18fc1a - <conformance[f1ab9754743c990b]::every_endpoint_exists_in_the_spec::{closure#0} as core[a373ad73a504971]::ops::function::FnOnce<()>>::call_once
[INFO] [stdout]   14:     0x5bcfbf19f46b - test[aada8e7e76ba119b]::__rust_begin_short_backtrace::<core[a373ad73a504971]::result::Result<(), alloc[2e1b2a31b91974c5]::string::String>, fn() -> core[a373ad73a504971]::result::Result<(), alloc[2e1b2a31b91974c5]::string::String>>
[INFO] [stdout]   15:     0x5bcfbf1ac645 - test[aada8e7e76ba119b]::run_test::{closure#0}
[INFO] [stdout]   16:     0x5bcfbf1a5f34 - std[617be2ca0a6fd877]::sys::backtrace::__rust_begin_short_backtrace::<test[aada8e7e76ba119b]::run_test::{closure#1}, ()>
[INFO] [stdout]   17:     0x5bcfbf1af6d2 - <std[617be2ca0a6fd877]::thread::lifecycle::spawn_unchecked<test[aada8e7e76ba119b]::run_test::{closure#1}, ()>::{closure#1} as core[a373ad73a504971]::ops::function::FnOnce<()>>::call_once::{shim:vtable#0}
[INFO] [stdout]   18:     0x5bcfbf21f2ff - <std[617be2ca0a6fd877]::sys::thread::unix::Thread>::new::thread_start
[INFO] [stdout]   19:     0x755039d6bdfa - <unknown>
[INFO] [stdout]   20:     0x755039dff3d4 - clone
[INFO] [stdout]   21:                0x0 - <unknown>
[INFO] [stdout] 
[INFO] [stdout] ---- the_spec_is_the_version_we_target stdout ----
[INFO] [stdout] 
[INFO] [stdout] thread 'the_spec_is_the_version_we_target' (3835) panicked at tests/conformance.rs:39:9:
[INFO] [stdout] could not read /opt/rustwide/workdir/../../spec/vikunja.json (No such file or directory (os error 2)). Run `cargo xtask fetch-spec`.
[INFO] [stdout] stack backtrace:
[INFO] [stdout]    0:     0x5bcfbf21fe01 - <<std[617be2ca0a6fd877]::sys::backtrace::BacktraceLock>::print::DisplayBacktrace as core[a373ad73a504971]::fmt::Display>::fmt
[INFO] [stdout]    1:     0x5bcfbf2347ca - core[a373ad73a504971]::fmt::write
[INFO] [stdout]    2:     0x5bcfbf22403c - <alloc[2e1b2a31b91974c5]::vec::Vec<u8> as core[a373ad73a504971]::io::write::Write>::write_fmt
[INFO] [stdout]    3:     0x5bcfbf1fbd76 - std[617be2ca0a6fd877]::panicking::default_hook::{closure#0}
[INFO] [stdout]    4:     0x5bcfbf218139 - std[617be2ca0a6fd877]::panicking::default_hook
[INFO] [stdout]    5:     0x5bcfbf1ac020 - test[aada8e7e76ba119b]::test_main_inner::{closure#0}
[INFO] [stdout]    6:     0x5bcfbf2182f2 - std[617be2ca0a6fd877]::panicking::panic_with_hook
[INFO] [stdout]    7:     0x5bcfbf1fbe22 - std[617be2ca0a6fd877]::panicking::panic_handler::{closure#0}
[INFO] [stdout]    8:     0x5bcfbf1f49a9 - std[617be2ca0a6fd877]::sys::backtrace::__rust_end_short_backtrace::<std[617be2ca0a6fd877]::panicking::panic_handler::{closure#0}, !>
[INFO] [stdout]    9:     0x5bcfbf1fca2d - __rustc[ea4f61d10b84890b]::rust_begin_unwind
[INFO] [stdout]   10:     0x5bcfbf234efc - core[a373ad73a504971]::panicking::panic_fmt
[INFO] [stdout]   11:     0x5bcfbf189db9 - conformance[f1ab9754743c990b]::spec::{closure#0}
[INFO] [stdout]   12:     0x5bcfbf18a211 - conformance[f1ab9754743c990b]::spec
[INFO] [stdout]   13:     0x5bcfbf18fdc7 - <conformance[f1ab9754743c990b]::the_spec_is_the_version_we_target::{closure#0} as core[a373ad73a504971]::ops::function::FnOnce<()>>::call_once
[INFO] [stdout]   14:     0x5bcfbf19f46b - test[aada8e7e76ba119b]::__rust_begin_short_backtrace::<core[a373ad73a504971]::result::Result<(), alloc[2e1b2a31b91974c5]::string::String>, fn() -> core[a373ad73a504971]::result::Result<(), alloc[2e1b2a31b91974c5]::string::String>>
[INFO] [stdout]   15:     0x5bcfbf1ac645 - test[aada8e7e76ba119b]::run_test::{closure#0}
[INFO] [stdout]   16:     0x5bcfbf1a5f34 - std[617be2ca0a6fd877]::sys::backtrace::__rust_begin_short_backtrace::<test[aada8e7e76ba119b]::run_test::{closure#1}, ()>
[INFO] [stdout]   17:     0x5bcfbf1af6d2 - <std[617be2ca0a6fd877]::thread::lifecycle::spawn_unchecked<test[aada8e7e76ba119b]::run_test::{closure#1}, ()>::{closure#1} as core[a373ad73a504971]::ops::function::FnOnce<()>>::call_once::{shim:vtable#0}
[INFO] [stdout]   18:     0x5bcfbf21f2ff - <std[617be2ca0a6fd877]::sys::thread::unix::Thread>::new::thread_start
[INFO] [stdout]   19:     0x755039d6bdfa - <unknown>
[INFO] [stdout]   20:     0x755039dff3d4 - clone
[INFO] [stdout]   21:                0x0 - <unknown>
[INFO] [stdout] 
[INFO] [stdout] ---- model_fields_exist_in_the_spec stdout ----
[INFO] [stdout] 
[INFO] [stdout] thread 'model_fields_exist_in_the_spec' (3831) panicked at tests/conformance.rs:39:9:
[INFO] [stdout] could not read /opt/rustwide/workdir/../../spec/vikunja.json (No such file or directory (os error 2)). Run `cargo xtask fetch-spec`.
[INFO] [stdout] stack backtrace:
[INFO] [stdout]    0:     0x5bcfbf21fe01 - <<std[617be2ca0a6fd877]::sys::backtrace::BacktraceLock>::print::DisplayBacktrace as core[a373ad73a504971]::fmt::Display>::fmt
[INFO] [stdout]    1:     0x5bcfbf2347ca - core[a373ad73a504971]::fmt::write
[INFO] [stdout]    2:     0x5bcfbf22403c - <alloc[2e1b2a31b91974c5]::vec::Vec<u8> as core[a373ad73a504971]::io::write::Write>::write_fmt
[INFO] [stdout]    3:     0x5bcfbf1fbd76 - std[617be2ca0a6fd877]::panicking::default_hook::{closure#0}
[INFO] [stdout]    4:     0x5bcfbf218139 - std[617be2ca0a6fd877]::panicking::default_hook
[INFO] [stdout]    5:     0x5bcfbf1ac020 - test[aada8e7e76ba119b]::test_main_inner::{closure#0}
[INFO] [stdout]    6:     0x5bcfbf2182f2 - std[617be2ca0a6fd877]::panicking::panic_with_hook
[INFO] [stdout]    7:     0x5bcfbf1fbe22 - std[617be2ca0a6fd877]::panicking::panic_handler::{closure#0}
[INFO] [stdout]    8:     0x5bcfbf1f49a9 - std[617be2ca0a6fd877]::sys::backtrace::__rust_end_short_backtrace::<std[617be2ca0a6fd877]::panicking::panic_handler::{closure#0}, !>
[INFO] [stdout]    9:     0x5bcfbf1fca2d - __rustc[ea4f61d10b84890b]::rust_begin_unwind
[INFO] [stdout]   10:     0x5bcfbf234efc - core[a373ad73a504971]::panicking::panic_fmt
[INFO] [stdout]   11:     0x5bcfbf189db9 - conformance[f1ab9754743c990b]::spec::{closure#0}
[INFO] [stdout]   12:     0x5bcfbf18a211 - conformance[f1ab9754743c990b]::spec
[INFO] [stdout]   13:     0x5bcfbf18a289 - conformance[f1ab9754743c990b]::model_fields_exist_in_the_spec
[INFO] [stdout]   14:     0x5bcfbf18fbe9 - <conformance[f1ab9754743c990b]::model_fields_exist_in_the_spec::{closure#0} as core[a373ad73a504971]::ops::function::FnOnce<()>>::call_once
[INFO] [stdout]   15:     0x5bcfbf19f46b - test[aada8e7e76ba119b]::__rust_begin_short_backtrace::<core[a373ad73a504971]::result::Result<(), alloc[2e1b2a31b91974c5]::string::String>, fn() -> core[a373ad73a504971]::result::Result<(), alloc[2e1b2a31b91974c5]::string::String>>
[INFO] [stdout]   16:     0x5bcfbf1ac645 - test[aada8e7e76ba119b]::run_test::{closure#0}
[INFO] [stdout]   17:     0x5bcfbf1a5f34 - std[617be2ca0a6fd877]::sys::backtrace::__rust_begin_short_backtrace::<test[aada8e7e76ba119b]::run_test::{closure#1}, ()>
[INFO] [stdout]   18:     0x5bcfbf1af6d2 - <std[617be2ca0a6fd877]::thread::lifecycle::spawn_unchecked<test[aada8e7e76ba119b]::run_test::{closure#1}, ()>::{closure#1} as core[a373ad73a504971]::ops::function::FnOnce<()>>::call_once::{shim:vtable#0}
[INFO] [stdout]   19:     0x5bcfbf21f2ff - <std[617be2ca0a6fd877]::sys::thread::unix::Thread>::new::thread_start
[INFO] [stdout]   20:     0x755039d6bdfa - <unknown>
[INFO] [stdout]   21:     0x755039dff3d4 - clone
[INFO] [stdout]   22:                0x0 - <unknown>
[INFO] [stdout] 
[INFO] [stdout] ---- the_renamed_tasks_endpoint_is_not_resurrected stdout ----
[INFO] [stdout] 
[INFO] [stdout] thread 'the_renamed_tasks_endpoint_is_not_resurrected' (3834) panicked at tests/conformance.rs:39:9:
[INFO] [stdout] could not read /opt/rustwide/workdir/../../spec/vikunja.json (No such file or directory (os error 2)). Run `cargo xtask fetch-spec`.
[INFO] [stdout] stack backtrace:
[INFO] [stdout]    0:     0x5bcfbf21fe01 - <<std[617be2ca0a6fd877]::sys::backtrace::BacktraceLock>::print::DisplayBacktrace as core[a373ad73a504971]::fmt::Display>::fmt
[INFO] [stdout]    1:     0x5bcfbf2347ca - core[a373ad73a504971]::fmt::write
[INFO] [stdout]    2:     0x5bcfbf22403c - <alloc[2e1b2a31b91974c5]::vec::Vec<u8> as core[a373ad73a504971]::io::write::Write>::write_fmt
[INFO] [stdout]    3:     0x5bcfbf1fbd76 - std[617be2ca0a6fd877]::panicking::default_hook::{closure#0}
[INFO] [stdout]    4:     0x5bcfbf218139 - std[617be2ca0a6fd877]::panicking::default_hook
[INFO] [stdout]    5:     0x5bcfbf1ac020 - test[aada8e7e76ba119b]::test_main_inner::{closure#0}
[INFO] [stdout]    6:     0x5bcfbf2182f2 - std[617be2ca0a6fd877]::panicking::panic_with_hook
[INFO] [stdout]    7:     0x5bcfbf1fbe22 - std[617be2ca0a6fd877]::panicking::panic_handler::{closure#0}
[INFO] [stdout]    8:     0x5bcfbf1f49a9 - std[617be2ca0a6fd877]::sys::backtrace::__rust_end_short_backtrace::<std[617be2ca0a6fd877]::panicking::panic_handler::{closure#0}, !>
[INFO] [stdout]    9:     0x5bcfbf1fca2d - __rustc[ea4f61d10b84890b]::rust_begin_unwind
[INFO] [stdout]   10:     0x5bcfbf234efc - core[a373ad73a504971]::panicking::panic_fmt
[INFO] [stdout]   11:     0x5bcfbf189db9 - conformance[f1ab9754743c990b]::spec::{closure#0}
[INFO] [stdout]   12:     0x5bcfbf18a211 - conformance[f1ab9754743c990b]::spec
[INFO] [stdout]   13:     0x5bcfbf190a3e - <conformance[f1ab9754743c990b]::the_renamed_tasks_endpoint_is_not_resurrected::{closure#0} as core[a373ad73a504971]::ops::function::FnOnce<()>>::call_once
[INFO] [stdout]   14:     0x5bcfbf19f46b - test[aada8e7e76ba119b]::__rust_begin_short_backtrace::<core[a373ad73a504971]::result::Result<(), alloc[2e1b2a31b91974c5]::string::String>, fn() -> core[a373ad73a504971]::result::Result<(), alloc[2e1b2a31b91974c5]::string::String>>
[INFO] [stdout]   15:     0x5bcfbf1ac645 - test[aada8e7e76ba119b]::run_test::{closure#0}
[INFO] [stdout]   16:     0x5bcfbf1a5f34 - std[617be2ca0a6fd877]::sys::backtrace::__rust_begin_short_backtrace::<test[aada8e7e76ba119b]::run_test::{closure#1}, ()>
[INFO] [stdout]   17:     0x5bcfbf1af6d2 - <std[617be2ca0a6fd877]::thread::lifecycle::spawn_unchecked<test[aada8e7e76ba119b]::run_test::{closure#1}, ()>::{closure#1} as core[a373ad73a504971]::ops::function::FnOnce<()>>::call_once::{shim:vtable#0}
[INFO] [stdout]   18:     0x5bcfbf21f2ff - <std[617be2ca0a6fd877]::sys::thread::unix::Thread>::new::thread_start
[INFO] [stdout]   19:     0x755039d6bdfa - <unknown>
[INFO] [stdout]   20:     0x755039dff3d4 - clone
[INFO] [stdout]   21:                0x0 - <unknown>
[INFO] [stdout] 
[INFO] [stdout] 
[INFO] [stdout] failures:
[INFO] [stdout]     every_endpoint_exists_in_the_spec
[INFO] [stdout]     model_fields_exist_in_the_spec
[INFO] [stdout]     pagination_headers_are_documented_as_expected
[INFO] [stdout]     the_renamed_tasks_endpoint_is_not_resurrected
[INFO] [stdout]     the_spec_is_the_version_we_target
[INFO] [stdout] 
[INFO] [stdout] test result: FAILED. 1 passed; 5 failed; 0 ignored; 0 measured; 0 filtered out; finished in 0.01s
[INFO] [stdout] 
[INFO] running `Command { std: "docker" "inspect" "0b8d65797affdee3998209ff511292b62408045a17d2cc3688c89b57139f53fb", kill_on_drop: false }`
[INFO] running `Command { std: "docker" "rm" "-f" "0b8d65797affdee3998209ff511292b62408045a17d2cc3688c89b57139f53fb", kill_on_drop: false }`
[INFO] [stdout] 0b8d65797affdee3998209ff511292b62408045a17d2cc3688c89b57139f53fb
