[INFO] fetching crate tuassiff 0.1.0...
[INFO] testing tuassiff-0.1.0 against 1.100.0-beta.1+cargoflags=--release for beta-release-1.100-2
[INFO] extracting crate tuassiff 0.1.0 into /workspace/builds/worker-2-tc2/source
[INFO] started tweaking crates.io crate tuassiff 0.1.0
[INFO] finished tweaking crates.io crate tuassiff 0.1.0
[INFO] tweaked toml for crates.io crate tuassiff 0.1.0 written to /workspace/builds/worker-2-tc2/source/Cargo.toml
[INFO] validating manifest of crates.io crate tuassiff 0.1.0 on toolchain 1.100.0-beta.1
[INFO] running `Command { std: CARGO_HOME="/workspace/cargo-home" RUSTUP_HOME="/workspace/rustup-home" "/workspace/cargo-home/bin/cargo" "+1.100.0-beta.1" "metadata" "--manifest-path" "Cargo.toml" "--no-deps", kill_on_drop: false }`
[INFO] crate crates.io crate tuassiff 0.1.0 already has a lockfile, it will not be regenerated
[INFO] running `Command { std: CARGO_HOME="/workspace/cargo-home" RUSTUP_HOME="/workspace/rustup-home" "/workspace/cargo-home/bin/cargo" "+1.100.0-beta.1" "fetch" "--manifest-path" "Cargo.toml", kill_on_drop: false }`
[INFO] running `Command { std: "docker" "create" "-v" "/var/lib/crater-agent-workspace/builds/worker-2-tc2/source:/opt/rustwide/workdir:ro,Z" "-v" "/var/lib/crater-agent-workspace/builds/worker-2-tc2/target:/opt/rustwide/target:rw,Z" "-v" "/var/lib/crater-agent-workspace/cargo-home:/opt/rustwide/cargo-home:ro,Z" "-v" "/var/lib/crater-agent-workspace/rustup-home:/opt/rustwide/rustup-home:ro,Z" "-m" "1610612736" "--network" "none" "ghcr.io/rust-lang/crates-build-env/linux@sha256:77db811e55d90add9212f6832c23229e3de5f1c1f9905e8cb07319ea15df73ac" "sleep" "infinity", kill_on_drop: false }`
[INFO] [stdout] 3af5141fd04c9ba8e72e635013ffb7fae3be64d7dcf58d273ad58c0c5cd27537
[INFO] running `Command { std: "docker" "start" "3af5141fd04c9ba8e72e635013ffb7fae3be64d7dcf58d273ad58c0c5cd27537", kill_on_drop: false }`
[INFO] running `Command { std: "docker" "inspect" "3af5141fd04c9ba8e72e635013ffb7fae3be64d7dcf58d273ad58c0c5cd27537", kill_on_drop: false }`
[INFO] running `Command { std: "docker" "exec" "-e" "SOURCE_DIR=/opt/rustwide/workdir" "-e" "CARGO_HOME=/opt/rustwide/cargo-home" "-e" "RUSTUP_HOME=/opt/rustwide/rustup-home" "-e" "CARGO_TARGET_DIR=/opt/rustwide/target" "-w" "/opt/rustwide/workdir" "--user" "0:0" "3af5141fd04c9ba8e72e635013ffb7fae3be64d7dcf58d273ad58c0c5cd27537" "/opt/rustwide/cargo-home/bin/cargo" "+1.100.0-beta.1" "metadata" "--no-deps" "--format-version=1", kill_on_drop: false }`
[INFO] running `Command { std: "docker" "inspect" "3af5141fd04c9ba8e72e635013ffb7fae3be64d7dcf58d273ad58c0c5cd27537", kill_on_drop: false }`
[INFO] running `Command { std: "docker" "exec" "-e" "SOURCE_DIR=/opt/rustwide/workdir" "-e" "CARGO_HOME=/opt/rustwide/cargo-home" "-e" "RUSTUP_HOME=/opt/rustwide/rustup-home" "-e" "CARGO_TARGET_DIR=/opt/rustwide/target" "-e" "CARGO_INCREMENTAL=0" "-e" "RUST_BACKTRACE=full" "-e" "RUSTFLAGS=--cap-lints=warn" "-e" "RUSTDOCFLAGS=--cap-lints=warn" "-w" "/opt/rustwide/workdir" "--user" "0:0" "3af5141fd04c9ba8e72e635013ffb7fae3be64d7dcf58d273ad58c0c5cd27537" "/opt/rustwide/cargo-home/bin/cargo" "+1.100.0-beta.1" "build" "--frozen" "--message-format=json" "--release", kill_on_drop: false }`
[INFO] [stderr]    Compiling unicode-ident v1.0.26
[INFO] [stderr]    Compiling crossbeam-utils v0.8.23
[INFO] [stderr]    Compiling crossbeam-epoch v0.9.21
[INFO] [stderr]    Compiling crossbeam-deque v0.8.8
[INFO] [stderr]    Compiling simd-adler32 v0.3.10
[INFO] [stderr]    Compiling num-integer v0.1.47
[INFO] [stderr]    Compiling anyhow v1.0.104
[INFO] [stderr]    Compiling either v1.18.0
[INFO] [stderr]    Compiling proc-macro2 v1.0.107
[INFO] [stderr]    Compiling zerocopy v0.8.59
[INFO] [stderr]    Compiling thiserror v2.0.21
[INFO] [stderr]    Compiling as-slice v0.2.1
[INFO] [stderr]    Compiling bytemuck v1.25.2
[INFO] [stderr]    Compiling num-bigint v0.4.8
[INFO] [stderr]    Compiling av-scenechange v0.14.1
[INFO] [stderr]    Compiling libc v0.2.190
[INFO] [stderr]    Compiling quote v1.0.47
[INFO] [stderr]    Compiling libm v0.2.16
[INFO] [stderr]    Compiling syn v2.0.119
[INFO] [stderr]    Compiling syn v3.0.6
[INFO] [stderr]    Compiling built v0.8.1
[INFO] [stderr]    Compiling bitflags v2.13.2
[INFO] [stderr]    Compiling pulp v0.22.3
[INFO] [stderr]    Compiling aligned v0.4.3
[INFO] [stderr]    Compiling miniz_oxide v0.9.1
[INFO] [stderr]    Compiling nom v8.0.0
[INFO] [stderr]    Compiling rav1e v0.8.1
[INFO] [stderr]    Compiling no_std_io2 v0.9.4
[INFO] [stderr]    Compiling pastey v0.1.1
[INFO] [stderr]    Compiling rayon-core v1.13.0
[INFO] [stderr]    Compiling y4m v0.8.0
[INFO] [stderr]    Compiling quick-error v2.0.1
[INFO] [stderr]    Compiling flate2 v1.1.10
[INFO] [stderr]    Compiling bitstream-io v4.10.0
[INFO] [stderr]    Compiling rayon v1.12.0
[INFO] [stderr]    Compiling num-rational v0.4.2
[INFO] [stderr]    Compiling thiserror-impl v2.0.21
[INFO] [stderr]    Compiling raw-cpuid v11.6.0
[INFO] [stderr]    Compiling simd_helpers v0.1.0
[INFO] [stderr]    Compiling num-complex v0.4.6
[INFO] [stderr]    Compiling itertools v0.14.0
[INFO] [stderr]    Compiling miniz_oxide v0.8.9
[INFO] [stderr]    Compiling zune-core v0.5.3
[INFO] [stderr]    Compiling weezl v0.1.12
[INFO] [stderr]    Compiling pulp-wasm-simd-flag v0.1.1
[INFO] [stderr]    Compiling imgref v1.12.3
[INFO] [stderr]    Compiling maybe-rayon v0.1.1
[INFO] [stderr]    Compiling reborrow v0.5.5
[INFO] [stderr]    Compiling noop_proc_macro v0.3.0
[INFO] [stderr]    Compiling new_debug_unreachable v1.0.6
[INFO] [stderr]    Compiling loop9 v0.1.5
[INFO] [stderr]    Compiling zune-jpeg v0.5.15
[INFO] [stderr]    Compiling avif-serialize v0.8.9
[INFO] [stderr]    Compiling equator-macro v0.4.2
[INFO] [stderr]    Compiling zerocopy-derive v0.8.59
[INFO] [stderr]    Compiling profiling-procmacros v1.0.18
[INFO] [stderr]    Compiling arg_enum_proc_macro v0.3.4
[INFO] [stderr]    Compiling profiling v1.0.18
[INFO] [stderr]    Compiling num-derive v0.4.2
[INFO] [stderr]    Compiling equator v0.4.2
[INFO] [stderr]    Compiling aligned-vec v0.6.4
[INFO] [stderr]    Compiling zune-inflate v0.2.54
[INFO] [stderr]    Compiling v_frame v0.3.9
[INFO] [stderr]    Compiling fdeflate v0.3.7
[INFO] [stderr]    Compiling av1-grain v0.2.5
[INFO] [stderr]    Compiling fax v0.2.7
[INFO] [stderr]    Compiling pxfm v0.1.30
[INFO] [stderr]    Compiling color_quant v1.1.0
[INFO] [stderr]    Compiling bit_field v0.10.3
[INFO] [stderr]    Compiling smallvec v1.16.2
[INFO] [stderr]    Compiling rgb v0.8.53
[INFO] [stderr]    Compiling lebe v0.5.3
[INFO] [stderr]    Compiling byteorder-lite v0.1.0
[INFO] [stderr]    Compiling gif v0.14.2
[INFO] [stderr]    Compiling image-webp v0.2.4
[INFO] [stderr]    Compiling png v0.18.1
[INFO] [stderr]    Compiling qoi v0.4.1
[INFO] [stderr]    Compiling moxcms v0.8.1
[INFO] [stderr]    Compiling half v2.7.1
[INFO] [stderr]    Compiling exr v1.74.2
[INFO] [stderr]    Compiling tiff v0.11.3
[INFO] [stderr]    Compiling ravif v0.13.0
[INFO] [stderr]    Compiling image v0.25.10
[INFO] [stderr]    Compiling tuassiff v0.1.0 (/opt/rustwide/workdir)
[INFO] [stderr]     Finished `release` profile [optimized] target(s) in 4m 51s
[INFO] running `Command { std: "docker" "inspect" "3af5141fd04c9ba8e72e635013ffb7fae3be64d7dcf58d273ad58c0c5cd27537", kill_on_drop: false }`
[INFO] running `Command { std: "docker" "exec" "-e" "SOURCE_DIR=/opt/rustwide/workdir" "-e" "CARGO_HOME=/opt/rustwide/cargo-home" "-e" "RUSTUP_HOME=/opt/rustwide/rustup-home" "-e" "CARGO_TARGET_DIR=/opt/rustwide/target" "-e" "CARGO_INCREMENTAL=0" "-e" "RUST_BACKTRACE=full" "-e" "RUSTFLAGS=--cap-lints=warn" "-e" "RUSTDOCFLAGS=--cap-lints=warn" "-w" "/opt/rustwide/workdir" "--user" "0:0" "3af5141fd04c9ba8e72e635013ffb7fae3be64d7dcf58d273ad58c0c5cd27537" "/opt/rustwide/cargo-home/bin/cargo" "+1.100.0-beta.1" "test" "--frozen" "--no-run" "--message-format=json" "--release", kill_on_drop: false }`
[INFO] [stderr]    Compiling tuassiff v0.1.0 (/opt/rustwide/workdir)
[INFO] [stderr]     Finished `release` profile [optimized] target(s) in 0.55s
[INFO] running `Command { std: "docker" "inspect" "3af5141fd04c9ba8e72e635013ffb7fae3be64d7dcf58d273ad58c0c5cd27537", kill_on_drop: false }`
[INFO] running `Command { std: "docker" "exec" "-e" "SOURCE_DIR=/opt/rustwide/workdir" "-e" "CARGO_HOME=/opt/rustwide/cargo-home" "-e" "RUSTUP_HOME=/opt/rustwide/rustup-home" "-e" "CARGO_TARGET_DIR=/opt/rustwide/target" "-e" "CARGO_INCREMENTAL=0" "-e" "RUST_BACKTRACE=full" "-e" "RUSTFLAGS=--cap-lints=warn" "-e" "RUSTDOCFLAGS=--cap-lints=warn" "-w" "/opt/rustwide/workdir" "--user" "0:0" "3af5141fd04c9ba8e72e635013ffb7fae3be64d7dcf58d273ad58c0c5cd27537" "/opt/rustwide/cargo-home/bin/cargo" "+1.100.0-beta.1" "test" "--frozen" "--release", kill_on_drop: false }`
[INFO] [stderr]     Finished `release` profile [optimized] target(s) in 0.15s
[INFO] [stderr]      Running unittests src/lib.rs (/opt/rustwide/target/release/build/tuassiff/c2d65af555edfceb/out/tuassiff-c2d65af555edfceb)
[INFO] [stdout] 
[INFO] [stdout] running 0 tests
[INFO] [stdout] 
[INFO] [stdout] test result: ok. 0 passed; 0 failed; 0 ignored; 0 measured; 0 filtered out; finished in 0.00s
[INFO] [stdout] 
[INFO] [stderr]      Running unittests src/main.rs (/opt/rustwide/target/release/build/tuassiff/a983a5dbb991d25d/out/tuassiff-a983a5dbb991d25d)
[INFO] [stderr]    Doc-tests tuassiff
[INFO] [stdout] 
[INFO] [stdout] running 0 tests
[INFO] [stdout] 
[INFO] [stdout] test result: ok. 0 passed; 0 failed; 0 ignored; 0 measured; 0 filtered out; finished in 0.00s
[INFO] [stdout] 
[INFO] [stdout] 
[INFO] [stdout] running 8 tests
[INFO] [stdout] test src/lib.rs - (line 13) - compile ... FAILED
[INFO] [stdout] test src/lib.rs - Data::save (line 237) - compile ... ok
[INFO] [stdout] test src/lib.rs - Data::open (line 157) - compile ... ok
[INFO] [stdout] test src/lib.rs - MAGIC_BYTES (line 68) ... FAILED
[INFO] [stdout] test src/lib.rs - Data::from_img (line 305) ... ok
[INFO] [stdout] test src/lib.rs - (line 32) - compile ... FAILED
[INFO] [stdout] test src/lib.rs - Data::to_img (line 273) ... ok
[INFO] [stdout] test src/lib.rs - Data::from (line 118) ... ok
[INFO] [stdout] 
[INFO] [stdout] failures:
[INFO] [stdout] 
[INFO] [stdout] ---- src/lib.rs - (line 13) stdout ----
[INFO] [stdout] error[E0433]: cannot find type `PathBuf` in this scope
[INFO] [stdout]   --> src/lib.rs:19:14
[INFO] [stdout]    |
[INFO] [stdout] 19 | let source = PathBuf::from("/home/user/image.png");
[INFO] [stdout]    |              ^^^^^^^ use of undeclared type `PathBuf`
[INFO] [stdout]    |
[INFO] [stdout] help: consider importing this struct
[INFO] [stdout]    |
[INFO] [stdout] 12 + use std::path::PathBuf;
[INFO] [stdout]    |
[INFO] [stdout] 
[INFO] [stdout] error[E0433]: cannot find type `PathBuf` in this scope
[INFO] [stdout]   --> src/lib.rs:20:14
[INFO] [stdout]    |
[INFO] [stdout] 20 | let target = PathBuf::from("/home/user/image.tuassiff");
[INFO] [stdout]    |              ^^^^^^^ use of undeclared type `PathBuf`
[INFO] [stdout]    |
[INFO] [stdout] help: consider importing this struct
[INFO] [stdout]    |
[INFO] [stdout] 12 + use std::path::PathBuf;
[INFO] [stdout]    |
[INFO] [stdout] 
[INFO] [stdout] error: aborting due to 2 previous errors
[INFO] [stdout] 
[INFO] [stdout] For more information about this error, try `rustc --explain E0433`.
[INFO] [stdout] Couldn't compile the test.
[INFO] [stdout] ---- src/lib.rs - MAGIC_BYTES (line 68) stdout ----
[INFO] [stdout] error[E0308]: mismatched types
[INFO] [stdout]   --> src/lib.rs:69:1
[INFO] [stdout]    |
[INFO] [stdout] 68 | fn main() { #[allow(non_snake_case)] fn _doctest_main_src_lib_rs_68_0() {
[INFO] [stdout]    |                                                                        - help: try adding a return type: `-> i32`
[INFO] [stdout] 69 | 69213742067133780085420692137
[INFO] [stdout]    | ^^^^^^^^^^^^^^^^^^^^^^^^^^^^^ expected `()`, found integer
[INFO] [stdout] 
[INFO] [stdout] error: aborting due to 1 previous error
[INFO] [stdout] 
[INFO] [stdout] For more information about this error, try `rustc --explain E0308`.
[INFO] [stdout] Couldn't compile the test.
[INFO] [stdout] ---- src/lib.rs - (line 32) stdout ----
[INFO] [stdout] error[E0433]: cannot find type `PathBuf` in this scope
[INFO] [stdout]   --> src/lib.rs:37:14
[INFO] [stdout]    |
[INFO] [stdout] 37 | let source = PathBuf::from("/home/user/image.tuassiff");
[INFO] [stdout]    |              ^^^^^^^ use of undeclared type `PathBuf`
[INFO] [stdout]    |
[INFO] [stdout] help: consider importing this struct
[INFO] [stdout]    |
[INFO] [stdout] 31 + use std::path::PathBuf;
[INFO] [stdout]    |
[INFO] [stdout] 
[INFO] [stdout] error[E0433]: cannot find type `PathBuf` in this scope
[INFO] [stdout]   --> src/lib.rs:38:14
[INFO] [stdout]    |
[INFO] [stdout] 38 | let target = PathBuf::from("/home/user/image.png");
[INFO] [stdout]    |              ^^^^^^^ use of undeclared type `PathBuf`
[INFO] [stdout]    |
[INFO] [stdout] help: consider importing this struct
[INFO] [stdout]    |
[INFO] [stdout] 31 + use std::path::PathBuf;
[INFO] [stdout]    |
[INFO] [stdout] 
[INFO] [stdout] error: aborting due to 2 previous errors
[INFO] [stdout] 
[INFO] [stdout] For more information about this error, try `rustc --explain E0433`.
[INFO] [stdout] Couldn't compile the test.
[INFO] [stdout] 
[INFO] [stdout] failures:
[INFO] [stdout]     src/lib.rs - (line 13)
[INFO] [stdout]     src/lib.rs - (line 32)
[INFO] [stdout]     src/lib.rs - MAGIC_BYTES (line 68)
[INFO] [stdout] 
[INFO] [stdout] test result: FAILED. 5 passed; 3 failed; 0 ignored; 0 measured; 0 filtered out; finished in 0.70s
[INFO] [stdout] 
[INFO] [stdout] all doctests ran in 0.90s; merged doctests compilation took 0.19s
[INFO] [stderr] error: doctest failed, to rerun pass `--doc`
[INFO] running `Command { std: "docker" "inspect" "3af5141fd04c9ba8e72e635013ffb7fae3be64d7dcf58d273ad58c0c5cd27537", kill_on_drop: false }`
[INFO] running `Command { std: "docker" "rm" "-f" "3af5141fd04c9ba8e72e635013ffb7fae3be64d7dcf58d273ad58c0c5cd27537", kill_on_drop: false }`
[INFO] [stdout] 3af5141fd04c9ba8e72e635013ffb7fae3be64d7dcf58d273ad58c0c5cd27537
