[INFO] fetching crate ttrpc 0.10.0...
[INFO] testing ttrpc-0.10.0 against 1.100.0-beta.1+cargoflags=--release for beta-release-1.100-2
[INFO] extracting crate ttrpc 0.10.0 into /workspace/builds/worker-5-tc2/source
[INFO] removed /workspace/builds/worker-5-tc2/source/rust-toolchain.toml
[INFO] started tweaking crates.io crate ttrpc 0.10.0
[INFO] removed 0 missing tests
[INFO] finished tweaking crates.io crate ttrpc 0.10.0
[INFO] tweaked toml for crates.io crate ttrpc 0.10.0 written to /workspace/builds/worker-5-tc2/source/Cargo.toml
[INFO] validating manifest of crates.io crate ttrpc 0.10.0 on toolchain 1.100.0-beta.1
[INFO] running `Command { std: CARGO_HOME="/workspace/cargo-home" RUSTUP_HOME="/workspace/rustup-home" "/workspace/cargo-home/bin/cargo" "+1.100.0-beta.1" "metadata" "--manifest-path" "Cargo.toml" "--no-deps", kill_on_drop: false }`
[INFO] crate crates.io crate ttrpc 0.10.0 already has a lockfile, it will not be regenerated
[INFO] running `Command { std: CARGO_HOME="/workspace/cargo-home" RUSTUP_HOME="/workspace/rustup-home" "/workspace/cargo-home/bin/cargo" "+1.100.0-beta.1" "fetch" "--manifest-path" "Cargo.toml", kill_on_drop: false }`
[INFO] [stderr] warning: `package.homepage` is redundant with `package.repository`
[INFO] [stderr]   --> Cargo.toml:87:12
[INFO] [stderr]    |
[INFO] [stderr] 87 | homepage = "https://github.com/containerd/ttrpc-rust"
[INFO] [stderr]    |            ^^^^^^^^^^^^^^^^^^^^^^^^^^^^^^^^^^^^^^^^^^
[INFO] [stderr] ...
[INFO] [stderr] 92 | repository = "https://github.com/containerd/ttrpc-rust"
[INFO] [stderr]    |              ------------------------------------------
[INFO] [stderr]    |
[INFO] [stderr]    = note: `cargo::redundant_homepage` is set to `warn` by default
[INFO] [stderr] help: consider removing `package.homepage`
[INFO] [stderr] warning: `ttrpc` (manifest) generated 1 warning
[INFO] running `Command { std: "docker" "create" "-v" "/var/lib/crater-agent-workspace/builds/worker-5-tc2/source:/opt/rustwide/workdir:ro,Z" "-v" "/var/lib/crater-agent-workspace/builds/worker-5-tc2/target:/opt/rustwide/target:rw,Z" "-v" "/var/lib/crater-agent-workspace/cargo-home:/opt/rustwide/cargo-home:ro,Z" "-v" "/var/lib/crater-agent-workspace/rustup-home:/opt/rustwide/rustup-home:ro,Z" "-m" "1610612736" "--network" "none" "ghcr.io/rust-lang/crates-build-env/linux@sha256:77db811e55d90add9212f6832c23229e3de5f1c1f9905e8cb07319ea15df73ac" "sleep" "infinity", kill_on_drop: false }`
[INFO] [stdout] 75ff83edbed23469547224440a6bd98c62a61f71ef396a832412953c379df4e6
[INFO] running `Command { std: "docker" "start" "75ff83edbed23469547224440a6bd98c62a61f71ef396a832412953c379df4e6", kill_on_drop: false }`
[INFO] running `Command { std: "docker" "inspect" "75ff83edbed23469547224440a6bd98c62a61f71ef396a832412953c379df4e6", kill_on_drop: false }`
[INFO] running `Command { std: "docker" "exec" "-e" "SOURCE_DIR=/opt/rustwide/workdir" "-e" "CARGO_HOME=/opt/rustwide/cargo-home" "-e" "RUSTUP_HOME=/opt/rustwide/rustup-home" "-e" "CARGO_TARGET_DIR=/opt/rustwide/target" "-w" "/opt/rustwide/workdir" "--user" "0:0" "75ff83edbed23469547224440a6bd98c62a61f71ef396a832412953c379df4e6" "/opt/rustwide/cargo-home/bin/cargo" "+1.100.0-beta.1" "metadata" "--no-deps" "--format-version=1", kill_on_drop: false }`
[INFO] running `Command { std: "docker" "inspect" "75ff83edbed23469547224440a6bd98c62a61f71ef396a832412953c379df4e6", kill_on_drop: false }`
[INFO] running `Command { std: "docker" "exec" "-e" "SOURCE_DIR=/opt/rustwide/workdir" "-e" "CARGO_HOME=/opt/rustwide/cargo-home" "-e" "RUSTUP_HOME=/opt/rustwide/rustup-home" "-e" "CARGO_TARGET_DIR=/opt/rustwide/target" "-e" "CARGO_INCREMENTAL=0" "-e" "RUST_BACKTRACE=full" "-e" "RUSTFLAGS=--cap-lints=warn" "-e" "RUSTDOCFLAGS=--cap-lints=warn" "-w" "/opt/rustwide/workdir" "--user" "0:0" "75ff83edbed23469547224440a6bd98c62a61f71ef396a832412953c379df4e6" "/opt/rustwide/cargo-home/bin/cargo" "+1.100.0-beta.1" "build" "--frozen" "--message-format=json" "--release", kill_on_drop: false }`
[INFO] [stderr] warning: `package.homepage` is redundant with `package.repository`
[INFO] [stderr]   --> Cargo.toml:87:12
[INFO] [stderr]    |
[INFO] [stderr] 87 | homepage = "https://github.com/containerd/ttrpc-rust"
[INFO] [stderr]    |            ^^^^^^^^^^^^^^^^^^^^^^^^^^^^^^^^^^^^^^^^^^
[INFO] [stderr] ...
[INFO] [stderr] 92 | repository = "https://github.com/containerd/ttrpc-rust"
[INFO] [stderr]    |              ------------------------------------------
[INFO] [stderr]    |
[INFO] [stderr]    = note: `cargo::redundant_homepage` is set to `warn` by default
[INFO] [stderr] help: consider removing `package.homepage`
[INFO] [stderr] warning: `ttrpc` (manifest) generated 1 warning
[INFO] [stderr]    Compiling bitflags v2.13.1
[INFO] [stderr]    Compiling protobuf v3.7.2
[INFO] [stderr]    Compiling crossbeam-utils v0.8.22
[INFO] [stderr]    Compiling either v1.17.0
[INFO] [stderr]    Compiling thiserror-impl v1.0.69
[INFO] [stderr]    Compiling libc v0.2.189
[INFO] [stderr]    Compiling getrandom v0.3.4
[INFO] [stderr]    Compiling home v0.5.9
[INFO] [stderr]    Compiling indexmap v2.11.4
[INFO] [stderr]    Compiling regex-automata v0.4.18
[INFO] [stderr]    Compiling crossbeam-deque v0.8.7
[INFO] [stderr]    Compiling memoffset v0.7.1
[INFO] [stderr]    Compiling nix v0.26.4
[INFO] [stderr]    Compiling rustix v1.1.4
[INFO] [stderr]    Compiling rustix v0.38.44
[INFO] [stderr]    Compiling thiserror v1.0.69
[INFO] [stderr]    Compiling protobuf-support v3.7.2
[INFO] [stderr]    Compiling crossbeam-epoch v0.9.20
[INFO] [stderr]    Compiling crossbeam-channel v0.5.16
[INFO] [stderr]    Compiling crossbeam-queue v0.3.13
[INFO] [stderr]    Compiling crossbeam v0.8.4
[INFO] [stderr]    Compiling tempfile v3.24.0
[INFO] [stderr]    Compiling which v4.4.2
[INFO] [stderr]    Compiling regex v1.13.1
[INFO] [stderr]    Compiling protobuf-parse v3.7.2
[INFO] [stderr]    Compiling protobuf-codegen v3.7.2
[INFO] [stderr]    Compiling ttrpc v0.10.0 (/opt/rustwide/workdir)
[INFO] [stdout] warning: lint `soft_unstable` has been removed: the general soft-unstable mechanism has been removed
[INFO] [stdout]   --> src/proto.rs:12:9
[INFO] [stdout]    |
[INFO] [stdout] 12 | #[allow(soft_unstable, clippy::type_complexity, clippy::too_many_arguments)]
[INFO] [stdout]    |         ^^^^^^^^^^^^^
[INFO] [stdout]    |
[INFO] [stdout]    = note: `#[warn(renamed_and_removed_lints)]` on by default
[INFO] [stdout] 
[INFO] [stdout] 
[INFO] [stderr]     Finished `release` profile [optimized] target(s) in 40.56s
[INFO] running `Command { std: "docker" "inspect" "75ff83edbed23469547224440a6bd98c62a61f71ef396a832412953c379df4e6", kill_on_drop: false }`
[INFO] running `Command { std: "docker" "exec" "-e" "SOURCE_DIR=/opt/rustwide/workdir" "-e" "CARGO_HOME=/opt/rustwide/cargo-home" "-e" "RUSTUP_HOME=/opt/rustwide/rustup-home" "-e" "CARGO_TARGET_DIR=/opt/rustwide/target" "-e" "CARGO_INCREMENTAL=0" "-e" "RUST_BACKTRACE=full" "-e" "RUSTFLAGS=--cap-lints=warn" "-e" "RUSTDOCFLAGS=--cap-lints=warn" "-w" "/opt/rustwide/workdir" "--user" "0:0" "75ff83edbed23469547224440a6bd98c62a61f71ef396a832412953c379df4e6" "/opt/rustwide/cargo-home/bin/cargo" "+1.100.0-beta.1" "test" "--frozen" "--no-run" "--message-format=json" "--release", kill_on_drop: false }`
[INFO] [stderr] warning: `package.homepage` is redundant with `package.repository`
[INFO] [stderr]   --> Cargo.toml:87:12
[INFO] [stderr]    |
[INFO] [stderr] 87 | homepage = "https://github.com/containerd/ttrpc-rust"
[INFO] [stderr]    |            ^^^^^^^^^^^^^^^^^^^^^^^^^^^^^^^^^^^^^^^^^^
[INFO] [stderr] ...
[INFO] [stderr] 92 | repository = "https://github.com/containerd/ttrpc-rust"
[INFO] [stderr]    |              ------------------------------------------
[INFO] [stderr]    |
[INFO] [stderr]    = note: `cargo::redundant_homepage` is set to `warn` by default
[INFO] [stderr] help: consider removing `package.homepage`
[INFO] [stderr] warning: `ttrpc` (manifest) generated 1 warning
[INFO] [stderr]    Compiling rustix v0.38.44
[INFO] [stderr]    Compiling home v0.5.9
[INFO] [stderr]    Compiling indexmap v2.11.4
[INFO] [stderr]    Compiling tempfile v3.24.0
[INFO] [stdout] warning: lint `soft_unstable` has been removed: the general soft-unstable mechanism has been removed
[INFO] [stdout]   --> src/proto.rs:12:9
[INFO] [stdout]    |
[INFO] [stdout] 12 | #[allow(soft_unstable, clippy::type_complexity, clippy::too_many_arguments)]
[INFO] [stdout]    |         ^^^^^^^^^^^^^
[INFO] [stdout]    |
[INFO] [stdout]    = note: `#[warn(renamed_and_removed_lints)]` on by default
[INFO] [stdout] 
[INFO] [stdout] 
[INFO] [stderr]    Compiling which v4.4.2
[INFO] [stderr]    Compiling protobuf-parse v3.7.2
[INFO] [stderr]    Compiling protobuf-codegen v3.7.2
[INFO] [stderr]    Compiling ttrpc-compiler v0.9.0
[INFO] [stderr]    Compiling ttrpc-codegen v0.7.0
[INFO] [stderr]    Compiling ttrpc v0.10.0 (/opt/rustwide/workdir)
[INFO] [stdout] warning: lint `soft_unstable` has been removed: the general soft-unstable mechanism has been removed
[INFO] [stdout]   --> src/proto.rs:12:9
[INFO] [stdout]    |
[INFO] [stdout] 12 | #[allow(soft_unstable, clippy::type_complexity, clippy::too_many_arguments)]
[INFO] [stdout]    |         ^^^^^^^^^^^^^
[INFO] [stdout]    |
[INFO] [stdout]    = note: `#[warn(renamed_and_removed_lints)]` on by default
[INFO] [stdout] 
[INFO] [stdout] 
[INFO] [stderr]     Finished `release` profile [optimized] target(s) in 22.50s
[INFO] running `Command { std: "docker" "inspect" "75ff83edbed23469547224440a6bd98c62a61f71ef396a832412953c379df4e6", kill_on_drop: false }`
[INFO] running `Command { std: "docker" "exec" "-e" "SOURCE_DIR=/opt/rustwide/workdir" "-e" "CARGO_HOME=/opt/rustwide/cargo-home" "-e" "RUSTUP_HOME=/opt/rustwide/rustup-home" "-e" "CARGO_TARGET_DIR=/opt/rustwide/target" "-e" "CARGO_INCREMENTAL=0" "-e" "RUST_BACKTRACE=full" "-e" "RUSTFLAGS=--cap-lints=warn" "-e" "RUSTDOCFLAGS=--cap-lints=warn" "-w" "/opt/rustwide/workdir" "--user" "0:0" "75ff83edbed23469547224440a6bd98c62a61f71ef396a832412953c379df4e6" "/opt/rustwide/cargo-home/bin/cargo" "+1.100.0-beta.1" "test" "--frozen" "--release", kill_on_drop: false }`
[INFO] [stderr] warning: `package.homepage` is redundant with `package.repository`
[INFO] [stderr]   --> Cargo.toml:87:12
[INFO] [stderr]    |
[INFO] [stderr] 87 | homepage = "https://github.com/containerd/ttrpc-rust"
[INFO] [stderr]    |            ^^^^^^^^^^^^^^^^^^^^^^^^^^^^^^^^^^^^^^^^^^
[INFO] [stderr] ...
[INFO] [stderr] 92 | repository = "https://github.com/containerd/ttrpc-rust"
[INFO] [stderr]    |              ------------------------------------------
[INFO] [stderr]    |
[INFO] [stderr]    = note: `cargo::redundant_homepage` is set to `warn` by default
[INFO] [stderr] help: consider removing `package.homepage`
[INFO] [stderr] warning: `ttrpc` (manifest) generated 1 warning
[INFO] [stderr] warning: lint `soft_unstable` has been removed: the general soft-unstable mechanism has been removed
[INFO] [stderr]   --> src/proto.rs:12:9
[INFO] [stderr]    |
[INFO] [stderr] 12 | #[allow(soft_unstable, clippy::type_complexity, clippy::too_many_arguments)]
[INFO] [stderr]    |         ^^^^^^^^^^^^^
[INFO] [stderr]    |
[INFO] [stderr]    = note: `#[warn(renamed_and_removed_lints)]` on by default
[INFO] [stderr] 
[INFO] [stderr] warning: `ttrpc` (lib) generated 1 warning
[INFO] [stderr] warning: `ttrpc` (lib test) generated 1 warning (1 duplicate)
[INFO] [stderr]     Finished `release` profile [optimized] target(s) in 0.17s
[INFO] [stderr]      Running unittests src/lib.rs (/opt/rustwide/target/release/build/ttrpc/fbcac832a3820db0/out/ttrpc-fbcac832a3820db0)
[INFO] [stdout] 
[INFO] [stdout] running 11 tests
[INFO] [stdout] test context::tests::test_metadata ... ok
[INFO] [stdout] test sync::channel::tests::propagates_write_errors_and_rejects_zero_writes ... ok
[INFO] [stdout] test proto::tests::protobuf_codec ... ok
[INFO] [stdout] test sync::channel::tests::reuses_buffer_without_sending_stale_bytes ... ok
[INFO] [stdout] test common::tests::test_parse_vscok ... ok
[INFO] [stdout] test context::tests::test_context ... ok
[INFO] [stdout] test proto::tests::message_header ... ok
[INFO] [stderr]      Running tests/hook_integration_async_unix.rs (/opt/rustwide/target/release/build/ttrpc/f15f48c337fff48b/out/hook_integration_async_unix-f15f48c337fff48b)
[INFO] [stdout] test proto::tests::gen_message_to_message ... ok
[INFO] [stdout] test sync::channel::tests::writes_a_bounded_prefix_and_handles_short_writes ... ok
[INFO] [stdout] test sync::channel::tests::round_trips_reused_frames_over_a_socket ... ok
[INFO] [stdout] test common::tests::test_parse_sockaddr ... ok
[INFO] [stdout] 
[INFO] [stdout] test result: ok. 11 passed; 0 failed; 0 ignored; 0 measured; 0 filtered out; finished in 0.00s
[INFO] [stdout] 
[INFO] [stdout] 
[INFO] [stdout] running 0 tests
[INFO] [stdout] 
[INFO] [stdout] test result: ok. 0 passed; 0 failed; 0 ignored; 0 measured; 0 filtered out; finished in 0.00s
[INFO] [stdout] 
[INFO] [stdout] 
[INFO] [stderr]      Running tests/hook_integration_sync_unix.rs (/opt/rustwide/target/release/build/ttrpc/3790aea4a891c085/out/hook_integration_sync_unix-3790aea4a891c085)
[INFO] [stdout] running 0 tests
[INFO] [stdout] 
[INFO] [stderr]      Running tests/run-examples.rs (/opt/rustwide/target/release/build/ttrpc/9430ac91bbfd3644/out/run_examples-9430ac91bbfd3644)
[INFO] [stdout] test result: ok. 0 passed; 0 failed; 0 ignored; 0 measured; 0 filtered out; finished in 0.01s
[INFO] [stdout] 
[INFO] [stdout] 
[INFO] [stdout] running 1 test
[INFO] [stdout] test run_examples ... FAILED
[INFO] [stdout] 
[INFO] [stdout] failures:
[INFO] [stdout] 
[INFO] [stdout] ---- run_examples stdout ----
[INFO] [stdout] Running examples with rustprotobuf feature
[INFO] [stdout] 
[INFO] [stdout] thread 'run_examples' (1002) panicked at tests/run-examples.rs:18:72:
[INFO] [stdout] called `Result::unwrap()` on an `Err` value: Os { code: 2, kind: NotFound, message: "No such file or directory" }
[INFO] [stdout] stack backtrace:
[INFO] [stdout]    0:     0x5e7cfdf68b71 - <<std[617be2ca0a6fd877]::sys::backtrace::BacktraceLock>::print::DisplayBacktrace as core[a373ad73a504971]::fmt::Display>::fmt
[INFO] [stdout]    1:     0x5e7cfdf7ccca - core[a373ad73a504971]::fmt::write
[INFO] [stdout]    2:     0x5e7cfdf6cddc - <alloc[2e1b2a31b91974c5]::vec::Vec<u8> as core[a373ad73a504971]::io::write::Write>::write_fmt
[INFO] [stdout]    3:     0x5e7cfdf446d6 - std[617be2ca0a6fd877]::panicking::default_hook::{closure#0}
[INFO] [stdout]    4:     0x5e7cfdf610c9 - std[617be2ca0a6fd877]::panicking::default_hook
[INFO] [stdout]    5:     0x5e7cfdefcf60 - test[aada8e7e76ba119b]::test_main_inner::{closure#0}
[INFO] [stdout]    6:     0x5e7cfdf61282 - std[617be2ca0a6fd877]::panicking::panic_with_hook
[INFO] [stdout]    7:     0x5e7cfdf44782 - std[617be2ca0a6fd877]::panicking::panic_handler::{closure#0}
[INFO] [stdout]    8:     0x5e7cfdf3d499 - std[617be2ca0a6fd877]::sys::backtrace::__rust_end_short_backtrace::<std[617be2ca0a6fd877]::panicking::panic_handler::{closure#0}, !>
[INFO] [stdout]    9:     0x5e7cfdf4538d - __rustc[ea4f61d10b84890b]::rust_begin_unwind
[INFO] [stdout]   10:     0x5e7cfdf7d3fc - core[a373ad73a504971]::panicking::panic_fmt
[INFO] [stdout]   11:     0x5e7cfdf7d1d2 - core[a373ad73a504971]::result::unwrap_failed
[INFO] [stdout]   12:     0x5e7cfdeeef0e - run_examples[a13f7cef9fc2f34c]::run_example
[INFO] [stdout]   13:     0x5e7cfdef00e4 - <run_examples[a13f7cef9fc2f34c]::run_examples::{closure#0} as core[a373ad73a504971]::ops::function::FnOnce<()>>::call_once
[INFO] [stdout]   14:     0x5e7cfdef03ab - test[aada8e7e76ba119b]::__rust_begin_short_backtrace::<core[a373ad73a504971]::result::Result<(), alloc[2e1b2a31b91974c5]::string::String>, fn() -> core[a373ad73a504971]::result::Result<(), alloc[2e1b2a31b91974c5]::string::String>>
[INFO] [stdout]   15:     0x5e7cfdefd585 - test[aada8e7e76ba119b]::run_test::{closure#0}
[INFO] [stdout]   16:     0x5e7cfdef6e74 - std[617be2ca0a6fd877]::sys::backtrace::__rust_begin_short_backtrace::<test[aada8e7e76ba119b]::run_test::{closure#1}, ()>
[INFO] [stdout]   17:     0x5e7cfdf00612 - <std[617be2ca0a6fd877]::thread::lifecycle::spawn_unchecked<test[aada8e7e76ba119b]::run_test::{closure#1}, ()>::{closure#1} as core[a373ad73a504971]::ops::function::FnOnce<()>>::call_once::{shim:vtable#0}
[INFO] [stdout]   18:     0x5e7cfdf683cf - <std[617be2ca0a6fd877]::sys::thread::unix::Thread>::new::thread_start
[INFO] [stdout]   19:     0x7770956d6dfa - <unknown>
[INFO] [stdout]   20:     0x77709576a3d4 - clone
[INFO] [stdout]   21:                0x0 - <unknown>
[INFO] [stdout] 
[INFO] [stdout] 
[INFO] [stdout] failures:
[INFO] [stdout]     run_examples
[INFO] [stdout] 
[INFO] [stdout] test result: FAILED. 0 passed; 1 failed; 0 ignored; 0 measured; 0 filtered out; finished in 0.01s
[INFO] [stdout] 
[INFO] [stderr] error: test failed, to rerun pass `--test run-examples`
[INFO] running `Command { std: "docker" "inspect" "75ff83edbed23469547224440a6bd98c62a61f71ef396a832412953c379df4e6", kill_on_drop: false }`
[INFO] running `Command { std: "docker" "rm" "-f" "75ff83edbed23469547224440a6bd98c62a61f71ef396a832412953c379df4e6", kill_on_drop: false }`
[INFO] [stdout] 75ff83edbed23469547224440a6bd98c62a61f71ef396a832412953c379df4e6
