[INFO] fetching crate tss-rust 0.2.2...
[INFO] testing tss-rust-0.2.2 against 1.100.0-beta.1+cargoflags=--release for beta-release-1.100-2
[INFO] extracting crate tss-rust 0.2.2 into /workspace/builds/worker-3-tc2/source
[INFO] started tweaking crates.io crate tss-rust 0.2.2
[INFO] removed 0 missing tests
[INFO] finished tweaking crates.io crate tss-rust 0.2.2
[INFO] tweaked toml for crates.io crate tss-rust 0.2.2 written to /workspace/builds/worker-3-tc2/source/Cargo.toml
[INFO] validating manifest of crates.io crate tss-rust 0.2.2 on toolchain 1.100.0-beta.1
[INFO] running `Command { std: CARGO_HOME="/workspace/cargo-home" RUSTUP_HOME="/workspace/rustup-home" "/workspace/cargo-home/bin/cargo" "+1.100.0-beta.1" "metadata" "--manifest-path" "Cargo.toml" "--no-deps", kill_on_drop: false }`
[INFO] crate crates.io crate tss-rust 0.2.2 already has a lockfile, it will not be regenerated
[INFO] running `Command { std: CARGO_HOME="/workspace/cargo-home" RUSTUP_HOME="/workspace/rustup-home" "/workspace/cargo-home/bin/cargo" "+1.100.0-beta.1" "fetch" "--manifest-path" "Cargo.toml", kill_on_drop: false }`
[INFO] running `Command { std: "docker" "create" "-v" "/var/lib/crater-agent-workspace/builds/worker-3-tc2/source:/opt/rustwide/workdir:ro,Z" "-v" "/var/lib/crater-agent-workspace/builds/worker-3-tc2/target:/opt/rustwide/target:rw,Z" "-v" "/var/lib/crater-agent-workspace/cargo-home:/opt/rustwide/cargo-home:ro,Z" "-v" "/var/lib/crater-agent-workspace/rustup-home:/opt/rustwide/rustup-home:ro,Z" "-m" "1610612736" "--network" "none" "ghcr.io/rust-lang/crates-build-env/linux@sha256:77db811e55d90add9212f6832c23229e3de5f1c1f9905e8cb07319ea15df73ac" "sleep" "infinity", kill_on_drop: false }`
[INFO] [stdout] d69787572d4a2afe0e157be86e01ade8a5115282f5636b460fb4fe9883a76c03
[INFO] running `Command { std: "docker" "start" "d69787572d4a2afe0e157be86e01ade8a5115282f5636b460fb4fe9883a76c03", kill_on_drop: false }`
[INFO] running `Command { std: "docker" "inspect" "d69787572d4a2afe0e157be86e01ade8a5115282f5636b460fb4fe9883a76c03", kill_on_drop: false }`
[INFO] running `Command { std: "docker" "exec" "-e" "SOURCE_DIR=/opt/rustwide/workdir" "-e" "CARGO_HOME=/opt/rustwide/cargo-home" "-e" "RUSTUP_HOME=/opt/rustwide/rustup-home" "-e" "CARGO_TARGET_DIR=/opt/rustwide/target" "-w" "/opt/rustwide/workdir" "--user" "0:0" "d69787572d4a2afe0e157be86e01ade8a5115282f5636b460fb4fe9883a76c03" "/opt/rustwide/cargo-home/bin/cargo" "+1.100.0-beta.1" "metadata" "--no-deps" "--format-version=1", kill_on_drop: false }`
[INFO] running `Command { std: "docker" "inspect" "d69787572d4a2afe0e157be86e01ade8a5115282f5636b460fb4fe9883a76c03", kill_on_drop: false }`
[INFO] running `Command { std: "docker" "exec" "-e" "SOURCE_DIR=/opt/rustwide/workdir" "-e" "CARGO_HOME=/opt/rustwide/cargo-home" "-e" "RUSTUP_HOME=/opt/rustwide/rustup-home" "-e" "CARGO_TARGET_DIR=/opt/rustwide/target" "-e" "CARGO_INCREMENTAL=0" "-e" "RUST_BACKTRACE=full" "-e" "RUSTFLAGS=--cap-lints=warn" "-e" "RUSTDOCFLAGS=--cap-lints=warn" "-w" "/opt/rustwide/workdir" "--user" "0:0" "d69787572d4a2afe0e157be86e01ade8a5115282f5636b460fb4fe9883a76c03" "/opt/rustwide/cargo-home/bin/cargo" "+1.100.0-beta.1" "build" "--frozen" "--message-format=json" "--release", kill_on_drop: false }`
[INFO] [stderr]    Compiling proc-macro2 v1.0.103
[INFO] [stderr]    Compiling quote v1.0.41
[INFO] [stderr]    Compiling smallvec v1.15.1
[INFO] [stderr]    Compiling str_indices v0.4.4
[INFO] [stderr]    Compiling tree-sitter-language v0.1.5
[INFO] [stderr]    Compiling memchr v2.7.6
[INFO] [stderr]    Compiling cc v1.2.44
[INFO] [stderr]    Compiling ropey v1.6.1
[INFO] [stderr]    Compiling serde_json v1.0.145
[INFO] [stderr]    Compiling textum v0.1.1
[INFO] [stderr]    Compiling syn v2.0.108
[INFO] [stderr]    Compiling tree-sitter-rust v0.24.0
[INFO] [stderr]    Compiling serde_derive v1.0.228
[INFO] [stderr]    Compiling serde v1.0.228
[INFO] [stderr]    Compiling tss-rust v0.2.2 (/opt/rustwide/workdir)
[INFO] [stderr]     Finished `release` profile [optimized] target(s) in 9.67s
[INFO] running `Command { std: "docker" "inspect" "d69787572d4a2afe0e157be86e01ade8a5115282f5636b460fb4fe9883a76c03", kill_on_drop: false }`
[INFO] running `Command { std: "docker" "exec" "-e" "SOURCE_DIR=/opt/rustwide/workdir" "-e" "CARGO_HOME=/opt/rustwide/cargo-home" "-e" "RUSTUP_HOME=/opt/rustwide/rustup-home" "-e" "CARGO_TARGET_DIR=/opt/rustwide/target" "-e" "CARGO_INCREMENTAL=0" "-e" "RUST_BACKTRACE=full" "-e" "RUSTFLAGS=--cap-lints=warn" "-e" "RUSTDOCFLAGS=--cap-lints=warn" "-w" "/opt/rustwide/workdir" "--user" "0:0" "d69787572d4a2afe0e157be86e01ade8a5115282f5636b460fb4fe9883a76c03" "/opt/rustwide/cargo-home/bin/cargo" "+1.100.0-beta.1" "test" "--frozen" "--no-run" "--message-format=json" "--release", kill_on_drop: false }`
[INFO] [stderr]    Compiling tss-rust v0.2.2 (/opt/rustwide/workdir)
[INFO] [stderr]     Finished `release` profile [optimized] target(s) in 0.20s
[INFO] running `Command { std: "docker" "inspect" "d69787572d4a2afe0e157be86e01ade8a5115282f5636b460fb4fe9883a76c03", kill_on_drop: false }`
[INFO] running `Command { std: "docker" "exec" "-e" "SOURCE_DIR=/opt/rustwide/workdir" "-e" "CARGO_HOME=/opt/rustwide/cargo-home" "-e" "RUSTUP_HOME=/opt/rustwide/rustup-home" "-e" "CARGO_TARGET_DIR=/opt/rustwide/target" "-e" "CARGO_INCREMENTAL=0" "-e" "RUST_BACKTRACE=full" "-e" "RUSTFLAGS=--cap-lints=warn" "-e" "RUSTDOCFLAGS=--cap-lints=warn" "-w" "/opt/rustwide/workdir" "--user" "0:0" "d69787572d4a2afe0e157be86e01ade8a5115282f5636b460fb4fe9883a76c03" "/opt/rustwide/cargo-home/bin/cargo" "+1.100.0-beta.1" "test" "--frozen" "--release", kill_on_drop: false }`
[INFO] [stderr]    Compiling tss-rust v0.2.2 (/opt/rustwide/workdir)
[INFO] [stderr]     Finished `release` profile [optimized] target(s) in 0.35s
[INFO] [stderr]      Running unittests src/lib.rs (/opt/rustwide/target/release/build/tss-rust/2f409901b7676d80/out/tree_sitter_symbols_rust-2f409901b7676d80)
[INFO] [stderr]      Running tests/basic.rs (/opt/rustwide/target/release/build/tss-rust/c2c76b8d4cc4f8e8/out/basic-c2c76b8d4cc4f8e8)
[INFO] [stdout] 
[INFO] [stdout] running 0 tests
[INFO] [stdout] 
[INFO] [stdout] test result: ok. 0 passed; 0 failed; 0 ignored; 0 measured; 0 filtered out; finished in 0.00s
[INFO] [stdout] 
[INFO] [stdout] 
[INFO] [stdout] running 1 test
[INFO] [stderr]    Doc-tests tree_sitter_symbols_rust
[INFO] [stdout] test enum_exists ... ok
[INFO] [stdout] 
[INFO] [stdout] test result: ok. 1 passed; 0 failed; 0 ignored; 0 measured; 0 filtered out; finished in 0.00s
[INFO] [stdout] 
[INFO] [stdout] 
[INFO] [stdout] running 1 test
[INFO] [stdout] test src/lib.rs - (line 16) ... FAILED
[INFO] [stdout] 
[INFO] [stdout] failures:
[INFO] [stdout] 
[INFO] [stdout] ---- src/lib.rs - (line 16) stdout ----
[INFO] [stdout] error[E0599]: no variant, associated function, or constant named `from_str` found for enum `NodeType` in the current scope
[INFO] [stdout]   --> src/lib.rs:21:27
[INFO] [stdout]    |
[INFO] [stdout] 21 | let node_type = NodeType::from_str("function_item")?;
[INFO] [stdout]    |                           ^^^^^^^^ variant, associated function, or constant not found in `NodeType`
[INFO] [stdout]    |
[INFO] [stdout] help: there is an associated function `from` with a similar name
[INFO] [stdout]    |
[INFO] [stdout] 21 - let node_type = NodeType::from_str("function_item")?;
[INFO] [stdout] 21 + let node_type = NodeType::from("function_item")?;
[INFO] [stdout]    |
[INFO] [stdout] 
[INFO] [stdout] error[E0599]: no variant, associated function, or constant named `FunctionItem` found for enum `NodeType` in the current scope
[INFO] [stdout]   --> src/lib.rs:22:33
[INFO] [stdout]    |
[INFO] [stdout] 22 | assert_eq!(node_type, NodeType::FunctionItem);
[INFO] [stdout]    |                                 ^^^^^^^^^^^^ variant, associated function, or constant not found in `NodeType`
[INFO] [stdout] 
[INFO] [stdout] error: aborting due to 2 previous errors
[INFO] [stdout] 
[INFO] [stdout] For more information about this error, try `rustc --explain E0599`.
[INFO] [stdout] Couldn't compile the test.
[INFO] [stdout] 
[INFO] [stdout] failures:
[INFO] [stdout]     src/lib.rs - (line 16)
[INFO] [stdout] 
[INFO] [stdout] test result: FAILED. 0 passed; 1 failed; 0 ignored; 0 measured; 0 filtered out; finished in 0.12s
[INFO] [stdout] 
[INFO] [stderr] error: doctest failed, to rerun pass `--doc`
[INFO] running `Command { std: "docker" "inspect" "d69787572d4a2afe0e157be86e01ade8a5115282f5636b460fb4fe9883a76c03", kill_on_drop: false }`
[INFO] running `Command { std: "docker" "rm" "-f" "d69787572d4a2afe0e157be86e01ade8a5115282f5636b460fb4fe9883a76c03", kill_on_drop: false }`
[INFO] [stdout] d69787572d4a2afe0e157be86e01ade8a5115282f5636b460fb4fe9883a76c03
