[INFO] fetching crate tsp-http-client 0.1.0...
[INFO] testing tsp-http-client-0.1.0 against 1.99.0-beta.8+cargoflags=--release for beta-release-1.100-2
[INFO] extracting crate tsp-http-client 0.1.0 into /workspace/builds/worker-0-tc1/source
[INFO] started tweaking crates.io crate tsp-http-client 0.1.0
[INFO] finished tweaking crates.io crate tsp-http-client 0.1.0
[INFO] tweaked toml for crates.io crate tsp-http-client 0.1.0 written to /workspace/builds/worker-0-tc1/source/Cargo.toml
[INFO] validating manifest of crates.io crate tsp-http-client 0.1.0 on toolchain 1.99.0-beta.8
[INFO] running `Command { std: CARGO_HOME="/workspace/cargo-home" RUSTUP_HOME="/workspace/rustup-home" "/workspace/cargo-home/bin/cargo" "+1.99.0-beta.8" "metadata" "--manifest-path" "Cargo.toml" "--no-deps", kill_on_drop: false }`
[INFO] crate crates.io crate tsp-http-client 0.1.0 already has a lockfile, it will not be regenerated
[INFO] running `Command { std: CARGO_HOME="/workspace/cargo-home" RUSTUP_HOME="/workspace/rustup-home" "/workspace/cargo-home/bin/cargo" "+1.99.0-beta.8" "fetch" "--manifest-path" "Cargo.toml", kill_on_drop: false }`
[INFO] [stderr]     Updating crates.io index
[INFO] [stderr]  Downloading crates ...
[INFO] [stderr]   Downloaded crmf v0.2.0
[INFO] [stderr]   Downloaded x509-tsp v0.1.0
[INFO] [stderr]   Downloaded cmpv2 v0.2.0
[INFO] [stderr]   Downloaded windows-link v0.1.2
[INFO] [stderr]   Downloaded ureq-proto v0.4.1
[INFO] [stderr]   Downloaded cc v1.2.26
[INFO] [stderr]   Downloaded ureq v3.0.11
[INFO] [stderr]   Downloaded syn v2.0.102
[INFO] running `Command { std: "docker" "create" "-v" "/var/lib/crater-agent-workspace/builds/worker-0-tc1/source:/opt/rustwide/workdir:ro,Z" "-v" "/var/lib/crater-agent-workspace/builds/worker-0-tc1/target:/opt/rustwide/target:rw,Z" "-v" "/var/lib/crater-agent-workspace/cargo-home:/opt/rustwide/cargo-home:ro,Z" "-v" "/var/lib/crater-agent-workspace/rustup-home:/opt/rustwide/rustup-home:ro,Z" "-m" "1610612736" "--network" "none" "ghcr.io/rust-lang/crates-build-env/linux@sha256:77db811e55d90add9212f6832c23229e3de5f1c1f9905e8cb07319ea15df73ac" "sleep" "infinity", kill_on_drop: false }`
[INFO] [stdout] 2544a2c493cc5a10e1ab761399749c96636873976e3f5a562ce8b5312345e820
[INFO] running `Command { std: "docker" "start" "2544a2c493cc5a10e1ab761399749c96636873976e3f5a562ce8b5312345e820", kill_on_drop: false }`
[INFO] running `Command { std: "docker" "inspect" "2544a2c493cc5a10e1ab761399749c96636873976e3f5a562ce8b5312345e820", kill_on_drop: false }`
[INFO] running `Command { std: "docker" "exec" "-e" "SOURCE_DIR=/opt/rustwide/workdir" "-e" "CARGO_HOME=/opt/rustwide/cargo-home" "-e" "RUSTUP_HOME=/opt/rustwide/rustup-home" "-e" "CARGO_TARGET_DIR=/opt/rustwide/target" "-w" "/opt/rustwide/workdir" "--user" "0:0" "2544a2c493cc5a10e1ab761399749c96636873976e3f5a562ce8b5312345e820" "/opt/rustwide/cargo-home/bin/cargo" "+1.99.0-beta.8" "metadata" "--no-deps" "--format-version=1", kill_on_drop: false }`
[INFO] running `Command { std: "docker" "inspect" "2544a2c493cc5a10e1ab761399749c96636873976e3f5a562ce8b5312345e820", kill_on_drop: false }`
[INFO] running `Command { std: "docker" "exec" "-e" "SOURCE_DIR=/opt/rustwide/workdir" "-e" "CARGO_HOME=/opt/rustwide/cargo-home" "-e" "RUSTUP_HOME=/opt/rustwide/rustup-home" "-e" "CARGO_TARGET_DIR=/opt/rustwide/target" "-e" "CARGO_INCREMENTAL=0" "-e" "RUST_BACKTRACE=full" "-e" "RUSTFLAGS=--cap-lints=warn" "-e" "RUSTDOCFLAGS=--cap-lints=warn" "-w" "/opt/rustwide/workdir" "--user" "0:0" "2544a2c493cc5a10e1ab761399749c96636873976e3f5a562ce8b5312345e820" "/opt/rustwide/cargo-home/bin/cargo" "+1.99.0-beta.8" "build" "--frozen" "--message-format=json" "--release", kill_on_drop: false }`
[INFO] [stderr]    Compiling zeroize v1.8.1
[INFO] [stderr]    Compiling cfg-if v1.0.1
[INFO] [stderr]    Compiling libc v0.2.172
[INFO] [stderr]    Compiling base64ct v1.8.0
[INFO] [stderr]    Compiling zerocopy v0.8.25
[INFO] [stderr]    Compiling cc v1.2.26
[INFO] [stderr]    Compiling rustls v0.23.27
[INFO] [stderr]    Compiling log v0.4.27
[INFO] [stderr]    Compiling bytes v1.10.1
[INFO] [stderr]    Compiling syn v2.0.102
[INFO] [stderr]    Compiling chrono v0.4.41
[INFO] [stderr]    Compiling crc32fast v1.4.2
[INFO] [stderr]    Compiling sha2 v0.10.9
[INFO] [stderr]    Compiling flate2 v1.1.2
[INFO] [stderr]    Compiling rustls-pki-types v1.12.0
[INFO] [stderr]    Compiling pem-rfc7468 v0.7.0
[INFO] [stderr]    Compiling getrandom v0.2.16
[INFO] [stderr]    Compiling getrandom v0.3.3
[INFO] [stderr]    Compiling webpki-roots v1.0.0
[INFO] [stderr]    Compiling rustls-pemfile v2.2.0
[INFO] [stderr]    Compiling webpki-roots v0.26.11
[INFO] [stderr]    Compiling http v1.3.1
[INFO] [stderr]    Compiling rand_core v0.9.3
[INFO] [stderr]    Compiling ring v0.17.14
[INFO] [stderr]    Compiling ureq-proto v0.4.1
[INFO] [stderr]    Compiling ppv-lite86 v0.2.21
[INFO] [stderr]    Compiling der_derive v0.7.3
[INFO] [stderr]    Compiling rand_chacha v0.9.0
[INFO] [stderr]    Compiling rand v0.9.1
[INFO] [stderr]    Compiling der v0.7.10
[INFO] [stderr]    Compiling spki v0.7.3
[INFO] [stderr]    Compiling x509-cert v0.2.5
[INFO] [stderr]    Compiling cms v0.2.3
[INFO] [stderr]    Compiling crmf v0.2.0
[INFO] [stderr]    Compiling cmpv2 v0.2.0
[INFO] [stderr]    Compiling x509-tsp v0.1.0
[INFO] [stderr]    Compiling rustls-webpki v0.103.3
[INFO] [stderr]    Compiling ureq v3.0.11
[INFO] [stderr]    Compiling tsp-http-client v0.1.0 (/opt/rustwide/workdir)
[INFO] [stderr]     Finished `release` profile [optimized] target(s) in 53.76s
[INFO] running `Command { std: "docker" "inspect" "2544a2c493cc5a10e1ab761399749c96636873976e3f5a562ce8b5312345e820", kill_on_drop: false }`
[INFO] running `Command { std: "docker" "exec" "-e" "SOURCE_DIR=/opt/rustwide/workdir" "-e" "CARGO_HOME=/opt/rustwide/cargo-home" "-e" "RUSTUP_HOME=/opt/rustwide/rustup-home" "-e" "CARGO_TARGET_DIR=/opt/rustwide/target" "-e" "CARGO_INCREMENTAL=0" "-e" "RUST_BACKTRACE=full" "-e" "RUSTFLAGS=--cap-lints=warn" "-e" "RUSTDOCFLAGS=--cap-lints=warn" "-w" "/opt/rustwide/workdir" "--user" "0:0" "2544a2c493cc5a10e1ab761399749c96636873976e3f5a562ce8b5312345e820" "/opt/rustwide/cargo-home/bin/cargo" "+1.99.0-beta.8" "test" "--frozen" "--no-run" "--message-format=json" "--release", kill_on_drop: false }`
[INFO] [stderr]    Compiling tsp-http-client v0.1.0 (/opt/rustwide/workdir)
[INFO] [stderr]     Finished `release` profile [optimized] target(s) in 4.86s
[INFO] running `Command { std: "docker" "inspect" "2544a2c493cc5a10e1ab761399749c96636873976e3f5a562ce8b5312345e820", kill_on_drop: false }`
[INFO] running `Command { std: "docker" "exec" "-e" "SOURCE_DIR=/opt/rustwide/workdir" "-e" "CARGO_HOME=/opt/rustwide/cargo-home" "-e" "RUSTUP_HOME=/opt/rustwide/rustup-home" "-e" "CARGO_TARGET_DIR=/opt/rustwide/target" "-e" "CARGO_INCREMENTAL=0" "-e" "RUST_BACKTRACE=full" "-e" "RUSTFLAGS=--cap-lints=warn" "-e" "RUSTDOCFLAGS=--cap-lints=warn" "-w" "/opt/rustwide/workdir" "--user" "0:0" "2544a2c493cc5a10e1ab761399749c96636873976e3f5a562ce8b5312345e820" "/opt/rustwide/cargo-home/bin/cargo" "+1.99.0-beta.8" "test" "--frozen" "--release", kill_on_drop: false }`
[INFO] [stderr]     Finished `release` profile [optimized] target(s) in 0.08s
[INFO] [stderr]      Running unittests src/lib.rs (/opt/rustwide/target/release/deps/tsp_http_client-f164c0ea3c905545)
[INFO] [stdout] 
[INFO] [stdout] running 11 tests
[INFO] [stdout] test tsp::tests::response_rejected_on_digest_mismatch ... ok
[INFO] [stdout] test tsp::tests::request_valid_digest_lengths_accepted ... ok
[INFO] [stdout] test tsp::tests::response_successful_verification ... ok
[INFO] [stdout] test tests::timestamp_for_nonexistent_file_rejected ... ok
[INFO] [stdout] test tsp::tests::response_rejected_on_nonce_mismatch ... ok
[INFO] [stdout] test tsp::tests::request_nonce_is_different_for_multiple_requests ... ok
[INFO] [stdout] test tsp::tests::request_der_encoding_as_expected ... ok
[INFO] [stdout] test tests::timestamp_request_for_file_successful ... FAILED
[INFO] [stdout] test tests::timestamp_for_invalid_server_rejected ... FAILED
[INFO] [stderr] error: test failed, to rerun pass `--lib`
[INFO] [stdout] test tsp::tests::request_invalid_digest_lengths_rejected ... ok
[INFO] [stdout] test tsp::tests::response_date_extraction ... ok
[INFO] [stdout] 
[INFO] [stdout] failures:
[INFO] [stdout] 
[INFO] [stdout] ---- tests::timestamp_request_for_file_successful stdout ----
[INFO] [stdout] 
[INFO] [stdout] thread 'tests::timestamp_request_for_file_successful' (1029) panicked at src/lib.rs:188:83:
[INFO] [stdout] called `Result::unwrap()` on an `Err` value: Io(Custom { kind: Uncategorized, error: "failed to lookup address information: Temporary failure in name resolution" })
[INFO] [stdout] stack backtrace:
[INFO] [stdout]    0:     0x55cf72be4671 - <<std[70759c8f55707aa4]::sys::backtrace::BacktraceLock>::print::DisplayBacktrace as core[df12db4294e9bfd3]::fmt::Display>::fmt
[INFO] [stdout]    1:     0x55cf72bfa6fa - core[df12db4294e9bfd3]::fmt::write
[INFO] [stdout]    2:     0x55cf72be8efc - <alloc[2182bb758b4b3781]::vec::Vec<u8> as core[df12db4294e9bfd3]::io::write::Write>::write_fmt
[INFO] [stdout]    3:     0x55cf72bbf916 - std[70759c8f55707aa4]::panicking::default_hook::{closure#0}
[INFO] [stdout]    4:     0x55cf72bdc809 - std[70759c8f55707aa4]::panicking::default_hook
[INFO] [stdout]    5:     0x55cf72b5dfb0 - test[9d35eded1c95d3be]::test_main_inner::<test[9d35eded1c95d3be]::test_main_static::{closure#0}>::{closure#0}
[INFO] [stdout]    6:     0x55cf72bdc9c2 - std[70759c8f55707aa4]::panicking::panic_with_hook
[INFO] [stdout]    7:     0x55cf72bbf9c2 - std[70759c8f55707aa4]::panicking::panic_handler::{closure#0}
[INFO] [stdout]    8:     0x55cf72bb8669 - std[70759c8f55707aa4]::sys::backtrace::__rust_end_short_backtrace::<std[70759c8f55707aa4]::panicking::panic_handler::{closure#0}, !>
[INFO] [stdout]    9:     0x55cf72bc07ad - __rustc[8fa7c3cbc660c2b3]::rust_begin_unwind
[INFO] [stdout]   10:     0x55cf72bfae2c - core[df12db4294e9bfd3]::panicking::panic_fmt
[INFO] [stdout]   11:     0x55cf72bfac02 - core[df12db4294e9bfd3]::result::unwrap_failed
[INFO] [stdout]   12:     0x55cf72a06cc4 - tsp_http_client[402aa3f7990aa83e]::tests::timestamp_request_for_file_successful
[INFO] [stdout]   13:     0x55cf729f4599 - <tsp_http_client[402aa3f7990aa83e]::tests::timestamp_request_for_file_successful::{closure#0} as core[df12db4294e9bfd3]::ops::function::FnOnce<()>>::call_once
[INFO] [stdout]   14:     0x55cf72b5129b - test[9d35eded1c95d3be]::__rust_begin_short_backtrace::<core[df12db4294e9bfd3]::result::Result<(), alloc[2182bb758b4b3781]::string::String>, fn() -> core[df12db4294e9bfd3]::result::Result<(), alloc[2182bb758b4b3781]::string::String>>
[INFO] [stdout]   15:     0x55cf72b5e905 - test[9d35eded1c95d3be]::run_test::{closure#0}
[INFO] [stdout]   16:     0x55cf72b581c4 - std[70759c8f55707aa4]::sys::backtrace::__rust_begin_short_backtrace::<test[9d35eded1c95d3be]::run_test::{closure#1}, ()>
[INFO] [stdout]   17:     0x55cf72b61a62 - <std[70759c8f55707aa4]::thread::lifecycle::spawn_unchecked<test[9d35eded1c95d3be]::run_test::{closure#1}, ()>::{closure#1} as core[df12db4294e9bfd3]::ops::function::FnOnce<()>>::call_once::{shim:vtable#0}
[INFO] [stdout]   18:     0x55cf72be3a29 - <std[70759c8f55707aa4]::sys::thread::unix::Thread>::new::thread_start
[INFO] [stdout]   19:     0x73e720a80dfa - <unknown>
[INFO] [stdout]   20:     0x73e720b143d4 - clone
[INFO] [stdout]   21:                0x0 - <unknown>
[INFO] [stdout] 
[INFO] [stdout] ---- tests::timestamp_for_invalid_server_rejected stdout ----
[INFO] [stdout] 
[INFO] [stdout] thread 'tests::timestamp_for_invalid_server_rejected' (1027) panicked at src/lib.rs:216:9:
[INFO] [stdout] assertion failed: request_timestamp_for_file("http://example.com",
[INFO] [stdout]                     "Cargo.toml").err().unwrap().to_string() ==
[INFO] [stdout]     "http status: 403"
[INFO] [stdout] stack backtrace:
[INFO] [stdout]    0:     0x55cf72be4671 - <<std[70759c8f55707aa4]::sys::backtrace::BacktraceLock>::print::DisplayBacktrace as core[df12db4294e9bfd3]::fmt::Display>::fmt
[INFO] [stdout]    1:     0x55cf72bfa6fa - core[df12db4294e9bfd3]::fmt::write
[INFO] [stdout]    2:     0x55cf72be8efc - <alloc[2182bb758b4b3781]::vec::Vec<u8> as core[df12db4294e9bfd3]::io::write::Write>::write_fmt
[INFO] [stdout]    3:     0x55cf72bbf916 - std[70759c8f55707aa4]::panicking::default_hook::{closure#0}
[INFO] [stdout]    4:     0x55cf72bdc809 - std[70759c8f55707aa4]::panicking::default_hook
[INFO] [stdout]    5:     0x55cf72b5dfb0 - test[9d35eded1c95d3be]::test_main_inner::<test[9d35eded1c95d3be]::test_main_static::{closure#0}>::{closure#0}
[INFO] [stdout]    6:     0x55cf72bdc9c2 - std[70759c8f55707aa4]::panicking::panic_with_hook
[INFO] [stdout]    7:     0x55cf72bbf9f4 - std[70759c8f55707aa4]::panicking::panic_handler::{closure#0}
[INFO] [stdout]    8:     0x55cf72bb8669 - std[70759c8f55707aa4]::sys::backtrace::__rust_end_short_backtrace::<std[70759c8f55707aa4]::panicking::panic_handler::{closure#0}, !>
[INFO] [stdout]    9:     0x55cf72bc07ad - __rustc[8fa7c3cbc660c2b3]::rust_begin_unwind
[INFO] [stdout]   10:     0x55cf72bfae2c - core[df12db4294e9bfd3]::panicking::panic_fmt
[INFO] [stdout]   11:     0x55cf72bfadf2 - core[df12db4294e9bfd3]::panicking::panic
[INFO] [stdout]   12:     0x55cf72a06a08 - tsp_http_client[402aa3f7990aa83e]::tests::timestamp_for_invalid_server_rejected
[INFO] [stdout]   13:     0x55cf729f4579 - <tsp_http_client[402aa3f7990aa83e]::tests::timestamp_for_invalid_server_rejected::{closure#0} as core[df12db4294e9bfd3]::ops::function::FnOnce<()>>::call_once
[INFO] [stdout]   14:     0x55cf72b5129b - test[9d35eded1c95d3be]::__rust_begin_short_backtrace::<core[df12db4294e9bfd3]::result::Result<(), alloc[2182bb758b4b3781]::string::String>, fn() -> core[df12db4294e9bfd3]::result::Result<(), alloc[2182bb758b4b3781]::string::String>>
[INFO] [stdout]   15:     0x55cf72b5e905 - test[9d35eded1c95d3be]::run_test::{closure#0}
[INFO] [stdout]   16:     0x55cf72b581c4 - std[70759c8f55707aa4]::sys::backtrace::__rust_begin_short_backtrace::<test[9d35eded1c95d3be]::run_test::{closure#1}, ()>
[INFO] [stdout]   17:     0x55cf72b61a62 - <std[70759c8f55707aa4]::thread::lifecycle::spawn_unchecked<test[9d35eded1c95d3be]::run_test::{closure#1}, ()>::{closure#1} as core[df12db4294e9bfd3]::ops::function::FnOnce<()>>::call_once::{shim:vtable#0}
[INFO] [stdout]   18:     0x55cf72be3a29 - <std[70759c8f55707aa4]::sys::thread::unix::Thread>::new::thread_start
[INFO] [stdout]   19:     0x73e720a80dfa - <unknown>
[INFO] [stdout]   20:     0x73e720b143d4 - clone
[INFO] [stdout]   21:                0x0 - <unknown>
[INFO] [stdout] 
[INFO] [stdout] 
[INFO] [stdout] failures:
[INFO] [stdout]     tests::timestamp_for_invalid_server_rejected
[INFO] [stdout]     tests::timestamp_request_for_file_successful
[INFO] [stdout] 
[INFO] [stdout] test result: FAILED. 9 passed; 2 failed; 0 ignored; 0 measured; 0 filtered out; finished in 0.02s
[INFO] [stdout] 
[INFO] running `Command { std: "docker" "inspect" "2544a2c493cc5a10e1ab761399749c96636873976e3f5a562ce8b5312345e820", kill_on_drop: false }`
[INFO] running `Command { std: "docker" "rm" "-f" "2544a2c493cc5a10e1ab761399749c96636873976e3f5a562ce8b5312345e820", kill_on_drop: false }`
[INFO] [stdout] 2544a2c493cc5a10e1ab761399749c96636873976e3f5a562ce8b5312345e820
