[INFO] fetching crate tsift-index 0.1.105...
[INFO] testing tsift-index-0.1.105 against 1.99.0-beta.8+cargoflags=--release for beta-release-1.100-2
[INFO] extracting crate tsift-index 0.1.105 into /workspace/builds/worker-2-tc1/source
[INFO] started tweaking crates.io crate tsift-index 0.1.105
[INFO] finished tweaking crates.io crate tsift-index 0.1.105
[INFO] tweaked toml for crates.io crate tsift-index 0.1.105 written to /workspace/builds/worker-2-tc1/source/Cargo.toml
[INFO] validating manifest of crates.io crate tsift-index 0.1.105 on toolchain 1.99.0-beta.8
[INFO] running `Command { std: CARGO_HOME="/workspace/cargo-home" RUSTUP_HOME="/workspace/rustup-home" "/workspace/cargo-home/bin/cargo" "+1.99.0-beta.8" "metadata" "--manifest-path" "Cargo.toml" "--no-deps", kill_on_drop: false }`
[INFO] crate crates.io crate tsift-index 0.1.105 already has a lockfile, it will not be regenerated
[INFO] running `Command { std: CARGO_HOME="/workspace/cargo-home" RUSTUP_HOME="/workspace/rustup-home" "/workspace/cargo-home/bin/cargo" "+1.99.0-beta.8" "fetch" "--manifest-path" "Cargo.toml", kill_on_drop: false }`
[INFO] [stderr]     Updating crates.io index
[INFO] [stderr]  Downloading crates ...
[INFO] [stderr]   Downloaded id-arena v2.3.0
[INFO] [stderr]   Downloaded lazily-macros v0.23.0
[INFO] [stderr]   Downloaded toml_write v0.1.2
[INFO] [stderr]   Downloaded zmij v1.0.21
[INFO] [stderr]   Downloaded bincode_derive v2.0.1
[INFO] [stderr]   Downloaded fs4 v0.13.1
[INFO] [stderr]   Downloaded tsift-core v0.1.105
[INFO] [stderr]   Downloaded serde_spanned v0.6.9
[INFO] [stderr]   Downloaded same-file v1.0.6
[INFO] [stderr]   Downloaded tree-sitter-json v0.24.8
[INFO] [stderr]   Downloaded leb128fmt v0.1.0
[INFO] [stderr]   Downloaded crossbeam-epoch v0.9.18
[INFO] [stderr]   Downloaded toml v0.8.23
[INFO] [stderr]   Downloaded tsift-sqlite v0.1.105
[INFO] [stderr]   Downloaded arrayref v0.3.9
[INFO] [stderr]   Downloaded wasm-bindgen-macro v0.2.108
[INFO] [stderr]   Downloaded winapi-util v0.1.11
[INFO] [stderr]   Downloaded tsift-md-ast v0.1.105
[INFO] [stderr]   Downloaded tree-sitter-language v0.1.7
[INFO] [stderr]   Downloaded toml_datetime v0.6.11
[INFO] [stderr]   Downloaded unty v0.0.4
[INFO] [stderr]   Downloaded cpufeatures v0.3.0
[INFO] [stderr]   Downloaded redox_users v0.4.6
[INFO] [stderr]   Downloaded fastrand v2.4.1
[INFO] [stderr]   Downloaded wasm-bindgen-shared v0.2.108
[INFO] [stderr]   Downloaded rsqlite-vfs v0.1.1
[INFO] [stderr]   Downloaded pkg-config v0.3.33
[INFO] [stderr]   Downloaded fallible-streaming-iterator v0.1.9
[INFO] [stderr]   Downloaded dirs v5.0.1
[INFO] [stderr]   Downloaded dirs-sys v0.4.1
[INFO] [stderr]   Downloaded clap_lex v1.1.0
[INFO] [stderr]   Downloaded arrayvec v0.7.6
[INFO] [stderr]   Downloaded walkdir v2.5.0
[INFO] [stderr]   Downloaded fixedbitset v0.5.7
[INFO] [stderr]   Downloaded libredox v0.1.16
[INFO] [stderr]   Downloaded globset v0.4.18
[INFO] [stderr]   Downloaded indexmap v2.14.0
[INFO] [stderr]   Downloaded constant_time_eq v0.4.2
[INFO] [stderr]   Downloaded wit-bindgen-rust-macro v0.51.0
[INFO] [stderr]   Downloaded wasm-metadata v0.244.0
[INFO] [stderr]   Downloaded wit-bindgen-core v0.51.0
[INFO] [stderr]   Downloaded wasm-bindgen v0.2.108
[INFO] [stderr]   Downloaded hashlink v0.12.0
[INFO] [stderr]   Downloaded fallible-iterator v0.3.0
[INFO] [stderr]   Downloaded streaming-iterator v0.1.9
[INFO] [stderr]   Downloaded clap_derive v4.6.1
[INFO] [stderr]   Downloaded virtue v0.0.18
[INFO] [stderr]   Downloaded crossbeam-deque v0.8.6
[INFO] [stderr]   Downloaded bitflags v2.11.1
[INFO] [stderr]   Downloaded wit-bindgen v0.51.0
[INFO] [stderr]   Downloaded wit-bindgen-rust v0.51.0
[INFO] [stderr]   Downloaded wasm-bindgen-macro-support v0.2.108
[INFO] [stderr]   Downloaded tree-sitter-xml v0.7.0
[INFO] [stderr]   Downloaded tree-sitter-luau v1.2.0
[INFO] [stderr]   Downloaded clap v4.6.1
[INFO] [stderr]   Downloaded ignore v0.4.25
[INFO] [stderr]   Downloaded getrandom v0.4.2
[INFO] [stderr]   Downloaded js-sys v0.3.85
[INFO] [stderr]   Downloaded toml_edit v0.22.27
[INFO] [stderr]   Downloaded typenum v1.20.0
[INFO] [stderr]   Downloaded arc-swap v1.9.1
[INFO] [stderr]   Downloaded cc v1.2.60
[INFO] [stderr]   Downloaded wasm-encoder v0.244.0
[INFO] [stderr]   Downloaded wit-bindgen v0.57.1
[INFO] [stderr]   Downloaded tree-sitter-gdscript v6.1.0
[INFO] [stderr]   Downloaded bincode v2.0.1
[INFO] [stderr]   Downloaded wasip3 v0.4.0+wasi-0.3.0-rc-2026-01-06
[INFO] [stderr]   Downloaded bumpalo v3.20.3
[INFO] [stderr]   Downloaded tsift-graph v0.1.105
[INFO] [stderr]   Downloaded tree-sitter-yaml v0.7.2
[INFO] [stderr]   Downloaded tree-sitter-javascript v0.25.0
[INFO] [stderr]   Downloaded tree-sitter-go v0.25.0
[INFO] [stderr]   Downloaded serde_json v1.0.149
[INFO] [stderr]   Downloaded hashbrown v0.17.0
[INFO] [stderr]   Downloaded wasip2 v1.0.3+wasi-0.2.9
[INFO] [stderr]   Downloaded wit-parser v0.244.0
[INFO] [stderr]   Downloaded rusqlite v0.40.1
[INFO] [stderr]   Downloaded tree-sitter v0.26.9
[INFO] [stderr]   Downloaded tree-sitter-python v0.25.0
[INFO] [stderr]   Downloaded winnow v0.7.15
[INFO] [stderr]   Downloaded tagpath v0.11.1
[INFO] [stderr]   Downloaded clap_builder v4.6.0
[INFO] [stderr]   Downloaded tree-sitter-zig v1.1.2
[INFO] [stderr]   Downloaded blake3 v1.8.4
[INFO] [stderr]   Downloaded tree-sitter-c v0.24.2
[INFO] [stderr]   Downloaded wit-component v0.244.0
[INFO] [stderr]   Downloaded wasmparser v0.244.0
[INFO] [stderr]   Downloaded tree-sitter-md v0.5.3
[INFO] [stderr]   Downloaded bstr v1.12.1
[INFO] [stderr]   Downloaded tree-sitter-rust v0.24.2
[INFO] [stderr]   Downloaded tree-sitter-bash v0.25.1
[INFO] [stderr]   Downloaded rustix v1.1.4
[INFO] [stderr]   Downloaded tree-sitter-odin v1.3.0
[INFO] [stderr]   Downloaded lazily v0.49.0
[INFO] [stderr]   Downloaded tree-sitter-typescript v0.23.2
[INFO] [stderr]   Downloaded petgraph v0.8.3
[INFO] [stderr]   Downloaded tree-sitter-cpp v0.23.4
[INFO] [stderr]   Downloaded tree-sitter-kotlin-ng v1.1.0
[INFO] [stderr]   Downloaded tree-sitter-c-sharp v0.23.5
[INFO] [stderr]   Downloaded windows-sys v0.48.0
[INFO] [stderr]   Downloaded libsqlite3-sys v0.38.1
[INFO] [stderr]   Downloaded sqlite-wasm-rs v0.5.5
[INFO] running `Command { std: "docker" "create" "-v" "/var/lib/crater-agent-workspace/builds/worker-2-tc1/source:/opt/rustwide/workdir:ro,Z" "-v" "/var/lib/crater-agent-workspace/builds/worker-2-tc1/target:/opt/rustwide/target:rw,Z" "-v" "/var/lib/crater-agent-workspace/cargo-home:/opt/rustwide/cargo-home:ro,Z" "-v" "/var/lib/crater-agent-workspace/rustup-home:/opt/rustwide/rustup-home:ro,Z" "-m" "1610612736" "--network" "none" "ghcr.io/rust-lang/crates-build-env/linux@sha256:77db811e55d90add9212f6832c23229e3de5f1c1f9905e8cb07319ea15df73ac" "sleep" "infinity", kill_on_drop: false }`
[INFO] [stdout] ea29271e6fe12830e2e3261ed1e59c5956d2dec0afb483ec20531034a5dc1e6e
[INFO] running `Command { std: "docker" "start" "ea29271e6fe12830e2e3261ed1e59c5956d2dec0afb483ec20531034a5dc1e6e", kill_on_drop: false }`
[INFO] running `Command { std: "docker" "inspect" "ea29271e6fe12830e2e3261ed1e59c5956d2dec0afb483ec20531034a5dc1e6e", kill_on_drop: false }`
[INFO] running `Command { std: "docker" "exec" "-e" "SOURCE_DIR=/opt/rustwide/workdir" "-e" "CARGO_HOME=/opt/rustwide/cargo-home" "-e" "RUSTUP_HOME=/opt/rustwide/rustup-home" "-e" "CARGO_TARGET_DIR=/opt/rustwide/target" "-w" "/opt/rustwide/workdir" "--user" "0:0" "ea29271e6fe12830e2e3261ed1e59c5956d2dec0afb483ec20531034a5dc1e6e" "/opt/rustwide/cargo-home/bin/cargo" "+1.99.0-beta.8" "metadata" "--no-deps" "--format-version=1", kill_on_drop: false }`
[INFO] running `Command { std: "docker" "inspect" "ea29271e6fe12830e2e3261ed1e59c5956d2dec0afb483ec20531034a5dc1e6e", kill_on_drop: false }`
[INFO] running `Command { std: "docker" "exec" "-e" "SOURCE_DIR=/opt/rustwide/workdir" "-e" "CARGO_HOME=/opt/rustwide/cargo-home" "-e" "RUSTUP_HOME=/opt/rustwide/rustup-home" "-e" "CARGO_TARGET_DIR=/opt/rustwide/target" "-e" "CARGO_INCREMENTAL=0" "-e" "RUST_BACKTRACE=full" "-e" "RUSTFLAGS=--cap-lints=warn" "-e" "RUSTDOCFLAGS=--cap-lints=warn" "-w" "/opt/rustwide/workdir" "--user" "0:0" "ea29271e6fe12830e2e3261ed1e59c5956d2dec0afb483ec20531034a5dc1e6e" "/opt/rustwide/cargo-home/bin/cargo" "+1.99.0-beta.8" "build" "--frozen" "--message-format=json" "--release", kill_on_drop: false }`
[INFO] [stderr]    Compiling shlex v1.3.0
[INFO] [stderr]    Compiling find-msvc-tools v0.1.9
[INFO] [stderr]    Compiling tree-sitter-language v0.1.7
[INFO] [stderr]    Compiling proc-macro2 v1.0.106
[INFO] [stderr]    Compiling unicode-ident v1.0.24
[INFO] [stderr]    Compiling quote v1.0.45
[INFO] [stderr]    Compiling serde_core v1.0.228
[INFO] [stderr]    Compiling zmij v1.0.21
[INFO] [stderr]    Compiling memchr v2.8.0
[INFO] [stderr]    Compiling serde v1.0.228
[INFO] [stderr]    Compiling cc v1.2.60
[INFO] [stderr]    Compiling foldhash v0.2.0
[INFO] [stderr]    Compiling version_check v0.9.5
[INFO] [stderr]    Compiling serde_json v1.0.149
[INFO] [stderr]    Compiling libc v0.2.186
[INFO] [stderr]    Compiling regex-syntax v0.8.10
[INFO] [stderr]    Compiling hashbrown v0.17.0
[INFO] [stderr]    Compiling equivalent v1.0.2
[INFO] [stderr]    Compiling generic-array v0.14.7
[INFO] [stderr]    Compiling aho-corasick v1.1.4
[INFO] [stderr]    Compiling syn v2.0.117
[INFO] [stderr]    Compiling indexmap v2.14.0
[INFO] [stderr]    Compiling rustversion v1.0.22
[INFO] [stderr]    Compiling itoa v1.0.18
[INFO] [stderr]    Compiling typenum v1.20.0
[INFO] [stderr]    Compiling regex-automata v0.4.14
[INFO] [stderr]    Compiling blake3 v1.8.4
[INFO] [stderr]    Compiling vcpkg v0.2.15
[INFO] [stderr]    Compiling pkg-config v0.3.33
[INFO] [stderr]    Compiling crossbeam-utils v0.8.21
[INFO] [stderr]    Compiling anyhow v1.0.102
[INFO] [stderr]    Compiling utf8parse v0.2.2
[INFO] [stderr]    Compiling smallvec v1.15.1
[INFO] [stderr]    Compiling rustix v1.1.4
[INFO] [stderr]    Compiling bitflags v2.11.1
[INFO] [stderr]    Compiling libsqlite3-sys v0.38.1
[INFO] [stderr]    Compiling anstyle-parse v1.0.0
[INFO] [stderr]    Compiling arc-swap v1.9.1
[INFO] [stderr]    Compiling tree-sitter v0.26.9
[INFO] [stderr]    Compiling tree-sitter-python v0.25.0
[INFO] [stderr]    Compiling tree-sitter-javascript v0.25.0
[INFO] [stderr]    Compiling tree-sitter-typescript v0.23.2
[INFO] [stderr]    Compiling tree-sitter-md v0.5.3
[INFO] [stderr]    Compiling tree-sitter-rust v0.24.2
[INFO] [stderr]    Compiling is_terminal_polyfill v1.70.2
[INFO] [stderr]    Compiling serde_derive v1.0.228
[INFO] [stderr]    Compiling lazily-macros v0.23.0
[INFO] [stderr]    Compiling getrandom v0.4.2
[INFO] [stderr]    Compiling colorchoice v1.0.5
[INFO] [stderr]    Compiling anstyle-query v1.1.5
[INFO] [stderr]    Compiling streaming-iterator v0.1.9
[INFO] [stderr]    Compiling arrayvec v0.7.6
[INFO] [stderr]    Compiling linux-raw-sys v0.12.1
[INFO] [stderr]    Compiling cpufeatures v0.3.0
[INFO] [stderr]    Compiling regex v1.12.3
[INFO] [stderr]    Compiling anstyle v1.0.14
[INFO] [stderr]    Compiling arrayref v0.3.9
[INFO] [stderr]    Compiling constant_time_eq v0.4.2
[INFO] [stderr]    Compiling anstream v1.0.0
[INFO] [stderr]    Compiling lazily v0.49.0
[INFO] [stderr]    Compiling toml_datetime v0.6.11
[INFO] [stderr]    Compiling serde_spanned v0.6.9
[INFO] [stderr]    Compiling block-buffer v0.10.4
[INFO] [stderr]    Compiling crypto-common v0.1.7
[INFO] [stderr]    Compiling tree-sitter-zig v1.1.2
[INFO] [stderr]    Compiling tree-sitter-yaml v0.7.2
[INFO] [stderr]    Compiling tree-sitter-xml v0.7.0
[INFO] [stderr]    Compiling tree-sitter-go v0.25.0
[INFO] [stderr]    Compiling tree-sitter-luau v1.2.0
[INFO] [stderr]    Compiling tree-sitter-gdscript v6.1.0
[INFO] [stderr]    Compiling tree-sitter-cpp v0.23.4
[INFO] [stderr]    Compiling tree-sitter-c-sharp v0.23.5
[INFO] [stderr]    Compiling tree-sitter-c v0.24.2
[INFO] [stderr]    Compiling tree-sitter-bash v0.25.1
[INFO] [stderr]    Compiling tree-sitter-json v0.24.8
[INFO] [stderr]    Compiling tree-sitter-odin v1.3.0
[INFO] [stderr]    Compiling tree-sitter-kotlin-ng v1.1.0
[INFO] [stderr]    Compiling virtue v0.0.18
[INFO] [stderr]    Compiling strsim v0.11.1
[INFO] [stderr]    Compiling foldhash v0.1.5
[INFO] [stderr]    Compiling clap_lex v1.1.0
[INFO] [stderr]    Compiling winnow v0.7.15
[INFO] [stderr]    Compiling toml_write v0.1.2
[INFO] [stderr]    Compiling same-file v1.0.6
[INFO] [stderr]    Compiling heck v0.5.0
[INFO] [stderr]    Compiling option-ext v0.2.0
[INFO] [stderr]    Compiling dirs-sys v0.4.1
[INFO] [stderr]    Compiling clap_derive v4.6.1
[INFO] [stderr]    Compiling walkdir v2.5.0
[INFO] [stderr]    Compiling bincode_derive v2.0.1
[INFO] [stderr]    Compiling clap_builder v4.6.0
[INFO] [stderr]    Compiling hashbrown v0.15.5
[INFO] [stderr]    Compiling toml_edit v0.22.27
[INFO] [stderr]    Compiling tsift-core v0.1.105
[INFO] [stderr]    Compiling digest v0.10.7
[INFO] [stderr]    Compiling crossbeam-epoch v0.9.18
[INFO] [stderr]    Compiling hashlink v0.12.0
[INFO] [stderr]    Compiling bstr v1.12.1
[INFO] [stderr]    Compiling fallible-streaming-iterator v0.1.9
[INFO] [stderr]    Compiling cpufeatures v0.2.17
[INFO] [stderr]    Compiling fixedbitset v0.5.7
[INFO] [stderr]    Compiling log v0.4.29
[INFO] [stderr]    Compiling once_cell v1.21.4
[INFO] [stderr]    Compiling fastrand v2.4.1
[INFO] [stderr]    Compiling fallible-iterator v0.3.0
[INFO] [stderr]    Compiling unty v0.0.4
[INFO] [stderr]    Compiling tempfile v3.27.0
[INFO] [stderr]    Compiling bincode v2.0.1
[INFO] [stderr]    Compiling petgraph v0.8.3
[INFO] [stderr]    Compiling globset v0.4.18
[INFO] [stderr]    Compiling sha2 v0.10.9
[INFO] [stderr]    Compiling tsift-md-ast v0.1.105
[INFO] [stderr]    Compiling crossbeam-deque v0.8.6
[INFO] [stderr]    Compiling toml v0.8.23
[INFO] [stderr]    Compiling clap v4.6.1
[INFO] [stderr]    Compiling dirs v5.0.1
[INFO] [stderr]    Compiling tsift-graph v0.1.105
[INFO] [stderr]    Compiling ignore v0.4.25
[INFO] [stderr]    Compiling fs4 v0.13.1
[INFO] [stderr]    Compiling tagpath v0.11.1
[INFO] [stderr]    Compiling rusqlite v0.40.1
[INFO] [stderr]    Compiling tsift-sqlite v0.1.105
[INFO] [stderr]    Compiling tsift-index v0.1.105 (/opt/rustwide/workdir)
[INFO] [stderr]     Finished `release` profile [optimized] target(s) in 5m 42s
[INFO] running `Command { std: "docker" "inspect" "ea29271e6fe12830e2e3261ed1e59c5956d2dec0afb483ec20531034a5dc1e6e", kill_on_drop: false }`
[INFO] running `Command { std: "docker" "exec" "-e" "SOURCE_DIR=/opt/rustwide/workdir" "-e" "CARGO_HOME=/opt/rustwide/cargo-home" "-e" "RUSTUP_HOME=/opt/rustwide/rustup-home" "-e" "CARGO_TARGET_DIR=/opt/rustwide/target" "-e" "CARGO_INCREMENTAL=0" "-e" "RUST_BACKTRACE=full" "-e" "RUSTFLAGS=--cap-lints=warn" "-e" "RUSTDOCFLAGS=--cap-lints=warn" "-w" "/opt/rustwide/workdir" "--user" "0:0" "ea29271e6fe12830e2e3261ed1e59c5956d2dec0afb483ec20531034a5dc1e6e" "/opt/rustwide/cargo-home/bin/cargo" "+1.99.0-beta.8" "test" "--frozen" "--no-run" "--message-format=json" "--release", kill_on_drop: false }`
[INFO] [stderr]    Compiling tsift-index v0.1.105 (/opt/rustwide/workdir)
[INFO] [stderr]     Finished `release` profile [optimized] target(s) in 21.44s
[INFO] running `Command { std: "docker" "inspect" "ea29271e6fe12830e2e3261ed1e59c5956d2dec0afb483ec20531034a5dc1e6e", kill_on_drop: false }`
[INFO] running `Command { std: "docker" "exec" "-e" "SOURCE_DIR=/opt/rustwide/workdir" "-e" "CARGO_HOME=/opt/rustwide/cargo-home" "-e" "RUSTUP_HOME=/opt/rustwide/rustup-home" "-e" "CARGO_TARGET_DIR=/opt/rustwide/target" "-e" "CARGO_INCREMENTAL=0" "-e" "RUST_BACKTRACE=full" "-e" "RUSTFLAGS=--cap-lints=warn" "-e" "RUSTDOCFLAGS=--cap-lints=warn" "-w" "/opt/rustwide/workdir" "--user" "0:0" "ea29271e6fe12830e2e3261ed1e59c5956d2dec0afb483ec20531034a5dc1e6e" "/opt/rustwide/cargo-home/bin/cargo" "+1.99.0-beta.8" "test" "--frozen" "--release", kill_on_drop: false }`
[INFO] [stderr]     Finished `release` profile [optimized] target(s) in 0.17s
[INFO] [stderr]      Running unittests src/lib.rs (/opt/rustwide/target/release/deps/tsift_index-572432fb6fdb1334)
[INFO] [stdout] 
[INFO] [stdout] running 205 tests
[INFO] [stdout] test config::tests::default_config_shared_federated ... ok
[INFO] [stdout] test config::tests::language_map_defaults_to_the_builtin_table ... ok
[INFO] [stdout] test config::tests::db_path_per_submodule ... ok
[INFO] [stdout] test config::tests::federation_false_on_private_even_without_explicit_flag ... ok
[INFO] [stdout] test config::tests::language_map_keeps_generated_lockfiles_excluded ... ok
[INFO] [stdout] test config::tests::findings_passive_harvest_defaults_off ... ok
[INFO] [stdout] test config::tests::findings_passive_harvest_opt_in ... ok
[INFO] [stdout] test config::tests::infer_submodule_from_path_uses_matching_nested_scope ... ok
[INFO] [stdout] test config::tests::language_map_rejects_an_unknown_language ... ok
[INFO] [stdout] test config::tests::override_federation_only ... ok
[INFO] [stdout] test config::tests::load_missing_file_returns_default ... ok
[INFO] [stdout] test config::tests::parse_full_config ... ok
[INFO] [stdout] test config::tests::language_map_maps_lua_to_luau_on_opt_in ... ok
[INFO] [stdout] test config::tests::submodule_dirs_no_gitmodules ... ok
[INFO] [stdout] test config::tests::find_submodule_errors_on_ambiguous_legacy_name ... ok
[INFO] [stdout] test config::tests::rojo_detection_is_opt_in_and_secondary_to_explicit_mapping ... ok
[INFO] [stdout] test config::tests::parse_minimal_config ... ok
[INFO] [stdout] test config::tests::submodule_dirs_parses_gitmodules ... ok
[INFO] [stdout] test config::tests::submodule_dirs_use_full_path_when_leaf_names_collide ... ok
[INFO] [stdout] test config::tests::workspace_discovery_reports_absent_non_gitlink_as_unresolvable ... ok
[INFO] [stdout] test config::tests::workspace_discovery_recurses_into_nested_workspaces ... ok
[INFO] [stdout] test config::tests::workspace_discovery_keeps_an_uninitialized_gitlink_scope ... ok
[INFO] [stdout] test index::tests::apply_changes_refuses_an_ambient_state_root ... ok
[INFO] [stdout] test index::tests::all_edges_returns_distinct_pairs ... ok
[INFO] [stdout] test index::tests::call_edges_extracted_on_index ... ok
[INFO] [stdout] test index::tests::check_mode_does_not_update_state ... ok
[INFO] [stdout] test index::tests::apply_changes_warns_on_unreadable_file ... FAILED
[INFO] [stdout] test index::tests::compute_tags_splits_agent_style_phrase_queries ... ok
[INFO] [stdout] test index::tests::callers_of_query ... ok
[INFO] [stdout] test index::tests::callees_of_query ... ok
[INFO] [stdout] test index::tests::apply_then_delete_then_apply ... ok
[INFO] [stdout] test index::tests::code_symbol_search_excludes_markdown_structure_without_dropping_navigation_symbols ... ok
[INFO] [stdout] test index::tests::apply_changes_savepoint_releases_cleanly ... ok
[INFO] [stdout] test index::tests::apply_changes_rolls_back_on_failure ... ok
[INFO] [stdout] test index::tests::content_fts_updated_on_modify_and_removed_on_delete ... ok
[INFO] [stdout] test index::tests::deleted_file_detected ... ok
[INFO] [stdout] test index::tests::edges_deleted_with_file ... ok
[INFO] [stdout] test index::tests::has_changes_false_when_empty ... ok
[INFO] [stdout] test index::tests::has_changes_false_when_unchanged ... ok
[INFO] [stdout] test index::tests::has_changes_true_when_deleted ... ok
[INFO] [stdout] test index::tests::has_changes_true_when_modified ... ok
[INFO] [stdout] test index::tests::has_changes_true_when_new ... ok
[INFO] [stdout] test index::tests::edges_updated_on_modification ... ok
[INFO] [stdout] test index::tests::files_possibly_containing_kind_is_sound ... ok
[INFO] [stdout] test index::tests::extractor_version_bump_reextracts_only_that_language ... ok
[INFO] [stdout] test index::tests::content_fts_populated_for_code_files_only ... ok
[INFO] [stdout] test index::tests::language_keyword_tags_are_sorted_for_binary_search ... ok
[INFO] [stdout] test index::tests::content_fts_search_pruned_is_sound ... ok
[INFO] [stdout] test index::tests::lua_files_index_as_luau_only_with_the_project_opt_in ... ok
[INFO] [stdout] test index::tests::first_index_all_new ... ok
[INFO] [stdout] test index::tests::modified_file_detected ... ok
[INFO] [stdout] test index::tests::open_fails_fast_when_writer_lock_is_live ... ok
[INFO] [stdout] test index::tests::index_from_before_extractor_versions_reextracts_once ... ok
[INFO] [stdout] test index::tests::open_configures_sqlite_for_concurrent_access ... ok
[INFO] [stdout] test index::tests::new_file_detected ... ok
[INFO] [stdout] test index::tests::open_read_only_uses_busy_timeout ... ok
[INFO] [stdout] test index::tests::open_reuses_stale_writer_lock_file ... ok
[INFO] [stdout] test index::tests::probe_writer_lock_ignores_empty_unlocked_sidecar ... ok
[INFO] [stdout] test index::tests::plain_index_reextracts_files_from_an_older_extractor_version ... ok
[INFO] [stdout] test index::tests::projection_snapshot_hash_tracks_semantic_rows_without_mtime_changes ... ok
[INFO] [stdout] test index::tests::pruned_detects_modified_file_even_if_dir_state_matches_current_dir_mtime ... ok
[INFO] [stdout] test index::tests::pruned_detects_new_file_in_changed_dir ... ok
[INFO] [stdout] test index::tests::pruned_does_not_report_pruned_files_as_deleted ... ok
[INFO] [stdout] test index::tests::pruned_first_index_same_as_regular ... ok
[INFO] [stdout] test index::tests::pruned_index_reextracts_stale_files_in_unchanged_dirs ... ok
[INFO] [stdout] test index::tests::pruned_second_index_keeps_full_scan_correctness ... ok
[INFO] [stdout] test index::tests::query_min_tag_matches_requires_half_the_query ... ok
[INFO] [stdout] test index::tests::python_edges_extracted ... ok
[INFO] [stdout] test index::tests::rebuild_clears_and_reextracts_edges ... ok
[INFO] [stdout] test index::tests::rebuild_clears_and_reextracts_symbols ... ok
[INFO] [stdout] test index::tests::rebuild_clears_dir_state ... ok
[INFO] [stdout] test index::tests::rebuild_refuses_an_ambient_state_root_without_clearing_the_index ... ok
[INFO] [stdout] test index::tests::rebuild_nested_savepoints_work ... ok
[INFO] [stdout] test index::tests::rebuild_repopulates_content_fts ... ok
[INFO] [stdout] test index::tests::rebuild_repopulates_zonemap ... ok
[INFO] [stdout] test index::tests::rebuild_resets_state ... ok
[INFO] [stdout] test index::tests::rebuild_rolls_back_on_failure_after_clear ... ok
[INFO] [stdout] test index::tests::route_nodes_extracted_on_index ... ok
[INFO] [stdout] test index::tests::second_index_all_unchanged ... ok
[INFO] [stdout] test index::tests::symbol_search_cross_convention ... ok
[INFO] [stdout] test index::tests::symbol_search_drops_one_of_three_tag_matches ... ok
[INFO] [stdout] test index::tests::symbol_search_exact_name ... ok
[INFO] [stdout] test index::tests::symbol_search_limit_keeps_best_tag_matches ... ok
[INFO] [stdout] test index::tests::symbol_search_matches_agent_style_phrase_queries ... ok
[INFO] [stdout] test index::tests::symbol_search_no_match ... ok
[INFO] [stdout] test index::tests::symbol_search_respects_limit ... ok
[INFO] [stdout] test index::tests::symbol_search_partial_tags ... ok
[INFO] [stdout] test index::tests::symbol_search_treats_keyword_only_queries_as_lexical ... ok
[INFO] [stdout] test index::tests::symbol_search_zero_limit_returns_no_hits ... ok
[INFO] [stdout] test index::tests::symbols_deleted_with_file ... ok
[INFO] [stdout] test index::tests::symbols_extracted_on_index ... ok
[INFO] [stdout] test index::tests::symbols_have_correct_properties ... ok
[INFO] [stdout] test index::tests::symbols_for_nonexistent_file_returns_empty ... ok
[INFO] [stdout] test index::tests::inspect_read_only_uses_snapshot_when_rollback_journal_is_locked ... ok
[INFO] [stdout] test index::tests::symbols_have_tags ... ok
[INFO] [stdout] test index::tests::unsupported_extensions_ignored ... ok
[INFO] [stdout] test index::tests::symbols_updated_on_modification ... ok
[INFO] [stdout] test init::tests::auto_preserves_managed_repositories_as_shared ... ok
[INFO] [stdout] test init::tests::auto_selects_personal_for_a_new_repository ... ok
[INFO] [stdout] test init::tests::check_version_current_after_init ... ok
[INFO] [stdout] test init::tests::check_version_missing_when_no_files ... ok
[INFO] [stdout] test init::tests::check_version_missing_when_no_section ... ok
[INFO] [stdout] test init::tests::check_version_prefers_agents_over_claude ... ok
[INFO] [stdout] test init::tests::check_version_stale_for_older_version ... ok
[INFO] [stdout] test init::tests::check_version_stale_for_pre_versioned ... ok
[INFO] [stdout] test init::tests::every_supported_harness_link_resolves_to_the_generated_skill ... ok
[INFO] [stdout] test init::tests::extract_version_from_versioned_marker ... ok
[INFO] [stdout] test init::tests::extract_version_returns_none_for_old_format ... ok
[INFO] [stdout] test init::tests::extract_version_returns_none_when_no_section ... ok
[INFO] [stdout] test init::tests::generated_instruction_surfaces_never_teach_a_deprecated_flag ... ok
[INFO] [stdout] test init::tests::harness_link_is_idempotent_and_repoints_a_stale_tsift_link ... ok
[INFO] [stdout] test init::tests::harness_link_refuses_to_replace_an_unmanaged_skill ... ok
[INFO] [stdout] test init::tests::has_submodules_reads_gitmodules ... ok
[INFO] [stdout] test init::tests::init_appends_to_existing_gitignore ... ok
[INFO] [stdout] test init::tests::init_codex_adds_to_stop_only_hooks ... ok
[INFO] [stdout] test init::tests::init_codex_creates_hooks_json ... ok
[INFO] [stdout] test init::tests::init_codex_creates_workspace_hook_for_submodules ... ok
[INFO] [stdout] test init::tests::init_codex_deduplicates_existing_tsift_hooks ... ok
[INFO] [stdout] test index::tests::open_read_only_resilient_uses_snapshot_when_rollback_journal_is_locked ... ok
[INFO] [stdout] test index::tests::zonemap_populated_for_code_files_only ... ok
[INFO] [stdout] test init::tests::init_codex_is_idempotent ... ok
[INFO] [stdout] test init::tests::init_codex_rejects_unsafe_autoindex_cpu_affinity ... ok
[INFO] [stdout] test init::tests::init_codex_updates_existing_project_hook_command ... ok
[INFO] [stdout] test init::tests::init_codex_merges_into_existing_hooks ... ok
[INFO] [stdout] test init::tests::init_codex_updates_project_hook_to_workspace_hook ... ok
[INFO] [stdout] test init::tests::init_creates_gitignore_with_tsift_entry ... ok
[INFO] [stdout] test init::tests::init_creates_agents_router_without_modifying_unmanaged_claude ... ok
[INFO] [stdout] test init::tests::init_creates_shared_skill_and_agents_router ... ok
[INFO] [stdout] test init::tests::init_does_not_inject_into_a_claude_md_that_imports_agents_md ... ok
[INFO] [stdout] test init::tests::init_embeds_version_in_marker ... ok
[INFO] [stdout] test init::tests::init_leaves_a_claude_md_symlinked_to_agents_md_alone ... ok
[INFO] [stdout] test init::tests::init_is_idempotent ... ok
[INFO] [stdout] test init::tests::init_codex_workspace_hook_honors_autoindex_focus ... ok
[INFO] [stdout] test init::tests::init_leaves_unmanaged_agents_and_claude_unchanged ... ok
[INFO] [stdout] test init::tests::init_migrates_pre_versioned_agents_section_to_skill ... ok
[INFO] [stdout] test init::tests::init_migrates_the_legacy_runbook_to_the_canonical_agent_directory ... ok
[INFO] [stdout] test init::tests::init_opencode_creates_command_shortcuts ... ok
[INFO] [stdout] test init::tests::init_opencode_is_idempotent ... ok
[INFO] [stdout] test init::tests::init_opencode_refuses_unmanaged_command_conflict ... ok
[INFO] [stdout] test init::tests::init_preserves_surrounding_content ... ok
[INFO] [stdout] test init::tests::init_preserves_unmanaged_agents_md_and_adds_router ... ok
[INFO] [stdout] test init::tests::init_refuses_to_overwrite_an_unmanaged_skill ... ok
[INFO] [stdout] test init::tests::init_refreshes_a_stale_runbook_in_place_and_keeps_surrounding_text ... ok
[INFO] [stdout] test init::tests::init_removes_a_duplicate_section_from_a_claude_md_that_imports_agents_md ... ok
[INFO] [stdout] test init::tests::init_reports_no_runbook_migration_when_there_is_nothing_to_move ... ok
[INFO] [stdout] test init::tests::init_skips_gitignore_when_already_present ... ok
[INFO] [stdout] test init::tests::init_updates_stale_section ... ok
[INFO] [stdout] test init::tests::init_without_codex_flag_skips_hooks ... ok
[INFO] [stdout] test init::tests::init_writes_the_code_navigation_runbook_with_the_detail_the_block_defers_to ... ok
[INFO] [stdout] test init::tests::init_workspace_hook_requires_submodules ... ok
[INFO] [stdout] test init::tests::no_harness_flag_writes_no_harness_directories ... ok
[INFO] [stdout] test index::tests::open_read_only_resilient_copies_wal_sidecars_for_locked_wal_db ... ok
[INFO] [stdout] test init::tests::opencode_npm_package_matches_init_command_shortcuts ... FAILED
[INFO] [stdout] test init::tests::off_mode_removes_only_managed_repository_instruction_surfaces ... ok
[INFO] [stdout] test init::tests::package_skill_is_live_and_does_not_recursively_bootstrap ... ok
[INFO] [stdout] test index::tests::inspect_read_only_reports_wal_snapshot_recovery_when_wal_db_is_locked ... ok
[INFO] [stdout] test init::tests::off_mode_removes_the_harness_link_but_not_an_unmanaged_one ... ok
[INFO] [stdout] test init::tests::init_respects_git_info_exclude_without_touching_gitignore ... ok
[INFO] [stdout] test init::tests::package_runbook_is_live_while_generated_reference_is_a_fallback ... ok
[INFO] [stdout] test index::tests::inspect_scope_lazily_reuses_until_epoch_invalidation ... ok
[INFO] [stdout] test index::tests::zonemap_updated_on_modify_and_removed_on_delete ... ok
[INFO] [stdout] test init::tests::personal_harness_links_land_in_each_harness_user_directory ... ok
[INFO] [stdout] test init::tests::personal_skills_dir_follows_each_harness_home_override ... ok
[INFO] [stdout] test init::tests::personal_skills_dir_is_each_harness_documented_user_directory ... ok
[INFO] [stdout] test init::tests::personal_harness_link_points_at_the_user_scoped_skill ... ok
[INFO] [stdout] test init::tests::personal_mode_installs_user_skill_without_repository_instruction_files ... ok
[INFO] [stdout] test init::tests::resolve_project_dir_returns_dir_for_directory ... ok
[INFO] [stdout] test init::tests::resolve_project_dir_returns_parent_for_file ... ok
[INFO] [stdout] test init::tests::shared_harness_link_makes_the_skill_loadable_without_the_agents_router ... ok
[INFO] [stdout] test init::tests::the_enriched_skill_still_passes_the_deprecated_flag_gate ... ok
[INFO] [stdout] test init::tests::the_runbook_marker_is_not_mistaken_for_the_block_marker ... ok
[INFO] [stdout] test init::tests::personal_opencode_link_migrates_the_legacy_home_dot_opencode_link ... ok
[INFO] [stdout] test init::tests::verification_guidance_detects_make_check_and_github_actions ... ok
[INFO] [stdout] test init::tests::the_generated_skill_carries_the_hand_maintained_skills_value ... ok
[INFO] [stdout] test init::tests::verification_guidance_uses_only_detected_repo_tools_and_available_ci_clients ... ok
[INFO] [stdout] test multiplicity::tests::infer_cargo_package_prefers_deepest_root ... ok
[INFO] [stdout] test multiplicity::tests::duplicate_cargo_package_names_use_relative_scope_ids ... ok
[INFO] [stdout] test roots::tests::allow_value_parses_the_documented_truthy_set ... ok
[INFO] [stdout] test roots::tests::ambient_state_roots_include_home_and_filesystem_root ... ok
[INFO] [stdout] test roots::tests::escape_hatch_allows_an_ambient_root ... ok
[INFO] [stdout] test roots::tests::a_directory_under_an_ambient_root_is_still_indexable ... ok
[INFO] [stdout] test roots::tests::filesystem_root_is_refused_as_an_index_root ... ok
[INFO] [stdout] test multiplicity::tests::cargo_inventory_discovers_nested_workspace_packages ... ok
[INFO] [stdout] test roots::tests::opening_an_index_db_under_a_real_project_is_allowed ... ok
[INFO] [stdout] test roots::tests::opening_an_index_db_under_an_ambient_root_is_refused ... ok
[INFO] [stdout] test roots::tests::ordinary_project_root_is_indexable ... ok
[INFO] [stdout] test roots::tests::home_is_refused_as_an_index_root ... ok
[INFO] [stdout] test init::tests::resolve_project_dir_finds_git_root_from_file ... ok
[INFO] [stdout] test init::tests::resolve_workspace_dir_uses_current_project_dir ... ok
[INFO] [stdout] test walk::tests::pruned_walk_still_visits_files_when_dir_mtime_matches ... ok
[INFO] [stdout] test walk::tests::changed_since_filters_by_mtime ... ok
[INFO] [stdout] test walk::tests::pruned_walk_collects_dir_mtimes ... ok
[INFO] [stdout] test walk::tests::pruned_walk_no_stored_dirs_walks_everything ... ok
[INFO] [stdout] test walk::tests::walk_assigns_correct_language ... ok
[INFO] [stdout] test walk::tests::pruned_walk_walks_changed_subdir ... ok
[INFO] [stdout] test init::tests::resolve_project_dir_finds_git_root ... ok
[INFO] [stdout] test roots::tests::root_for_index_db_path_finds_the_tsift_parent ... ok
[INFO] [stdout] test walk::tests::walk_captures_mtime ... ok
[INFO] [stdout] test walk::tests::walk_exclusions_prune_entire_workspace_scopes ... ok
[INFO] [stdout] test walk::tests::walk_empty_dir_returns_empty ... ok
[INFO] [stdout] test walk::tests::walk_finds_supported_files ... ok
[INFO] [stdout] test walk::tests::walk_skips_hidden_dirs ... ok
[INFO] [stdout] test walk::tests::walk_respects_gitignore ... ok
[INFO] [stdout] test init::tests::resolve_workspace_dir_does_not_escape_a_git_submodule ... ok
[INFO] [stdout] test index::tests::apply_changes_commits_in_bounded_chunks ... ok
[INFO] [stdout] 
[INFO] [stdout] failures:
[INFO] [stdout] 
[INFO] [stdout] ---- index::tests::apply_changes_warns_on_unreadable_file stdout ----
[INFO] [stdout] 
[INFO] [stdout] thread 'index::tests::apply_changes_warns_on_unreadable_file' (3076) panicked at src/index.rs:2916:9:
[INFO] [stdout] assertion `left == right` failed
[INFO] [stdout]   left: 0
[INFO] [stdout]  right: 1
[INFO] [stdout] stack backtrace:
[INFO] [stdout]    0:     0x58af5ca7f1e1 - <<std[70759c8f55707aa4]::sys::backtrace::BacktraceLock>::print::DisplayBacktrace as core[df12db4294e9bfd3]::fmt::Display>::fmt
[INFO] [stdout]    1:     0x58af5ca97e6a - core[df12db4294e9bfd3]::fmt::write
[INFO] [stdout]    2:     0x58af5ca8408c - <alloc[2182bb758b4b3781]::vec::Vec<u8> as core[df12db4294e9bfd3]::io::write::Write>::write_fmt
[INFO] [stdout]    3:     0x58af5ca56236 - std[70759c8f55707aa4]::panicking::default_hook::{closure#0}
[INFO] [stdout]    4:     0x58af5ca74f29 - std[70759c8f55707aa4]::panicking::default_hook
[INFO] [stdout]    5:     0x58af5c5f4e90 - test[9d35eded1c95d3be]::test_main_inner::<test[9d35eded1c95d3be]::test_main_static::{closure#0}>::{closure#0}
[INFO] [stdout]    6:     0x58af5ca750e2 - std[70759c8f55707aa4]::panicking::panic_with_hook
[INFO] [stdout]    7:     0x58af5ca562e2 - std[70759c8f55707aa4]::panicking::panic_handler::{closure#0}
[INFO] [stdout]    8:     0x58af5ca4e659 - std[70759c8f55707aa4]::sys::backtrace::__rust_end_short_backtrace::<std[70759c8f55707aa4]::panicking::panic_handler::{closure#0}, !>
[INFO] [stdout]    9:     0x58af5ca5737d - __rustc[8fa7c3cbc660c2b3]::rust_begin_unwind
[INFO] [stdout]   10:     0x58af5ca9864c - core[df12db4294e9bfd3]::panicking::panic_fmt
[INFO] [stdout]   11:     0x58af5ca98563 - core[df12db4294e9bfd3]::panicking::assert_failed_inner
[INFO] [stdout]   12:     0x58af5ca92d4d - core[df12db4294e9bfd3]::panicking::assert_failed::<usize, usize>
[INFO] [stdout]   13:     0x58af5c50248e - tsift_index[6bfa2df3acdf3a9d]::index::tests::apply_changes_warns_on_unreadable_file
[INFO] [stdout]   14:     0x58af5c543ea9 - <tsift_index[6bfa2df3acdf3a9d]::index::tests::apply_changes_warns_on_unreadable_file::{closure#0} as core[df12db4294e9bfd3]::ops::function::FnOnce<()>>::call_once
[INFO] [stdout]   15:     0x58af5c5e817b - test[9d35eded1c95d3be]::__rust_begin_short_backtrace::<core[df12db4294e9bfd3]::result::Result<(), alloc[2182bb758b4b3781]::string::String>, fn() -> core[df12db4294e9bfd3]::result::Result<(), alloc[2182bb758b4b3781]::string::String>>
[INFO] [stdout]   16:     0x58af5c5f57e5 - test[9d35eded1c95d3be]::run_test::{closure#0}
[INFO] [stdout]   17:     0x58af5c5ef0a4 - std[70759c8f55707aa4]::sys::backtrace::__rust_begin_short_backtrace::<test[9d35eded1c95d3be]::run_test::{closure#1}, ()>
[INFO] [stdout]   18:     0x58af5c5f8942 - <std[70759c8f55707aa4]::thread::lifecycle::spawn_unchecked<test[9d35eded1c95d3be]::run_test::{closure#1}, ()>::{closure#1} as core[df12db4294e9bfd3]::ops::function::FnOnce<()>>::call_once::{shim:vtable#0}
[INFO] [stdout]   19:     0x58af5ca7e179 - <std[70759c8f55707aa4]::sys::thread::unix::Thread>::new::thread_start
[INFO] [stdout]   20:     0x79f4dfb01dfa - <unknown>
[INFO] [stdout]   21:     0x79f4dfb953d4 - clone
[INFO] [stdout]   22:                0x0 - <unknown>
[INFO] [stdout] 
[INFO] [stdout] ---- init::tests::opencode_npm_package_matches_init_command_shortcuts stdout ----
[INFO] [stdout] 
[INFO] [stdout] thread 'init::tests::opencode_npm_package_matches_init_command_shortcuts' (3262) panicked at src/init.rs:3774:72:
[INFO] [stdout] called `Result::unwrap()` on an `Err` value: Os { code: 2, kind: NotFound, message: "No such file or directory" }
[INFO] [stdout] stack backtrace:
[INFO] [stdout]    0:     0x58af5ca7f1e1 - <<std[70759c8f55707aa4]::sys::backtrace::BacktraceLock>::print::DisplayBacktrace as core[df12db4294e9bfd3]::fmt::Display>::fmt
[INFO] [stdout]    1:     0x58af5ca97e6a - core[df12db4294e9bfd3]::fmt::write
[INFO] [stdout]    2:     0x58af5ca8408c - <alloc[2182bb758b4b3781]::vec::Vec<u8> as core[df12db4294e9bfd3]::io::write::Write>::write_fmt
[INFO] [stdout]    3:     0x58af5ca56236 - std[70759c8f55707aa4]::panicking::default_hook::{closure#0}
[INFO] [stdout]    4:     0x58af5ca74f29 - std[70759c8f55707aa4]::panicking::default_hook
[INFO] [stdout]    5:     0x58af5c5f4e90 - test[9d35eded1c95d3be]::test_main_inner::<test[9d35eded1c95d3be]::test_main_static::{closure#0}>::{closure#0}
[INFO] [stdout]    6:     0x58af5ca750e2 - std[70759c8f55707aa4]::panicking::panic_with_hook
[INFO] [stdout]    7:     0x58af5ca562e2 - std[70759c8f55707aa4]::panicking::panic_handler::{closure#0}
[INFO] [stdout]    8:     0x58af5ca4e659 - std[70759c8f55707aa4]::sys::backtrace::__rust_end_short_backtrace::<std[70759c8f55707aa4]::panicking::panic_handler::{closure#0}, !>
[INFO] [stdout]    9:     0x58af5ca5737d - __rustc[8fa7c3cbc660c2b3]::rust_begin_unwind
[INFO] [stdout]   10:     0x58af5ca9864c - core[df12db4294e9bfd3]::panicking::panic_fmt
[INFO] [stdout]   11:     0x58af5ca98422 - core[df12db4294e9bfd3]::result::unwrap_failed
[INFO] [stdout]   12:     0x58af5c4e512f - tsift_index[6bfa2df3acdf3a9d]::init::tests::opencode_npm_package_matches_init_command_shortcuts
[INFO] [stdout]   13:     0x58af5c543179 - <tsift_index[6bfa2df3acdf3a9d]::init::tests::opencode_npm_package_matches_init_command_shortcuts::{closure#0} as core[df12db4294e9bfd3]::ops::function::FnOnce<()>>::call_once
[INFO] [stdout]   14:     0x58af5c5e817b - test[9d35eded1c95d3be]::__rust_begin_short_backtrace::<core[df12db4294e9bfd3]::result::Result<(), alloc[2182bb758b4b3781]::string::String>, fn() -> core[df12db4294e9bfd3]::result::Result<(), alloc[2182bb758b4b3781]::string::String>>
[INFO] [stdout]   15:     0x58af5c5f57e5 - test[9d35eded1c95d3be]::run_test::{closure#0}
[INFO] [stdout]   16:     0x58af5c5ef0a4 - std[70759c8f55707aa4]::sys::backtrace::__rust_begin_short_backtrace::<test[9d35eded1c95d3be]::run_test::{closure#1}, ()>
[INFO] [stdout]   17:     0x58af5c5f8942 - <std[70759c8f55707aa4]::thread::lifecycle::spawn_unchecked<test[9d35eded1c95d3be]::run_test::{closure#1}, ()>::{closure#1} as core[df12db4294e9bfd3]::ops::function::FnOnce<()>>::call_once::{shim:vtable#0}
[INFO] [stdout]   18:     0x58af5ca7e179 - <std[70759c8f55707aa4]::sys::thread::unix::Thread>::new::thread_start
[INFO] [stdout]   19:     0x79f4dfb01dfa - <unknown>
[INFO] [stdout]   20:     0x79f4dfb953d4 - clone
[INFO] [stdout]   21:                0x0 - <unknown>
[INFO] [stdout] 
[INFO] [stdout] 
[INFO] [stdout] failures:
[INFO] [stdout]     index::tests::apply_changes_warns_on_unreadable_file
[INFO] [stdout]     init::tests::opencode_npm_package_matches_init_command_shortcuts
[INFO] [stdout] 
[INFO] [stdout] test result: FAILED. 203 passed; 2 failed; 0 ignored; 0 measured; 0 filtered out; finished in 14.29s
[INFO] [stdout] 
[INFO] [stderr] error: test failed, to rerun pass `--lib`
[INFO] running `Command { std: "docker" "inspect" "ea29271e6fe12830e2e3261ed1e59c5956d2dec0afb483ec20531034a5dc1e6e", kill_on_drop: false }`
[INFO] running `Command { std: "docker" "rm" "-f" "ea29271e6fe12830e2e3261ed1e59c5956d2dec0afb483ec20531034a5dc1e6e", kill_on_drop: false }`
[INFO] [stdout] ea29271e6fe12830e2e3261ed1e59c5956d2dec0afb483ec20531034a5dc1e6e
