[INFO] fetching crate tsfile-writer 0.2.1...
[INFO] testing tsfile-writer-0.2.1 against 1.99.0-beta.8+cargoflags=--release for beta-release-1.100-2
[INFO] extracting crate tsfile-writer 0.2.1 into /workspace/builds/worker-0-tc1/source
[INFO] started tweaking crates.io crate tsfile-writer 0.2.1
[INFO] finished tweaking crates.io crate tsfile-writer 0.2.1
[INFO] tweaked toml for crates.io crate tsfile-writer 0.2.1 written to /workspace/builds/worker-0-tc1/source/Cargo.toml
[INFO] validating manifest of crates.io crate tsfile-writer 0.2.1 on toolchain 1.99.0-beta.8
[INFO] running `Command { std: CARGO_HOME="/workspace/cargo-home" RUSTUP_HOME="/workspace/rustup-home" "/workspace/cargo-home/bin/cargo" "+1.99.0-beta.8" "metadata" "--manifest-path" "Cargo.toml" "--no-deps", kill_on_drop: false }`
[INFO] running `Command { std: CARGO_HOME="/workspace/cargo-home" RUSTUP_HOME="/workspace/rustup-home" "/workspace/cargo-home/bin/cargo" "+1.99.0-beta.8" "generate-lockfile" "--manifest-path" "Cargo.toml", kill_on_drop: false }`
[INFO] [stderr]     Updating crates.io index
[INFO] [stderr]     Blocking waiting for file lock on package cache
[INFO] [stderr]      Locking 65 packages to highest compatible versions
[INFO] [stderr]       Adding generic-array v0.14.7 (available: v0.14.9)
[INFO] [stderr]       Adding pnet v0.29.0 (available: v0.35.0)
[INFO] [stderr]       Adding sha2 v0.10.9 (available: v0.11.1)
[INFO] [stderr]       Adding thrift v0.14.2 (available: v0.25.0)
[INFO] running `Command { std: CARGO_HOME="/workspace/cargo-home" RUSTUP_HOME="/workspace/rustup-home" "/workspace/cargo-home/bin/cargo" "+1.99.0-beta.8" "fetch" "--manifest-path" "Cargo.toml", kill_on_drop: false }`
[INFO] [stderr]     Blocking waiting for file lock on package cache
[INFO] [stderr]  Downloading crates ...
[INFO] [stderr]   Downloaded pnet v0.29.0
[INFO] [stderr]   Downloaded pnet_transport v0.29.0
[INFO] [stderr]   Downloaded thrift v0.14.2
[INFO] [stderr]   Downloaded pnet_sys v0.29.0
[INFO] [stderr]   Downloaded ipnetwork v0.18.0
[INFO] [stderr]   Downloaded pnet_datalink v0.29.0
[INFO] [stderr]   Downloaded pnet_macros_support v0.29.0
[INFO] [stderr]   Downloaded pnet_base v0.29.0
[INFO] [stderr]   Downloaded pnet_macros v0.29.0
[INFO] [stderr]   Downloaded pnet_packet v0.29.0
[INFO] running `Command { std: "docker" "create" "-v" "/var/lib/crater-agent-workspace/builds/worker-0-tc1/source:/opt/rustwide/workdir:ro,Z" "-v" "/var/lib/crater-agent-workspace/builds/worker-0-tc1/target:/opt/rustwide/target:rw,Z" "-v" "/var/lib/crater-agent-workspace/cargo-home:/opt/rustwide/cargo-home:ro,Z" "-v" "/var/lib/crater-agent-workspace/rustup-home:/opt/rustwide/rustup-home:ro,Z" "-m" "1610612736" "--network" "none" "ghcr.io/rust-lang/crates-build-env/linux@sha256:77db811e55d90add9212f6832c23229e3de5f1c1f9905e8cb07319ea15df73ac" "sleep" "infinity", kill_on_drop: false }`
[INFO] [stdout] 1190b2694823528d24f298c2afcd29135730c7a0db9038297e657a16e88a30b1
[INFO] running `Command { std: "docker" "start" "1190b2694823528d24f298c2afcd29135730c7a0db9038297e657a16e88a30b1", kill_on_drop: false }`
[INFO] running `Command { std: "docker" "inspect" "1190b2694823528d24f298c2afcd29135730c7a0db9038297e657a16e88a30b1", kill_on_drop: false }`
[INFO] running `Command { std: "docker" "exec" "-e" "SOURCE_DIR=/opt/rustwide/workdir" "-e" "CARGO_HOME=/opt/rustwide/cargo-home" "-e" "RUSTUP_HOME=/opt/rustwide/rustup-home" "-e" "CARGO_TARGET_DIR=/opt/rustwide/target" "-w" "/opt/rustwide/workdir" "--user" "0:0" "1190b2694823528d24f298c2afcd29135730c7a0db9038297e657a16e88a30b1" "/opt/rustwide/cargo-home/bin/cargo" "+1.99.0-beta.8" "metadata" "--no-deps" "--format-version=1", kill_on_drop: false }`
[INFO] running `Command { std: "docker" "inspect" "1190b2694823528d24f298c2afcd29135730c7a0db9038297e657a16e88a30b1", kill_on_drop: false }`
[INFO] running `Command { std: "docker" "exec" "-e" "SOURCE_DIR=/opt/rustwide/workdir" "-e" "CARGO_HOME=/opt/rustwide/cargo-home" "-e" "RUSTUP_HOME=/opt/rustwide/rustup-home" "-e" "CARGO_TARGET_DIR=/opt/rustwide/target" "-e" "CARGO_INCREMENTAL=0" "-e" "RUST_BACKTRACE=full" "-e" "RUSTFLAGS=--cap-lints=warn" "-e" "RUSTDOCFLAGS=--cap-lints=warn" "-w" "/opt/rustwide/workdir" "--user" "0:0" "1190b2694823528d24f298c2afcd29135730c7a0db9038297e657a16e88a30b1" "/opt/rustwide/cargo-home/bin/cargo" "+1.99.0-beta.8" "build" "--frozen" "--message-format=json" "--release", kill_on_drop: false }`
[INFO] [stderr]    Compiling snap v1.1.2
[INFO] [stderr]    Compiling tsfile-writer v0.2.1 (/opt/rustwide/workdir)
[INFO] [stdout] warning: value assigned to `my_number` is never read
[INFO] [stdout]    --> src/writer/encoding/time_encoder.rs:212:13
[INFO] [stdout]     |
[INFO] [stdout] 212 |             my_number &= mask;
[INFO] [stdout]     |             ^^^^^^^^^^^^^^^^^
[INFO] [stdout]     |
[INFO] [stdout]     = help: maybe it is overwritten before being read?
[INFO] [stdout]     = note: `#[warn(unused_assignments)]` (part of `#[warn(unused)]`) on by default
[INFO] [stdout] 
[INFO] [stdout] 
[INFO] [stdout] warning: struct `ChunkGroup` is never constructed
[INFO] [stdout]    --> src/writer/mod.rs:838:8
[INFO] [stdout]     |
[INFO] [stdout] 838 | struct ChunkGroup<'a> {
[INFO] [stdout]     |        ^^^^^^^^^^
[INFO] [stdout]     |
[INFO] [stdout]     = note: `#[warn(dead_code)]` (part of `#[warn(unused)]`) on by default
[INFO] [stdout] 
[INFO] [stdout] 
[INFO] [stdout] warning: call to `.borrow()` on a reference in this situation does nothing
[INFO] [stdout]    --> src/writer/tsfile_writer.rs:310:25
[INFO] [stdout]     |
[INFO] [stdout] 310 |                     path.borrow(),
[INFO] [stdout]     |                         ^^^^^^^^^ help: remove this redundant call
[INFO] [stdout]     |
[INFO] [stdout]     = note: the type `str` does not implement `Borrow`, so calling `borrow` on `&str` copies the reference, which does not do anything and can be removed
[INFO] [stdout]     = note: `#[warn(noop_method_call)]` on by default
[INFO] [stdout] 
[INFO] [stdout] 
[INFO] [stderr]     Finished `release` profile [optimized] target(s) in 3.39s
[INFO] running `Command { std: "docker" "inspect" "1190b2694823528d24f298c2afcd29135730c7a0db9038297e657a16e88a30b1", kill_on_drop: false }`
[INFO] running `Command { std: "docker" "exec" "-e" "SOURCE_DIR=/opt/rustwide/workdir" "-e" "CARGO_HOME=/opt/rustwide/cargo-home" "-e" "RUSTUP_HOME=/opt/rustwide/rustup-home" "-e" "CARGO_TARGET_DIR=/opt/rustwide/target" "-e" "CARGO_INCREMENTAL=0" "-e" "RUST_BACKTRACE=full" "-e" "RUSTFLAGS=--cap-lints=warn" "-e" "RUSTDOCFLAGS=--cap-lints=warn" "-w" "/opt/rustwide/workdir" "--user" "0:0" "1190b2694823528d24f298c2afcd29135730c7a0db9038297e657a16e88a30b1" "/opt/rustwide/cargo-home/bin/cargo" "+1.99.0-beta.8" "test" "--frozen" "--no-run" "--message-format=json" "--release", kill_on_drop: false }`
[INFO] [stdout] warning: value assigned to `my_number` is never read
[INFO] [stdout]    --> src/writer/encoding/time_encoder.rs:212:13
[INFO] [stdout]     |
[INFO] [stdout] 212 |             my_number &= mask;
[INFO] [stdout]     |             ^^^^^^^^^^^^^^^^^
[INFO] [stdout]     |
[INFO] [stdout]     = help: maybe it is overwritten before being read?
[INFO] [stdout]     = note: `#[warn(unused_assignments)]` (part of `#[warn(unused)]`) on by default
[INFO] [stdout] 
[INFO] [stdout] 
[INFO] [stdout] warning: struct `ChunkGroup` is never constructed
[INFO] [stdout]    --> src/writer/mod.rs:838:8
[INFO] [stdout]     |
[INFO] [stdout] 838 | struct ChunkGroup<'a> {
[INFO] [stdout]     |        ^^^^^^^^^^
[INFO] [stdout]     |
[INFO] [stdout]     = note: `#[warn(dead_code)]` (part of `#[warn(unused)]`) on by default
[INFO] [stdout] 
[INFO] [stdout] 
[INFO] [stdout] warning: call to `.borrow()` on a reference in this situation does nothing
[INFO] [stdout]    --> src/writer/tsfile_writer.rs:310:25
[INFO] [stdout]     |
[INFO] [stdout] 310 |                     path.borrow(),
[INFO] [stdout]     |                         ^^^^^^^^^ help: remove this redundant call
[INFO] [stdout]     |
[INFO] [stdout]     = note: the type `str` does not implement `Borrow`, so calling `borrow` on `&str` copies the reference, which does not do anything and can be removed
[INFO] [stdout]     = note: `#[warn(noop_method_call)]` on by default
[INFO] [stdout] 
[INFO] [stdout] 
[INFO] [stderr]    Compiling tsfile-writer v0.2.1 (/opt/rustwide/workdir)
[INFO] [stdout] warning: value assigned to `my_number` is never read
[INFO] [stdout]    --> src/writer/encoding/time_encoder.rs:212:13
[INFO] [stdout]     |
[INFO] [stdout] 212 |             my_number &= mask;
[INFO] [stdout]     |             ^^^^^^^^^^^^^^^^^
[INFO] [stdout]     |
[INFO] [stdout]     = help: maybe it is overwritten before being read?
[INFO] [stdout]     = note: `#[warn(unused_assignments)]` (part of `#[warn(unused)]`) on by default
[INFO] [stdout] 
[INFO] [stdout] 
[INFO] [stdout] warning: struct `ChunkGroup` is never constructed
[INFO] [stdout]    --> src/writer/mod.rs:838:8
[INFO] [stdout]     |
[INFO] [stdout] 838 | struct ChunkGroup<'a> {
[INFO] [stdout]     |        ^^^^^^^^^^
[INFO] [stdout]     |
[INFO] [stdout]     = note: `#[warn(dead_code)]` (part of `#[warn(unused)]`) on by default
[INFO] [stdout] 
[INFO] [stdout] 
[INFO] [stdout] warning: call to `.borrow()` on a reference in this situation does nothing
[INFO] [stdout]    --> src/writer/tsfile_writer.rs:310:25
[INFO] [stdout]     |
[INFO] [stdout] 310 |                     path.borrow(),
[INFO] [stdout]     |                         ^^^^^^^^^ help: remove this redundant call
[INFO] [stdout]     |
[INFO] [stdout]     = note: the type `str` does not implement `Borrow`, so calling `borrow` on `&str` copies the reference, which does not do anything and can be removed
[INFO] [stdout]     = note: `#[warn(noop_method_call)]` on by default
[INFO] [stdout] 
[INFO] [stdout] 
[INFO] [stderr]     Finished `release` profile [optimized] target(s) in 5.50s
[INFO] running `Command { std: "docker" "inspect" "1190b2694823528d24f298c2afcd29135730c7a0db9038297e657a16e88a30b1", kill_on_drop: false }`
[INFO] running `Command { std: "docker" "exec" "-e" "SOURCE_DIR=/opt/rustwide/workdir" "-e" "CARGO_HOME=/opt/rustwide/cargo-home" "-e" "RUSTUP_HOME=/opt/rustwide/rustup-home" "-e" "CARGO_TARGET_DIR=/opt/rustwide/target" "-e" "CARGO_INCREMENTAL=0" "-e" "RUST_BACKTRACE=full" "-e" "RUSTFLAGS=--cap-lints=warn" "-e" "RUSTDOCFLAGS=--cap-lints=warn" "-w" "/opt/rustwide/workdir" "--user" "0:0" "1190b2694823528d24f298c2afcd29135730c7a0db9038297e657a16e88a30b1" "/opt/rustwide/cargo-home/bin/cargo" "+1.99.0-beta.8" "test" "--frozen" "--release", kill_on_drop: false }`
[INFO] [stderr] warning: value assigned to `my_number` is never read
[INFO] [stderr]    --> src/writer/encoding/time_encoder.rs:212:13
[INFO] [stderr]     |
[INFO] [stderr] 212 |             my_number &= mask;
[INFO] [stderr]     |             ^^^^^^^^^^^^^^^^^
[INFO] [stderr]     |
[INFO] [stderr]     = help: maybe it is overwritten before being read?
[INFO] [stderr]     = note: `#[warn(unused_assignments)]` (part of `#[warn(unused)]`) on by default
[INFO] [stderr] 
[INFO] [stderr] warning: struct `ChunkGroup` is never constructed
[INFO] [stderr]    --> src/writer/mod.rs:838:8
[INFO] [stderr]     |
[INFO] [stderr] 838 | struct ChunkGroup<'a> {
[INFO] [stderr]     |        ^^^^^^^^^^
[INFO] [stderr]     |
[INFO] [stderr]     = note: `#[warn(dead_code)]` (part of `#[warn(unused)]`) on by default
[INFO] [stderr] 
[INFO] [stderr] warning: call to `.borrow()` on a reference in this situation does nothing
[INFO] [stderr]    --> src/writer/tsfile_writer.rs:310:25
[INFO] [stderr]     |
[INFO] [stderr] 310 |                     path.borrow(),
[INFO] [stderr]     |                         ^^^^^^^^^ help: remove this redundant call
[INFO] [stderr]     |
[INFO] [stderr]     = note: the type `str` does not implement `Borrow`, so calling `borrow` on `&str` copies the reference, which does not do anything and can be removed
[INFO] [stderr]     = note: `#[warn(noop_method_call)]` on by default
[INFO] [stderr] 
[INFO] [stderr] warning: `tsfile-writer` (lib) generated 3 warnings (run `cargo fix --lib -p tsfile-writer` to apply 1 suggestion)
[INFO] [stderr] warning: `tsfile-writer` (lib test) generated 3 warnings (3 duplicates)
[INFO] [stderr]     Finished `release` profile [optimized] target(s) in 0.03s
[INFO] [stderr]      Running unittests src/lib.rs (/opt/rustwide/target/release/deps/tsfile_writer-587df43373e3c6d9)
[INFO] [stdout] 
[INFO] [stdout] running 28 tests
[INFO] [stdout] test writer::test::test::flush_chunk ... ignored
[INFO] [stdout] test writer::tests::it_works ... ok
[INFO] [stdout] test writer::encoding::time_encoder::tests::test_long_to_bytes ... ok
[INFO] [stdout] test writer::tests::write_file_test_4 ... ok
[INFO] [stdout] test writer::tests::write_datapoint_int64 ... ok
[INFO] [stdout] test writer::schema::test::use_fluent_builder ... ok
[INFO] [stdout] test writer::encoding::time_encoder::tests::test_int_to_bytes ... ok
[INFO] [stdout] test writer::tests::pre_write_var_int ... ok
[INFO] [stdout] test writer::encoding::time_encoder::tests::test_long_to_bytes_2 ... ok
[INFO] [stdout] test writer::tests::write_i64_snappy ... ok
[INFO] [stdout] test writer::tests::write_datapoint_int32 ... ok
[INFO] [stdout] test writer::tests::write_datapoint_int32_1000 ... ok
[INFO] [stdout] test writer::tests::write_datapoint_float ... ok
[INFO] [stdout] test writer::tests::read_var_int ... ok
[INFO] [stdout] test writer::tests::write_float ... FAILED
[INFO] [stdout] test writer::tests::write_file_5 ... FAILED
[INFO] [stdout] test writer::tests::write_i64 ... FAILED
[INFO] [stdout] test writer::tests::use_ts2diff ... FAILED
[INFO] [stdout] test writer::encoding::time_encoder::tests::test_long_to_bytes_3 ... ok
[INFO] [stdout] test writer::tests::write_i32_ts2diff ... ok
[INFO] [stdout] test writer::tests::write_snappy_complex ... ignored, Is luck dependent due to HashMap
[INFO] [stdout] test writer::tests::write_datapoint_int64_10000 ... FAILED
[INFO] [stdout] test writer::tests::write_i64_ts2diff ... ok
[INFO] [stdout] test writer::tests::write_multiple_types ... ok
[INFO] [stdout] test writer::tests::write_out_of_order_data ... FAILED
[INFO] [stdout] test writer::tests::write_var_int_3 ... ok
[INFO] [stderr] error: test failed, to rerun pass `--lib`
[INFO] [stdout] test writer::tests::write_var_int ... ok
[INFO] [stdout] test writer::tests::write_var_int_2 ... ok
[INFO] [stdout] 
[INFO] [stdout] failures:
[INFO] [stdout] 
[INFO] [stdout] ---- writer::tests::write_float stdout ----
[INFO] [stdout] 
[INFO] [stdout] thread 'writer::tests::write_float' (250) panicked at src/writer/tsfile_writer.rs:292:61:
[INFO] [stdout] create failed: Os { code: 2, kind: NotFound, message: "No such file or directory" }
[INFO] [stdout] stack backtrace:
[INFO] [stdout]    0:     0x5e361b8d3931 - <<std[70759c8f55707aa4]::sys::backtrace::BacktraceLock>::print::DisplayBacktrace as core[df12db4294e9bfd3]::fmt::Display>::fmt
[INFO] [stdout]    1:     0x5e361b8e8fea - core[df12db4294e9bfd3]::fmt::write
[INFO] [stdout]    2:     0x5e361b8d7dcc - <alloc[2182bb758b4b3781]::vec::Vec<u8> as core[df12db4294e9bfd3]::io::write::Write>::write_fmt
[INFO] [stdout]    3:     0x5e361b8af2e6 - std[70759c8f55707aa4]::panicking::default_hook::{closure#0}
[INFO] [stdout]    4:     0x5e361b8cc019 - std[70759c8f55707aa4]::panicking::default_hook
[INFO] [stdout]    5:     0x5e361b866f80 - test[9d35eded1c95d3be]::test_main_inner::<test[9d35eded1c95d3be]::test_main_static::{closure#0}>::{closure#0}
[INFO] [stdout]    6:     0x5e361b8cc1d2 - std[70759c8f55707aa4]::panicking::panic_with_hook
[INFO] [stdout]    7:     0x5e361b8af392 - std[70759c8f55707aa4]::panicking::panic_handler::{closure#0}
[INFO] [stdout]    8:     0x5e361b8a7ff9 - std[70759c8f55707aa4]::sys::backtrace::__rust_end_short_backtrace::<std[70759c8f55707aa4]::panicking::panic_handler::{closure#0}, !>
[INFO] [stdout]    9:     0x5e361b8aff8d - __rustc[8fa7c3cbc660c2b3]::rust_begin_unwind
[INFO] [stdout]   10:     0x5e361b8e971c - core[df12db4294e9bfd3]::panicking::panic_fmt
[INFO] [stdout]   11:     0x5e361b8e94f2 - core[df12db4294e9bfd3]::result::unwrap_failed
[INFO] [stdout]   12:     0x5e361b85685f - <tsfile_writer[dffbbc4061057c17]::writer::tsfile_writer::TsFileWriter<tsfile_writer[dffbbc4061057c17]::writer::WriteWrapper<std[70759c8f55707aa4]::fs::File>>>::new
[INFO] [stdout]   13:     0x5e361b84b83e - tsfile_writer[dffbbc4061057c17]::writer::tests::write_float
[INFO] [stdout]   14:     0x5e361b849f89 - <tsfile_writer[dffbbc4061057c17]::writer::tests::write_float::{closure#0} as core[df12db4294e9bfd3]::ops::function::FnOnce<()>>::call_once
[INFO] [stdout]   15:     0x5e361b85a26b - test[9d35eded1c95d3be]::__rust_begin_short_backtrace::<core[df12db4294e9bfd3]::result::Result<(), alloc[2182bb758b4b3781]::string::String>, fn() -> core[df12db4294e9bfd3]::result::Result<(), alloc[2182bb758b4b3781]::string::String>>
[INFO] [stdout]   16:     0x5e361b8678d5 - test[9d35eded1c95d3be]::run_test::{closure#0}
[INFO] [stdout]   17:     0x5e361b861194 - std[70759c8f55707aa4]::sys::backtrace::__rust_begin_short_backtrace::<test[9d35eded1c95d3be]::run_test::{closure#1}, ()>
[INFO] [stdout]   18:     0x5e361b86aa32 - <std[70759c8f55707aa4]::thread::lifecycle::spawn_unchecked<test[9d35eded1c95d3be]::run_test::{closure#1}, ()>::{closure#1} as core[df12db4294e9bfd3]::ops::function::FnOnce<()>>::call_once::{shim:vtable#0}
[INFO] [stdout]   19:     0x5e361b8d3209 - <std[70759c8f55707aa4]::sys::thread::unix::Thread>::new::thread_start
[INFO] [stdout]   20:     0x74d44fe80dfa - <unknown>
[INFO] [stdout]   21:     0x74d44ff143d4 - clone
[INFO] [stdout]   22:                0x0 - <unknown>
[INFO] [stdout] 
[INFO] [stdout] ---- writer::tests::write_file_5 stdout ----
[INFO] [stdout] 
[INFO] [stdout] thread 'writer::tests::write_file_5' (248) panicked at src/writer/tsfile_writer.rs:292:61:
[INFO] [stdout] create failed: Os { code: 2, kind: NotFound, message: "No such file or directory" }
[INFO] [stdout] stack backtrace:
[INFO] [stdout]    0:     0x5e361b8d3931 - <<std[70759c8f55707aa4]::sys::backtrace::BacktraceLock>::print::DisplayBacktrace as core[df12db4294e9bfd3]::fmt::Display>::fmt
[INFO] [stdout]    1:     0x5e361b8e8fea - core[df12db4294e9bfd3]::fmt::write
[INFO] [stdout]    2:     0x5e361b8d7dcc - <alloc[2182bb758b4b3781]::vec::Vec<u8> as core[df12db4294e9bfd3]::io::write::Write>::write_fmt
[INFO] [stdout]    3:     0x5e361b8af2e6 - std[70759c8f55707aa4]::panicking::default_hook::{closure#0}
[INFO] [stdout]    4:     0x5e361b8cc019 - std[70759c8f55707aa4]::panicking::default_hook
[INFO] [stdout]    5:     0x5e361b866f80 - test[9d35eded1c95d3be]::test_main_inner::<test[9d35eded1c95d3be]::test_main_static::{closure#0}>::{closure#0}
[INFO] [stdout]    6:     0x5e361b8cc1d2 - std[70759c8f55707aa4]::panicking::panic_with_hook
[INFO] [stdout]    7:     0x5e361b8af392 - std[70759c8f55707aa4]::panicking::panic_handler::{closure#0}
[INFO] [stdout]    8:     0x5e361b8a7ff9 - std[70759c8f55707aa4]::sys::backtrace::__rust_end_short_backtrace::<std[70759c8f55707aa4]::panicking::panic_handler::{closure#0}, !>
[INFO] [stdout]    9:     0x5e361b8aff8d - __rustc[8fa7c3cbc660c2b3]::rust_begin_unwind
[INFO] [stdout]   10:     0x5e361b8e971c - core[df12db4294e9bfd3]::panicking::panic_fmt
[INFO] [stdout]   11:     0x5e361b8e94f2 - core[df12db4294e9bfd3]::result::unwrap_failed
[INFO] [stdout]   12:     0x5e361b85685f - <tsfile_writer[dffbbc4061057c17]::writer::tsfile_writer::TsFileWriter<tsfile_writer[dffbbc4061057c17]::writer::WriteWrapper<std[70759c8f55707aa4]::fs::File>>>::new
[INFO] [stdout]   13:     0x5e361b84befc - tsfile_writer[dffbbc4061057c17]::writer::tests::write_file_5
[INFO] [stdout]   14:     0x5e361b849fc9 - <tsfile_writer[dffbbc4061057c17]::writer::tests::write_file_5::{closure#0} as core[df12db4294e9bfd3]::ops::function::FnOnce<()>>::call_once
[INFO] [stdout]   15:     0x5e361b85a26b - test[9d35eded1c95d3be]::__rust_begin_short_backtrace::<core[df12db4294e9bfd3]::result::Result<(), alloc[2182bb758b4b3781]::string::String>, fn() -> core[df12db4294e9bfd3]::result::Result<(), alloc[2182bb758b4b3781]::string::String>>
[INFO] [stdout]   16:     0x5e361b8678d5 - test[9d35eded1c95d3be]::run_test::{closure#0}
[INFO] [stdout]   17:     0x5e361b861194 - std[70759c8f55707aa4]::sys::backtrace::__rust_begin_short_backtrace::<test[9d35eded1c95d3be]::run_test::{closure#1}, ()>
[INFO] [stdout]   18:     0x5e361b86aa32 - <std[70759c8f55707aa4]::thread::lifecycle::spawn_unchecked<test[9d35eded1c95d3be]::run_test::{closure#1}, ()>::{closure#1} as core[df12db4294e9bfd3]::ops::function::FnOnce<()>>::call_once::{shim:vtable#0}
[INFO] [stdout]   19:     0x5e361b8d3209 - <std[70759c8f55707aa4]::sys::thread::unix::Thread>::new::thread_start
[INFO] [stdout]   20:     0x74d44fe80dfa - <unknown>
[INFO] [stdout]   21:     0x74d44ff143d4 - clone
[INFO] [stdout]   22:                0x0 - <unknown>
[INFO] [stdout] 
[INFO] [stdout] ---- writer::tests::write_i64 stdout ----
[INFO] [stdout] 
[INFO] [stdout] thread 'writer::tests::write_i64' (252) panicked at src/writer/tsfile_writer.rs:292:61:
[INFO] [stdout] create failed: Os { code: 2, kind: NotFound, message: "No such file or directory" }
[INFO] [stdout] stack backtrace:
[INFO] [stdout]    0:     0x5e361b8d3931 - <<std[70759c8f55707aa4]::sys::backtrace::BacktraceLock>::print::DisplayBacktrace as core[df12db4294e9bfd3]::fmt::Display>::fmt
[INFO] [stdout]    1:     0x5e361b8e8fea - core[df12db4294e9bfd3]::fmt::write
[INFO] [stdout]    2:     0x5e361b8d7dcc - <alloc[2182bb758b4b3781]::vec::Vec<u8> as core[df12db4294e9bfd3]::io::write::Write>::write_fmt
[INFO] [stdout]    3:     0x5e361b8af2e6 - std[70759c8f55707aa4]::panicking::default_hook::{closure#0}
[INFO] [stdout]    4:     0x5e361b8cc019 - std[70759c8f55707aa4]::panicking::default_hook
[INFO] [stdout]    5:     0x5e361b866f80 - test[9d35eded1c95d3be]::test_main_inner::<test[9d35eded1c95d3be]::test_main_static::{closure#0}>::{closure#0}
[INFO] [stdout]    6:     0x5e361b8cc1d2 - std[70759c8f55707aa4]::panicking::panic_with_hook
[INFO] [stdout]    7:     0x5e361b8af392 - std[70759c8f55707aa4]::panicking::panic_handler::{closure#0}
[INFO] [stdout]    8:     0x5e361b8a7ff9 - std[70759c8f55707aa4]::sys::backtrace::__rust_end_short_backtrace::<std[70759c8f55707aa4]::panicking::panic_handler::{closure#0}, !>
[INFO] [stdout]    9:     0x5e361b8aff8d - __rustc[8fa7c3cbc660c2b3]::rust_begin_unwind
[INFO] [stdout]   10:     0x5e361b8e971c - core[df12db4294e9bfd3]::panicking::panic_fmt
[INFO] [stdout]   11:     0x5e361b8e94f2 - core[df12db4294e9bfd3]::result::unwrap_failed
[INFO] [stdout]   12:     0x5e361b85685f - <tsfile_writer[dffbbc4061057c17]::writer::tsfile_writer::TsFileWriter<tsfile_writer[dffbbc4061057c17]::writer::WriteWrapper<std[70759c8f55707aa4]::fs::File>>>::new
[INFO] [stdout]   13:     0x5e361b8528ee - tsfile_writer[dffbbc4061057c17]::writer::tests::write_i64
[INFO] [stdout]   14:     0x5e361b84a2e9 - <tsfile_writer[dffbbc4061057c17]::writer::tests::write_i64::{closure#0} as core[df12db4294e9bfd3]::ops::function::FnOnce<()>>::call_once
[INFO] [stdout]   15:     0x5e361b85a26b - test[9d35eded1c95d3be]::__rust_begin_short_backtrace::<core[df12db4294e9bfd3]::result::Result<(), alloc[2182bb758b4b3781]::string::String>, fn() -> core[df12db4294e9bfd3]::result::Result<(), alloc[2182bb758b4b3781]::string::String>>
[INFO] [stdout]   16:     0x5e361b8678d5 - test[9d35eded1c95d3be]::run_test::{closure#0}
[INFO] [stdout]   17:     0x5e361b861194 - std[70759c8f55707aa4]::sys::backtrace::__rust_begin_short_backtrace::<test[9d35eded1c95d3be]::run_test::{closure#1}, ()>
[INFO] [stdout]   18:     0x5e361b86aa32 - <std[70759c8f55707aa4]::thread::lifecycle::spawn_unchecked<test[9d35eded1c95d3be]::run_test::{closure#1}, ()>::{closure#1} as core[df12db4294e9bfd3]::ops::function::FnOnce<()>>::call_once::{shim:vtable#0}
[INFO] [stdout]   19:     0x5e361b8d3209 - <std[70759c8f55707aa4]::sys::thread::unix::Thread>::new::thread_start
[INFO] [stdout]   20:     0x74d44fe80dfa - <unknown>
[INFO] [stdout]   21:     0x74d44ff143d4 - clone
[INFO] [stdout]   22:                0x0 - <unknown>
[INFO] [stdout] 
[INFO] [stdout] ---- writer::tests::use_ts2diff stdout ----
[INFO] [stdout] 
[INFO] [stdout] thread 'writer::tests::use_ts2diff' (242) panicked at src/writer/tsfile_writer.rs:292:61:
[INFO] [stdout] create failed: Os { code: 2, kind: NotFound, message: "No such file or directory" }
[INFO] [stdout] stack backtrace:
[INFO] [stdout]    0:     0x5e361b8d3931 - <<std[70759c8f55707aa4]::sys::backtrace::BacktraceLock>::print::DisplayBacktrace as core[df12db4294e9bfd3]::fmt::Display>::fmt
[INFO] [stdout]    1:     0x5e361b8e8fea - core[df12db4294e9bfd3]::fmt::write
[INFO] [stdout]    2:     0x5e361b8d7dcc - <alloc[2182bb758b4b3781]::vec::Vec<u8> as core[df12db4294e9bfd3]::io::write::Write>::write_fmt
[INFO] [stdout]    3:     0x5e361b8af2e6 - std[70759c8f55707aa4]::panicking::default_hook::{closure#0}
[INFO] [stdout]    4:     0x5e361b8cc019 - std[70759c8f55707aa4]::panicking::default_hook
[INFO] [stdout]    5:     0x5e361b866f80 - test[9d35eded1c95d3be]::test_main_inner::<test[9d35eded1c95d3be]::test_main_static::{closure#0}>::{closure#0}
[INFO] [stdout]    6:     0x5e361b8cc1d2 - std[70759c8f55707aa4]::panicking::panic_with_hook
[INFO] [stdout]    7:     0x5e361b8af392 - std[70759c8f55707aa4]::panicking::panic_handler::{closure#0}
[INFO] [stdout]    8:     0x5e361b8a7ff9 - std[70759c8f55707aa4]::sys::backtrace::__rust_end_short_backtrace::<std[70759c8f55707aa4]::panicking::panic_handler::{closure#0}, !>
[INFO] [stdout]    9:     0x5e361b8aff8d - __rustc[8fa7c3cbc660c2b3]::rust_begin_unwind
[INFO] [stdout]   10:     0x5e361b8e971c - core[df12db4294e9bfd3]::panicking::panic_fmt
[INFO] [stdout]   11:     0x5e361b8e94f2 - core[df12db4294e9bfd3]::result::unwrap_failed
[INFO] [stdout]   12:     0x5e361b85685f - <tsfile_writer[dffbbc4061057c17]::writer::tsfile_writer::TsFileWriter<tsfile_writer[dffbbc4061057c17]::writer::WriteWrapper<std[70759c8f55707aa4]::fs::File>>>::new
[INFO] [stdout]   13:     0x5e361b84b526 - tsfile_writer[dffbbc4061057c17]::writer::tests::use_ts2diff
[INFO] [stdout]   14:     0x5e361b849f27 - <tsfile_writer[dffbbc4061057c17]::writer::tests::use_ts2diff::{closure#0} as core[df12db4294e9bfd3]::ops::function::FnOnce<()>>::call_once
[INFO] [stdout]   15:     0x5e361b85a26b - test[9d35eded1c95d3be]::__rust_begin_short_backtrace::<core[df12db4294e9bfd3]::result::Result<(), alloc[2182bb758b4b3781]::string::String>, fn() -> core[df12db4294e9bfd3]::result::Result<(), alloc[2182bb758b4b3781]::string::String>>
[INFO] [stdout]   16:     0x5e361b8678d5 - test[9d35eded1c95d3be]::run_test::{closure#0}
[INFO] [stdout]   17:     0x5e361b861194 - std[70759c8f55707aa4]::sys::backtrace::__rust_begin_short_backtrace::<test[9d35eded1c95d3be]::run_test::{closure#1}, ()>
[INFO] [stdout]   18:     0x5e361b86aa32 - <std[70759c8f55707aa4]::thread::lifecycle::spawn_unchecked<test[9d35eded1c95d3be]::run_test::{closure#1}, ()>::{closure#1} as core[df12db4294e9bfd3]::ops::function::FnOnce<()>>::call_once::{shim:vtable#0}
[INFO] [stdout]   19:     0x5e361b8d3209 - <std[70759c8f55707aa4]::sys::thread::unix::Thread>::new::thread_start
[INFO] [stdout]   20:     0x74d44fe80dfa - <unknown>
[INFO] [stdout]   21:     0x74d44ff143d4 - clone
[INFO] [stdout]   22:                0x0 - <unknown>
[INFO] [stdout] 
[INFO] [stdout] ---- writer::tests::write_datapoint_int64_10000 stdout ----
[INFO] [stdout] 
[INFO] [stdout] thread 'writer::tests::write_datapoint_int64_10000' (247) panicked at src/writer/tsfile_writer.rs:292:61:
[INFO] [stdout] create failed: Os { code: 2, kind: NotFound, message: "No such file or directory" }
[INFO] [stdout] stack backtrace:
[INFO] [stdout]    0:     0x5e361b8d3931 - <<std[70759c8f55707aa4]::sys::backtrace::BacktraceLock>::print::DisplayBacktrace as core[df12db4294e9bfd3]::fmt::Display>::fmt
[INFO] [stdout]    1:     0x5e361b8e8fea - core[df12db4294e9bfd3]::fmt::write
[INFO] [stdout]    2:     0x5e361b8d7dcc - <alloc[2182bb758b4b3781]::vec::Vec<u8> as core[df12db4294e9bfd3]::io::write::Write>::write_fmt
[INFO] [stdout]    3:     0x5e361b8af2e6 - std[70759c8f55707aa4]::panicking::default_hook::{closure#0}
[INFO] [stdout]    4:     0x5e361b8cc019 - std[70759c8f55707aa4]::panicking::default_hook
[INFO] [stdout]    5:     0x5e361b866f80 - test[9d35eded1c95d3be]::test_main_inner::<test[9d35eded1c95d3be]::test_main_static::{closure#0}>::{closure#0}
[INFO] [stdout]    6:     0x5e361b8cc1d2 - std[70759c8f55707aa4]::panicking::panic_with_hook
[INFO] [stdout]    7:     0x5e361b8af392 - std[70759c8f55707aa4]::panicking::panic_handler::{closure#0}
[INFO] [stdout]    8:     0x5e361b8a7ff9 - std[70759c8f55707aa4]::sys::backtrace::__rust_end_short_backtrace::<std[70759c8f55707aa4]::panicking::panic_handler::{closure#0}, !>
[INFO] [stdout]    9:     0x5e361b8aff8d - __rustc[8fa7c3cbc660c2b3]::rust_begin_unwind
[INFO] [stdout]   10:     0x5e361b8e971c - core[df12db4294e9bfd3]::panicking::panic_fmt
[INFO] [stdout]   11:     0x5e361b8e94f2 - core[df12db4294e9bfd3]::result::unwrap_failed
[INFO] [stdout]   12:     0x5e361b85685f - <tsfile_writer[dffbbc4061057c17]::writer::tsfile_writer::TsFileWriter<tsfile_writer[dffbbc4061057c17]::writer::WriteWrapper<std[70759c8f55707aa4]::fs::File>>>::new
[INFO] [stdout]   13:     0x5e361b8524e2 - tsfile_writer[dffbbc4061057c17]::writer::tests::write_datapoint_int64_10000
[INFO] [stdout]   14:     0x5e361b84a2b9 - <tsfile_writer[dffbbc4061057c17]::writer::tests::write_datapoint_int64_10000::{closure#0} as core[df12db4294e9bfd3]::ops::function::FnOnce<()>>::call_once
[INFO] [stdout]   15:     0x5e361b85a26b - test[9d35eded1c95d3be]::__rust_begin_short_backtrace::<core[df12db4294e9bfd3]::result::Result<(), alloc[2182bb758b4b3781]::string::String>, fn() -> core[df12db4294e9bfd3]::result::Result<(), alloc[2182bb758b4b3781]::string::String>>
[INFO] [stdout]   16:     0x5e361b8678d5 - test[9d35eded1c95d3be]::run_test::{closure#0}
[INFO] [stdout]   17:     0x5e361b861194 - std[70759c8f55707aa4]::sys::backtrace::__rust_begin_short_backtrace::<test[9d35eded1c95d3be]::run_test::{closure#1}, ()>
[INFO] [stdout]   18:     0x5e361b86aa32 - <std[70759c8f55707aa4]::thread::lifecycle::spawn_unchecked<test[9d35eded1c95d3be]::run_test::{closure#1}, ()>::{closure#1} as core[df12db4294e9bfd3]::ops::function::FnOnce<()>>::call_once::{shim:vtable#0}
[INFO] [stdout]   19:     0x5e361b8d3209 - <std[70759c8f55707aa4]::sys::thread::unix::Thread>::new::thread_start
[INFO] [stdout]   20:     0x74d44fe80dfa - <unknown>
[INFO] [stdout]   21:     0x74d44ff143d4 - clone
[INFO] [stdout]   22:                0x0 - <unknown>
[INFO] [stdout] 
[INFO] [stdout] ---- writer::tests::write_out_of_order_data stdout ----
[INFO] [stdout] 
[INFO] [stdout] thread 'writer::tests::write_out_of_order_data' (256) panicked at src/writer/tsfile_writer.rs:292:61:
[INFO] [stdout] create failed: Os { code: 2, kind: NotFound, message: "No such file or directory" }
[INFO] [stdout] stack backtrace:
[INFO] [stdout]    0:     0x5e361b8d3931 - <<std[70759c8f55707aa4]::sys::backtrace::BacktraceLock>::print::DisplayBacktrace as core[df12db4294e9bfd3]::fmt::Display>::fmt
[INFO] [stdout]    1:     0x5e361b8e8fea - core[df12db4294e9bfd3]::fmt::write
[INFO] [stdout]    2:     0x5e361b8d7dcc - <alloc[2182bb758b4b3781]::vec::Vec<u8> as core[df12db4294e9bfd3]::io::write::Write>::write_fmt
[INFO] [stdout]    3:     0x5e361b8af2e6 - std[70759c8f55707aa4]::panicking::default_hook::{closure#0}
[INFO] [stdout]    4:     0x5e361b8cc019 - std[70759c8f55707aa4]::panicking::default_hook
[INFO] [stdout]    5:     0x5e361b866f80 - test[9d35eded1c95d3be]::test_main_inner::<test[9d35eded1c95d3be]::test_main_static::{closure#0}>::{closure#0}
[INFO] [stdout]    6:     0x5e361b8cc1d2 - std[70759c8f55707aa4]::panicking::panic_with_hook
[INFO] [stdout]    7:     0x5e361b8af392 - std[70759c8f55707aa4]::panicking::panic_handler::{closure#0}
[INFO] [stdout]    8:     0x5e361b8a7ff9 - std[70759c8f55707aa4]::sys::backtrace::__rust_end_short_backtrace::<std[70759c8f55707aa4]::panicking::panic_handler::{closure#0}, !>
[INFO] [stdout]    9:     0x5e361b8aff8d - __rustc[8fa7c3cbc660c2b3]::rust_begin_unwind
[INFO] [stdout]   10:     0x5e361b8e971c - core[df12db4294e9bfd3]::panicking::panic_fmt
[INFO] [stdout]   11:     0x5e361b8e94f2 - core[df12db4294e9bfd3]::result::unwrap_failed
[INFO] [stdout]   12:     0x5e361b85685f - <tsfile_writer[dffbbc4061057c17]::writer::tsfile_writer::TsFileWriter<tsfile_writer[dffbbc4061057c17]::writer::WriteWrapper<std[70759c8f55707aa4]::fs::File>>>::new
[INFO] [stdout]   13:     0x5e361b85118a - tsfile_writer[dffbbc4061057c17]::writer::tests::write_out_of_order_data
[INFO] [stdout]   14:     0x5e361b84a237 - <tsfile_writer[dffbbc4061057c17]::writer::tests::write_out_of_order_data::{closure#0} as core[df12db4294e9bfd3]::ops::function::FnOnce<()>>::call_once
[INFO] [stdout]   15:     0x5e361b85a26b - test[9d35eded1c95d3be]::__rust_begin_short_backtrace::<core[df12db4294e9bfd3]::result::Result<(), alloc[2182bb758b4b3781]::string::String>, fn() -> core[df12db4294e9bfd3]::result::Result<(), alloc[2182bb758b4b3781]::string::String>>
[INFO] [stdout]   16:     0x5e361b8678d5 - test[9d35eded1c95d3be]::run_test::{closure#0}
[INFO] [stdout]   17:     0x5e361b861194 - std[70759c8f55707aa4]::sys::backtrace::__rust_begin_short_backtrace::<test[9d35eded1c95d3be]::run_test::{closure#1}, ()>
[INFO] [stdout]   18:     0x5e361b86aa32 - <std[70759c8f55707aa4]::thread::lifecycle::spawn_unchecked<test[9d35eded1c95d3be]::run_test::{closure#1}, ()>::{closure#1} as core[df12db4294e9bfd3]::ops::function::FnOnce<()>>::call_once::{shim:vtable#0}
[INFO] [stdout]   19:     0x5e361b8d3209 - <std[70759c8f55707aa4]::sys::thread::unix::Thread>::new::thread_start
[INFO] [stdout]   20:     0x74d44fe80dfa - <unknown>
[INFO] [stdout]   21:     0x74d44ff143d4 - clone
[INFO] [stdout]   22:                0x0 - <unknown>
[INFO] [stdout] 
[INFO] [stdout] 
[INFO] [stdout] failures:
[INFO] [stdout]     writer::tests::use_ts2diff
[INFO] [stdout]     writer::tests::write_datapoint_int64_10000
[INFO] [stdout]     writer::tests::write_file_5
[INFO] [stdout]     writer::tests::write_float
[INFO] [stdout]     writer::tests::write_i64
[INFO] [stdout]     writer::tests::write_out_of_order_data
[INFO] [stdout] 
[INFO] [stdout] test result: FAILED. 20 passed; 6 failed; 2 ignored; 0 measured; 0 filtered out; finished in 0.02s
[INFO] [stdout] 
[INFO] running `Command { std: "docker" "inspect" "1190b2694823528d24f298c2afcd29135730c7a0db9038297e657a16e88a30b1", kill_on_drop: false }`
[INFO] running `Command { std: "docker" "rm" "-f" "1190b2694823528d24f298c2afcd29135730c7a0db9038297e657a16e88a30b1", kill_on_drop: false }`
[INFO] [stdout] 1190b2694823528d24f298c2afcd29135730c7a0db9038297e657a16e88a30b1
