[INFO] fetching crate tsf-sys 0.2.0...
[INFO] testing tsf-sys-0.2.0 against 1.100.0-beta.1+cargoflags=--release for beta-release-1.100-2
[INFO] extracting crate tsf-sys 0.2.0 into /workspace/builds/worker-2-tc2/source
[INFO] started tweaking crates.io crate tsf-sys 0.2.0
[INFO] finished tweaking crates.io crate tsf-sys 0.2.0
[INFO] tweaked toml for crates.io crate tsf-sys 0.2.0 written to /workspace/builds/worker-2-tc2/source/Cargo.toml
[INFO] validating manifest of crates.io crate tsf-sys 0.2.0 on toolchain 1.100.0-beta.1
[INFO] running `Command { std: CARGO_HOME="/workspace/cargo-home" RUSTUP_HOME="/workspace/rustup-home" "/workspace/cargo-home/bin/cargo" "+1.100.0-beta.1" "metadata" "--manifest-path" "Cargo.toml" "--no-deps", kill_on_drop: false }`
[INFO] running `Command { std: CARGO_HOME="/workspace/cargo-home" RUSTUP_HOME="/workspace/rustup-home" "/workspace/cargo-home/bin/cargo" "+1.100.0-beta.1" "generate-lockfile" "--manifest-path" "Cargo.toml", kill_on_drop: false }`
[INFO] [stderr]     Updating crates.io index
[INFO] [stderr]      Locking 62 packages to highest compatible versions
[INFO] [stderr]       Adding bindgen v0.59.2 (available: v0.73.2)
[INFO] running `Command { std: CARGO_HOME="/workspace/cargo-home" RUSTUP_HOME="/workspace/rustup-home" "/workspace/cargo-home/bin/cargo" "+1.100.0-beta.1" "fetch" "--manifest-path" "Cargo.toml", kill_on_drop: false }`
[INFO] running `Command { std: "docker" "create" "-v" "/var/lib/crater-agent-workspace/builds/worker-2-tc2/source:/opt/rustwide/workdir:ro,Z" "-v" "/var/lib/crater-agent-workspace/builds/worker-2-tc2/target:/opt/rustwide/target:rw,Z" "-v" "/var/lib/crater-agent-workspace/cargo-home:/opt/rustwide/cargo-home:ro,Z" "-v" "/var/lib/crater-agent-workspace/rustup-home:/opt/rustwide/rustup-home:ro,Z" "-m" "1610612736" "--network" "none" "ghcr.io/rust-lang/crates-build-env/linux@sha256:77db811e55d90add9212f6832c23229e3de5f1c1f9905e8cb07319ea15df73ac" "sleep" "infinity", kill_on_drop: false }`
[INFO] [stdout] 9201f0a722d897eef9a4d674b372573525e4d55c0f8fdf9fb7de4480e9d51e9d
[INFO] running `Command { std: "docker" "start" "9201f0a722d897eef9a4d674b372573525e4d55c0f8fdf9fb7de4480e9d51e9d", kill_on_drop: false }`
[INFO] running `Command { std: "docker" "inspect" "9201f0a722d897eef9a4d674b372573525e4d55c0f8fdf9fb7de4480e9d51e9d", kill_on_drop: false }`
[INFO] running `Command { std: "docker" "exec" "-e" "SOURCE_DIR=/opt/rustwide/workdir" "-e" "CARGO_HOME=/opt/rustwide/cargo-home" "-e" "RUSTUP_HOME=/opt/rustwide/rustup-home" "-e" "CARGO_TARGET_DIR=/opt/rustwide/target" "-w" "/opt/rustwide/workdir" "--user" "0:0" "9201f0a722d897eef9a4d674b372573525e4d55c0f8fdf9fb7de4480e9d51e9d" "/opt/rustwide/cargo-home/bin/cargo" "+1.100.0-beta.1" "metadata" "--no-deps" "--format-version=1", kill_on_drop: false }`
[INFO] running `Command { std: "docker" "inspect" "9201f0a722d897eef9a4d674b372573525e4d55c0f8fdf9fb7de4480e9d51e9d", kill_on_drop: false }`
[INFO] running `Command { std: "docker" "exec" "-e" "SOURCE_DIR=/opt/rustwide/workdir" "-e" "CARGO_HOME=/opt/rustwide/cargo-home" "-e" "RUSTUP_HOME=/opt/rustwide/rustup-home" "-e" "CARGO_TARGET_DIR=/opt/rustwide/target" "-e" "CARGO_INCREMENTAL=0" "-e" "RUST_BACKTRACE=full" "-e" "RUSTFLAGS=--cap-lints=warn" "-e" "RUSTDOCFLAGS=--cap-lints=warn" "-w" "/opt/rustwide/workdir" "--user" "0:0" "9201f0a722d897eef9a4d674b372573525e4d55c0f8fdf9fb7de4480e9d51e9d" "/opt/rustwide/cargo-home/bin/cargo" "+1.100.0-beta.1" "build" "--frozen" "--message-format=json" "--release", kill_on_drop: false }`
[INFO] [stderr]    Compiling libc v0.2.191
[INFO] [stderr]    Compiling aho-corasick v1.1.5
[INFO] [stderr]    Compiling regex-syntax v0.8.11
[INFO] [stderr]    Compiling proc-macro2 v1.0.107
[INFO] [stderr]    Compiling minimal-lexical v0.2.1
[INFO] [stderr]    Compiling quote v1.0.47
[INFO] [stderr]    Compiling clang-sys v1.9.1
[INFO] [stderr]    Compiling rustix v0.38.44
[INFO] [stderr]    Compiling unicode-width v0.1.14
[INFO] [stderr]    Compiling bitflags v2.13.2
[INFO] [stderr]    Compiling linux-raw-sys v0.4.15
[INFO] [stderr]    Compiling nom v7.1.3
[INFO] [stderr]    Compiling textwrap v0.11.0
[INFO] [stderr]    Compiling libloading v0.8.9
[INFO] [stderr]    Compiling ansi_term v0.12.1
[INFO] [stderr]    Compiling strsim v0.8.0
[INFO] [stderr]    Compiling vec_map v0.8.2
[INFO] [stderr]    Compiling bitflags v1.3.2
[INFO] [stderr]    Compiling log v0.4.34
[INFO] [stderr]    Compiling home v0.5.12
[INFO] [stderr]    Compiling either v1.19.0
[INFO] [stderr]    Compiling humantime v2.4.0
[INFO] [stderr]    Compiling bindgen v0.59.2
[INFO] [stderr]    Compiling lazycell v1.3.0
[INFO] [stderr]    Compiling peeking_take_while v0.1.2
[INFO] [stderr]    Compiling cc v1.8.0
[INFO] [stderr]    Compiling cexpr v0.6.0
[INFO] [stderr]    Compiling atty v0.2.14
[INFO] [stderr]    Compiling clap v2.34.0
[INFO] [stderr]    Compiling regex-automata v0.4.18
[INFO] [stderr]    Compiling which v4.4.2
[INFO] [stderr]    Compiling regex v1.13.1
[INFO] [stderr]    Compiling env_logger v0.9.3
[INFO] [stderr]    Compiling tsf-sys v0.2.0 (/opt/rustwide/workdir)
[INFO] [stderr]     Finished `release` profile [optimized] target(s) in 36.52s
[INFO] running `Command { std: "docker" "inspect" "9201f0a722d897eef9a4d674b372573525e4d55c0f8fdf9fb7de4480e9d51e9d", kill_on_drop: false }`
[INFO] running `Command { std: "docker" "exec" "-e" "SOURCE_DIR=/opt/rustwide/workdir" "-e" "CARGO_HOME=/opt/rustwide/cargo-home" "-e" "RUSTUP_HOME=/opt/rustwide/rustup-home" "-e" "CARGO_TARGET_DIR=/opt/rustwide/target" "-e" "CARGO_INCREMENTAL=0" "-e" "RUST_BACKTRACE=full" "-e" "RUSTFLAGS=--cap-lints=warn" "-e" "RUSTDOCFLAGS=--cap-lints=warn" "-w" "/opt/rustwide/workdir" "--user" "0:0" "9201f0a722d897eef9a4d674b372573525e4d55c0f8fdf9fb7de4480e9d51e9d" "/opt/rustwide/cargo-home/bin/cargo" "+1.100.0-beta.1" "test" "--frozen" "--no-run" "--message-format=json" "--release", kill_on_drop: false }`
[INFO] [stderr]    Compiling tsf-sys v0.2.0 (/opt/rustwide/workdir)
[INFO] [stdout] warning: dereferencing a null pointer
[INFO] [stdout]  --> /opt/rustwide/target/release/build/tsf-sys/2f232833533577d3/out/bindings.rs:3:1187
[INFO] [stdout]   |
[INFO] [stdout] 3 | ...q ! (unsafe { & (* (:: std :: ptr :: null :: < tsf_stream > ())) . data as * const _ as usize } , 0usize , concat ! ("Offset of fi...
[INFO] [stdout]   |                    ^^^^^^^^^^^^^^^^^^^^^^^^^^^^^^^^^^^^^^^^^^^^^^^^ this code causes undefined behavior when executed
[INFO] [stdout]   |
[INFO] [stdout]   = note: `#[warn(deref_nullptr)]` on by default
[INFO] [stdout] 
[INFO] [stdout] 
[INFO] [stdout] warning: dereferencing a null pointer
[INFO] [stdout]  --> /opt/rustwide/target/release/build/tsf-sys/2f232833533577d3/out/bindings.rs:3:1391
[INFO] [stdout]   |
[INFO] [stdout] 3 | ...q ! (unsafe { & (* (:: std :: ptr :: null :: < tsf_stream > ())) . read as * const _ as usize } , 8usize , concat ! ("Offset of fi...
[INFO] [stdout]   |                    ^^^^^^^^^^^^^^^^^^^^^^^^^^^^^^^^^^^^^^^^^^^^^^^^ this code causes undefined behavior when executed
[INFO] [stdout] 
[INFO] [stdout] 
[INFO] [stdout] warning: dereferencing a null pointer
[INFO] [stdout]  --> /opt/rustwide/target/release/build/tsf-sys/2f232833533577d3/out/bindings.rs:3:1595
[INFO] [stdout]   |
[INFO] [stdout] 3 | ...q ! (unsafe { & (* (:: std :: ptr :: null :: < tsf_stream > ())) . skip as * const _ as usize } , 16usize , concat ! ("Offset of f...
[INFO] [stdout]   |                    ^^^^^^^^^^^^^^^^^^^^^^^^^^^^^^^^^^^^^^^^^^^^^^^^ this code causes undefined behavior when executed
[INFO] [stdout] 
[INFO] [stdout] 
[INFO] [stderr]     Finished `release` profile [optimized] target(s) in 0.36s
[INFO] running `Command { std: "docker" "inspect" "9201f0a722d897eef9a4d674b372573525e4d55c0f8fdf9fb7de4480e9d51e9d", kill_on_drop: false }`
[INFO] running `Command { std: "docker" "exec" "-e" "SOURCE_DIR=/opt/rustwide/workdir" "-e" "CARGO_HOME=/opt/rustwide/cargo-home" "-e" "RUSTUP_HOME=/opt/rustwide/rustup-home" "-e" "CARGO_TARGET_DIR=/opt/rustwide/target" "-e" "CARGO_INCREMENTAL=0" "-e" "RUST_BACKTRACE=full" "-e" "RUSTFLAGS=--cap-lints=warn" "-e" "RUSTDOCFLAGS=--cap-lints=warn" "-w" "/opt/rustwide/workdir" "--user" "0:0" "9201f0a722d897eef9a4d674b372573525e4d55c0f8fdf9fb7de4480e9d51e9d" "/opt/rustwide/cargo-home/bin/cargo" "+1.100.0-beta.1" "test" "--frozen" "--release", kill_on_drop: false }`
[INFO] [stderr] warning: dereferencing a null pointer
[INFO] [stderr]  --> /opt/rustwide/target/release/build/tsf-sys/2f232833533577d3/out/bindings.rs:3:1187
[INFO] [stderr]   |
[INFO] [stderr] 3 | ...q ! (unsafe { & (* (:: std :: ptr :: null :: < tsf_stream > ())) . data as * const _ as usize } , 0usize , concat ! ("Offset of fi...
[INFO] [stderr]   |                    ^^^^^^^^^^^^^^^^^^^^^^^^^^^^^^^^^^^^^^^^^^^^^^^^ this code causes undefined behavior when executed
[INFO] [stderr]   |
[INFO] [stderr]   = note: `#[warn(deref_nullptr)]` on by default
[INFO] [stderr] 
[INFO] [stderr] warning: dereferencing a null pointer
[INFO] [stderr]  --> /opt/rustwide/target/release/build/tsf-sys/2f232833533577d3/out/bindings.rs:3:1391
[INFO] [stderr]   |
[INFO] [stderr] 3 | ...q ! (unsafe { & (* (:: std :: ptr :: null :: < tsf_stream > ())) . read as * const _ as usize } , 8usize , concat ! ("Offset of fi...
[INFO] [stderr]   |                    ^^^^^^^^^^^^^^^^^^^^^^^^^^^^^^^^^^^^^^^^^^^^^^^^ this code causes undefined behavior when executed
[INFO] [stderr] 
[INFO] [stderr] warning: dereferencing a null pointer
[INFO] [stderr]  --> /opt/rustwide/target/release/build/tsf-sys/2f232833533577d3/out/bindings.rs:3:1595
[INFO] [stderr]   |
[INFO] [stderr] 3 | ...q ! (unsafe { & (* (:: std :: ptr :: null :: < tsf_stream > ())) . skip as * const _ as usize } , 16usize , concat ! ("Offset of f...
[INFO] [stderr]   |                    ^^^^^^^^^^^^^^^^^^^^^^^^^^^^^^^^^^^^^^^^^^^^^^^^ this code causes undefined behavior when executed
[INFO] [stderr] 
[INFO] [stderr] warning: `tsf-sys` (lib test) generated 3 warnings
[INFO] [stderr]     Finished `release` profile [optimized] target(s) in 0.14s
[INFO] [stderr]      Running unittests src/lib.rs (/opt/rustwide/target/release/build/tsf-sys/d6a58e51ab6b01ff/out/tsf_sys-d6a58e51ab6b01ff)
[INFO] [stdout] 
[INFO] [stdout] running 3 tests
[INFO] [stdout] test bindgen_test_layout_tsf_stream ... ok
[INFO] [stdout] test tests::load_memory ... ok
[INFO] [stdout] test tests::load_filename_and_render_c3 ... FAILED
[INFO] [stdout] 
[INFO] [stdout] failures:
[INFO] [stdout] 
[INFO] [stdout] ---- tests::load_filename_and_render_c3 stdout ----
[INFO] [stdout] 
[INFO] [stdout] thread 'tests::load_filename_and_render_c3' (800) panicked at src/lib.rs:84:57:
[INFO] [stdout] Failed to create test_outputs directory - is there a non-directory already with that name?: Os { code: 30, kind: ReadOnlyFilesystem, message: "Read-only file system" }
[INFO] [stdout] stack backtrace:
[INFO] [stdout]    0:     0x57aa7a344e91 - <<std[617be2ca0a6fd877]::sys::backtrace::BacktraceLock>::print::DisplayBacktrace as core[a373ad73a504971]::fmt::Display>::fmt
[INFO] [stdout]    1:     0x57aa7a35966a - core[a373ad73a504971]::fmt::write
[INFO] [stdout]    2:     0x57aa7a34915c - <alloc[2e1b2a31b91974c5]::vec::Vec<u8> as core[a373ad73a504971]::io::write::Write>::write_fmt
[INFO] [stdout]    3:     0x57aa7a320966 - std[617be2ca0a6fd877]::panicking::default_hook::{closure#0}
[INFO] [stdout]    4:     0x57aa7a33d349 - std[617be2ca0a6fd877]::panicking::default_hook
[INFO] [stdout]    5:     0x57aa7a2d90c0 - test[aada8e7e76ba119b]::test_main_inner::{closure#0}
[INFO] [stdout]    6:     0x57aa7a33d502 - std[617be2ca0a6fd877]::panicking::panic_with_hook
[INFO] [stdout]    7:     0x57aa7a320a12 - std[617be2ca0a6fd877]::panicking::panic_handler::{closure#0}
[INFO] [stdout]    8:     0x57aa7a3195d9 - std[617be2ca0a6fd877]::sys::backtrace::__rust_end_short_backtrace::<std[617be2ca0a6fd877]::panicking::panic_handler::{closure#0}, !>
[INFO] [stdout]    9:     0x57aa7a32161d - __rustc[ea4f61d10b84890b]::rust_begin_unwind
[INFO] [stdout]   10:     0x57aa7a359d9c - core[a373ad73a504971]::panicking::panic_fmt
[INFO] [stdout]   11:     0x57aa7a359b72 - core[a373ad73a504971]::result::unwrap_failed
[INFO] [stdout]   12:     0x57aa7a2c77da - <tsf_sys[1a951076ecc7a593]::tests::load_filename_and_render_c3::{closure#0} as core[a373ad73a504971]::ops::function::FnOnce<()>>::call_once
[INFO] [stdout]   13:     0x57aa7a2cc50b - test[aada8e7e76ba119b]::__rust_begin_short_backtrace::<core[a373ad73a504971]::result::Result<(), alloc[2e1b2a31b91974c5]::string::String>, fn() -> core[a373ad73a504971]::result::Result<(), alloc[2e1b2a31b91974c5]::string::String>>
[INFO] [stdout]   14:     0x57aa7a2d96e5 - test[aada8e7e76ba119b]::run_test::{closure#0}
[INFO] [stdout]   15:     0x57aa7a2d2fd4 - std[617be2ca0a6fd877]::sys::backtrace::__rust_begin_short_backtrace::<test[aada8e7e76ba119b]::run_test::{closure#1}, ()>
[INFO] [stdout]   16:     0x57aa7a2dc772 - <std[617be2ca0a6fd877]::thread::lifecycle::spawn_unchecked<test[aada8e7e76ba119b]::run_test::{closure#1}, ()>::{closure#1} as core[a373ad73a504971]::ops::function::FnOnce<()>>::call_once::{shim:vtable#0}
[INFO] [stdout]   17:     0x57aa7a34450f - <std[617be2ca0a6fd877]::sys::thread::unix::Thread>::new::thread_start
[INFO] [stdout]   18:     0x798363385dfa - <unknown>
[INFO] [stdout]   19:     0x7983634193d4 - clone
[INFO] [stdout]   20:                0x0 - <unknown>
[INFO] [stdout] 
[INFO] [stdout] 
[INFO] [stdout] failures:
[INFO] [stdout]     tests::load_filename_and_render_c3
[INFO] [stdout] 
[INFO] [stdout] test result: FAILED. 2 passed; 1 failed; 0 ignored; 0 measured; 0 filtered out; finished in 0.00s
[INFO] [stdout] 
[INFO] [stderr] error: test failed, to rerun pass `--lib`
[INFO] running `Command { std: "docker" "inspect" "9201f0a722d897eef9a4d674b372573525e4d55c0f8fdf9fb7de4480e9d51e9d", kill_on_drop: false }`
[INFO] running `Command { std: "docker" "rm" "-f" "9201f0a722d897eef9a4d674b372573525e4d55c0f8fdf9fb7de4480e9d51e9d", kill_on_drop: false }`
[INFO] [stdout] 9201f0a722d897eef9a4d674b372573525e4d55c0f8fdf9fb7de4480e9d51e9d
