[INFO] fetching crate tsconfig-includes 5.0.3...
[INFO] testing tsconfig-includes-5.0.3 against 1.99.0-beta.8+cargoflags=--release for beta-release-1.100-2
[INFO] extracting crate tsconfig-includes 5.0.3 into /workspace/builds/worker-4-tc1/source
[INFO] started tweaking crates.io crate tsconfig-includes 5.0.3
[INFO] finished tweaking crates.io crate tsconfig-includes 5.0.3
[INFO] tweaked toml for crates.io crate tsconfig-includes 5.0.3 written to /workspace/builds/worker-4-tc1/source/Cargo.toml
[INFO] validating manifest of crates.io crate tsconfig-includes 5.0.3 on toolchain 1.99.0-beta.8
[INFO] running `Command { std: CARGO_HOME="/workspace/cargo-home" RUSTUP_HOME="/workspace/rustup-home" "/workspace/cargo-home/bin/cargo" "+1.99.0-beta.8" "metadata" "--manifest-path" "Cargo.toml" "--no-deps", kill_on_drop: false }`
[INFO] crate crates.io crate tsconfig-includes 5.0.3 already has a lockfile, it will not be regenerated
[INFO] running `Command { std: CARGO_HOME="/workspace/cargo-home" RUSTUP_HOME="/workspace/rustup-home" "/workspace/cargo-home/bin/cargo" "+1.99.0-beta.8" "fetch" "--manifest-path" "Cargo.toml", kill_on_drop: false }`
[INFO] [stderr]     Updating crates.io index
[INFO] [stderr]  Downloading crates ...
[INFO] [stderr]   Downloaded typescript_tools v9.0.1
[INFO] [stderr]   Downloaded serde_json v1.0.96
[INFO] [stderr]   Downloaded serde v1.0.160
[INFO] [stderr]   Downloaded serde_derive v1.0.160
[INFO] [stderr]   Downloaded globwalk v0.8.1
[INFO] [stderr]   Downloaded thread_local v1.1.4
[INFO] [stderr]   Downloaded either v1.8.0
[INFO] [stderr]   Downloaded hermit-abi v0.2.6
[INFO] [stderr]   Downloaded percent-encoding v2.2.0
[INFO] [stderr]   Downloaded askama_escape v0.10.3
[INFO] [stderr]   Downloaded clap_lex v0.5.1
[INFO] [stderr]   Downloaded anstyle v1.0.3
[INFO] [stderr]   Downloaded itoa v1.0.5
[INFO] [stderr]   Downloaded askama v0.12.0
[INFO] [stderr]   Downloaded anstyle-parse v0.2.1
[INFO] [stderr]   Downloaded anstyle-wincon v2.1.0
[INFO] [stderr]   Downloaded humansize v2.1.3
[INFO] [stderr]   Downloaded once_cell v1.16.0
[INFO] [stderr]   Downloaded mime_guess v2.0.4
[INFO] [stderr]   Downloaded log v0.4.17
[INFO] [stderr]   Downloaded globset v0.4.9
[INFO] [stderr]   Downloaded clap_derive v4.4.2
[INFO] [stderr]   Downloaded anstream v0.5.0
[INFO] [stderr]   Downloaded quote v1.0.26
[INFO] [stderr]   Downloaded indexmap v1.9.2
[INFO] [stderr]   Downloaded num_cpus v1.15.0
[INFO] [stderr]   Downloaded crossbeam-deque v0.8.2
[INFO] [stderr]   Downloaded basic-toml v0.1.2
[INFO] [stderr]   Downloaded clap v4.4.4
[INFO] [stderr]   Downloaded unicode-ident v1.0.6
[INFO] [stderr]   Downloaded ryu v1.0.12
[INFO] [stderr]   Downloaded crossbeam-utils v0.8.14
[INFO] [stderr]   Downloaded crossbeam-epoch v0.9.13
[INFO] [stderr]   Downloaded ignore v0.4.18
[INFO] [stderr]   Downloaded askama_derive v0.12.1
[INFO] [stderr]   Downloaded rayon-core v1.10.1
[INFO] [stderr]   Downloaded aho-corasick v0.7.20
[INFO] [stderr]   Downloaded libm v0.2.6
[INFO] [stderr]   Downloaded nom v7.1.1
[INFO] [stderr]   Downloaded syn v2.0.15
[INFO] [stderr]   Downloaded crossbeam-channel v0.5.6
[INFO] [stderr]   Downloaded rayon v1.6.1
[INFO] [stderr]   Downloaded clap_builder v4.4.4
[INFO] [stderr]   Downloaded regex v1.7.0
[INFO] [stderr]   Downloaded bstr v0.2.17
[INFO] [stderr]   Downloaded regex-syntax v0.6.28
[INFO] [stderr]   Downloaded libc v0.2.142
[INFO] [stderr]   Downloaded pariter v0.5.1
[INFO] running `Command { std: "docker" "create" "-v" "/var/lib/crater-agent-workspace/builds/worker-4-tc1/source:/opt/rustwide/workdir:ro,Z" "-v" "/var/lib/crater-agent-workspace/builds/worker-4-tc1/target:/opt/rustwide/target:rw,Z" "-v" "/var/lib/crater-agent-workspace/cargo-home:/opt/rustwide/cargo-home:ro,Z" "-v" "/var/lib/crater-agent-workspace/rustup-home:/opt/rustwide/rustup-home:ro,Z" "-m" "1610612736" "--network" "none" "ghcr.io/rust-lang/crates-build-env/linux@sha256:77db811e55d90add9212f6832c23229e3de5f1c1f9905e8cb07319ea15df73ac" "sleep" "infinity", kill_on_drop: false }`
[INFO] [stdout] 1c2165645e0dd5a6ce1cd4db62ba0ea080d95254598d3670799258288f59287e
[INFO] running `Command { std: "docker" "start" "1c2165645e0dd5a6ce1cd4db62ba0ea080d95254598d3670799258288f59287e", kill_on_drop: false }`
[INFO] running `Command { std: "docker" "inspect" "1c2165645e0dd5a6ce1cd4db62ba0ea080d95254598d3670799258288f59287e", kill_on_drop: false }`
[INFO] running `Command { std: "docker" "exec" "-e" "SOURCE_DIR=/opt/rustwide/workdir" "-e" "CARGO_HOME=/opt/rustwide/cargo-home" "-e" "RUSTUP_HOME=/opt/rustwide/rustup-home" "-e" "CARGO_TARGET_DIR=/opt/rustwide/target" "-w" "/opt/rustwide/workdir" "--user" "0:0" "1c2165645e0dd5a6ce1cd4db62ba0ea080d95254598d3670799258288f59287e" "/opt/rustwide/cargo-home/bin/cargo" "+1.99.0-beta.8" "metadata" "--no-deps" "--format-version=1", kill_on_drop: false }`
[INFO] running `Command { std: "docker" "inspect" "1c2165645e0dd5a6ce1cd4db62ba0ea080d95254598d3670799258288f59287e", kill_on_drop: false }`
[INFO] running `Command { std: "docker" "exec" "-e" "SOURCE_DIR=/opt/rustwide/workdir" "-e" "CARGO_HOME=/opt/rustwide/cargo-home" "-e" "RUSTUP_HOME=/opt/rustwide/rustup-home" "-e" "CARGO_TARGET_DIR=/opt/rustwide/target" "-e" "CARGO_INCREMENTAL=0" "-e" "RUST_BACKTRACE=full" "-e" "RUSTFLAGS=--cap-lints=warn" "-e" "RUSTDOCFLAGS=--cap-lints=warn" "-w" "/opt/rustwide/workdir" "--user" "0:0" "1c2165645e0dd5a6ce1cd4db62ba0ea080d95254598d3670799258288f59287e" "/opt/rustwide/cargo-home/bin/cargo" "+1.99.0-beta.8" "build" "--frozen" "--message-format=json" "--release", kill_on_drop: false }`
[INFO] [stderr]    Compiling cfg-if v1.0.0
[INFO] [stderr]    Compiling crossbeam-utils v0.8.14
[INFO] [stderr]    Compiling proc-macro2 v1.0.67
[INFO] [stderr]    Compiling quote v1.0.26
[INFO] [stderr]    Compiling unicode-ident v1.0.6
[INFO] [stderr]    Compiling memoffset v0.7.1
[INFO] [stderr]    Compiling serde_derive v1.0.160
[INFO] [stderr]    Compiling memchr v2.5.0
[INFO] [stderr]    Compiling serde v1.0.160
[INFO] [stderr]    Compiling crossbeam-epoch v0.9.13
[INFO] [stderr]    Compiling libc v0.2.142
[INFO] [stderr]    Compiling scopeguard v1.1.0
[INFO] [stderr]    Compiling log v0.4.17
[INFO] [stderr]    Compiling mime_guess v2.0.4
[INFO] [stderr]    Compiling libm v0.2.6
[INFO] [stderr]    Compiling crossbeam-queue v0.3.8
[INFO] [stderr]    Compiling regex-syntax v0.6.28
[INFO] [stderr]    Compiling aho-corasick v0.7.20
[INFO] [stderr]    Compiling crossbeam-channel v0.5.6
[INFO] [stderr]    Compiling num_cpus v1.15.0
[INFO] [stderr]    Compiling syn v2.0.15
[INFO] [stderr]    Compiling bstr v0.2.17
[INFO] [stderr]    Compiling crossbeam-deque v0.8.2
[INFO] [stderr]    Compiling indexmap v1.9.2
[INFO] [stderr]    Compiling num-traits v0.2.15
[INFO] [stderr]    Compiling mime v0.3.16
[INFO] [stderr]    Compiling minimal-lexical v0.2.1
[INFO] [stderr]    Compiling same-file v1.0.6
[INFO] [stderr]    Compiling once_cell v1.16.0
[INFO] [stderr]    Compiling thread_local v1.1.4
[INFO] [stderr]    Compiling walkdir v2.3.2
[INFO] [stderr]    Compiling nom v7.1.1
[INFO] [stderr]    Compiling rayon-core v1.10.1
[INFO] [stderr]    Compiling serde_json v1.0.96
[INFO] [stderr]    Compiling hashbrown v0.12.3
[INFO] [stderr]    Compiling lazy_static v1.4.0
[INFO] [stderr]    Compiling crossbeam v0.8.2
[INFO] [stderr]    Compiling askama_escape v0.10.3
[INFO] [stderr]    Compiling percent-encoding v2.2.0
[INFO] [stderr]    Compiling humansize v2.1.3
[INFO] [stderr]    Compiling bitflags v1.3.2
[INFO] [stderr]    Compiling ryu v1.0.12
[INFO] [stderr]    Compiling regex v1.7.0
[INFO] [stderr]    Compiling itoa v1.0.5
[INFO] [stderr]    Compiling pariter v0.5.1
[INFO] [stderr]    Compiling pathdiff v0.2.1
[INFO] [stderr]    Compiling either v1.8.0
[INFO] [stderr]    Compiling globset v0.4.9
[INFO] [stderr]    Compiling rayon v1.6.1
[INFO] [stderr]    Compiling ignore v0.4.18
[INFO] [stderr]    Compiling globwalk v0.8.1
[INFO] [stderr]    Compiling basic-toml v0.1.2
[INFO] [stderr]    Compiling askama_derive v0.12.1
[INFO] [stderr]    Compiling askama v0.12.0
[INFO] [stderr]    Compiling typescript_tools v9.0.1
[INFO] [stderr]    Compiling tsconfig-includes v5.0.3 (/opt/rustwide/workdir)
[INFO] [stderr]     Finished `release` profile [optimized] target(s) in 1m 22s
[INFO] running `Command { std: "docker" "inspect" "1c2165645e0dd5a6ce1cd4db62ba0ea080d95254598d3670799258288f59287e", kill_on_drop: false }`
[INFO] running `Command { std: "docker" "exec" "-e" "SOURCE_DIR=/opt/rustwide/workdir" "-e" "CARGO_HOME=/opt/rustwide/cargo-home" "-e" "RUSTUP_HOME=/opt/rustwide/rustup-home" "-e" "CARGO_TARGET_DIR=/opt/rustwide/target" "-e" "CARGO_INCREMENTAL=0" "-e" "RUST_BACKTRACE=full" "-e" "RUSTFLAGS=--cap-lints=warn" "-e" "RUSTDOCFLAGS=--cap-lints=warn" "-w" "/opt/rustwide/workdir" "--user" "0:0" "1c2165645e0dd5a6ce1cd4db62ba0ea080d95254598d3670799258288f59287e" "/opt/rustwide/cargo-home/bin/cargo" "+1.99.0-beta.8" "test" "--frozen" "--no-run" "--message-format=json" "--release", kill_on_drop: false }`
[INFO] [stderr]    Compiling syn v2.0.15
[INFO] [stderr]    Compiling utf8parse v0.2.1
[INFO] [stderr]    Compiling anstyle-query v1.0.0
[INFO] [stderr]    Compiling colorchoice v1.0.0
[INFO] [stderr]    Compiling anstyle v1.0.3
[INFO] [stderr]    Compiling heck v0.4.1
[INFO] [stderr]    Compiling strsim v0.10.0
[INFO] [stderr]    Compiling clap_lex v0.5.1
[INFO] [stderr]    Compiling anstyle-parse v0.2.1
[INFO] [stderr]    Compiling anstream v0.5.0
[INFO] [stderr]    Compiling clap_builder v4.4.4
[INFO] [stderr]    Compiling serde_derive v1.0.160
[INFO] [stderr]    Compiling clap_derive v4.4.2
[INFO] [stderr]    Compiling clap v4.4.4
[INFO] [stderr]    Compiling serde v1.0.160
[INFO] [stderr]    Compiling basic-toml v0.1.2
[INFO] [stderr]    Compiling serde_json v1.0.96
[INFO] [stderr]    Compiling askama_derive v0.12.1
[INFO] [stderr]    Compiling askama v0.12.0
[INFO] [stderr]    Compiling typescript_tools v9.0.1
[INFO] [stderr]    Compiling tsconfig-includes v5.0.3 (/opt/rustwide/workdir)
[INFO] [stderr]     Finished `release` profile [optimized] target(s) in 54.92s
[INFO] running `Command { std: "docker" "inspect" "1c2165645e0dd5a6ce1cd4db62ba0ea080d95254598d3670799258288f59287e", kill_on_drop: false }`
[INFO] running `Command { std: "docker" "exec" "-e" "SOURCE_DIR=/opt/rustwide/workdir" "-e" "CARGO_HOME=/opt/rustwide/cargo-home" "-e" "RUSTUP_HOME=/opt/rustwide/rustup-home" "-e" "CARGO_TARGET_DIR=/opt/rustwide/target" "-e" "CARGO_INCREMENTAL=0" "-e" "RUST_BACKTRACE=full" "-e" "RUSTFLAGS=--cap-lints=warn" "-e" "RUSTDOCFLAGS=--cap-lints=warn" "-w" "/opt/rustwide/workdir" "--user" "0:0" "1c2165645e0dd5a6ce1cd4db62ba0ea080d95254598d3670799258288f59287e" "/opt/rustwide/cargo-home/bin/cargo" "+1.99.0-beta.8" "test" "--frozen" "--release", kill_on_drop: false }`
[INFO] [stderr]     Finished `release` profile [optimized] target(s) in 0.08s
[INFO] [stderr]      Running unittests src/lib.rs (/opt/rustwide/target/release/deps/tsconfig_includes-b8dd39cf91ab072c)
[INFO] [stdout] 
[INFO] [stdout] running 0 tests
[INFO] [stdout] 
[INFO] [stdout] test result: ok. 0 passed; 0 failed; 0 ignored; 0 measured; 0 filtered out; finished in 0.00s
[INFO] [stdout] 
[INFO] [stderr]      Running tests/estimate.rs (/opt/rustwide/target/release/deps/estimate-af15d8ab567b34c8)
[INFO] [stdout] 
[INFO] [stdout] running 3 tests
[INFO] [stdout] test list_grouped_estimate_happy_path_dependencies_foo ... ok
[INFO] [stdout] test list_grouped_estimate_happy_path_dependencies_foo_and_bar ... ok
[INFO] [stdout] test list_grouped_estimate_happy_path_dependencies_bar ... ok
[INFO] [stdout] 
[INFO] [stdout] test result: ok. 3 passed; 0 failed; 0 ignored; 0 measured; 0 filtered out; finished in 0.02s
[INFO] [stdout] 
[INFO] [stderr]      Running tests/exact.rs (/opt/rustwide/target/release/deps/exact-ce9520f17d819ddf)
[INFO] [stdout] 
[INFO] [stdout] running 3 tests
[INFO] [stdout] test list_grouped_exact_happy_path_dependencies_bar ... FAILED
[INFO] [stdout] test list_grouped_exact_happy_path_dependencies_foo_and_bar ... FAILED
[INFO] [stdout] test list_grouped_exact_happy_path_dependencies_foo ... FAILED
[INFO] [stdout] 
[INFO] [stdout] failures:
[INFO] [stdout] 
[INFO] [stdout] ---- list_grouped_exact_happy_path_dependencies_bar stdout ----
[INFO] [stdout] 
[INFO] [stdout] thread 'list_grouped_exact_happy_path_dependencies_bar' (1939) panicked at tests/exact.rs:49:13:
[INFO] [stdout] Unexpected error: Error { kind: Enumerate(EnumerateError { kind: Command(Os { code: 2, kind: NotFound, message: "No such file or directory" }) }) }
[INFO] [stdout] stack backtrace:
[INFO] [stdout]    0:     0x57bfe912b961 - <<std[70759c8f55707aa4]::sys::backtrace::BacktraceLock>::print::DisplayBacktrace as core[df12db4294e9bfd3]::fmt::Display>::fmt
[INFO] [stdout]    1:     0x57bfe914153a - core[df12db4294e9bfd3]::fmt::write
[INFO] [stdout]    2:     0x57bfe91301ec - <alloc[2182bb758b4b3781]::vec::Vec<u8> as core[df12db4294e9bfd3]::io::write::Write>::write_fmt
[INFO] [stdout]    3:     0x57bfe9106456 - std[70759c8f55707aa4]::panicking::default_hook::{closure#0}
[INFO] [stdout]    4:     0x57bfe9123409 - std[70759c8f55707aa4]::panicking::default_hook
[INFO] [stdout]    5:     0x57bfe8ff28b0 - test[9d35eded1c95d3be]::test_main_inner::<test[9d35eded1c95d3be]::test_main_static::{closure#0}>::{closure#0}
[INFO] [stdout]    6:     0x57bfe9123732 - std[70759c8f55707aa4]::panicking::panic_with_hook
[INFO] [stdout]    7:     0x57bfe9106502 - std[70759c8f55707aa4]::panicking::panic_handler::{closure#0}
[INFO] [stdout]    8:     0x57bfe90ff029 - std[70759c8f55707aa4]::sys::backtrace::__rust_end_short_backtrace::<std[70759c8f55707aa4]::panicking::panic_handler::{closure#0}, !>
[INFO] [stdout]    9:     0x57bfe91070fd - __rustc[8fa7c3cbc660c2b3]::rust_begin_unwind
[INFO] [stdout]   10:     0x57bfe9141c9c - core[df12db4294e9bfd3]::panicking::panic_fmt
[INFO] [stdout]   11:     0x57bfe8fdce10 - <exact[ab307afe1baeda99]::list_grouped_exact_happy_path_dependencies_bar::{closure#0} as core[df12db4294e9bfd3]::ops::function::FnOnce<()>>::call_once
[INFO] [stdout]   12:     0x57bfe8fe5b9b - test[9d35eded1c95d3be]::__rust_begin_short_backtrace::<core[df12db4294e9bfd3]::result::Result<(), alloc[2182bb758b4b3781]::string::String>, fn() -> core[df12db4294e9bfd3]::result::Result<(), alloc[2182bb758b4b3781]::string::String>>
[INFO] [stdout]   13:     0x57bfe8ff3205 - test[9d35eded1c95d3be]::run_test::{closure#0}
[INFO] [stdout]   14:     0x57bfe8fecac4 - std[70759c8f55707aa4]::sys::backtrace::__rust_begin_short_backtrace::<test[9d35eded1c95d3be]::run_test::{closure#1}, ()>
[INFO] [stdout]   15:     0x57bfe8ff6362 - <std[70759c8f55707aa4]::thread::lifecycle::spawn_unchecked<test[9d35eded1c95d3be]::run_test::{closure#1}, ()>::{closure#1} as core[df12db4294e9bfd3]::ops::function::FnOnce<()>>::call_once::{shim:vtable#0}
[INFO] [stdout]   16:     0x57bfe912ae89 - <std[70759c8f55707aa4]::sys::thread::unix::Thread>::new::thread_start
[INFO] [stdout]   17:     0x7be85f00edfa - <unknown>
[INFO] [stdout]   18:     0x7be85f0a23d4 - clone
[INFO] [stdout]   19:                0x0 - <unknown>
[INFO] [stdout] 
[INFO] [stdout] ---- list_grouped_exact_happy_path_dependencies_foo_and_bar stdout ----
[INFO] [stdout] 
[INFO] [stdout] thread 'list_grouped_exact_happy_path_dependencies_foo_and_bar' (1941) panicked at tests/exact.rs:49:13:
[INFO] [stdout] Unexpected error: Error { kind: Enumerate(EnumerateError { kind: Command(Os { code: 2, kind: NotFound, message: "No such file or directory" }) }) }
[INFO] [stdout] stack backtrace:
[INFO] [stdout]    0:     0x57bfe912b961 - <<std[70759c8f55707aa4]::sys::backtrace::BacktraceLock>::print::DisplayBacktrace as core[df12db4294e9bfd3]::fmt::Display>::fmt
[INFO] [stdout]    1:     0x57bfe914153a - core[df12db4294e9bfd3]::fmt::write
[INFO] [stdout]    2:     0x57bfe91301ec - <alloc[2182bb758b4b3781]::vec::Vec<u8> as core[df12db4294e9bfd3]::io::write::Write>::write_fmt
[INFO] [stdout]    3:     0x57bfe9106456 - std[70759c8f55707aa4]::panicking::default_hook::{closure#0}
[INFO] [stdout]    4:     0x57bfe9123409 - std[70759c8f55707aa4]::panicking::default_hook
[INFO] [stdout]    5:     0x57bfe8ff28b0 - test[9d35eded1c95d3be]::test_main_inner::<test[9d35eded1c95d3be]::test_main_static::{closure#0}>::{closure#0}
[INFO] [stdout]    6:     0x57bfe9123732 - std[70759c8f55707aa4]::panicking::panic_with_hook
[INFO] [stdout]    7:     0x57bfe9106502 - std[70759c8f55707aa4]::panicking::panic_handler::{closure#0}
[INFO] [stdout]    8:     0x57bfe90ff029 - std[70759c8f55707aa4]::sys::backtrace::__rust_end_short_backtrace::<std[70759c8f55707aa4]::panicking::panic_handler::{closure#0}, !>
[INFO] [stdout]    9:     0x57bfe91070fd - __rustc[8fa7c3cbc660c2b3]::rust_begin_unwind
[INFO] [stdout]   10:     0x57bfe9141c9c - core[df12db4294e9bfd3]::panicking::panic_fmt
[INFO] [stdout]   11:     0x57bfe8fdd6b7 - <exact[ab307afe1baeda99]::list_grouped_exact_happy_path_dependencies_foo_and_bar::{closure#0} as core[df12db4294e9bfd3]::ops::function::FnOnce<()>>::call_once
[INFO] [stdout]   12:     0x57bfe8fe5b9b - test[9d35eded1c95d3be]::__rust_begin_short_backtrace::<core[df12db4294e9bfd3]::result::Result<(), alloc[2182bb758b4b3781]::string::String>, fn() -> core[df12db4294e9bfd3]::result::Result<(), alloc[2182bb758b4b3781]::string::String>>
[INFO] [stdout]   13:     0x57bfe8ff3205 - test[9d35eded1c95d3be]::run_test::{closure#0}
[INFO] [stdout]   14:     0x57bfe8fecac4 - std[70759c8f55707aa4]::sys::backtrace::__rust_begin_short_backtrace::<test[9d35eded1c95d3be]::run_test::{closure#1}, ()>
[INFO] [stdout]   15:     0x57bfe8ff6362 - <std[70759c8f55707aa4]::thread::lifecycle::spawn_unchecked<test[9d35eded1c95d3be]::run_test::{closure#1}, ()>::{closure#1} as core[df12db4294e9bfd3]::ops::function::FnOnce<()>>::call_once::{shim:vtable#0}
[INFO] [stdout]   16:     0x57bfe912ae89 - <std[70759c8f55707aa4]::sys::thread::unix::Thread>::new::thread_start
[INFO] [stdout]   17:     0x7be85f00edfa - <unknown>
[INFO] [stdout]   18:     0x7be85f0a23d4 - clone
[INFO] [stdout]   19:                0x0 - <unknown>
[INFO] [stdout] 
[INFO] [stdout] ---- list_grouped_exact_happy_path_dependencies_foo stdout ----
[INFO] [stdout] 
[INFO] [stdout] thread 'list_grouped_exact_happy_path_dependencies_foo' (1940) panicked at tests/exact.rs:49:13:
[INFO] [stdout] Unexpected error: Error { kind: Enumerate(EnumerateError { kind: Command(Os { code: 2, kind: NotFound, message: "No such file or directory" }) }) }
[INFO] [stdout] stack backtrace:
[INFO] [stdout]    0:     0x57bfe912b961 - <<std[70759c8f55707aa4]::sys::backtrace::BacktraceLock>::print::DisplayBacktrace as core[df12db4294e9bfd3]::fmt::Display>::fmt
[INFO] [stdout]    1:     0x57bfe914153a - core[df12db4294e9bfd3]::fmt::write
[INFO] [stdout]    2:     0x57bfe91301ec - <alloc[2182bb758b4b3781]::vec::Vec<u8> as core[df12db4294e9bfd3]::io::write::Write>::write_fmt
[INFO] [stdout]    3:     0x57bfe9106456 - std[70759c8f55707aa4]::panicking::default_hook::{closure#0}
[INFO] [stdout]    4:     0x57bfe9123409 - std[70759c8f55707aa4]::panicking::default_hook
[INFO] [stdout]    5:     0x57bfe8ff28b0 - test[9d35eded1c95d3be]::test_main_inner::<test[9d35eded1c95d3be]::test_main_static::{closure#0}>::{closure#0}
[INFO] [stdout]    6:     0x57bfe9123732 - std[70759c8f55707aa4]::panicking::panic_with_hook
[INFO] [stdout]    7:     0x57bfe9106502 - std[70759c8f55707aa4]::panicking::panic_handler::{closure#0}
[INFO] [stdout]    8:     0x57bfe90ff029 - std[70759c8f55707aa4]::sys::backtrace::__rust_end_short_backtrace::<std[70759c8f55707aa4]::panicking::panic_handler::{closure#0}, !>
[INFO] [stdout]    9:     0x57bfe91070fd - __rustc[8fa7c3cbc660c2b3]::rust_begin_unwind
[INFO] [stdout]   10:     0x57bfe9141c9c - core[df12db4294e9bfd3]::panicking::panic_fmt
[INFO] [stdout]   11:     0x57bfe8fdd1f2 - <exact[ab307afe1baeda99]::list_grouped_exact_happy_path_dependencies_foo::{closure#0} as core[df12db4294e9bfd3]::ops::function::FnOnce<()>>::call_once
[INFO] [stdout]   12:     0x57bfe8fe5b9b - test[9d35eded1c95d3be]::__rust_begin_short_backtrace::<core[df12db4294e9bfd3]::result::Result<(), alloc[2182bb758b4b3781]::string::String>, fn() -> core[df12db4294e9bfd3]::result::Result<(), alloc[2182bb758b4b3781]::string::String>>
[INFO] [stdout]   13:     0x57bfe8ff3205 - test[9d35eded1c95d3be]::run_test::{closure#0}
[INFO] [stdout]   14:     0x57bfe8fecac4 - std[70759c8f55707aa4]::sys::backtrace::__rust_begin_short_backtrace::<test[9d35eded1c95d3be]::run_test::{closure#1}, ()>
[INFO] [stdout]   15:     0x57bfe8ff6362 - <std[70759c8f55707aa4]::thread::lifecycle::spawn_unchecked<test[9d35eded1c95d3be]::run_test::{closure#1}, ()>::{closure#1} as core[df12db4294e9bfd3]::ops::function::FnOnce<()>>::call_once::{shim:vtable#0}
[INFO] [stdout]   16:     0x57bfe912ae89 - <std[70759c8f55707aa4]::sys::thread::unix::Thread>::new::thread_start
[INFO] [stdout]   17:     0x7be85f00edfa - <unknown>
[INFO] [stdout]   18:     0x7be85f0a23d4 - clone
[INFO] [stdout]   19:                0x0 - <unknown>
[INFO] [stdout] 
[INFO] [stdout] 
[INFO] [stdout] failures:
[INFO] [stdout]     list_grouped_exact_happy_path_dependencies_bar
[INFO] [stdout]     list_grouped_exact_happy_path_dependencies_foo
[INFO] [stdout]     list_grouped_exact_happy_path_dependencies_foo_and_bar
[INFO] [stdout] 
[INFO] [stdout] test result: FAILED. 0 passed; 3 failed; 0 ignored; 0 measured; 0 filtered out; finished in 0.01s
[INFO] [stdout] 
[INFO] [stderr] error: test failed, to rerun pass `--test exact`
[INFO] running `Command { std: "docker" "inspect" "1c2165645e0dd5a6ce1cd4db62ba0ea080d95254598d3670799258288f59287e", kill_on_drop: false }`
[INFO] running `Command { std: "docker" "rm" "-f" "1c2165645e0dd5a6ce1cd4db62ba0ea080d95254598d3670799258288f59287e", kill_on_drop: false }`
[INFO] [stdout] 1c2165645e0dd5a6ce1cd4db62ba0ea080d95254598d3670799258288f59287e
