[INFO] fetching crate ts_opentelemetry_semantic_conventions 0.12.0-beta.1...
[INFO] testing ts_opentelemetry_semantic_conventions-0.12.0-beta.1 against 1.99.0-beta.8+cargoflags=--release for beta-release-1.100-2
[INFO] extracting crate ts_opentelemetry_semantic_conventions 0.12.0-beta.1 into /workspace/builds/worker-7-tc1/source
[INFO] started tweaking crates.io crate ts_opentelemetry_semantic_conventions 0.12.0-beta.1
[INFO] finished tweaking crates.io crate ts_opentelemetry_semantic_conventions 0.12.0-beta.1
[INFO] tweaked toml for crates.io crate ts_opentelemetry_semantic_conventions 0.12.0-beta.1 written to /workspace/builds/worker-7-tc1/source/Cargo.toml
[INFO] validating manifest of crates.io crate ts_opentelemetry_semantic_conventions 0.12.0-beta.1 on toolchain 1.99.0-beta.8
[INFO] running `Command { std: CARGO_HOME="/workspace/cargo-home" RUSTUP_HOME="/workspace/rustup-home" "/workspace/cargo-home/bin/cargo" "+1.99.0-beta.8" "metadata" "--manifest-path" "Cargo.toml" "--no-deps", kill_on_drop: false }`
[INFO] running `Command { std: CARGO_HOME="/workspace/cargo-home" RUSTUP_HOME="/workspace/rustup-home" "/workspace/cargo-home/bin/cargo" "+1.99.0-beta.8" "generate-lockfile" "--manifest-path" "Cargo.toml", kill_on_drop: false }`
[INFO] [stderr]     Updating crates.io index
[INFO] [stderr]      Locking 47 packages to highest compatible versions
[INFO] running `Command { std: CARGO_HOME="/workspace/cargo-home" RUSTUP_HOME="/workspace/rustup-home" "/workspace/cargo-home/bin/cargo" "+1.99.0-beta.8" "fetch" "--manifest-path" "Cargo.toml", kill_on_drop: false }`
[INFO] [stderr]  Downloading crates ...
[INFO] [stderr]   Downloaded ts_opentelemetry_api v0.20.0-beta.1
[INFO] [stderr]   Downloaded ts_opentelemetry v0.20.0-beta.1
[INFO] [stderr]   Downloaded ts_opentelemetry_sdk v0.20.0-beta.1
[INFO] running `Command { std: "docker" "create" "-v" "/var/lib/crater-agent-workspace/builds/worker-7-tc1/source:/opt/rustwide/workdir:ro,Z" "-v" "/var/lib/crater-agent-workspace/builds/worker-7-tc1/target:/opt/rustwide/target:rw,Z" "-v" "/var/lib/crater-agent-workspace/cargo-home:/opt/rustwide/cargo-home:ro,Z" "-v" "/var/lib/crater-agent-workspace/rustup-home:/opt/rustwide/rustup-home:ro,Z" "-m" "1610612736" "--network" "none" "ghcr.io/rust-lang/crates-build-env/linux@sha256:77db811e55d90add9212f6832c23229e3de5f1c1f9905e8cb07319ea15df73ac" "sleep" "infinity", kill_on_drop: false }`
[INFO] [stdout] e7299c8dd12c38e361625b958e766b253fa1e7bbf547dc84c3e3e9e08dd8d1ca
[INFO] running `Command { std: "docker" "start" "e7299c8dd12c38e361625b958e766b253fa1e7bbf547dc84c3e3e9e08dd8d1ca", kill_on_drop: false }`
[INFO] running `Command { std: "docker" "inspect" "e7299c8dd12c38e361625b958e766b253fa1e7bbf547dc84c3e3e9e08dd8d1ca", kill_on_drop: false }`
[INFO] running `Command { std: "docker" "exec" "-e" "SOURCE_DIR=/opt/rustwide/workdir" "-e" "CARGO_HOME=/opt/rustwide/cargo-home" "-e" "RUSTUP_HOME=/opt/rustwide/rustup-home" "-e" "CARGO_TARGET_DIR=/opt/rustwide/target" "-w" "/opt/rustwide/workdir" "--user" "0:0" "e7299c8dd12c38e361625b958e766b253fa1e7bbf547dc84c3e3e9e08dd8d1ca" "/opt/rustwide/cargo-home/bin/cargo" "+1.99.0-beta.8" "metadata" "--no-deps" "--format-version=1", kill_on_drop: false }`
[INFO] running `Command { std: "docker" "inspect" "e7299c8dd12c38e361625b958e766b253fa1e7bbf547dc84c3e3e9e08dd8d1ca", kill_on_drop: false }`
[INFO] running `Command { std: "docker" "exec" "-e" "SOURCE_DIR=/opt/rustwide/workdir" "-e" "CARGO_HOME=/opt/rustwide/cargo-home" "-e" "RUSTUP_HOME=/opt/rustwide/rustup-home" "-e" "CARGO_TARGET_DIR=/opt/rustwide/target" "-e" "CARGO_INCREMENTAL=0" "-e" "RUST_BACKTRACE=full" "-e" "RUSTFLAGS=--cap-lints=warn" "-e" "RUSTDOCFLAGS=--cap-lints=warn" "-w" "/opt/rustwide/workdir" "--user" "0:0" "e7299c8dd12c38e361625b958e766b253fa1e7bbf547dc84c3e3e9e08dd8d1ca" "/opt/rustwide/cargo-home/bin/cargo" "+1.99.0-beta.8" "build" "--frozen" "--message-format=json" "--release", kill_on_drop: false }`
[INFO] [stderr]    Compiling futures-macro v0.3.34
[INFO] [stderr]    Compiling indexmap v1.9.3
[INFO] [stderr]    Compiling syn v2.0.119
[INFO] [stderr]    Compiling futures-sink v0.3.34
[INFO] [stderr]    Compiling futures-channel v0.3.34
[INFO] [stderr]    Compiling async-trait v0.1.92
[INFO] [stderr]    Compiling ordered-float v3.9.2
[INFO] [stderr]    Compiling rand v0.8.8
[INFO] [stderr]    Compiling futures-util v0.3.34
[INFO] [stderr]    Compiling futures-executor v0.3.34
[INFO] [stderr]    Compiling thiserror-impl v1.0.69
[INFO] [stderr]    Compiling thiserror v1.0.69
[INFO] [stderr]    Compiling ts_opentelemetry_api v0.20.0-beta.1
[INFO] [stderr]    Compiling ts_opentelemetry_sdk v0.20.0-beta.1
[INFO] [stderr]    Compiling ts_opentelemetry v0.20.0-beta.1
[INFO] [stderr]    Compiling ts_opentelemetry_semantic_conventions v0.12.0-beta.1 (/opt/rustwide/workdir)
[INFO] [stderr]     Finished `release` profile [optimized] target(s) in 12.91s
[INFO] running `Command { std: "docker" "inspect" "e7299c8dd12c38e361625b958e766b253fa1e7bbf547dc84c3e3e9e08dd8d1ca", kill_on_drop: false }`
[INFO] running `Command { std: "docker" "exec" "-e" "SOURCE_DIR=/opt/rustwide/workdir" "-e" "CARGO_HOME=/opt/rustwide/cargo-home" "-e" "RUSTUP_HOME=/opt/rustwide/rustup-home" "-e" "CARGO_TARGET_DIR=/opt/rustwide/target" "-e" "CARGO_INCREMENTAL=0" "-e" "RUST_BACKTRACE=full" "-e" "RUSTFLAGS=--cap-lints=warn" "-e" "RUSTDOCFLAGS=--cap-lints=warn" "-w" "/opt/rustwide/workdir" "--user" "0:0" "e7299c8dd12c38e361625b958e766b253fa1e7bbf547dc84c3e3e9e08dd8d1ca" "/opt/rustwide/cargo-home/bin/cargo" "+1.99.0-beta.8" "test" "--frozen" "--no-run" "--message-format=json" "--release", kill_on_drop: false }`
[INFO] [stderr]    Compiling ts_opentelemetry_semantic_conventions v0.12.0-beta.1 (/opt/rustwide/workdir)
[INFO] [stderr]     Finished `release` profile [optimized] target(s) in 0.33s
[INFO] running `Command { std: "docker" "inspect" "e7299c8dd12c38e361625b958e766b253fa1e7bbf547dc84c3e3e9e08dd8d1ca", kill_on_drop: false }`
[INFO] running `Command { std: "docker" "exec" "-e" "SOURCE_DIR=/opt/rustwide/workdir" "-e" "CARGO_HOME=/opt/rustwide/cargo-home" "-e" "RUSTUP_HOME=/opt/rustwide/rustup-home" "-e" "CARGO_TARGET_DIR=/opt/rustwide/target" "-e" "CARGO_INCREMENTAL=0" "-e" "RUST_BACKTRACE=full" "-e" "RUSTFLAGS=--cap-lints=warn" "-e" "RUSTDOCFLAGS=--cap-lints=warn" "-w" "/opt/rustwide/workdir" "--user" "0:0" "e7299c8dd12c38e361625b958e766b253fa1e7bbf547dc84c3e3e9e08dd8d1ca" "/opt/rustwide/cargo-home/bin/cargo" "+1.99.0-beta.8" "test" "--frozen" "--release", kill_on_drop: false }`
[INFO] [stderr]     Finished `release` profile [optimized] target(s) in 0.05s
[INFO] [stderr]      Running unittests src/lib.rs (/opt/rustwide/target/release/deps/ts_opentelemetry_semantic_conventions-3f6459b6c9bdc42a)
[INFO] [stderr]    Doc-tests ts_opentelemetry_semantic_conventions
[INFO] [stdout] 
[INFO] [stdout] running 0 tests
[INFO] [stdout] 
[INFO] [stdout] test result: ok. 0 passed; 0 failed; 0 ignored; 0 measured; 0 filtered out; finished in 0.00s
[INFO] [stdout] 
[INFO] [stdout] 
[INFO] [stdout] running 2 tests
[INFO] [stdout] test src/trace.rs - trace (line 16) ... FAILED
[INFO] [stdout] test src/resource.rs - resource (line 16) ... FAILED
[INFO] [stdout] 
[INFO] [stdout] failures:
[INFO] [stdout] 
[INFO] [stdout] ---- src/trace.rs - trace (line 16) stdout ----
[INFO] [stdout] error[E0432]: unresolved import `opentelemetry_semantic_conventions`
[INFO] [stdout]   --> src/trace.rs:18:5
[INFO] [stdout]    |
[INFO] [stdout] 18 | use opentelemetry_semantic_conventions as semcov;
[INFO] [stdout]    |     ----------------------------------^^^^^^^^^^
[INFO] [stdout]    |     |
[INFO] [stdout]    |     no external crate `opentelemetry_semantic_conventions`
[INFO] [stdout] 
[INFO] [stdout] error: aborting due to 1 previous error
[INFO] [stdout] 
[INFO] [stdout] For more information about this error, try `rustc --explain E0432`.
[INFO] [stdout] Couldn't compile the test.
[INFO] [stdout] ---- src/resource.rs - resource (line 16) stdout ----
[INFO] [stdout] error[E0432]: unresolved import `opentelemetry_semantic_conventions`
[INFO] [stdout]   --> src/resource.rs:18:5
[INFO] [stdout]    |
[INFO] [stdout] 18 | use opentelemetry_semantic_conventions as semconv;
[INFO] [stdout]    |     ----------------------------------^^^^^^^^^^^
[INFO] [stdout]    |     |
[INFO] [stdout]    |     no external crate `opentelemetry_semantic_conventions`
[INFO] [stdout] 
[INFO] [stdout] error: aborting due to 1 previous error
[INFO] [stdout] 
[INFO] [stdout] For more information about this error, try `rustc --explain E0432`.
[INFO] [stdout] Couldn't compile the test.
[INFO] [stdout] 
[INFO] [stdout] failures:
[INFO] [stdout]     src/resource.rs - resource (line 16)
[INFO] [stdout]     src/trace.rs - trace (line 16)
[INFO] [stdout] 
[INFO] [stdout] test result: FAILED. 0 passed; 2 failed; 0 ignored; 0 measured; 0 filtered out; finished in 0.14s
[INFO] [stdout] 
[INFO] [stderr] error: doctest failed, to rerun pass `--doc`
[INFO] running `Command { std: "docker" "inspect" "e7299c8dd12c38e361625b958e766b253fa1e7bbf547dc84c3e3e9e08dd8d1ca", kill_on_drop: false }`
[INFO] running `Command { std: "docker" "rm" "-f" "e7299c8dd12c38e361625b958e766b253fa1e7bbf547dc84c3e3e9e08dd8d1ca", kill_on_drop: false }`
[INFO] [stdout] e7299c8dd12c38e361625b958e766b253fa1e7bbf547dc84c3e3e9e08dd8d1ca
