[INFO] fetching crate ts-typegen-build 1.3.3...
[INFO] testing ts-typegen-build-1.3.3 against 1.100.0-beta.1+cargoflags=--release for beta-release-1.100-2
[INFO] extracting crate ts-typegen-build 1.3.3 into /workspace/builds/worker-0-tc2/source
[INFO] started tweaking crates.io crate ts-typegen-build 1.3.3
[INFO] removed 0 missing tests
[INFO] finished tweaking crates.io crate ts-typegen-build 1.3.3
[INFO] tweaked toml for crates.io crate ts-typegen-build 1.3.3 written to /workspace/builds/worker-0-tc2/source/Cargo.toml
[INFO] validating manifest of crates.io crate ts-typegen-build 1.3.3 on toolchain 1.100.0-beta.1
[INFO] running `Command { std: CARGO_HOME="/workspace/cargo-home" RUSTUP_HOME="/workspace/rustup-home" "/workspace/cargo-home/bin/cargo" "+1.100.0-beta.1" "metadata" "--manifest-path" "Cargo.toml" "--no-deps", kill_on_drop: false }`
[INFO] crate crates.io crate ts-typegen-build 1.3.3 already has a lockfile, it will not be regenerated
[INFO] running `Command { std: CARGO_HOME="/workspace/cargo-home" RUSTUP_HOME="/workspace/rustup-home" "/workspace/cargo-home/bin/cargo" "+1.100.0-beta.1" "fetch" "--manifest-path" "Cargo.toml", kill_on_drop: false }`
[INFO] [stderr] warning: `package.homepage` is redundant with `package.repository`
[INFO] [stderr]   --> Cargo.toml:37:12
[INFO] [stderr]    |
[INFO] [stderr] 37 | homepage = "https://github.com/Andrew-McCall/typescript-typegen-rs"
[INFO] [stderr]    |            ^^^^^^^^^^^^^^^^^^^^^^^^^^^^^^^^^^^^^^^^^^^^^^^^^^^^^^^^
[INFO] [stderr] ...
[INFO] [stderr] 42 | repository = "https://github.com/Andrew-McCall/typescript-typegen-rs"
[INFO] [stderr]    |              --------------------------------------------------------
[INFO] [stderr]    |
[INFO] [stderr]    = note: `cargo::redundant_homepage` is set to `warn` by default
[INFO] [stderr] help: consider removing `package.homepage`
[INFO] [stderr] warning: `ts-typegen-build` (manifest) generated 1 warning
[INFO] running `Command { std: "docker" "create" "-v" "/var/lib/crater-agent-workspace/builds/worker-0-tc2/source:/opt/rustwide/workdir:ro,Z" "-v" "/var/lib/crater-agent-workspace/builds/worker-0-tc2/target:/opt/rustwide/target:rw,Z" "-v" "/var/lib/crater-agent-workspace/cargo-home:/opt/rustwide/cargo-home:ro,Z" "-v" "/var/lib/crater-agent-workspace/rustup-home:/opt/rustwide/rustup-home:ro,Z" "-m" "1610612736" "--network" "none" "ghcr.io/rust-lang/crates-build-env/linux@sha256:77db811e55d90add9212f6832c23229e3de5f1c1f9905e8cb07319ea15df73ac" "sleep" "infinity", kill_on_drop: false }`
[INFO] [stdout] 391244fadbdaa237d24263da0ae21c447aa393d045081b2b6fbb292ba1d68d93
[INFO] running `Command { std: "docker" "start" "391244fadbdaa237d24263da0ae21c447aa393d045081b2b6fbb292ba1d68d93", kill_on_drop: false }`
[INFO] running `Command { std: "docker" "inspect" "391244fadbdaa237d24263da0ae21c447aa393d045081b2b6fbb292ba1d68d93", kill_on_drop: false }`
[INFO] running `Command { std: "docker" "exec" "-e" "SOURCE_DIR=/opt/rustwide/workdir" "-e" "CARGO_HOME=/opt/rustwide/cargo-home" "-e" "RUSTUP_HOME=/opt/rustwide/rustup-home" "-e" "CARGO_TARGET_DIR=/opt/rustwide/target" "-w" "/opt/rustwide/workdir" "--user" "0:0" "391244fadbdaa237d24263da0ae21c447aa393d045081b2b6fbb292ba1d68d93" "/opt/rustwide/cargo-home/bin/cargo" "+1.100.0-beta.1" "metadata" "--no-deps" "--format-version=1", kill_on_drop: false }`
[INFO] running `Command { std: "docker" "inspect" "391244fadbdaa237d24263da0ae21c447aa393d045081b2b6fbb292ba1d68d93", kill_on_drop: false }`
[INFO] running `Command { std: "docker" "exec" "-e" "SOURCE_DIR=/opt/rustwide/workdir" "-e" "CARGO_HOME=/opt/rustwide/cargo-home" "-e" "RUSTUP_HOME=/opt/rustwide/rustup-home" "-e" "CARGO_TARGET_DIR=/opt/rustwide/target" "-e" "CARGO_INCREMENTAL=0" "-e" "RUST_BACKTRACE=full" "-e" "RUSTFLAGS=--cap-lints=warn" "-e" "RUSTDOCFLAGS=--cap-lints=warn" "-w" "/opt/rustwide/workdir" "--user" "0:0" "391244fadbdaa237d24263da0ae21c447aa393d045081b2b6fbb292ba1d68d93" "/opt/rustwide/cargo-home/bin/cargo" "+1.100.0-beta.1" "build" "--frozen" "--message-format=json" "--release", kill_on_drop: false }`
[INFO] [stderr] warning: `package.homepage` is redundant with `package.repository`
[INFO] [stderr]   --> Cargo.toml:37:12
[INFO] [stderr]    |
[INFO] [stderr] 37 | homepage = "https://github.com/Andrew-McCall/typescript-typegen-rs"
[INFO] [stderr]    |            ^^^^^^^^^^^^^^^^^^^^^^^^^^^^^^^^^^^^^^^^^^^^^^^^^^^^^^^^
[INFO] [stderr] ...
[INFO] [stderr] 42 | repository = "https://github.com/Andrew-McCall/typescript-typegen-rs"
[INFO] [stderr]    |              --------------------------------------------------------
[INFO] [stderr]    |
[INFO] [stderr]    = note: `cargo::redundant_homepage` is set to `warn` by default
[INFO] [stderr] help: consider removing `package.homepage`
[INFO] [stderr] warning: `ts-typegen-build` (manifest) generated 1 warning
[INFO] [stderr]    Compiling proc-macro2 v1.0.107
[INFO] [stderr]    Compiling quote v1.0.47
[INFO] [stderr]    Compiling syn v3.0.3
[INFO] [stderr]    Compiling ts-typegen-build v1.3.3 (/opt/rustwide/workdir)
[INFO] [stderr]     Finished `release` profile [optimized] target(s) in 35.35s
[INFO] running `Command { std: "docker" "inspect" "391244fadbdaa237d24263da0ae21c447aa393d045081b2b6fbb292ba1d68d93", kill_on_drop: false }`
[INFO] running `Command { std: "docker" "exec" "-e" "SOURCE_DIR=/opt/rustwide/workdir" "-e" "CARGO_HOME=/opt/rustwide/cargo-home" "-e" "RUSTUP_HOME=/opt/rustwide/rustup-home" "-e" "CARGO_TARGET_DIR=/opt/rustwide/target" "-e" "CARGO_INCREMENTAL=0" "-e" "RUST_BACKTRACE=full" "-e" "RUSTFLAGS=--cap-lints=warn" "-e" "RUSTDOCFLAGS=--cap-lints=warn" "-w" "/opt/rustwide/workdir" "--user" "0:0" "391244fadbdaa237d24263da0ae21c447aa393d045081b2b6fbb292ba1d68d93" "/opt/rustwide/cargo-home/bin/cargo" "+1.100.0-beta.1" "test" "--frozen" "--no-run" "--message-format=json" "--release", kill_on_drop: false }`
[INFO] [stderr] warning: `package.homepage` is redundant with `package.repository`
[INFO] [stderr]   --> Cargo.toml:37:12
[INFO] [stderr]    |
[INFO] [stderr] 37 | homepage = "https://github.com/Andrew-McCall/typescript-typegen-rs"
[INFO] [stderr]    |            ^^^^^^^^^^^^^^^^^^^^^^^^^^^^^^^^^^^^^^^^^^^^^^^^^^^^^^^^
[INFO] [stderr] ...
[INFO] [stderr] 42 | repository = "https://github.com/Andrew-McCall/typescript-typegen-rs"
[INFO] [stderr]    |              --------------------------------------------------------
[INFO] [stderr]    |
[INFO] [stderr]    = note: `cargo::redundant_homepage` is set to `warn` by default
[INFO] [stderr] help: consider removing `package.homepage`
[INFO] [stderr] warning: `ts-typegen-build` (manifest) generated 1 warning
[INFO] [stderr]    Compiling proc-macro2 v1.0.107
[INFO] [stderr]    Compiling quote v1.0.47
[INFO] [stderr]    Compiling libc v0.2.189
[INFO] [stderr]    Compiling fastrand v2.5.0
[INFO] [stderr]    Compiling rustix v1.1.4
[INFO] [stderr]    Compiling getrandom v0.4.3
[INFO] [stderr]    Compiling once_cell v1.21.4
[INFO] [stderr]    Compiling serde_json v1.0.151
[INFO] [stderr]    Compiling syn v3.0.3
[INFO] [stderr]    Compiling tempfile v3.27.0
[INFO] [stderr]    Compiling serde_derive v1.0.229
[INFO] [stderr]    Compiling serde v1.0.229
[INFO] [stderr]    Compiling ts-typegen-build v1.3.3 (/opt/rustwide/workdir)
[INFO] [stderr]     Finished `release` profile [optimized] target(s) in 26.20s
[INFO] running `Command { std: "docker" "inspect" "391244fadbdaa237d24263da0ae21c447aa393d045081b2b6fbb292ba1d68d93", kill_on_drop: false }`
[INFO] running `Command { std: "docker" "exec" "-e" "SOURCE_DIR=/opt/rustwide/workdir" "-e" "CARGO_HOME=/opt/rustwide/cargo-home" "-e" "RUSTUP_HOME=/opt/rustwide/rustup-home" "-e" "CARGO_TARGET_DIR=/opt/rustwide/target" "-e" "CARGO_INCREMENTAL=0" "-e" "RUST_BACKTRACE=full" "-e" "RUSTFLAGS=--cap-lints=warn" "-e" "RUSTDOCFLAGS=--cap-lints=warn" "-w" "/opt/rustwide/workdir" "--user" "0:0" "391244fadbdaa237d24263da0ae21c447aa393d045081b2b6fbb292ba1d68d93" "/opt/rustwide/cargo-home/bin/cargo" "+1.100.0-beta.1" "test" "--frozen" "--release", kill_on_drop: false }`
[INFO] [stderr] warning: `package.homepage` is redundant with `package.repository`
[INFO] [stderr]   --> Cargo.toml:37:12
[INFO] [stderr]    |
[INFO] [stderr] 37 | homepage = "https://github.com/Andrew-McCall/typescript-typegen-rs"
[INFO] [stderr]    |            ^^^^^^^^^^^^^^^^^^^^^^^^^^^^^^^^^^^^^^^^^^^^^^^^^^^^^^^^
[INFO] [stderr] ...
[INFO] [stderr] 42 | repository = "https://github.com/Andrew-McCall/typescript-typegen-rs"
[INFO] [stderr]    |              --------------------------------------------------------
[INFO] [stderr]    |
[INFO] [stderr]    = note: `cargo::redundant_homepage` is set to `warn` by default
[INFO] [stderr] help: consider removing `package.homepage`
[INFO] [stderr] warning: `ts-typegen-build` (manifest) generated 1 warning
[INFO] [stderr]     Finished `release` profile [optimized] target(s) in 0.05s
[INFO] [stderr]      Running unittests src/lib.rs (/opt/rustwide/target/release/build/ts-typegen-build/e147848370583bcc/out/ts_typegen_build-e147848370583bcc)
[INFO] [stdout] 
[INFO] [stdout] running 136 tests
[INFO] [stdout] test attrs::nested_and_new_attr_tests::nested_rename_deserialize_only_is_ignored ... ok
[INFO] [stdout] test attrs::nested_and_new_attr_tests::readonly_and_inline_are_ts_only_not_serde ... ok
[INFO] [stdout] test attrs::tests::field_and_variant_rules_are_not_interchangeable ... ok
[INFO] [stdout] test attrs::tests::field_rules_convert_from_snake_case ... ok
[INFO] [stdout] test attrs::tests::lowercasing_the_first_char_handles_non_ascii_identifiers ... ok
[INFO] [stdout] test attrs::tests::ts_overrides_serde ... ok
[INFO] [stdout] test attrs::nested_and_new_attr_tests::nested_rename_all_serialize_form_is_read ... ok
[INFO] [stdout] test attrs::tests::extracts_doc_comments_trimmed ... ok
[INFO] [stdout] test attrs::tests::ts_type_escape_hatch_is_captured ... ok
[INFO] [stdout] test attrs::tests::variant_rules_convert_from_pascal_case ... ok
[INFO] [stdout] test config::tests::check_mode_reads_the_environment ... ok
[INFO] [stdout] test config::tests::defaults_are_usable_with_no_configuration ... ok
[INFO] [stdout] test config::tests::first_scan_replaces_default_then_appends ... ok
[INFO] [stdout] test config::tests::type_map_entries_are_keyed_by_final_segment ... ok
[INFO] [stdout] test diag::tests::iter_preserves_push_order ... ok
[INFO] [stdout] test diag::tests::new_is_an_error_and_warning_is_not ... ok
[INFO] [stdout] test diag::tests::one_error_among_warnings_is_still_detected ... ok
[INFO] [stdout] test diag::tests::with_help_attaches_optional_guidance ... ok
[INFO] [stdout] test diag::tests::an_empty_collection_has_no_errors ... ok
[INFO] [stdout] test attrs::tests::reads_enum_tagging ... ok
[INFO] [stdout] test emit::enum_tests::adjacently_tagged_enum_nests_the_payload ... ok
[INFO] [stdout] test attrs::tests::skip_serializing_if_marks_field_optional ... ok
[INFO] [stdout] test emit::enum_tests::all_unit_enum_is_a_string_union ... ok
[INFO] [stdout] test emit::enum_tests::all_unit_enum_with_a_doc_falls_back_to_the_multiline_form ... ok
[INFO] [stdout] test emit::enum_tests::externally_tagged_enum ... ok
[INFO] [stdout] test emit::enum_tests::internally_tagged_enum_inlines_struct_fields ... ok
[INFO] [stdout] test emit::enum_tests::internally_tagged_enum_merges_a_newtype_over_a_ref_type ... ok
[INFO] [stdout] test emit::readonly_tests::readonly_fields_are_marked_and_others_are_not ... ok
[INFO] [stdout] test emit::readonly_tests::readonly_survives_into_inline_objects ... ok
[INFO] [stdout] test attrs::nested_and_new_attr_tests::readonly_and_inline_flags_are_read ... ok
[INFO] [stdout] test emit::tests::array_of_a_union_is_parenthesised ... ok
[INFO] [stdout] test emit::tests::bigint_policy_applies_only_to_wide_integers ... ok
[INFO] [stdout] test emit::tests::containers_render ... ok
[INFO] [stdout] test emit::tests::doc_comments_become_tsdoc ... ok
[INFO] [stdout] test emit::tests::flattened_fields_become_an_intersection ... ok
[INFO] [stdout] test emit::tests::named_struct_emits_an_interface_by_default ... ok
[INFO] [stdout] test emit::tests::generics_appear_in_the_declaration_head ... ok
[INFO] [stdout] test emit::enum_tests::untagged_enum_has_no_discriminant ... ok
[INFO] [stdout] test attrs::nested_and_new_attr_tests::nested_rename_serialize_form_is_read ... ok
[INFO] [stdout] test emit::tests::primitives_render ... ok
[INFO] [stdout] test emit::enum_tests::variant_doc_comments_are_emitted_above_their_arm ... ok
[INFO] [stdout] test attrs::tests::reads_serde_rename_all ... ok
[INFO] [stdout] test emit::tests::newtype_tuple_and_unit_bodies_are_always_aliases ... ok
[INFO] [stdout] test emit::tests::non_optional_nullable_field_keeps_its_key ... ok
[INFO] [stdout] test emit::tests::optional_style_controls_question_marks_and_null ... ok
[INFO] [stdout] test emit::tests::raw_leaves_an_out_of_range_placeholder_literal ... ok
[INFO] [stdout] test diag::tests::has_errors_ignores_warnings_but_counts_them_in_len ... ok
[INFO] [stdout] test emit::enum_tests::a_single_variant_enum_drops_its_variant_doc_without_corrupting_formatting ... ok
[INFO] [stdout] test emit::tests::raw_substitutes_a_placeholder_placed_anywhere_in_the_template ... ok
[INFO] [stdout] test emit::tests::raw_substitutes_a_single_placeholder ... ok
[INFO] [stdout] test ir::placeholder_tests::braces_without_digits_are_literal_text_not_a_placeholder ... ok
[INFO] [stdout] test emit::tests::raw_substitutes_multiple_placeholders_by_index ... ok
[INFO] [stdout] test emit::tests::refs_render_with_generic_arguments ... ok
[INFO] [stdout] test lower::tests::a_map_type_with_no_placeholder_drops_the_argument_entirely ... ok
[INFO] [stdout] test emit::tests::struct_style_type_alias_switches_the_form ... ok
[INFO] [stdout] test ir::placeholder_tests::finds_placeholders_in_order ... ok
[INFO] [stdout] test ir::tests::int_width_is_preserved_not_collapsed_to_number ... ok
[INFO] [stdout] test ir::tests::registry_looks_up_by_ts_name ... ok
[INFO] [stdout] test lower::tests::a_template_that_already_spells_out_its_own_generics_does_not_warn ... ok
[INFO] [stdout] test lower::tests::a_custom_terminal_with_no_placeholder_warns_its_probably_a_mistake ... ok
[INFO] [stdout] test lower::tests::collections ... ok
[INFO] [stdout] test lower::tests::a_map_type_with_no_arguments_at_the_use_site_never_warns ... ok
[INFO] [stdout] test lower::tests::a_map_type_with_a_placeholder_forwards_its_argument ... ok
[INFO] [stdout] test ir::placeholder_tests::a_template_with_no_placeholder_finds_nothing ... ok
[INFO] [stdout] test lower::tests::a_name_merely_prefixed_with_nonzero_falls_back_to_a_reference ... ok
[INFO] [stdout] test lower::tests::nonzero_integers_lower_to_the_same_width_as_their_plain_counterpart ... ok
[INFO] [stdout] test lower::tests::a_shaped_alias_places_the_argument_inside_the_template ... ok
[INFO] [stdout] test lower::tests::transparent_wrappers_unwrap ... ok
[INFO] [stdout] test parse::attribute_behaviour_tests::container_readonly_applies_to_every_field ... ok
[INFO] [stdout] test lower::tests::result_matches_serde_wire_shape ... ok
[INFO] [stdout] test parse::attribute_behaviour_tests::custom_serialisation_without_an_override_is_a_diagnostic ... ok
[INFO] [stdout] test lower::tests::primitives ... ok
[INFO] [stdout] test lower::tests::option_lowers_to_union_with_null ... ok
[INFO] [stdout] test lower::tests::unknown_named_type_becomes_a_ref ... ok
[INFO] [stdout] test emit::tests::raw_with_no_placeholder_ignores_its_arguments ... ok
[INFO] [stdout] test lower::tests::generic_refs_carry_their_arguments ... ok
[INFO] [stdout] test parse::attribute_behaviour_tests::raw_identifiers_are_unrawed_before_rename_rules_apply ... ok
[INFO] [stdout] test parse::attribute_behaviour_tests::custom_serialisation_with_a_ts_type_override_is_accepted ... ok
[INFO] [stdout] test ir::tests::registry_reports_duplicate_ts_names_with_both_locations ... ok
[INFO] [stdout] test lower::tests::map_keys_are_always_strings_regardless_of_the_rust_key_type ... ok
[INFO] [stdout] test lower::tests::generic_params_beat_refs ... ok
[INFO] [stdout] test parse::attribute_behaviour_tests::transparent_newtype_is_unchanged ... ok
[INFO] [stdout] test parse::collision_output_tests::colliding_fields_collapse_to_one_key_with_a_union_type ... ok
[INFO] [stdout] test parse::attribute_behaviour_tests::variant_level_rename_all_renames_that_variants_fields ... ok
[INFO] [stdout] test parse::collision_output_tests::the_merged_key_is_optional_only_if_every_contributor_is ... ok
[INFO] [stdout] test parse::collision_output_tests::identical_types_collapse_without_a_pointless_union ... ok
[INFO] [stdout] test parse::collision_output_tests::three_way_collisions_merge_too ... ok
[INFO] [stdout] test parse::collision_tests::a_raw_identifier_colliding_with_its_escaped_twin_is_caught ... ok
[INFO] [stdout] test parse::collision_tests::colliding_enum_variants_are_caught ... ok
[INFO] [stdout] test parse::collision_tests::colliding_fields_inside_a_struct_variant_are_caught ... ok
[INFO] [stdout] test parse::collision_tests::separate_variants_may_reuse_field_names ... ok
[INFO] [stdout] test parse::collision_tests::distinct_names_produce_no_diagnostic ... ok
[INFO] [stdout] test parse::tests::detects_the_ts_derive ... ok
[INFO] [stdout] test parse::tests::enum_reprs ... ok
[INFO] [stdout] test parse::tests::internally_tagged_non_map_newtype_is_an_error ... ok
[INFO] [stdout] test parse::tests::doc_comments_are_captured_on_type_and_field ... ok
[INFO] [stdout] test parse::collision_tests::a_skipped_field_cannot_collide ... ok
[INFO] [stdout] test parse::attribute_behaviour_tests::transparent_struct_emits_the_inner_type_directly ... ok
[INFO] [stdout] test parse::tests::generics_are_collected_and_lifetimes_dropped ... ok
[INFO] [stdout] test parse::collision_tests::two_fields_renamed_to_the_same_key_is_an_error ... ok
[INFO] [stdout] test parse::attribute_behaviour_tests::transparent_with_several_fields_is_a_diagnostic ... ok
[INFO] [stdout] test lower::tests::type_map_overrides_by_final_segment ... ok
[INFO] [stdout] test parse::tests::const_generics_are_an_error ... ok
[INFO] [stdout] test attrs::tests::a_literal_underscore_becomes_the_separator_too ... ok
[INFO] [stdout] test parse::attribute_behaviour_tests::readonly_and_inline_reach_the_field ... ok
[INFO] [stdout] test presets::tests::chrono_preset_covers_the_common_types ... ok
[INFO] [stdout] test attrs::nested_and_new_attr_tests::custom_serialisation_is_flagged ... ok
[INFO] [stdout] test parse::tests::struct_shapes ... ok
[INFO] [stdout] test render::inline_tests::a_non_inlined_reference_still_imports ... ok
[INFO] [stdout] test render::inline_tests::inlining_a_tuple_target_splices_its_element_types ... ok
[INFO] [stdout] test render::inline_tests::inlined_field_splices_the_shape_and_drops_the_import ... ok
[INFO] [stdout] test emit::enum_tests::tuple_variant_payload_is_an_array ... ok
[INFO] [stdout] test attrs::tests::skip_variants_all_set_skip ... ok
[INFO] [stdout] test parse::tests::named_struct_applies_rename_all_and_skips_fields ... ok
[INFO] [stdout] test parse::tests::ts_rename_renames_the_type_itself ... ok
[INFO] [stdout] test presets::tests::common_preset_is_the_union_of_the_others ... ok
[INFO] [stdout] test parse::tests::variant_kinds_and_renaming ... ok
[INFO] [stdout] test presets::tests::uuid_preset_maps_uuid_to_string ... ok
[INFO] [stdout] test render::inline_tests::inlining_an_enum_is_a_diagnostic_not_a_wrong_shape ... ok
[INFO] [stdout] test render::inline_tests::inlining_a_newtype_target_splices_its_inner_type ... ok
[INFO] [stdout] test parse::tests::ts_type_short_circuits_lowering ... ok
[INFO] [stdout] test render::tests::generic_parameters_are_never_imported ... ok
[INFO] [stdout] test render::inline_tests::inlining_a_unit_target_splices_null ... ok
[INFO] [stdout] test render::tests::import_extension_is_appended_when_configured ... ok
[INFO] [stdout] test render::inline_tests::inlining_an_unknown_type_is_still_an_unknown_type_diagnostic ... ok
[INFO] [stdout] test render::tests::index_barrel_reexports_every_type_sorted ... ok
[INFO] [stdout] test parse::attribute_behaviour_tests::raw_variants_and_type_names_are_unrawed_too ... ok
[INFO] [stdout] test run::tests::a_normal_project_directory_is_not_a_downstream_build ... ok
[INFO] [stdout] test render::tests::self_reference_emits_no_import ... ok
[INFO] [stdout] test parse::attribute_behaviour_tests::raw_identifiers_lose_their_prefix_like_serde_does ... ok
[INFO] [stdout] test render::tests::unresolvable_reference_is_a_diagnostic_not_a_silent_unknown ... ok
[INFO] [stdout] test render::tests::every_file_starts_with_the_marker_and_ends_with_one_newline ... ok
[INFO] [stdout] test render::tests::index_can_be_disabled ... ok
[INFO] [stdout] test render::tests::referenced_types_produce_import_lines ... ok
[INFO] [stdout] test run::tests::registry_and_git_checkouts_are_downstream_builds ... ok
[INFO] [stdout] test presets::tests::a_later_map_type_overrides_a_preset ... ok
[INFO] [stdout] 
[INFO] [stdout] test result: ok. 136 passed; 0 failed; 0 ignored; 0 measured; 0 filtered out; finished in 0.05s
[INFO] [stderr]      Running tests/case_fidelity.rs (/opt/rustwide/target/release/build/ts-typegen-build/5b54b867c8f5045b/out/case_fidelity-5b54b867c8f5045b)
[INFO] [stdout] 
[INFO] [stdout] 
[INFO] [stdout] running 3 tests
[INFO] [stdout] test variant_renaming_matches_serde_exactly ... ok
[INFO] [stdout] test field_renaming_matches_serde_exactly ... ok
[INFO] [stdout] test trailing_and_doubled_underscores_survive ... ok
[INFO] [stdout] 
[INFO] [stdout] test result: ok. 3 passed; 0 failed; 0 ignored; 0 measured; 0 filtered out; finished in 0.01s
[INFO] [stdout] 
[INFO] [stderr]      Running tests/e2e.rs (/opt/rustwide/target/release/build/ts-typegen-build/48e3b6d5a2fa3a55/out/e2e-48e3b6d5a2fa3a55)
[INFO] [stdout] 
[INFO] [stdout] running 3 tests
[INFO] [stdout] test cargo_build_generates_bindings_and_sweeps_stale_ones ... FAILED
[INFO] [stdout] test check_mode_fails_when_bindings_are_stale ... FAILED
[INFO] [stdout] test generated_typescript_compiles ... ok
[INFO] [stdout] 
[INFO] [stdout] failures:
[INFO] [stdout] 
[INFO] [stdout] ---- cargo_build_generates_bindings_and_sweeps_stale_ones stdout ----
[INFO] [stdout] 
[INFO] [stdout] thread 'cargo_build_generates_bindings_and_sweeps_stale_ones' (969) panicked at tests/e2e.rs:24:18:
[INFO] [stdout] cargo build must run: Os { code: 2, kind: NotFound, message: "No such file or directory" }
[INFO] [stdout] stack backtrace:
[INFO] [stdout]    0:     0x643779903fc1 - <<std[617be2ca0a6fd877]::sys::backtrace::BacktraceLock>::print::DisplayBacktrace as core[a373ad73a504971]::fmt::Display>::fmt
[INFO] [stdout]    1:     0x6437799181fa - core[a373ad73a504971]::fmt::write
[INFO] [stdout]    2:     0x64377990843c - <alloc[2e1b2a31b91974c5]::vec::Vec<u8> as core[a373ad73a504971]::io::write::Write>::write_fmt
[INFO] [stdout]    3:     0x6437798df286 - std[617be2ca0a6fd877]::panicking::default_hook::{closure#0}
[INFO] [stdout]    4:     0x6437798fb959 - std[617be2ca0a6fd877]::panicking::default_hook
[INFO] [stdout]    5:     0x643779897490 - test[aada8e7e76ba119b]::test_main_inner::{closure#0}
[INFO] [stdout]    6:     0x6437798fbb12 - std[617be2ca0a6fd877]::panicking::panic_with_hook
[INFO] [stdout]    7:     0x6437798df332 - std[617be2ca0a6fd877]::panicking::panic_handler::{closure#0}
[INFO] [stdout]    8:     0x6437798d7e09 - std[617be2ca0a6fd877]::sys::backtrace::__rust_end_short_backtrace::<std[617be2ca0a6fd877]::panicking::panic_handler::{closure#0}, !>
[INFO] [stdout]    9:     0x6437798dff3d - __rustc[ea4f61d10b84890b]::rust_begin_unwind
[INFO] [stdout]   10:     0x64377991892c - core[a373ad73a504971]::panicking::panic_fmt
[INFO] [stdout]   11:     0x643779918702 - core[a373ad73a504971]::result::unwrap_failed
[INFO] [stdout]   12:     0x643779887acc - e2e[d549d47761677b34]::build_fixture
[INFO] [stdout]   13:     0x6437798893e8 - <e2e[d549d47761677b34]::cargo_build_generates_bindings_and_sweeps_stale_ones::{closure#0} as core[a373ad73a504971]::ops::function::FnOnce<()>>::call_once
[INFO] [stdout]   14:     0x64377988a8db - test[aada8e7e76ba119b]::__rust_begin_short_backtrace::<core[a373ad73a504971]::result::Result<(), alloc[2e1b2a31b91974c5]::string::String>, fn() -> core[a373ad73a504971]::result::Result<(), alloc[2e1b2a31b91974c5]::string::String>>
[INFO] [stdout]   15:     0x643779897ab5 - test[aada8e7e76ba119b]::run_test::{closure#0}
[INFO] [stdout]   16:     0x6437798913a4 - std[617be2ca0a6fd877]::sys::backtrace::__rust_begin_short_backtrace::<test[aada8e7e76ba119b]::run_test::{closure#1}, ()>
[INFO] [stdout]   17:     0x64377989ab42 - <std[617be2ca0a6fd877]::thread::lifecycle::spawn_unchecked<test[aada8e7e76ba119b]::run_test::{closure#1}, ()>::{closure#1} as core[a373ad73a504971]::ops::function::FnOnce<()>>::call_once::{shim:vtable#0}
[INFO] [stdout]   18:     0x6437799032df - <std[617be2ca0a6fd877]::sys::thread::unix::Thread>::new::thread_start
[INFO] [stdout]   19:     0x745d4f31adfa - <unknown>
[INFO] [stdout]   20:     0x745d4f3ae3d4 - clone
[INFO] [stdout]   21:                0x0 - <unknown>
[INFO] [stdout] 
[INFO] [stdout] ---- check_mode_fails_when_bindings_are_stale stdout ----
[INFO] [stdout] 
[INFO] [stdout] thread 'check_mode_fails_when_bindings_are_stale' (970) panicked at tests/e2e.rs:24:18:
[INFO] [stdout] cargo build must run: Os { code: 2, kind: NotFound, message: "No such file or directory" }
[INFO] [stdout] stack backtrace:
[INFO] [stdout]    0:     0x643779903fc1 - <<std[617be2ca0a6fd877]::sys::backtrace::BacktraceLock>::print::DisplayBacktrace as core[a373ad73a504971]::fmt::Display>::fmt
[INFO] [stdout]    1:     0x6437799181fa - core[a373ad73a504971]::fmt::write
[INFO] [stdout]    2:     0x64377990843c - <alloc[2e1b2a31b91974c5]::vec::Vec<u8> as core[a373ad73a504971]::io::write::Write>::write_fmt
[INFO] [stdout]    3:     0x6437798df286 - std[617be2ca0a6fd877]::panicking::default_hook::{closure#0}
[INFO] [stdout]    4:     0x6437798fb959 - std[617be2ca0a6fd877]::panicking::default_hook
[INFO] [stdout]    5:     0x643779897490 - test[aada8e7e76ba119b]::test_main_inner::{closure#0}
[INFO] [stdout]    6:     0x6437798fbb12 - std[617be2ca0a6fd877]::panicking::panic_with_hook
[INFO] [stdout]    7:     0x6437798df332 - std[617be2ca0a6fd877]::panicking::panic_handler::{closure#0}
[INFO] [stdout]    8:     0x6437798d7e09 - std[617be2ca0a6fd877]::sys::backtrace::__rust_end_short_backtrace::<std[617be2ca0a6fd877]::panicking::panic_handler::{closure#0}, !>
[INFO] [stdout]    9:     0x6437798dff3d - __rustc[ea4f61d10b84890b]::rust_begin_unwind
[INFO] [stdout]   10:     0x64377991892c - core[a373ad73a504971]::panicking::panic_fmt
[INFO] [stdout]   11:     0x643779918702 - core[a373ad73a504971]::result::unwrap_failed
[INFO] [stdout]   12:     0x643779887acc - e2e[d549d47761677b34]::build_fixture
[INFO] [stdout]   13:     0x643779888a5e - <e2e[d549d47761677b34]::check_mode_fails_when_bindings_are_stale::{closure#0} as core[a373ad73a504971]::ops::function::FnOnce<()>>::call_once
[INFO] [stdout]   14:     0x64377988a8db - test[aada8e7e76ba119b]::__rust_begin_short_backtrace::<core[a373ad73a504971]::result::Result<(), alloc[2e1b2a31b91974c5]::string::String>, fn() -> core[a373ad73a504971]::result::Result<(), alloc[2e1b2a31b91974c5]::string::String>>
[INFO] [stdout]   15:     0x643779897ab5 - test[aada8e7e76ba119b]::run_test::{closure#0}
[INFO] [stdout]   16:     0x6437798913a4 - std[617be2ca0a6fd877]::sys::backtrace::__rust_begin_short_backtrace::<test[aada8e7e76ba119b]::run_test::{closure#1}, ()>
[INFO] [stdout]   17:     0x64377989ab42 - <std[617be2ca0a6fd877]::thread::lifecycle::spawn_unchecked<test[aada8e7e76ba119b]::run_test::{closure#1}, ()>::{closure#1} as core[a373ad73a504971]::ops::function::FnOnce<()>>::call_once::{shim:vtable#0}
[INFO] [stdout]   18:     0x6437799032df - <std[617be2ca0a6fd877]::sys::thread::unix::Thread>::new::thread_start
[INFO] [stdout]   19:     0x745d4f31adfa - <unknown>
[INFO] [stdout]   20:     0x745d4f3ae3d4 - clone
[INFO] [stdout]   21:                0x0 - <unknown>
[INFO] [stdout] 
[INFO] [stdout] 
[INFO] [stdout] failures:
[INFO] [stdout]     cargo_build_generates_bindings_and_sweeps_stale_ones
[INFO] [stdout]     check_mode_fails_when_bindings_are_stale
[INFO] [stdout] 
[INFO] [stdout] test result: FAILED. 1 passed; 2 failed; 0 ignored; 0 measured; 0 filtered out; finished in 0.01s
[INFO] [stdout] 
[INFO] [stderr] error: test failed, to rerun pass `--test e2e`
[INFO] running `Command { std: "docker" "inspect" "391244fadbdaa237d24263da0ae21c447aa393d045081b2b6fbb292ba1d68d93", kill_on_drop: false }`
[INFO] running `Command { std: "docker" "rm" "-f" "391244fadbdaa237d24263da0ae21c447aa393d045081b2b6fbb292ba1d68d93", kill_on_drop: false }`
[INFO] [stdout] 391244fadbdaa237d24263da0ae21c447aa393d045081b2b6fbb292ba1d68d93
