[INFO] fetching crate ts-fix 0.6.0...
[INFO] testing ts-fix-0.6.0 against 1.100.0-beta.1+cargoflags=--release for beta-release-1.100-2
[INFO] extracting crate ts-fix 0.6.0 into /workspace/builds/worker-0-tc2/source
[INFO] started tweaking crates.io crate ts-fix 0.6.0
[INFO] removed 0 missing examples
[INFO] removed 0 missing tests
[INFO] finished tweaking crates.io crate ts-fix 0.6.0
[INFO] tweaked toml for crates.io crate ts-fix 0.6.0 written to /workspace/builds/worker-0-tc2/source/Cargo.toml
[INFO] validating manifest of crates.io crate ts-fix 0.6.0 on toolchain 1.100.0-beta.1
[INFO] running `Command { std: CARGO_HOME="/workspace/cargo-home" RUSTUP_HOME="/workspace/rustup-home" "/workspace/cargo-home/bin/cargo" "+1.100.0-beta.1" "metadata" "--manifest-path" "Cargo.toml" "--no-deps", kill_on_drop: false }`
[INFO] crate crates.io crate ts-fix 0.6.0 already has a lockfile, it will not be regenerated
[INFO] running `Command { std: CARGO_HOME="/workspace/cargo-home" RUSTUP_HOME="/workspace/rustup-home" "/workspace/cargo-home/bin/cargo" "+1.100.0-beta.1" "fetch" "--manifest-path" "Cargo.toml", kill_on_drop: false }`
[INFO] running `Command { std: "docker" "create" "-v" "/var/lib/crater-agent-workspace/builds/worker-0-tc2/source:/opt/rustwide/workdir:ro,Z" "-v" "/var/lib/crater-agent-workspace/builds/worker-0-tc2/target:/opt/rustwide/target:rw,Z" "-v" "/var/lib/crater-agent-workspace/cargo-home:/opt/rustwide/cargo-home:ro,Z" "-v" "/var/lib/crater-agent-workspace/rustup-home:/opt/rustwide/rustup-home:ro,Z" "-m" "1610612736" "--network" "none" "ghcr.io/rust-lang/crates-build-env/linux@sha256:77db811e55d90add9212f6832c23229e3de5f1c1f9905e8cb07319ea15df73ac" "sleep" "infinity", kill_on_drop: false }`
[INFO] [stdout] 54426380695c35630e5a738e8400bf72fb96b6641376eeaa8c624109fdcb53a1
[INFO] running `Command { std: "docker" "start" "54426380695c35630e5a738e8400bf72fb96b6641376eeaa8c624109fdcb53a1", kill_on_drop: false }`
[INFO] running `Command { std: "docker" "inspect" "54426380695c35630e5a738e8400bf72fb96b6641376eeaa8c624109fdcb53a1", kill_on_drop: false }`
[INFO] running `Command { std: "docker" "exec" "-e" "SOURCE_DIR=/opt/rustwide/workdir" "-e" "CARGO_HOME=/opt/rustwide/cargo-home" "-e" "RUSTUP_HOME=/opt/rustwide/rustup-home" "-e" "CARGO_TARGET_DIR=/opt/rustwide/target" "-w" "/opt/rustwide/workdir" "--user" "0:0" "54426380695c35630e5a738e8400bf72fb96b6641376eeaa8c624109fdcb53a1" "/opt/rustwide/cargo-home/bin/cargo" "+1.100.0-beta.1" "metadata" "--no-deps" "--format-version=1", kill_on_drop: false }`
[INFO] running `Command { std: "docker" "inspect" "54426380695c35630e5a738e8400bf72fb96b6641376eeaa8c624109fdcb53a1", kill_on_drop: false }`
[INFO] running `Command { std: "docker" "exec" "-e" "SOURCE_DIR=/opt/rustwide/workdir" "-e" "CARGO_HOME=/opt/rustwide/cargo-home" "-e" "RUSTUP_HOME=/opt/rustwide/rustup-home" "-e" "CARGO_TARGET_DIR=/opt/rustwide/target" "-e" "CARGO_INCREMENTAL=0" "-e" "RUST_BACKTRACE=full" "-e" "RUSTFLAGS=--cap-lints=warn" "-e" "RUSTDOCFLAGS=--cap-lints=warn" "-w" "/opt/rustwide/workdir" "--user" "0:0" "54426380695c35630e5a738e8400bf72fb96b6641376eeaa8c624109fdcb53a1" "/opt/rustwide/cargo-home/bin/cargo" "+1.100.0-beta.1" "build" "--frozen" "--message-format=json" "--release", kill_on_drop: false }`
[INFO] [stderr]    Compiling syn v3.0.3
[INFO] [stderr]    Compiling thiserror v2.0.21
[INFO] [stderr]    Compiling hex v0.4.3
[INFO] [stderr]    Compiling syn v2.0.119
[INFO] [stderr]    Compiling simdutf8 v0.1.5
[INFO] [stderr]    Compiling indexmap v2.14.0
[INFO] [stderr]    Compiling dvb-si v11.0.0
[INFO] [stderr]    Compiling multiversion_no_op v1.0.0
[INFO] [stderr]    Compiling bytes v1.12.1
[INFO] [stderr]    Compiling core_detect v1.0.0
[INFO] [stderr]    Compiling anstream v1.0.0
[INFO] [stderr]    Compiling encoding_rs v0.8.42
[INFO] [stderr]    Compiling clap_builder v4.6.7
[INFO] [stderr]    Compiling broadcast-common v9.4.0
[INFO] [stderr]    Compiling toml_edit v0.25.13+spec-1.1.0
[INFO] [stderr]    Compiling proc-macro-crate v3.5.0
[INFO] [stderr]    Compiling num_enum_derive v0.7.6
[INFO] [stderr]    Compiling num_enum v0.7.6
[INFO] [stderr]    Compiling thiserror-impl v2.0.21
[INFO] [stderr]    Compiling clap_derive v4.6.7
[INFO] [stderr]    Compiling mpeg-ts v0.5.0
[INFO] [stderr]    Compiling mpeg-pes v0.5.0
[INFO] [stderr]    Compiling clap v4.6.7
[INFO] [stderr]    Compiling dvb-conformance v11.0.0
[INFO] [stderr]    Compiling ts-fix v0.6.0 (/opt/rustwide/workdir)
[INFO] [stderr]     Finished `release` profile [optimized] target(s) in 32.90s
[INFO] running `Command { std: "docker" "inspect" "54426380695c35630e5a738e8400bf72fb96b6641376eeaa8c624109fdcb53a1", kill_on_drop: false }`
[INFO] running `Command { std: "docker" "exec" "-e" "SOURCE_DIR=/opt/rustwide/workdir" "-e" "CARGO_HOME=/opt/rustwide/cargo-home" "-e" "RUSTUP_HOME=/opt/rustwide/rustup-home" "-e" "CARGO_TARGET_DIR=/opt/rustwide/target" "-e" "CARGO_INCREMENTAL=0" "-e" "RUST_BACKTRACE=full" "-e" "RUSTFLAGS=--cap-lints=warn" "-e" "RUSTDOCFLAGS=--cap-lints=warn" "-w" "/opt/rustwide/workdir" "--user" "0:0" "54426380695c35630e5a738e8400bf72fb96b6641376eeaa8c624109fdcb53a1" "/opt/rustwide/cargo-home/bin/cargo" "+1.100.0-beta.1" "test" "--frozen" "--no-run" "--message-format=json" "--release", kill_on_drop: false }`
[INFO] [stderr]    Compiling base64 v0.23.1
[INFO] [stderr]    Compiling scte35-splice v3.0.0
[INFO] [stderr]    Compiling ts-fix v0.6.0 (/opt/rustwide/workdir)
[INFO] [stderr]     Finished `release` profile [optimized] target(s) in 10.97s
[INFO] running `Command { std: "docker" "inspect" "54426380695c35630e5a738e8400bf72fb96b6641376eeaa8c624109fdcb53a1", kill_on_drop: false }`
[INFO] running `Command { std: "docker" "exec" "-e" "SOURCE_DIR=/opt/rustwide/workdir" "-e" "CARGO_HOME=/opt/rustwide/cargo-home" "-e" "RUSTUP_HOME=/opt/rustwide/rustup-home" "-e" "CARGO_TARGET_DIR=/opt/rustwide/target" "-e" "CARGO_INCREMENTAL=0" "-e" "RUST_BACKTRACE=full" "-e" "RUSTFLAGS=--cap-lints=warn" "-e" "RUSTDOCFLAGS=--cap-lints=warn" "-w" "/opt/rustwide/workdir" "--user" "0:0" "54426380695c35630e5a738e8400bf72fb96b6641376eeaa8c624109fdcb53a1" "/opt/rustwide/cargo-home/bin/cargo" "+1.100.0-beta.1" "test" "--frozen" "--release", kill_on_drop: false }`
[INFO] [stderr]     Finished `release` profile [optimized] target(s) in 0.09s
[INFO] [stderr]      Running unittests src/lib.rs (/opt/rustwide/target/release/build/ts-fix/da06b97fe7db9317/out/ts_fix-da06b97fe7db9317)
[INFO] [stdout] 
[INFO] [stdout] running 13 tests
[INFO] [stdout] test ops::continuity::tests::afc_11_packet_with_adaptation_advances_cc ... ok
[INFO] [stdout] test ops::continuity::tests::cc_after_discontinuity_resets ... ok
[INFO] [stdout] test ops::continuity::tests::cc_wrap_around ... ok
[INFO] [stdout] test ops::continuity::tests::discontinuity_packet_is_preserved ... ok
[INFO] [stdout] test ops::continuity::tests::genuine_cc_gap_is_repaired ... ok
[INFO] [stdout] test ops::continuity::tests::multiple_pids_independent ... ok
[INFO] [stdout] test ops::continuity::tests::duplicate_packet_is_preserved ... ok
[INFO] [stdout] test ops::continuity::tests::duplicate_with_pcr_difference_is_preserved ... ok
[INFO] [stdout] test ops::continuity::tests::non_payload_does_not_advance_cc ... ok
[INFO] [stdout] test ops::continuity::tests::splice_countdown_difference_is_not_a_legal_duplicate ... ok
[INFO] [stdout] test ops::pid_filter::tests::pid_helpers_never_index_past_a_short_packet ... ok
[INFO] [stdout] test ops::continuity::tests::normal_cc_sequence_passes_unmodified ... ok
[INFO] [stdout] test ops::continuity::tests::same_cc_with_different_payload_is_repaired ... ok
[INFO] [stdout] 
[INFO] [stdout] test result: ok. 13 passed; 0 failed; 0 ignored; 0 measured; 0 filtered out; finished in 0.01s
[INFO] [stdout] 
[INFO] [stderr]      Running unittests src/bin/ts-fix.rs (/opt/rustwide/target/release/build/ts-fix/d2ef6a2ee6b07a89/out/ts_fix-d2ef6a2ee6b07a89)
[INFO] [stderr]      Running tests/cc_repair.rs (/opt/rustwide/target/release/build/ts-fix/326e7ba2b8d60a18/out/cc_repair-326e7ba2b8d60a18)
[INFO] [stdout] 
[INFO] [stdout] running 0 tests
[INFO] [stdout] 
[INFO] [stdout] test result: ok. 0 passed; 0 failed; 0 ignored; 0 measured; 0 filtered out; finished in 0.00s
[INFO] [stdout] 
[INFO] [stdout] 
[INFO] [stdout] running 8 tests
[INFO] [stdout] test cc_errors_on_m6_single_are_renumbered ... FAILED
[INFO] [stdout] test legal_duplicates_are_preserved_from_real_fixture ... FAILED
[INFO] [stdout] test repair_continuity_from_corrupted_zeros ... FAILED
[INFO] [stdout] test genuine_cc_gap_is_repaired_in_stream ... FAILED
[INFO] [stdout] test repair_continuity_makes_stream_valid ... FAILED
[INFO] [stdout] test repair_continuity_from_xor_corruption ... FAILED
[INFO] [stdout] test discontinuity_indicator_cc_is_preserved_from_real_fixture ... FAILED
[INFO] [stdout] test strict_plus_one_would_renumber_legal_duplicates ... FAILED
[INFO] [stderr] error: test failed, to rerun pass `--test cc_repair`
[INFO] [stdout] 
[INFO] [stdout] failures:
[INFO] [stdout] 
[INFO] [stdout] ---- cc_errors_on_m6_single_are_renumbered stdout ----
[INFO] [stdout] 
[INFO] [stdout] thread 'cc_errors_on_m6_single_are_renumbered' (1325) panicked at tests/cc_repair.rs:204:44:
[INFO] [stdout] fixture m6-single.ts not found: Os { code: 2, kind: NotFound, message: "No such file or directory" }
[INFO] [stdout] stack backtrace:
[INFO] [stdout]    0:     0x5b3a7f579701 - <<std[617be2ca0a6fd877]::sys::backtrace::BacktraceLock>::print::DisplayBacktrace as core[a373ad73a504971]::fmt::Display>::fmt
[INFO] [stdout]    1:     0x5b3a7f58d62a - core[a373ad73a504971]::fmt::write
[INFO] [stdout]    2:     0x5b3a7f57d91c - <alloc[2e1b2a31b91974c5]::vec::Vec<u8> as core[a373ad73a504971]::io::write::Write>::write_fmt
[INFO] [stdout]    3:     0x5b3a7f5556c6 - std[617be2ca0a6fd877]::panicking::default_hook::{closure#0}
[INFO] [stdout]    4:     0x5b3a7f571a89 - std[617be2ca0a6fd877]::panicking::default_hook
[INFO] [stdout]    5:     0x5b3a7f50da50 - test[aada8e7e76ba119b]::test_main_inner::{closure#0}
[INFO] [stdout]    6:     0x5b3a7f571c42 - std[617be2ca0a6fd877]::panicking::panic_with_hook
[INFO] [stdout]    7:     0x5b3a7f555772 - std[617be2ca0a6fd877]::panicking::panic_handler::{closure#0}
[INFO] [stdout]    8:     0x5b3a7f54e2f9 - std[617be2ca0a6fd877]::sys::backtrace::__rust_end_short_backtrace::<std[617be2ca0a6fd877]::panicking::panic_handler::{closure#0}, !>
[INFO] [stdout]    9:     0x5b3a7f55637d - __rustc[ea4f61d10b84890b]::rust_begin_unwind
[INFO] [stdout]   10:     0x5b3a7f58dd5c - core[a373ad73a504971]::panicking::panic_fmt
[INFO] [stdout]   11:     0x5b3a7f58db32 - core[a373ad73a504971]::result::unwrap_failed
[INFO] [stdout]   12:     0x5b3a7f4f9981 - <cc_repair[a8df61371d1d5dfd]::cc_errors_on_m6_single_are_renumbered::{closure#0} as core[a373ad73a504971]::ops::function::FnOnce<()>>::call_once
[INFO] [stdout]   13:     0x5b3a7f500e9b - test[aada8e7e76ba119b]::__rust_begin_short_backtrace::<core[a373ad73a504971]::result::Result<(), alloc[2e1b2a31b91974c5]::string::String>, fn() -> core[a373ad73a504971]::result::Result<(), alloc[2e1b2a31b91974c5]::string::String>>
[INFO] [stdout]   14:     0x5b3a7f50e075 - test[aada8e7e76ba119b]::run_test::{closure#0}
[INFO] [stdout]   15:     0x5b3a7f507964 - std[617be2ca0a6fd877]::sys::backtrace::__rust_begin_short_backtrace::<test[aada8e7e76ba119b]::run_test::{closure#1}, ()>
[INFO] [stdout]   16:     0x5b3a7f511102 - <std[617be2ca0a6fd877]::thread::lifecycle::spawn_unchecked<test[aada8e7e76ba119b]::run_test::{closure#1}, ()>::{closure#1} as core[a373ad73a504971]::ops::function::FnOnce<()>>::call_once::{shim:vtable#0}
[INFO] [stdout]   17:     0x5b3a7f578c4f - <std[617be2ca0a6fd877]::sys::thread::unix::Thread>::new::thread_start
[INFO] [stdout]   18:     0x7801dfe17dfa - <unknown>
[INFO] [stdout]   19:     0x7801dfeab3d4 - clone
[INFO] [stdout]   20:                0x0 - <unknown>
[INFO] [stdout] 
[INFO] [stdout] ---- legal_duplicates_are_preserved_from_real_fixture stdout ----
[INFO] [stdout] 
[INFO] [stdout] thread 'legal_duplicates_are_preserved_from_real_fixture' (1328) panicked at tests/cc_repair.rs:150:47:
[INFO] [stdout] fixture m6-duplicate.ts not found: Os { code: 2, kind: NotFound, message: "No such file or directory" }
[INFO] [stdout] stack backtrace:
[INFO] [stdout]    0:     0x5b3a7f579701 - <<std[617be2ca0a6fd877]::sys::backtrace::BacktraceLock>::print::DisplayBacktrace as core[a373ad73a504971]::fmt::Display>::fmt
[INFO] [stdout]    1:     0x5b3a7f58d62a - core[a373ad73a504971]::fmt::write
[INFO] [stdout]    2:     0x5b3a7f57d91c - <alloc[2e1b2a31b91974c5]::vec::Vec<u8> as core[a373ad73a504971]::io::write::Write>::write_fmt
[INFO] [stdout]    3:     0x5b3a7f5556c6 - std[617be2ca0a6fd877]::panicking::default_hook::{closure#0}
[INFO] [stdout]    4:     0x5b3a7f571a89 - std[617be2ca0a6fd877]::panicking::default_hook
[INFO] [stdout]    5:     0x5b3a7f50da50 - test[aada8e7e76ba119b]::test_main_inner::{closure#0}
[INFO] [stdout]    6:     0x5b3a7f571c42 - std[617be2ca0a6fd877]::panicking::panic_with_hook
[INFO] [stdout]    7:     0x5b3a7f555772 - std[617be2ca0a6fd877]::panicking::panic_handler::{closure#0}
[INFO] [stdout]    8:     0x5b3a7f54e2f9 - std[617be2ca0a6fd877]::sys::backtrace::__rust_end_short_backtrace::<std[617be2ca0a6fd877]::panicking::panic_handler::{closure#0}, !>
[INFO] [stdout]    9:     0x5b3a7f55637d - __rustc[ea4f61d10b84890b]::rust_begin_unwind
[INFO] [stdout]   10:     0x5b3a7f58dd5c - core[a373ad73a504971]::panicking::panic_fmt
[INFO] [stdout]   11:     0x5b3a7f58db32 - core[a373ad73a504971]::result::unwrap_failed
[INFO] [stdout]   12:     0x5b3a7f4fb3aa - <cc_repair[a8df61371d1d5dfd]::legal_duplicates_are_preserved_from_real_fixture::{closure#0} as core[a373ad73a504971]::ops::function::FnOnce<()>>::call_once
[INFO] [stdout]   13:     0x5b3a7f500e9b - test[aada8e7e76ba119b]::__rust_begin_short_backtrace::<core[a373ad73a504971]::result::Result<(), alloc[2e1b2a31b91974c5]::string::String>, fn() -> core[a373ad73a504971]::result::Result<(), alloc[2e1b2a31b91974c5]::string::String>>
[INFO] [stdout]   14:     0x5b3a7f50e075 - test[aada8e7e76ba119b]::run_test::{closure#0}
[INFO] [stdout]   15:     0x5b3a7f507964 - std[617be2ca0a6fd877]::sys::backtrace::__rust_begin_short_backtrace::<test[aada8e7e76ba119b]::run_test::{closure#1}, ()>
[INFO] [stdout]   16:     0x5b3a7f511102 - <std[617be2ca0a6fd877]::thread::lifecycle::spawn_unchecked<test[aada8e7e76ba119b]::run_test::{closure#1}, ()>::{closure#1} as core[a373ad73a504971]::ops::function::FnOnce<()>>::call_once::{shim:vtable#0}
[INFO] [stdout]   17:     0x5b3a7f578c4f - <std[617be2ca0a6fd877]::sys::thread::unix::Thread>::new::thread_start
[INFO] [stdout]   18:     0x7801dfe17dfa - <unknown>
[INFO] [stdout]   19:     0x7801dfeab3d4 - clone
[INFO] [stdout]   20:                0x0 - <unknown>
[INFO] [stdout] 
[INFO] [stdout] ---- repair_continuity_from_corrupted_zeros stdout ----
[INFO] [stdout] 
[INFO] [stdout] thread 'repair_continuity_from_corrupted_zeros' (1329) panicked at tests/cc_repair.rs:84:48:
[INFO] [stdout] fixture not found: Os { code: 2, kind: NotFound, message: "No such file or directory" }
[INFO] [stdout] stack backtrace:
[INFO] [stdout]    0:     0x5b3a7f579701 - <<std[617be2ca0a6fd877]::sys::backtrace::BacktraceLock>::print::DisplayBacktrace as core[a373ad73a504971]::fmt::Display>::fmt
[INFO] [stdout]    1:     0x5b3a7f58d62a - core[a373ad73a504971]::fmt::write
[INFO] [stdout]    2:     0x5b3a7f57d91c - <alloc[2e1b2a31b91974c5]::vec::Vec<u8> as core[a373ad73a504971]::io::write::Write>::write_fmt
[INFO] [stdout]    3:     0x5b3a7f5556c6 - std[617be2ca0a6fd877]::panicking::default_hook::{closure#0}
[INFO] [stdout]    4:     0x5b3a7f571a89 - std[617be2ca0a6fd877]::panicking::default_hook
[INFO] [stdout]    5:     0x5b3a7f50da50 - test[aada8e7e76ba119b]::test_main_inner::{closure#0}
[INFO] [stdout]    6:     0x5b3a7f571c42 - std[617be2ca0a6fd877]::panicking::panic_with_hook
[INFO] [stdout]    7:     0x5b3a7f555772 - std[617be2ca0a6fd877]::panicking::panic_handler::{closure#0}
[INFO] [stdout]    8:     0x5b3a7f54e2f9 - std[617be2ca0a6fd877]::sys::backtrace::__rust_end_short_backtrace::<std[617be2ca0a6fd877]::panicking::panic_handler::{closure#0}, !>
[INFO] [stdout]    9:     0x5b3a7f55637d - __rustc[ea4f61d10b84890b]::rust_begin_unwind
[INFO] [stdout]   10:     0x5b3a7f58dd5c - core[a373ad73a504971]::panicking::panic_fmt
[INFO] [stdout]   11:     0x5b3a7f58db32 - core[a373ad73a504971]::result::unwrap_failed
[INFO] [stdout]   12:     0x5b3a7f4fa2da - <cc_repair[a8df61371d1d5dfd]::repair_continuity_from_corrupted_zeros::{closure#0} as core[a373ad73a504971]::ops::function::FnOnce<()>>::call_once
[INFO] [stdout]   13:     0x5b3a7f500e9b - test[aada8e7e76ba119b]::__rust_begin_short_backtrace::<core[a373ad73a504971]::result::Result<(), alloc[2e1b2a31b91974c5]::string::String>, fn() -> core[a373ad73a504971]::result::Result<(), alloc[2e1b2a31b91974c5]::string::String>>
[INFO] [stdout]   14:     0x5b3a7f50e075 - test[aada8e7e76ba119b]::run_test::{closure#0}
[INFO] [stdout]   15:     0x5b3a7f507964 - std[617be2ca0a6fd877]::sys::backtrace::__rust_begin_short_backtrace::<test[aada8e7e76ba119b]::run_test::{closure#1}, ()>
[INFO] [stdout]   16:     0x5b3a7f511102 - <std[617be2ca0a6fd877]::thread::lifecycle::spawn_unchecked<test[aada8e7e76ba119b]::run_test::{closure#1}, ()>::{closure#1} as core[a373ad73a504971]::ops::function::FnOnce<()>>::call_once::{shim:vtable#0}
[INFO] [stdout]   17:     0x5b3a7f578c4f - <std[617be2ca0a6fd877]::sys::thread::unix::Thread>::new::thread_start
[INFO] [stdout]   18:     0x7801dfe17dfa - <unknown>
[INFO] [stdout]   19:     0x7801dfeab3d4 - clone
[INFO] [stdout]   20:                0x0 - <unknown>
[INFO] [stdout] 
[INFO] [stdout] ---- genuine_cc_gap_is_repaired_in_stream stdout ----
[INFO] [stdout] 
[INFO] [stdout] thread 'genuine_cc_gap_is_repaired_in_stream' (1327) panicked at tests/cc_repair.rs:273:48:
[INFO] [stdout] fixture not found: Os { code: 2, kind: NotFound, message: "No such file or directory" }
[INFO] [stdout] stack backtrace:
[INFO] [stdout]    0:     0x5b3a7f579701 - <<std[617be2ca0a6fd877]::sys::backtrace::BacktraceLock>::print::DisplayBacktrace as core[a373ad73a504971]::fmt::Display>::fmt
[INFO] [stdout]    1:     0x5b3a7f58d62a - core[a373ad73a504971]::fmt::write
[INFO] [stdout]    2:     0x5b3a7f57d91c - <alloc[2e1b2a31b91974c5]::vec::Vec<u8> as core[a373ad73a504971]::io::write::Write>::write_fmt
[INFO] [stdout]    3:     0x5b3a7f5556c6 - std[617be2ca0a6fd877]::panicking::default_hook::{closure#0}
[INFO] [stdout]    4:     0x5b3a7f571a89 - std[617be2ca0a6fd877]::panicking::default_hook
[INFO] [stdout]    5:     0x5b3a7f50da50 - test[aada8e7e76ba119b]::test_main_inner::{closure#0}
[INFO] [stdout]    6:     0x5b3a7f571c42 - std[617be2ca0a6fd877]::panicking::panic_with_hook
[INFO] [stdout]    7:     0x5b3a7f555772 - std[617be2ca0a6fd877]::panicking::panic_handler::{closure#0}
[INFO] [stdout]    8:     0x5b3a7f54e2f9 - std[617be2ca0a6fd877]::sys::backtrace::__rust_end_short_backtrace::<std[617be2ca0a6fd877]::panicking::panic_handler::{closure#0}, !>
[INFO] [stdout]    9:     0x5b3a7f55637d - __rustc[ea4f61d10b84890b]::rust_begin_unwind
[INFO] [stdout]   10:     0x5b3a7f58dd5c - core[a373ad73a504971]::panicking::panic_fmt
[INFO] [stdout]   11:     0x5b3a7f58db32 - core[a373ad73a504971]::result::unwrap_failed
[INFO] [stdout]   12:     0x5b3a7f4f8da9 - <cc_repair[a8df61371d1d5dfd]::genuine_cc_gap_is_repaired_in_stream::{closure#0} as core[a373ad73a504971]::ops::function::FnOnce<()>>::call_once
[INFO] [stdout]   13:     0x5b3a7f500e9b - test[aada8e7e76ba119b]::__rust_begin_short_backtrace::<core[a373ad73a504971]::result::Result<(), alloc[2e1b2a31b91974c5]::string::String>, fn() -> core[a373ad73a504971]::result::Result<(), alloc[2e1b2a31b91974c5]::string::String>>
[INFO] [stdout]   14:     0x5b3a7f50e075 - test[aada8e7e76ba119b]::run_test::{closure#0}
[INFO] [stdout]   15:     0x5b3a7f507964 - std[617be2ca0a6fd877]::sys::backtrace::__rust_begin_short_backtrace::<test[aada8e7e76ba119b]::run_test::{closure#1}, ()>
[INFO] [stdout]   16:     0x5b3a7f511102 - <std[617be2ca0a6fd877]::thread::lifecycle::spawn_unchecked<test[aada8e7e76ba119b]::run_test::{closure#1}, ()>::{closure#1} as core[a373ad73a504971]::ops::function::FnOnce<()>>::call_once::{shim:vtable#0}
[INFO] [stdout]   17:     0x5b3a7f578c4f - <std[617be2ca0a6fd877]::sys::thread::unix::Thread>::new::thread_start
[INFO] [stdout]   18:     0x7801dfe17dfa - <unknown>
[INFO] [stdout]   19:     0x7801dfeab3d4 - clone
[INFO] [stdout]   20:                0x0 - <unknown>
[INFO] [stdout] 
[INFO] [stdout] ---- repair_continuity_makes_stream_valid stdout ----
[INFO] [stdout] 
[INFO] [stdout] thread 'repair_continuity_makes_stream_valid' (1331) panicked at tests/cc_repair.rs:126:44:
[INFO] [stdout] fixture not found: Os { code: 2, kind: NotFound, message: "No such file or directory" }
[INFO] [stdout] stack backtrace:
[INFO] [stdout]    0:     0x5b3a7f579701 - <<std[617be2ca0a6fd877]::sys::backtrace::BacktraceLock>::print::DisplayBacktrace as core[a373ad73a504971]::fmt::Display>::fmt
[INFO] [stdout]    1:     0x5b3a7f58d62a - core[a373ad73a504971]::fmt::write
[INFO] [stdout]    2:     0x5b3a7f57d91c - <alloc[2e1b2a31b91974c5]::vec::Vec<u8> as core[a373ad73a504971]::io::write::Write>::write_fmt
[INFO] [stdout]    3:     0x5b3a7f5556c6 - std[617be2ca0a6fd877]::panicking::default_hook::{closure#0}
[INFO] [stdout]    4:     0x5b3a7f571a89 - std[617be2ca0a6fd877]::panicking::default_hook
[INFO] [stdout]    5:     0x5b3a7f50da50 - test[aada8e7e76ba119b]::test_main_inner::{closure#0}
[INFO] [stdout]    6:     0x5b3a7f571c42 - std[617be2ca0a6fd877]::panicking::panic_with_hook
[INFO] [stdout]    7:     0x5b3a7f555772 - std[617be2ca0a6fd877]::panicking::panic_handler::{closure#0}
[INFO] [stdout]    8:     0x5b3a7f54e2f9 - std[617be2ca0a6fd877]::sys::backtrace::__rust_end_short_backtrace::<std[617be2ca0a6fd877]::panicking::panic_handler::{closure#0}, !>
[INFO] [stdout]    9:     0x5b3a7f55637d - __rustc[ea4f61d10b84890b]::rust_begin_unwind
[INFO] [stdout]   10:     0x5b3a7f58dd5c - core[a373ad73a504971]::panicking::panic_fmt
[INFO] [stdout]   11:     0x5b3a7f58db32 - core[a373ad73a504971]::result::unwrap_failed
[INFO] [stdout]   12:     0x5b3a7f4f9274 - <cc_repair[a8df61371d1d5dfd]::repair_continuity_makes_stream_valid::{closure#0} as core[a373ad73a504971]::ops::function::FnOnce<()>>::call_once
[INFO] [stdout]   13:     0x5b3a7f500e9b - test[aada8e7e76ba119b]::__rust_begin_short_backtrace::<core[a373ad73a504971]::result::Result<(), alloc[2e1b2a31b91974c5]::string::String>, fn() -> core[a373ad73a504971]::result::Result<(), alloc[2e1b2a31b91974c5]::string::String>>
[INFO] [stdout]   14:     0x5b3a7f50e075 - test[aada8e7e76ba119b]::run_test::{closure#0}
[INFO] [stdout]   15:     0x5b3a7f507964 - std[617be2ca0a6fd877]::sys::backtrace::__rust_begin_short_backtrace::<test[aada8e7e76ba119b]::run_test::{closure#1}, ()>
[INFO] [stdout]   16:     0x5b3a7f511102 - <std[617be2ca0a6fd877]::thread::lifecycle::spawn_unchecked<test[aada8e7e76ba119b]::run_test::{closure#1}, ()>::{closure#1} as core[a373ad73a504971]::ops::function::FnOnce<()>>::call_once::{shim:vtable#0}
[INFO] [stdout]   17:     0x5b3a7f578c4f - <std[617be2ca0a6fd877]::sys::thread::unix::Thread>::new::thread_start
[INFO] [stdout]   18:     0x7801dfe17dfa - <unknown>
[INFO] [stdout]   19:     0x7801dfeab3d4 - clone
[INFO] [stdout]   20:                0x0 - <unknown>
[INFO] [stdout] 
[INFO] [stdout] ---- repair_continuity_from_xor_corruption stdout ----
[INFO] [stdout] 
[INFO] [stdout] thread 'repair_continuity_from_xor_corruption' (1330) panicked at tests/cc_repair.rs:105:48:
[INFO] [stdout] fixture not found: Os { code: 2, kind: NotFound, message: "No such file or directory" }
[INFO] [stdout] stack backtrace:
[INFO] [stdout]    0:     0x5b3a7f579701 - <<std[617be2ca0a6fd877]::sys::backtrace::BacktraceLock>::print::DisplayBacktrace as core[a373ad73a504971]::fmt::Display>::fmt
[INFO] [stdout]    1:     0x5b3a7f58d62a - core[a373ad73a504971]::fmt::write
[INFO] [stdout]    2:     0x5b3a7f57d91c - <alloc[2e1b2a31b91974c5]::vec::Vec<u8> as core[a373ad73a504971]::io::write::Write>::write_fmt
[INFO] [stdout]    3:     0x5b3a7f5556c6 - std[617be2ca0a6fd877]::panicking::default_hook::{closure#0}
[INFO] [stdout]    4:     0x5b3a7f571a89 - std[617be2ca0a6fd877]::panicking::default_hook
[INFO] [stdout]    5:     0x5b3a7f50da50 - test[aada8e7e76ba119b]::test_main_inner::{closure#0}
[INFO] [stdout]    6:     0x5b3a7f571c42 - std[617be2ca0a6fd877]::panicking::panic_with_hook
[INFO] [stdout]    7:     0x5b3a7f555772 - std[617be2ca0a6fd877]::panicking::panic_handler::{closure#0}
[INFO] [stdout]    8:     0x5b3a7f54e2f9 - std[617be2ca0a6fd877]::sys::backtrace::__rust_end_short_backtrace::<std[617be2ca0a6fd877]::panicking::panic_handler::{closure#0}, !>
[INFO] [stdout]    9:     0x5b3a7f55637d - __rustc[ea4f61d10b84890b]::rust_begin_unwind
[INFO] [stdout]   10:     0x5b3a7f58dd5c - core[a373ad73a504971]::panicking::panic_fmt
[INFO] [stdout]   11:     0x5b3a7f58db32 - core[a373ad73a504971]::result::unwrap_failed
[INFO] [stdout]   12:     0x5b3a7f4f9e8a - <cc_repair[a8df61371d1d5dfd]::repair_continuity_from_xor_corruption::{closure#0} as core[a373ad73a504971]::ops::function::FnOnce<()>>::call_once
[INFO] [stdout]   13:     0x5b3a7f500e9b - test[aada8e7e76ba119b]::__rust_begin_short_backtrace::<core[a373ad73a504971]::result::Result<(), alloc[2e1b2a31b91974c5]::string::String>, fn() -> core[a373ad73a504971]::result::Result<(), alloc[2e1b2a31b91974c5]::string::String>>
[INFO] [stdout]   14:     0x5b3a7f50e075 - test[aada8e7e76ba119b]::run_test::{closure#0}
[INFO] [stdout]   15:     0x5b3a7f507964 - std[617be2ca0a6fd877]::sys::backtrace::__rust_begin_short_backtrace::<test[aada8e7e76ba119b]::run_test::{closure#1}, ()>
[INFO] [stdout]   16:     0x5b3a7f511102 - <std[617be2ca0a6fd877]::thread::lifecycle::spawn_unchecked<test[aada8e7e76ba119b]::run_test::{closure#1}, ()>::{closure#1} as core[a373ad73a504971]::ops::function::FnOnce<()>>::call_once::{shim:vtable#0}
[INFO] [stdout]   17:     0x5b3a7f578c4f - <std[617be2ca0a6fd877]::sys::thread::unix::Thread>::new::thread_start
[INFO] [stdout]   18:     0x7801dfe17dfa - <unknown>
[INFO] [stdout]   19:     0x7801dfeab3d4 - clone
[INFO] [stdout]   20:                0x0 - <unknown>
[INFO] [stdout] 
[INFO] [stdout] ---- discontinuity_indicator_cc_is_preserved_from_real_fixture stdout ----
[INFO] [stdout] 
[INFO] [stdout] thread 'discontinuity_indicator_cc_is_preserved_from_real_fixture' (1326) panicked at tests/cc_repair.rs:241:51:
[INFO] [stdout] fixture m6-discontinuity.ts not found: Os { code: 2, kind: NotFound, message: "No such file or directory" }
[INFO] [stdout] stack backtrace:
[INFO] [stdout]    0:     0x5b3a7f579701 - <<std[617be2ca0a6fd877]::sys::backtrace::BacktraceLock>::print::DisplayBacktrace as core[a373ad73a504971]::fmt::Display>::fmt
[INFO] [stdout]    1:     0x5b3a7f58d62a - core[a373ad73a504971]::fmt::write
[INFO] [stdout]    2:     0x5b3a7f57d91c - <alloc[2e1b2a31b91974c5]::vec::Vec<u8> as core[a373ad73a504971]::io::write::Write>::write_fmt
[INFO] [stdout]    3:     0x5b3a7f5556c6 - std[617be2ca0a6fd877]::panicking::default_hook::{closure#0}
[INFO] [stdout]    4:     0x5b3a7f571a89 - std[617be2ca0a6fd877]::panicking::default_hook
[INFO] [stdout]    5:     0x5b3a7f50da50 - test[aada8e7e76ba119b]::test_main_inner::{closure#0}
[INFO] [stdout]    6:     0x5b3a7f571c42 - std[617be2ca0a6fd877]::panicking::panic_with_hook
[INFO] [stdout]    7:     0x5b3a7f555772 - std[617be2ca0a6fd877]::panicking::panic_handler::{closure#0}
[INFO] [stdout]    8:     0x5b3a7f54e2f9 - std[617be2ca0a6fd877]::sys::backtrace::__rust_end_short_backtrace::<std[617be2ca0a6fd877]::panicking::panic_handler::{closure#0}, !>
[INFO] [stdout]    9:     0x5b3a7f55637d - __rustc[ea4f61d10b84890b]::rust_begin_unwind
[INFO] [stdout]   10:     0x5b3a7f58dd5c - core[a373ad73a504971]::panicking::panic_fmt
[INFO] [stdout]   11:     0x5b3a7f58db32 - core[a373ad73a504971]::result::unwrap_failed
[INFO] [stdout]   12:     0x5b3a7f4fbbc5 - <cc_repair[a8df61371d1d5dfd]::discontinuity_indicator_cc_is_preserved_from_real_fixture::{closure#0} as core[a373ad73a504971]::ops::function::FnOnce<()>>::call_once
[INFO] [stdout]   13:     0x5b3a7f500e9b - test[aada8e7e76ba119b]::__rust_begin_short_backtrace::<core[a373ad73a504971]::result::Result<(), alloc[2e1b2a31b91974c5]::string::String>, fn() -> core[a373ad73a504971]::result::Result<(), alloc[2e1b2a31b91974c5]::string::String>>
[INFO] [stdout]   14:     0x5b3a7f50e075 - test[aada8e7e76ba119b]::run_test::{closure#0}
[INFO] [stdout]   15:     0x5b3a7f507964 - std[617be2ca0a6fd877]::sys::backtrace::__rust_begin_short_backtrace::<test[aada8e7e76ba119b]::run_test::{closure#1}, ()>
[INFO] [stdout]   16:     0x5b3a7f511102 - <std[617be2ca0a6fd877]::thread::lifecycle::spawn_unchecked<test[aada8e7e76ba119b]::run_test::{closure#1}, ()>::{closure#1} as core[a373ad73a504971]::ops::function::FnOnce<()>>::call_once::{shim:vtable#0}
[INFO] [stdout]   17:     0x5b3a7f578c4f - <std[617be2ca0a6fd877]::sys::thread::unix::Thread>::new::thread_start
[INFO] [stdout]   18:     0x7801dfe17dfa - <unknown>
[INFO] [stdout]   19:     0x7801dfeab3d4 - clone
[INFO] [stdout]   20:                0x0 - <unknown>
[INFO] [stdout] 
[INFO] [stdout] ---- strict_plus_one_would_renumber_legal_duplicates stdout ----
[INFO] [stdout] 
[INFO] [stdout] thread 'strict_plus_one_would_renumber_legal_duplicates' (1332) panicked at tests/cc_repair.rs:314:47:
[INFO] [stdout] fixture m6-duplicate.ts not found: Os { code: 2, kind: NotFound, message: "No such file or directory" }
[INFO] [stdout] stack backtrace:
[INFO] [stdout]    0:     0x5b3a7f579701 - <<std[617be2ca0a6fd877]::sys::backtrace::BacktraceLock>::print::DisplayBacktrace as core[a373ad73a504971]::fmt::Display>::fmt
[INFO] [stdout]    1:     0x5b3a7f58d62a - core[a373ad73a504971]::fmt::write
[INFO] [stdout]    2:     0x5b3a7f57d91c - <alloc[2e1b2a31b91974c5]::vec::Vec<u8> as core[a373ad73a504971]::io::write::Write>::write_fmt
[INFO] [stdout]    3:     0x5b3a7f5556c6 - std[617be2ca0a6fd877]::panicking::default_hook::{closure#0}
[INFO] [stdout]    4:     0x5b3a7f571a89 - std[617be2ca0a6fd877]::panicking::default_hook
[INFO] [stdout]    5:     0x5b3a7f50da50 - test[aada8e7e76ba119b]::test_main_inner::{closure#0}
[INFO] [stdout]    6:     0x5b3a7f571c42 - std[617be2ca0a6fd877]::panicking::panic_with_hook
[INFO] [stdout]    7:     0x5b3a7f555772 - std[617be2ca0a6fd877]::panicking::panic_handler::{closure#0}
[INFO] [stdout]    8:     0x5b3a7f54e2f9 - std[617be2ca0a6fd877]::sys::backtrace::__rust_end_short_backtrace::<std[617be2ca0a6fd877]::panicking::panic_handler::{closure#0}, !>
[INFO] [stdout]    9:     0x5b3a7f55637d - __rustc[ea4f61d10b84890b]::rust_begin_unwind
[INFO] [stdout]   10:     0x5b3a7f58dd5c - core[a373ad73a504971]::panicking::panic_fmt
[INFO] [stdout]   11:     0x5b3a7f58db32 - core[a373ad73a504971]::result::unwrap_failed
[INFO] [stdout]   12:     0x5b3a7f4fa9a4 - <cc_repair[a8df61371d1d5dfd]::strict_plus_one_would_renumber_legal_duplicates::{closure#0} as core[a373ad73a504971]::ops::function::FnOnce<()>>::call_once
[INFO] [stdout]   13:     0x5b3a7f500e9b - test[aada8e7e76ba119b]::__rust_begin_short_backtrace::<core[a373ad73a504971]::result::Result<(), alloc[2e1b2a31b91974c5]::string::String>, fn() -> core[a373ad73a504971]::result::Result<(), alloc[2e1b2a31b91974c5]::string::String>>
[INFO] [stdout]   14:     0x5b3a7f50e075 - test[aada8e7e76ba119b]::run_test::{closure#0}
[INFO] [stdout]   15:     0x5b3a7f507964 - std[617be2ca0a6fd877]::sys::backtrace::__rust_begin_short_backtrace::<test[aada8e7e76ba119b]::run_test::{closure#1}, ()>
[INFO] [stdout]   16:     0x5b3a7f511102 - <std[617be2ca0a6fd877]::thread::lifecycle::spawn_unchecked<test[aada8e7e76ba119b]::run_test::{closure#1}, ()>::{closure#1} as core[a373ad73a504971]::ops::function::FnOnce<()>>::call_once::{shim:vtable#0}
[INFO] [stdout]   17:     0x5b3a7f578c4f - <std[617be2ca0a6fd877]::sys::thread::unix::Thread>::new::thread_start
[INFO] [stdout]   18:     0x7801dfe17dfa - <unknown>
[INFO] [stdout]   19:     0x7801dfeab3d4 - clone
[INFO] [stdout]   20:                0x0 - <unknown>
[INFO] [stdout] 
[INFO] [stdout] 
[INFO] [stdout] failures:
[INFO] [stdout]     cc_errors_on_m6_single_are_renumbered
[INFO] [stdout]     discontinuity_indicator_cc_is_preserved_from_real_fixture
[INFO] [stdout]     genuine_cc_gap_is_repaired_in_stream
[INFO] [stdout]     legal_duplicates_are_preserved_from_real_fixture
[INFO] [stdout]     repair_continuity_from_corrupted_zeros
[INFO] [stdout]     repair_continuity_from_xor_corruption
[INFO] [stdout]     repair_continuity_makes_stream_valid
[INFO] [stdout]     strict_plus_one_would_renumber_legal_duplicates
[INFO] [stdout] 
[INFO] [stdout] test result: FAILED. 0 passed; 8 failed; 0 ignored; 0 measured; 0 filtered out; finished in 0.00s
[INFO] [stdout] 
[INFO] running `Command { std: "docker" "inspect" "54426380695c35630e5a738e8400bf72fb96b6641376eeaa8c624109fdcb53a1", kill_on_drop: false }`
[INFO] running `Command { std: "docker" "rm" "-f" "54426380695c35630e5a738e8400bf72fb96b6641376eeaa8c624109fdcb53a1", kill_on_drop: false }`
[INFO] [stdout] 54426380695c35630e5a738e8400bf72fb96b6641376eeaa8c624109fdcb53a1
