[INFO] fetching crate trybuild-internals-api 1.0.120...
[INFO] testing trybuild-internals-api-1.0.120 against 1.100.0-beta.1+cargoflags=--release for beta-release-1.100-2
[INFO] extracting crate trybuild-internals-api 1.0.120 into /workspace/builds/worker-4-tc2/source
[INFO] started tweaking crates.io crate trybuild-internals-api 1.0.120
[INFO] removed 0 missing tests
[INFO] finished tweaking crates.io crate trybuild-internals-api 1.0.120
[INFO] tweaked toml for crates.io crate trybuild-internals-api 1.0.120 written to /workspace/builds/worker-4-tc2/source/Cargo.toml
[INFO] validating manifest of crates.io crate trybuild-internals-api 1.0.120 on toolchain 1.100.0-beta.1
[INFO] running `Command { std: CARGO_HOME="/workspace/cargo-home" RUSTUP_HOME="/workspace/rustup-home" "/workspace/cargo-home/bin/cargo" "+1.100.0-beta.1" "metadata" "--manifest-path" "Cargo.toml" "--no-deps", kill_on_drop: false }`
[INFO] crate crates.io crate trybuild-internals-api 1.0.120 already has a lockfile, it will not be regenerated
[INFO] running `Command { std: CARGO_HOME="/workspace/cargo-home" RUSTUP_HOME="/workspace/rustup-home" "/workspace/cargo-home/bin/cargo" "+1.100.0-beta.1" "fetch" "--manifest-path" "Cargo.toml", kill_on_drop: false }`
[INFO] running `Command { std: "docker" "create" "-v" "/var/lib/crater-agent-workspace/builds/worker-4-tc2/source:/opt/rustwide/workdir:ro,Z" "-v" "/var/lib/crater-agent-workspace/builds/worker-4-tc2/target:/opt/rustwide/target:rw,Z" "-v" "/var/lib/crater-agent-workspace/cargo-home:/opt/rustwide/cargo-home:ro,Z" "-v" "/var/lib/crater-agent-workspace/rustup-home:/opt/rustwide/rustup-home:ro,Z" "-m" "1610612736" "--network" "none" "ghcr.io/rust-lang/crates-build-env/linux@sha256:77db811e55d90add9212f6832c23229e3de5f1c1f9905e8cb07319ea15df73ac" "sleep" "infinity", kill_on_drop: false }`
[INFO] [stdout] 934716f1ce3103faf1fdfa8cabf5550e67f2788153a42bca60fc28eb25dfe95c
[INFO] running `Command { std: "docker" "start" "934716f1ce3103faf1fdfa8cabf5550e67f2788153a42bca60fc28eb25dfe95c", kill_on_drop: false }`
[INFO] running `Command { std: "docker" "inspect" "934716f1ce3103faf1fdfa8cabf5550e67f2788153a42bca60fc28eb25dfe95c", kill_on_drop: false }`
[INFO] running `Command { std: "docker" "exec" "-e" "SOURCE_DIR=/opt/rustwide/workdir" "-e" "CARGO_HOME=/opt/rustwide/cargo-home" "-e" "RUSTUP_HOME=/opt/rustwide/rustup-home" "-e" "CARGO_TARGET_DIR=/opt/rustwide/target" "-w" "/opt/rustwide/workdir" "--user" "0:0" "934716f1ce3103faf1fdfa8cabf5550e67f2788153a42bca60fc28eb25dfe95c" "/opt/rustwide/cargo-home/bin/cargo" "+1.100.0-beta.1" "metadata" "--no-deps" "--format-version=1", kill_on_drop: false }`
[INFO] running `Command { std: "docker" "inspect" "934716f1ce3103faf1fdfa8cabf5550e67f2788153a42bca60fc28eb25dfe95c", kill_on_drop: false }`
[INFO] running `Command { std: "docker" "exec" "-e" "SOURCE_DIR=/opt/rustwide/workdir" "-e" "CARGO_HOME=/opt/rustwide/cargo-home" "-e" "RUSTUP_HOME=/opt/rustwide/rustup-home" "-e" "CARGO_TARGET_DIR=/opt/rustwide/target" "-e" "CARGO_INCREMENTAL=0" "-e" "RUST_BACKTRACE=full" "-e" "RUSTFLAGS=--cap-lints=warn" "-e" "RUSTDOCFLAGS=--cap-lints=warn" "-w" "/opt/rustwide/workdir" "--user" "0:0" "934716f1ce3103faf1fdfa8cabf5550e67f2788153a42bca60fc28eb25dfe95c" "/opt/rustwide/cargo-home/bin/cargo" "+1.100.0-beta.1" "build" "--frozen" "--message-format=json" "--release", kill_on_drop: false }`
[INFO] [stderr]    Compiling proc-macro2 v1.0.105
[INFO] [stderr]    Compiling quote v1.0.43
[INFO] [stderr]    Compiling zmij v1.0.14
[INFO] [stderr]    Compiling serde v1.0.228
[INFO] [stderr]    Compiling toml_datetime v1.1.1+spec-1.1.0
[INFO] [stderr]    Compiling serde_spanned v1.1.1
[INFO] [stderr]    Compiling memchr v2.7.6
[INFO] [stderr]    Compiling serde_json v1.0.149
[INFO] [stderr]    Compiling toml v1.1.4+spec-1.1.0
[INFO] [stderr]    Compiling syn v2.0.114
[INFO] [stderr]    Compiling serde_derive v1.0.228
[INFO] [stderr]    Compiling trybuild-internals-api v1.0.120 (/opt/rustwide/workdir)
[INFO] [stderr]     Finished `release` profile [optimized] target(s) in 18.01s
[INFO] running `Command { std: "docker" "inspect" "934716f1ce3103faf1fdfa8cabf5550e67f2788153a42bca60fc28eb25dfe95c", kill_on_drop: false }`
[INFO] running `Command { std: "docker" "exec" "-e" "SOURCE_DIR=/opt/rustwide/workdir" "-e" "CARGO_HOME=/opt/rustwide/cargo-home" "-e" "RUSTUP_HOME=/opt/rustwide/rustup-home" "-e" "CARGO_TARGET_DIR=/opt/rustwide/target" "-e" "CARGO_INCREMENTAL=0" "-e" "RUST_BACKTRACE=full" "-e" "RUSTFLAGS=--cap-lints=warn" "-e" "RUSTDOCFLAGS=--cap-lints=warn" "-w" "/opt/rustwide/workdir" "--user" "0:0" "934716f1ce3103faf1fdfa8cabf5550e67f2788153a42bca60fc28eb25dfe95c" "/opt/rustwide/cargo-home/bin/cargo" "+1.100.0-beta.1" "test" "--frozen" "--no-run" "--message-format=json" "--release", kill_on_drop: false }`
[INFO] [stderr]    Compiling proc-macro2 v1.0.105
[INFO] [stderr]    Compiling quote v1.0.43
[INFO] [stderr]    Compiling syn v2.0.114
[INFO] [stderr]    Compiling serde_derive v1.0.228
[INFO] [stderr]    Compiling automod v1.0.16
[INFO] [stderr]    Compiling trybuild-internals-api v1.0.120 (/opt/rustwide/workdir)
[INFO] [stderr]     Finished `release` profile [optimized] target(s) in 14.55s
[INFO] running `Command { std: "docker" "inspect" "934716f1ce3103faf1fdfa8cabf5550e67f2788153a42bca60fc28eb25dfe95c", kill_on_drop: false }`
[INFO] running `Command { std: "docker" "exec" "-e" "SOURCE_DIR=/opt/rustwide/workdir" "-e" "CARGO_HOME=/opt/rustwide/cargo-home" "-e" "RUSTUP_HOME=/opt/rustwide/rustup-home" "-e" "CARGO_TARGET_DIR=/opt/rustwide/target" "-e" "CARGO_INCREMENTAL=0" "-e" "RUST_BACKTRACE=full" "-e" "RUSTFLAGS=--cap-lints=warn" "-e" "RUSTDOCFLAGS=--cap-lints=warn" "-w" "/opt/rustwide/workdir" "--user" "0:0" "934716f1ce3103faf1fdfa8cabf5550e67f2788153a42bca60fc28eb25dfe95c" "/opt/rustwide/cargo-home/bin/cargo" "+1.100.0-beta.1" "test" "--frozen" "--release", kill_on_drop: false }`
[INFO] [stderr]     Finished `release` profile [optimized] target(s) in 0.03s
[INFO] [stderr]      Running unittests src/lib.rs (/opt/rustwide/target/release/build/trybuild-internals-api/0ef5fe6adeff44df/out/trybuild_internals_api-0ef5fe6adeff44df)
[INFO] [stdout] 
[INFO] [stdout] running 24 tests
[INFO] [stdout] test normalize::tests::tests::and_n_others::test ... ok
[INFO] [stdout] test normalize::tests::tests::and_others_verbose::test ... ok
[INFO] [stdout] test normalize::tests::tests::dir_backslash::test ... ok
[INFO] [stdout] test normalize::tests::tests::cargo_registry::test ... ok
[INFO] [stdout] test normalize::tests::tests::basic::test ... ok
[INFO] [stdout] test normalize::tests::tests::cargo_registry_custom::test ... ok
[INFO] [stdout] test normalize::tests::tests::cargo_registry_sparse::test ... ok
[INFO] [stdout] test normalize::tests::tests::ghost_note_help::test ... ok
[INFO] [stdout] test normalize::tests::tests::erased_serde_trait_bound::test ... ok
[INFO] [stdout] test normalize::tests::tests::gated_feature::test ... ok
[INFO] [stdout] test normalize::tests::tests::long_file_names::test ... ok
[INFO] [stdout] test normalize::tests::tests::dropshot_required_by::test ... ok
[INFO] [stdout] test normalize::tests::tests::consteval::test ... ok
[INFO] [stdout] test normalize::tests::tests::proc_macro_panic::test ... ok
[INFO] [stdout] test normalize::tests::tests::py03_url::test ... ok
[INFO] [stdout] test normalize::tests::tests::right_aligned_line_number::test ... ok
[INFO] [stdout] test normalize::tests::tests::rust_lib::test ... ok
[INFO] [stdout] test normalize::tests::tests::type_dir_backslash::test ... ok
[INFO] [stdout] test normalize::tests::tests::multiline_note::test ... ok
[INFO] [stdout] test path::test_path_macro ... ok
[INFO] [stdout] test normalize::tests::tests::rust_lib_with_githash::test ... ok
[INFO] [stdout] test normalize::tests::tests::strip_path_dependencies::test ... ok
[INFO] [stdout] test normalize::tests::tests::traits_must_be_implemented::test ... ok
[INFO] [stdout] test normalize::tests::tests::uniffi_out_dir::test ... ok
[INFO] [stdout] 
[INFO] [stdout] test result: ok. 24 passed; 0 failed; 0 ignored; 0 measured; 0 filtered out; finished in 0.01s
[INFO] [stdout] 
[INFO] [stderr]      Running tests/test.rs (/opt/rustwide/target/release/build/trybuild-internals-api/9c3875fd0726c8e9/out/test-9c3875fd0726c8e9)
[INFO] [stdout] 
[INFO] [stdout] running 1 test
[INFO] [stderr]    Compiling serde_core v1.0.228
[INFO] [stderr]    Compiling proc-macro2 v1.0.105
[INFO] [stderr]    Compiling unicode-ident v1.0.22
[INFO] [stderr]    Compiling quote v1.0.43
[INFO] [stderr]    Compiling zmij v1.0.14
[INFO] [stderr]    Compiling target-triple v1.0.0
[INFO] [stderr]    Compiling serde v1.0.228
[INFO] [stderr]    Compiling winnow v1.0.4
[INFO] [stderr]    Compiling itoa v1.0.17
[INFO] [stderr]    Compiling memchr v2.7.6
[INFO] [stderr]    Compiling toml_writer v1.1.2+spec-1.1.0
[INFO] [stderr]    Compiling glob v0.3.3
[INFO] [stderr]    Compiling termcolor v1.4.1
[INFO] [stderr]    Compiling toml_parser v1.1.3+spec-1.1.0
[INFO] [stderr]    Compiling syn v2.0.114
[INFO] [stderr]    Compiling toml_datetime v1.1.1+spec-1.1.0
[INFO] [stderr]    Compiling serde_spanned v1.1.1
[INFO] [stderr]    Compiling serde_json v1.0.149
[INFO] [stderr]    Compiling toml v1.1.4+spec-1.1.0
[INFO] [stderr]    Compiling serde_derive v1.0.228
[INFO] [stderr]    Compiling automod v1.0.16
[INFO] [stderr]    Compiling trybuild-internals-api v1.0.120 (/opt/rustwide/workdir)
[INFO] [stderr]    Compiling trybuild-internals-api-tests v0.0.0 (/opt/rustwide/target/tests/trybuild/trybuild-internals-api)
[INFO] [stderr]     Finished `dev` profile [unoptimized + debuginfo] target(s) in 12.40s
[INFO] [stderr] 
[INFO] [stderr] 
[INFO] [stderr] test tests/ui/run-pass-0.rs [should pass] ... ok
[INFO] [stderr] test tests/ui/print-stdout.rs [should pass] ... ok
[INFO] [stderr] 
[INFO] [stderr] STDOUT:
[INFO] [stderr] ┈┈┈┈┈┈┈┈┈┈┈┈┈┈┈┈┈┈┈┈┈┈┈┈┈┈┈┈┈┈┈┈┈┈┈┈┈┈┈┈┈┈┈┈┈┈┈┈┈┈┈┈┈┈┈┈┈┈┈┈
[INFO] [stderr] Chars(['S', 'T', 'D', 'O', 'U', 'T'])
[INFO] [stderr] ┈┈┈┈┈┈┈┈┈┈┈┈┈┈┈┈┈┈┈┈┈┈┈┈┈┈┈┈┈┈┈┈┈┈┈┈┈┈┈┈┈┈┈┈┈┈┈┈┈┈┈┈┈┈┈┈┈┈┈┈
[INFO] [stderr] 
[INFO] [stderr] test tests/ui/run-pass-1.rs [should pass] ... ok
[INFO] [stderr] test tests/ui/print-stderr.rs [should pass] ... ok
[INFO] [stderr] 
[INFO] [stderr] STDERR:
[INFO] [stderr] ┈┈┈┈┈┈┈┈┈┈┈┈┈┈┈┈┈┈┈┈┈┈┈┈┈┈┈┈┈┈┈┈┈┈┈┈┈┈┈┈┈┈┈┈┈┈┈┈┈┈┈┈┈┈┈┈┈┈┈┈
[INFO] [stderr] Chars(['S', 'T', 'D', 'E', 'R', 'R'])
[INFO] [stderr] ┈┈┈┈┈┈┈┈┈┈┈┈┈┈┈┈┈┈┈┈┈┈┈┈┈┈┈┈┈┈┈┈┈┈┈┈┈┈┈┈┈┈┈┈┈┈┈┈┈┈┈┈┈┈┈┈┈┈┈┈
[INFO] [stderr] 
[INFO] [stderr] test tests/ui/run-pass-2.rs [should pass] ... ok
[INFO] [stderr] test tests/ui/print-both.rs [should pass] ... ok
[INFO] [stderr] 
[INFO] [stderr] STDOUT:
[INFO] [stderr] ┈┈┈┈┈┈┈┈┈┈┈┈┈┈┈┈┈┈┈┈┈┈┈┈┈┈┈┈┈┈┈┈┈┈┈┈┈┈┈┈┈┈┈┈┈┈┈┈┈┈┈┈┈┈┈┈┈┈┈┈
[INFO] [stderr] Chars(['S', 'T', 'D', 'O', 'U', 'T'])
[INFO] [stderr] ┈┈┈┈┈┈┈┈┈┈┈┈┈┈┈┈┈┈┈┈┈┈┈┈┈┈┈┈┈┈┈┈┈┈┈┈┈┈┈┈┈┈┈┈┈┈┈┈┈┈┈┈┈┈┈┈┈┈┈┈
[INFO] [stderr] 
[INFO] [stderr] STDERR:
[INFO] [stderr] ┈┈┈┈┈┈┈┈┈┈┈┈┈┈┈┈┈┈┈┈┈┈┈┈┈┈┈┈┈┈┈┈┈┈┈┈┈┈┈┈┈┈┈┈┈┈┈┈┈┈┈┈┈┈┈┈┈┈┈┈
[INFO] [stderr] Chars(['S', 'T', 'D', 'E', 'R', 'R'])
[INFO] [stderr] ┈┈┈┈┈┈┈┈┈┈┈┈┈┈┈┈┈┈┈┈┈┈┈┈┈┈┈┈┈┈┈┈┈┈┈┈┈┈┈┈┈┈┈┈┈┈┈┈┈┈┈┈┈┈┈┈┈┈┈┈
[INFO] [stderr] 
[INFO] [stderr] test tests/ui/run-pass-4.rs [should pass] ... ok
[INFO] [stderr] test tests/ui/run-pass-3.rs [should fail to compile] ... error
[INFO] [stderr] Expected test case to fail to compile, but it succeeded.
[INFO] [stderr] 
[INFO] [stderr] test tests/ui/run-pass-5.rs [should pass] ... ok
[INFO] [stderr] test tests/ui/compile-fail-0.rs [should pass] ... error
[INFO] [stderr] ┈┈┈┈┈┈┈┈┈┈┈┈┈┈┈┈┈┈┈┈┈┈┈┈┈┈┈┈┈┈┈┈┈┈┈┈┈┈┈┈┈┈┈┈┈┈┈┈┈┈┈┈┈┈┈┈┈┈┈┈
[INFO] [stderr] error: ERROR
[INFO] [stderr]  --> tests/ui/compile-fail-0.rs:1:1
[INFO] [stderr]   |
[INFO] [stderr] 1 | compile_error!("ERROR");
[INFO] [stderr]   | ^^^^^^^^^^^^^^^^^^^^^^^
[INFO] [stderr] ┈┈┈┈┈┈┈┈┈┈┈┈┈┈┈┈┈┈┈┈┈┈┈┈┈┈┈┈┈┈┈┈┈┈┈┈┈┈┈┈┈┈┈┈┈┈┈┈┈┈┈┈┈┈┈┈┈┈┈┈
[INFO] [stderr] 
[INFO] [stderr] test tests/ui/run-pass-6.rs [should pass] ... ok
[INFO] [stderr] test tests/ui/run-pass-7.rs [should pass] ... ok
[INFO] [stderr] test tests/ui/run-pass-8.rs [should pass] ... ok
[INFO] [stderr] test tests/ui/compile-fail-1.rs [should fail to compile] ... error
[INFO] [stderr] Read-only file system (os error 30)
[INFO] [stderr] 
[INFO] [stderr] test tests/ui/run-fail.rs [should pass] ... error
[INFO] [stderr] Test case failed at runtime.
[INFO] [stderr] 
[INFO] [stderr] STDERR:
[INFO] [stderr] ┈┈┈┈┈┈┈┈┈┈┈┈┈┈┈┈┈┈┈┈┈┈┈┈┈┈┈┈┈┈┈┈┈┈┈┈┈┈┈┈┈┈┈┈┈┈┈┈┈┈┈┈┈┈┈┈┈┈┈┈
[INFO] [stderr] 
[INFO] [stderr] thread 'main' (2151) panicked at /opt/rustwide/workdir/tests/ui/run-fail.rs:2:5:
[INFO] [stderr] assertion failed: false
[INFO] [stderr] stack backtrace:
[INFO] [stderr]    0:     0x5fe7ac043281 - std[617be2ca0a6fd877]::backtrace_rs::backtrace::libunwind::trace
[INFO] [stderr]                                at /rustc/e3feeb59cd1bdd011a2bfcc0747b55125d9b8527/library/std/src/../../backtrace/src/backtrace/libunwind.rs:117:9
[INFO] [stderr]    1:     0x5fe7ac043281 - std[617be2ca0a6fd877]::backtrace_rs::backtrace::trace_unsynchronized::<std[617be2ca0a6fd877]::sys::backtrace::_print_fmt::{closure#1}>
[INFO] [stderr]                                at /rustc/e3feeb59cd1bdd011a2bfcc0747b55125d9b8527/library/std/src/../../backtrace/src/backtrace/mod.rs:66:14
[INFO] [stderr]    2:     0x5fe7ac043281 - std[617be2ca0a6fd877]::sys::backtrace::_print_fmt
[INFO] [stderr]                                at /rustc/e3feeb59cd1bdd011a2bfcc0747b55125d9b8527/library/std/src/sys/backtrace.rs:74:9
[INFO] [stderr]    3:     0x5fe7ac043281 - <<std[617be2ca0a6fd877]::sys::backtrace::BacktraceLock>::print::DisplayBacktrace as core[a373ad73a504971]::fmt::Display>::fmt
[INFO] [stderr]                                at /rustc/e3feeb59cd1bdd011a2bfcc0747b55125d9b8527/library/std/src/sys/backtrace.rs:44:26
[INFO] [stderr]    4:     0x5fe7ac05346a - <core[a373ad73a504971]::fmt::rt::Argument>::fmt
[INFO] [stderr]                                at /rustc/e3feeb59cd1bdd011a2bfcc0747b55125d9b8527/library/core/src/fmt/rt.rs:152:76
[INFO] [stderr]    5:     0x5fe7ac05346a - core[a373ad73a504971]::fmt::write
[INFO] [stderr]    6:     0x5fe7ac0462ec - core[a373ad73a504971]::io::write::default_write_fmt::<std[617be2ca0a6fd877]::sys::stdio::unix::Stderr>
[INFO] [stderr]                                at /rustc/e3feeb59cd1bdd011a2bfcc0747b55125d9b8527/library/core/src/io/write.rs:402:11
[INFO] [stderr]    7:     0x5fe7ac0462ec - <std[617be2ca0a6fd877]::sys::stdio::unix::Stderr as core[a373ad73a504971]::io::write::Write>::write_fmt
[INFO] [stderr]                                at /rustc/e3feeb59cd1bdd011a2bfcc0747b55125d9b8527/library/core/src/io/write.rs:335:13
[INFO] [stderr]    8:     0x5fe7ac02d626 - <std[617be2ca0a6fd877]::sys::backtrace::BacktraceLock>::print
[INFO] [stderr]                                at /rustc/e3feeb59cd1bdd011a2bfcc0747b55125d9b8527/library/std/src/sys/backtrace.rs:47:9
[INFO] [stderr]    9:     0x5fe7ac02d626 - std[617be2ca0a6fd877]::panicking::default_hook::{closure#0}
[INFO] [stderr]                                at /rustc/e3feeb59cd1bdd011a2bfcc0747b55125d9b8527/library/std/src/panicking.rs:289:27
[INFO] [stderr]   10:     0x5fe7ac03fca1 - std[617be2ca0a6fd877]::panicking::default_hook
[INFO] [stderr]                                at /rustc/e3feeb59cd1bdd011a2bfcc0747b55125d9b8527/library/std/src/panicking.rs:316:9
[INFO] [stderr]   11:     0x5fe7ac03fe5b - std[617be2ca0a6fd877]::panicking::panic_with_hook
[INFO] [stderr]                                at /rustc/e3feeb59cd1bdd011a2bfcc0747b55125d9b8527/library/std/src/panicking.rs:811:13
[INFO] [stderr]   12:     0x5fe7ac02d704 - std[617be2ca0a6fd877]::panicking::panic_handler::{closure#0}
[INFO] [stderr]                                at /rustc/e3feeb59cd1bdd011a2bfcc0747b55125d9b8527/library/std/src/panicking.rs:678:13
[INFO] [stderr]   13:     0x5fe7ac0268d9 - std[617be2ca0a6fd877]::sys::backtrace::__rust_end_short_backtrace::<std[617be2ca0a6fd877]::panicking::panic_handler::{closure#0}, !>
[INFO] [stderr]                                at /rustc/e3feeb59cd1bdd011a2bfcc0747b55125d9b8527/library/std/src/sys/backtrace.rs:182:18
[INFO] [stderr]   14:     0x5fe7ac02de1d - __rustc[ea4f61d10b84890b]::rust_begin_unwind
[INFO] [stderr]                                at /rustc/e3feeb59cd1bdd011a2bfcc0747b55125d9b8527/library/std/src/panicking.rs:676:5
[INFO] [stderr]   15:     0x5fe7ac053b5c - core[a373ad73a504971]::panicking::panic_fmt
[INFO] [stderr]                                at /rustc/e3feeb59cd1bdd011a2bfcc0747b55125d9b8527/library/core/src/panicking.rs:80:14
[INFO] [stderr]   16:     0x5fe7ac053b22 - core[a373ad73a504971]::panicking::panic
[INFO] [stderr]                                at /rustc/e3feeb59cd1bdd011a2bfcc0747b55125d9b8527/library/core/src/panicking.rs:150:5
[INFO] [stderr]   17:     0x5fe7ac01c78a - trybuild014[c370b03cfd55c653]::main
[INFO] [stderr]                                at /opt/rustwide/workdir/tests/ui/run-fail.rs:2:5
[INFO] [stderr]   18:     0x5fe7ac01c79b - <fn() as core[a373ad73a504971]::ops::function::FnOnce<()>>::call_once
[INFO] [stderr]                                at /rustc/e3feeb59cd1bdd011a2bfcc0747b55125d9b8527/library/core/src/ops/function.rs:250:5
[INFO] [stderr]   19:     0x5fe7ac01c70e - std[617be2ca0a6fd877]::sys::backtrace::__rust_begin_short_backtrace::<fn(), ()>
[INFO] [stderr]                                at /rustc/e3feeb59cd1bdd011a2bfcc0747b55125d9b8527/library/std/src/sys/backtrace.rs:166:18
[INFO] [stderr]   20:     0x5fe7ac01c731 - std[617be2ca0a6fd877]::rt::lang_start::<()>::{closure#0}
[INFO] [stderr]                                at /rustc/e3feeb59cd1bdd011a2bfcc0747b55125d9b8527/library/std/src/rt.rs:206:18
[INFO] [stderr]   21:     0x5fe7ac03f448 - <&dyn core[a373ad73a504971]::ops::function::Fn<(), Output = i32> + core[a373ad73a504971]::marker::Sync + core[a373ad73a504971]::panic::unwind_safe::RefUnwindSafe as core[a373ad73a504971]::ops::function::FnOnce<()>>::call_once
[INFO] [stderr]                                at /rustc/e3feeb59cd1bdd011a2bfcc0747b55125d9b8527/library/core/src/ops/function.rs:287:21
[INFO] [stderr]   22:     0x5fe7ac03f448 - std[617be2ca0a6fd877]::panicking::catch_unwind::do_call::<&dyn core[a373ad73a504971]::ops::function::Fn<(), Output = i32> + core[a373ad73a504971]::marker::Sync + core[a373ad73a504971]::panic::unwind_safe::RefUnwindSafe, i32>
[INFO] [stderr]                                at /rustc/e3feeb59cd1bdd011a2bfcc0747b55125d9b8527/library/std/src/panicking.rs:573:43
[INFO] [stderr]   23:     0x5fe7ac03f448 - std[617be2ca0a6fd877]::panicking::catch_unwind::<i32, &dyn core[a373ad73a504971]::ops::function::Fn<(), Output = i32> + core[a373ad73a504971]::marker::Sync + core[a373ad73a504971]::panic::unwind_safe::RefUnwindSafe>
[INFO] [stderr]                                at /rustc/e3feeb59cd1bdd011a2bfcc0747b55125d9b8527/library/std/src/panicking.rs:541:19
[INFO] [stderr]   24:     0x5fe7ac03f448 - std[617be2ca0a6fd877]::panic::catch_unwind::<&dyn core[a373ad73a504971]::ops::function::Fn<(), Output = i32> + core[a373ad73a504971]::marker::Sync + core[a373ad73a504971]::panic::unwind_safe::RefUnwindSafe, i32>
[INFO] [stderr]                                at /rustc/e3feeb59cd1bdd011a2bfcc0747b55125d9b8527/library/std/src/panic.rs:359:14
[INFO] [stderr]   25:     0x5fe7ac03f448 - std[617be2ca0a6fd877]::rt::lang_start_internal::{closure#0}
[INFO] [stderr]                                at /rustc/e3feeb59cd1bdd011a2bfcc0747b55125d9b8527/library/std/src/rt.rs:175:24
[INFO] [stderr]   26:     0x5fe7ac03f448 - std[617be2ca0a6fd877]::panicking::catch_unwind::do_call::<std[617be2ca0a6fd877]::rt::lang_start_internal::{closure#0}, isize>
[INFO] [stderr]                                at /rustc/e3feeb59cd1bdd011a2bfcc0747b55125d9b8527/library/std/src/panicking.rs:573:43
[INFO] [stderr]   27:     0x5fe7ac03f448 - std[617be2ca0a6fd877]::panicking::catch_unwind::<isize, std[617be2ca0a6fd877]::rt::lang_start_internal::{closure#0}>
[INFO] [stderr]                                at /rustc/e3feeb59cd1bdd011a2bfcc0747b55125d9b8527/library/std/src/panicking.rs:541:19
[INFO] [stderr]   28:     0x5fe7ac03f448 - std[617be2ca0a6fd877]::panic::catch_unwind::<std[617be2ca0a6fd877]::rt::lang_start_internal::{closure#0}, isize>
[INFO] [stderr]                                at /rustc/e3feeb59cd1bdd011a2bfcc0747b55125d9b8527/library/std/src/panic.rs:359:14
[INFO] [stderr]   29:     0x5fe7ac03f448 - std[617be2ca0a6fd877]::rt::lang_start_internal
[INFO] [stderr]                                at /rustc/e3feeb59cd1bdd011a2bfcc0747b55125d9b8527/library/std/src/rt.rs:171:5
[INFO] [stderr]   30:     0x5fe7ac01c6f7 - std[617be2ca0a6fd877]::rt::lang_start::<()>
[INFO] [stderr]                                at /rustc/e3feeb59cd1bdd011a2bfcc0747b55125d9b8527/library/std/src/rt.rs:205:5
[INFO] [stderr]   31:     0x5fe7ac01c7de - main
[INFO] [stderr]   32:     0x7946e7912601 - <unknown>
[INFO] [stderr]   33:     0x7946e7912718 - __libc_start_main
[INFO] [stderr]   34:     0x5fe7ac01c5f5 - _start
[INFO] [stderr]   35:                0x0 - <unknown>
[INFO] [stderr] ┈┈┈┈┈┈┈┈┈┈┈┈┈┈┈┈┈┈┈┈┈┈┈┈┈┈┈┈┈┈┈┈┈┈┈┈┈┈┈┈┈┈┈┈┈┈┈┈┈┈┈┈┈┈┈┈┈┈┈┈
[INFO] [stderr] 
[INFO] [stderr] test tests/ui/run-pass-9.rs [should pass] ... ok
[INFO] [stderr] test tests/ui/compile-fail-2.rs [should fail to compile] ... ok
[INFO] [stderr] test tests/ui/compile-fail-3.rs [should fail to compile] ... mismatch
[INFO] [stdout] test test ... FAILED
[INFO] [stderr] 
[INFO] [stdout] 
[INFO] [stderr] EXPECTED:
[INFO] [stdout] failures:
[INFO] [stderr] ┈┈┈┈┈┈┈┈┈┈┈┈┈┈┈┈┈┈┈┈┈┈┈┈┈┈┈┈┈┈┈┈┈┈┈┈┈┈┈┈┈┈┈┈┈┈┈┈┈┈┈┈┈┈┈┈┈┈┈┈
[INFO] [stdout] 
[INFO] [stderr] error[E0277]: `*mut _` cannot be shared between threads safely
[INFO] [stdout] ---- test stdout ----
[INFO] [stderr]    --> tests/ui/compile-fail-3.rs:7:5
[INFO] [stdout] 
[INFO] [stderr]     |
[INFO] [stdout] thread 'test' (768) panicked at src/run.rs:103:13:
[INFO] [stderr] 7   |     thread::spawn(|| {
[INFO] [stdout] 5 of 18 tests failed
[INFO] [stderr]     |     ^^^^^^^^^^^^^ `*mut _` cannot be shared between threads safely
[INFO] [stdout] stack backtrace:
[INFO] [stderr]     |
[INFO] [stdout]    0:     0x55b48aaa2ee1 - <<std[617be2ca0a6fd877]::sys::backtrace::BacktraceLock>::print::DisplayBacktrace as core[a373ad73a504971]::fmt::Display>::fmt
[INFO] [stderr]     = help: the trait `Sync` is not implemented for `*mut _`
[INFO] [stdout]    1:     0x55b48aab91ca - core[a373ad73a504971]::fmt::write
[INFO] [stderr]     = note: required because of the requirements on the impl of `Send` for `&*mut _`
[INFO] [stdout]    2:     0x55b48aaa772c - <alloc[2e1b2a31b91974c5]::vec::Vec<u8> as core[a373ad73a504971]::io::write::Write>::write_fmt
[INFO] [stderr]     = note: required because it appears within the type `[closure@$DIR/tests/ui/compile-fail-3.rs:7:19: 9:6]`
[INFO] [stdout]    3:     0x55b48aa7c346 - std[617be2ca0a6fd877]::panicking::default_hook::{closure#0}
[INFO] [stderr] ┈┈┈┈┈┈┈┈┈┈┈┈┈┈┈┈┈┈┈┈┈┈┈┈┈┈┈┈┈┈┈┈┈┈┈┈┈┈┈┈┈┈┈┈┈┈┈┈┈┈┈┈┈┈┈┈┈┈┈┈
[INFO] [stdout]    4:     0x55b48aa9a489 - std[617be2ca0a6fd877]::panicking::default_hook
[INFO] [stderr] 
[INFO] [stdout]    5:     0x55b48aa33a90 - test[aada8e7e76ba119b]::test_main_inner::{closure#0}
[INFO] [stderr] ACTUAL OUTPUT:
[INFO] [stdout]    6:     0x55b48aa9a642 - std[617be2ca0a6fd877]::panicking::panic_with_hook
[INFO] [stderr] ┈┈┈┈┈┈┈┈┈┈┈┈┈┈┈┈┈┈┈┈┈┈┈┈┈┈┈┈┈┈┈┈┈┈┈┈┈┈┈┈┈┈┈┈┈┈┈┈┈┈┈┈┈┈┈┈┈┈┈┈
[INFO] [stdout]    7:     0x55b48aa7c3f2 - std[617be2ca0a6fd877]::panicking::panic_handler::{closure#0}
[INFO] [stderr] error[E0277]: `*mut _` cannot be shared between threads safely
[INFO] [stdout]    8:     0x55b48aa74c49 - std[617be2ca0a6fd877]::sys::backtrace::__rust_end_short_backtrace::<std[617be2ca0a6fd877]::panicking::panic_handler::{closure#0}, !>
[INFO] [stderr]  --> tests/ui/compile-fail-3.rs:7:19
[INFO] [stdout]    9:     0x55b48aa7cffd - __rustc[ea4f61d10b84890b]::rust_begin_unwind
[INFO] [stderr]   |
[INFO] [stdout]   10:     0x55b48aab993c - core[a373ad73a504971]::panicking::panic_fmt
[INFO] [stderr] 7 |       thread::spawn(|| {
[INFO] [stdout]   11:     0x55b48a983d30 - <trybuild_internals_api[992bf1529e095300]::Runner>::run
[INFO] [stderr]   |  _____-------------_^
[INFO] [stdout]   12:     0x55b48a986e5d - <trybuild_internals_api[992bf1529e095300]::TestCases as core[a373ad73a504971]::ops::drop::Drop>::drop
[INFO] [stderr]   | |     |
[INFO] [stdout]   13:     0x55b48a97c9ba - <test[477e488389ae5adb]::test::{closure#0} as core[a373ad73a504971]::ops::function::FnOnce<()>>::call_once
[INFO] [stderr]   | |     required by a bound introduced by this call
[INFO] [stdout]   14:     0x55b48aa26edb - test[aada8e7e76ba119b]::__rust_begin_short_backtrace::<core[a373ad73a504971]::result::Result<(), alloc[2e1b2a31b91974c5]::string::String>, fn() -> core[a373ad73a504971]::result::Result<(), alloc[2e1b2a31b91974c5]::string::String>>
[INFO] [stderr] 8 | |         println!("{:?}", x)
[INFO] [stdout]   15:     0x55b48aa340b5 - test[aada8e7e76ba119b]::run_test::{closure#0}
[INFO] [stderr] 9 | |     });
[INFO] [stdout]   16:     0x55b48aa2d9a4 - std[617be2ca0a6fd877]::sys::backtrace::__rust_begin_short_backtrace::<test[aada8e7e76ba119b]::run_test::{closure#1}, ()>
[INFO] [stderr]   | |_____^ `*mut _` cannot be shared between threads safely
[INFO] [stdout]   17:     0x55b48aa37142 - <std[617be2ca0a6fd877]::thread::lifecycle::spawn_unchecked<test[aada8e7e76ba119b]::run_test::{closure#1}, ()>::{closure#1} as core[a373ad73a504971]::ops::function::FnOnce<()>>::call_once::{shim:vtable#0}
[INFO] [stderr]   |
[INFO] [stdout]   18:     0x55b48aaa213f - <std[617be2ca0a6fd877]::sys::thread::unix::Thread>::new::thread_start
[INFO] [stderr]   = help: the trait `Sync` is not implemented for `*mut _`
[INFO] [stdout]   19:     0x789393973dfa - <unknown>
[INFO] [stderr]   = note: required for `&*mut _` to implement `Send`
[INFO] [stdout]   20:     0x789393a073d4 - clone
[INFO] [stderr] note: required because `x` is used within this closure
[INFO] [stdout]   21:                0x0 - <unknown>
[INFO] [stderr]  --> tests/ui/compile-fail-3.rs:8:26
[INFO] [stdout] 
[INFO] [stderr]   |
[INFO] [stdout] 
[INFO] [stderr] 8 |         println!("{:?}", x)
[INFO] [stdout] failures:
[INFO] [stderr]   |                          ^
[INFO] [stdout]     test
[INFO] [stderr] note: required by a bound in `spawn`
[INFO] [stdout] 
[INFO] [stderr]  --> $RUST/std/src/thread/functions.rs
[INFO] [stdout] test result: FAILED. 0 passed; 1 failed; 0 ignored; 0 measured; 0 filtered out; finished in 28.34s
[INFO] [stderr] ┈┈┈┈┈┈┈┈┈┈┈┈┈┈┈┈┈┈┈┈┈┈┈┈┈┈┈┈┈┈┈┈┈┈┈┈┈┈┈┈┈┈┈┈┈┈┈┈┈┈┈┈┈┈┈┈┈┈┈┈
[INFO] [stdout] 
[INFO] [stderr] note: If the actual output is the correct output you can bless it by rerunning
[INFO] [stderr]       your test with the environment variable TRYBUILD=overwrite
[INFO] [stderr] 
[INFO] [stderr] 
[INFO] [stderr] 
[INFO] [stderr] error: test failed, to rerun pass `--test test`
[INFO] running `Command { std: "docker" "inspect" "934716f1ce3103faf1fdfa8cabf5550e67f2788153a42bca60fc28eb25dfe95c", kill_on_drop: false }`
[INFO] running `Command { std: "docker" "rm" "-f" "934716f1ce3103faf1fdfa8cabf5550e67f2788153a42bca60fc28eb25dfe95c", kill_on_drop: false }`
[INFO] [stdout] 934716f1ce3103faf1fdfa8cabf5550e67f2788153a42bca60fc28eb25dfe95c
