[INFO] fetching crate trv 0.7.0...
[INFO] testing trv-0.7.0 against 1.99.0-beta.8+cargoflags=--release for beta-release-1.100-2
[INFO] extracting crate trv 0.7.0 into /workspace/builds/worker-1-tc1/source
[INFO] started tweaking crates.io crate trv 0.7.0
[INFO] removed 0 missing tests
[INFO] finished tweaking crates.io crate trv 0.7.0
[INFO] tweaked toml for crates.io crate trv 0.7.0 written to /workspace/builds/worker-1-tc1/source/Cargo.toml
[INFO] validating manifest of crates.io crate trv 0.7.0 on toolchain 1.99.0-beta.8
[INFO] running `Command { std: CARGO_HOME="/workspace/cargo-home" RUSTUP_HOME="/workspace/rustup-home" "/workspace/cargo-home/bin/cargo" "+1.99.0-beta.8" "metadata" "--manifest-path" "Cargo.toml" "--no-deps", kill_on_drop: false }`
[INFO] crate crates.io crate trv 0.7.0 already has a lockfile, it will not be regenerated
[INFO] running `Command { std: CARGO_HOME="/workspace/cargo-home" RUSTUP_HOME="/workspace/rustup-home" "/workspace/cargo-home/bin/cargo" "+1.99.0-beta.8" "fetch" "--manifest-path" "Cargo.toml", kill_on_drop: false }`
[INFO] [stderr]     Updating crates.io index
[INFO] [stderr]  Downloading crates ...
[INFO] [stderr]   Downloaded transformrs v1.0.0
[INFO] [stderr]   Downloaded log v0.4.26
[INFO] [stderr]   Downloaded once_cell v1.21.1
[INFO] [stderr]   Downloaded windows-link v0.1.0
[INFO] [stderr]   Downloaded windows-result v0.3.1
[INFO] [stderr]   Downloaded smallvec v1.14.0
[INFO] [stderr]   Downloaded wit-bindgen-rt v0.33.0
[INFO] [stderr]   Downloaded errno v0.3.10
[INFO] [stderr]   Downloaded quinn-udp v0.5.10
[INFO] [stderr]   Downloaded tempfile v3.19.0
[INFO] [stderr]   Downloaded redox_syscall v0.5.10
[INFO] [stderr]   Downloaded getrandom v0.3.1
[INFO] [stderr]   Downloaded live-server v0.10.0
[INFO] [stderr]   Downloaded miniz_oxide v0.8.5
[INFO] [stderr]   Downloaded quinn v0.11.6
[INFO] [stderr]   Downloaded notify v8.0.0
[INFO] [stderr]   Downloaded is-docker v0.2.0
[INFO] [stderr]   Downloaded file-id v0.2.2
[INFO] [stderr]   Downloaded neli-proc-macros v0.1.4
[INFO] [stderr]   Downloaded tokio-util v0.7.14
[INFO] [stderr]   Downloaded zerocopy-derive v0.8.23
[INFO] [stderr]   Downloaded indexmap v2.8.0
[INFO] [stderr]   Downloaded toml v0.8.20
[INFO] [stderr]   Downloaded kqueue v1.0.8
[INFO] [stderr]   Downloaded filetime v0.2.25
[INFO] [stderr]   Downloaded open v5.3.2
[INFO] [stderr]   Downloaded globset v0.4.16
[INFO] [stderr]   Downloaded is-terminal v0.4.16
[INFO] [stderr]   Downloaded hermit-abi v0.5.0
[INFO] [stderr]   Downloaded wasi v0.13.3+wasi-0.2.2
[INFO] [stderr]   Downloaded is-wsl v0.4.0
[INFO] [stderr]   Downloaded local-ip-address v0.6.3
[INFO] [stderr]   Downloaded reqwest v0.12.14
[INFO] [stderr]   Downloaded toml_edit v0.22.24
[INFO] [stderr]   Downloaded winnow v0.7.4
[INFO] [stderr]   Downloaded quinn-proto v0.11.9
[INFO] [stderr]   Downloaded zerocopy v0.8.23
[INFO] [stderr]   Downloaded notify-debouncer-full v0.5.0
[INFO] [stderr]   Downloaded serde_path_to_error v0.1.17
[INFO] [stderr]   Downloaded webpki-roots v0.26.8
[INFO] [stderr]   Downloaded env_logger v0.10.2
[INFO] [stderr]   Downloaded clap v4.5.32
[INFO] [stderr]   Downloaded neli v0.6.5
[INFO] [stderr]   Downloaded data-encoding v2.8.0
[INFO] [stderr]   Downloaded rustls v0.23.23
[INFO] [stderr]   Downloaded clap_builder v4.5.32
[INFO] [stderr]   Downloaded doc-comment v0.3.3
[INFO] [stderr]   Downloaded rustix v1.0.2
[INFO] [stderr]   Downloaded assert_cmd v2.0.16
[INFO] [stderr]   Downloaded libc v0.2.171
[INFO] [stderr]   Downloaded tokio v1.44.1
[INFO] [stderr]   Downloaded linux-raw-sys v0.9.3
[INFO] running `Command { std: "docker" "create" "-v" "/var/lib/crater-agent-workspace/builds/worker-1-tc1/source:/opt/rustwide/workdir:ro,Z" "-v" "/var/lib/crater-agent-workspace/builds/worker-1-tc1/target:/opt/rustwide/target:rw,Z" "-v" "/var/lib/crater-agent-workspace/cargo-home:/opt/rustwide/cargo-home:ro,Z" "-v" "/var/lib/crater-agent-workspace/rustup-home:/opt/rustwide/rustup-home:ro,Z" "-m" "1610612736" "--network" "none" "ghcr.io/rust-lang/crates-build-env/linux@sha256:77db811e55d90add9212f6832c23229e3de5f1c1f9905e8cb07319ea15df73ac" "sleep" "infinity", kill_on_drop: false }`
[INFO] [stdout] 2a9495af6c1854c69b48e97a1d3d75d49a7b205acc3dd2a732c20b6f42c44c34
[INFO] running `Command { std: "docker" "start" "2a9495af6c1854c69b48e97a1d3d75d49a7b205acc3dd2a732c20b6f42c44c34", kill_on_drop: false }`
[INFO] running `Command { std: "docker" "inspect" "2a9495af6c1854c69b48e97a1d3d75d49a7b205acc3dd2a732c20b6f42c44c34", kill_on_drop: false }`
[INFO] running `Command { std: "docker" "exec" "-e" "SOURCE_DIR=/opt/rustwide/workdir" "-e" "CARGO_HOME=/opt/rustwide/cargo-home" "-e" "RUSTUP_HOME=/opt/rustwide/rustup-home" "-e" "CARGO_TARGET_DIR=/opt/rustwide/target" "-w" "/opt/rustwide/workdir" "--user" "0:0" "2a9495af6c1854c69b48e97a1d3d75d49a7b205acc3dd2a732c20b6f42c44c34" "/opt/rustwide/cargo-home/bin/cargo" "+1.99.0-beta.8" "metadata" "--no-deps" "--format-version=1", kill_on_drop: false }`
[INFO] running `Command { std: "docker" "inspect" "2a9495af6c1854c69b48e97a1d3d75d49a7b205acc3dd2a732c20b6f42c44c34", kill_on_drop: false }`
[INFO] running `Command { std: "docker" "exec" "-e" "SOURCE_DIR=/opt/rustwide/workdir" "-e" "CARGO_HOME=/opt/rustwide/cargo-home" "-e" "RUSTUP_HOME=/opt/rustwide/rustup-home" "-e" "CARGO_TARGET_DIR=/opt/rustwide/target" "-e" "CARGO_INCREMENTAL=0" "-e" "RUST_BACKTRACE=full" "-e" "RUSTFLAGS=--cap-lints=warn" "-e" "RUSTDOCFLAGS=--cap-lints=warn" "-w" "/opt/rustwide/workdir" "--user" "0:0" "2a9495af6c1854c69b48e97a1d3d75d49a7b205acc3dd2a732c20b6f42c44c34" "/opt/rustwide/cargo-home/bin/cargo" "+1.99.0-beta.8" "build" "--frozen" "--message-format=json" "--release", kill_on_drop: false }`
[INFO] [stderr]    Compiling proc-macro2 v1.0.94
[INFO] [stderr]    Compiling unicode-ident v1.0.18
[INFO] [stderr]    Compiling libc v0.2.171
[INFO] [stderr]    Compiling cfg-if v1.0.0
[INFO] [stderr]    Compiling autocfg v1.4.0
[INFO] [stderr]    Compiling log v0.4.26
[INFO] [stderr]    Compiling once_cell v1.21.1
[INFO] [stderr]    Compiling memchr v2.7.4
[INFO] [stderr]    Compiling pin-project-lite v0.2.16
[INFO] [stderr]    Compiling smallvec v1.14.0
[INFO] [stderr]    Compiling futures-core v0.3.31
[INFO] [stderr]    Compiling bytes v1.10.1
[INFO] [stderr]    Compiling shlex v1.3.0
[INFO] [stderr]    Compiling itoa v1.0.15
[INFO] [stderr]    Compiling cc v1.2.16
[INFO] [stderr]    Compiling serde v1.0.219
[INFO] [stderr]    Compiling lock_api v0.4.12
[INFO] [stderr]    Compiling parking_lot_core v0.9.10
[INFO] [stderr]    Compiling slab v0.4.9
[INFO] [stderr]    Compiling futures-sink v0.3.31
[INFO] [stderr]    Compiling scopeguard v1.2.0
[INFO] [stderr]    Compiling fnv v1.0.7
[INFO] [stderr]    Compiling futures-channel v0.3.31
[INFO] [stderr]    Compiling tracing-core v0.1.33
[INFO] [stderr]    Compiling futures-task v0.3.31
[INFO] [stderr]    Compiling quote v1.0.40
[INFO] [stderr]    Compiling http v1.3.1
[INFO] [stderr]    Compiling stable_deref_trait v1.2.0
[INFO] [stderr]    Compiling pin-utils v0.1.0
[INFO] [stderr]    Compiling futures-io v0.3.31
[INFO] [stderr]    Compiling httparse v1.10.1
[INFO] [stderr]    Compiling syn v2.0.100
[INFO] [stderr]    Compiling hashbrown v0.15.2
[INFO] [stderr]    Compiling mio v1.0.3
[INFO] [stderr]    Compiling signal-hook-registry v1.4.2
[INFO] [stderr]    Compiling socket2 v0.5.8
[INFO] [stderr]    Compiling parking_lot v0.12.3
[INFO] [stderr]    Compiling getrandom v0.2.15
[INFO] [stderr]    Compiling equivalent v1.0.2
[INFO] [stderr]    Compiling typenum v1.18.0
[INFO] [stderr]    Compiling indexmap v2.8.0
[INFO] [stderr]    Compiling pkg-config v0.3.32
[INFO] [stderr]    Compiling version_check v0.9.5
[INFO] [stderr]    Compiling vcpkg v0.2.15
[INFO] [stderr]    Compiling http-body v1.0.1
[INFO] [stderr]    Compiling writeable v0.5.5
[INFO] [stderr]    Compiling generic-array v0.14.7
[INFO] [stderr]    Compiling litemap v0.7.5
[INFO] [stderr]    Compiling bitflags v2.9.0
[INFO] [stderr]    Compiling ring v0.17.14
[INFO] [stderr]    Compiling zerocopy v0.8.23
[INFO] [stderr]    Compiling atomic-waker v1.1.2
[INFO] [stderr]    Compiling openssl-sys v0.9.106
[INFO] [stderr]    Compiling tower-service v0.3.3
[INFO] [stderr]    Compiling try-lock v0.2.5
[INFO] [stderr]    Compiling httpdate v1.0.3
[INFO] [stderr]    Compiling want v0.3.1
[INFO] [stderr]    Compiling icu_locid_transform_data v1.5.0
[INFO] [stderr]    Compiling rustls-pki-types v1.11.0
[INFO] [stderr]    Compiling aho-corasick v1.1.3
[INFO] [stderr]    Compiling percent-encoding v2.3.1
[INFO] [stderr]    Compiling thiserror v1.0.69
[INFO] [stderr]    Compiling regex-syntax v0.8.5
[INFO] [stderr]    Compiling openssl v0.10.71
[INFO] [stderr]    Compiling foreign-types-shared v0.1.1
[INFO] [stderr]    Compiling icu_properties_data v1.5.0
[INFO] [stderr]    Compiling untrusted v0.9.0
[INFO] [stderr]    Compiling foreign-types v0.3.2
[INFO] [stderr]    Compiling form_urlencoded v1.2.1
[INFO] [stderr]    Compiling http-body-util v0.1.3
[INFO] [stderr]    Compiling block-buffer v0.10.4
[INFO] [stderr]    Compiling crypto-common v0.1.6
[INFO] [stderr]    Compiling rand_core v0.6.4
[INFO] [stderr]    Compiling sync_wrapper v1.0.2
[INFO] [stderr]    Compiling tower-layer v0.3.3
[INFO] [stderr]    Compiling crossbeam-utils v0.8.21
[INFO] [stderr]    Compiling utf16_iter v1.0.5
[INFO] [stderr]    Compiling native-tls v0.2.14
[INFO] [stderr]    Compiling serde_json v1.0.140
[INFO] [stderr]    Compiling rustls v0.23.23
[INFO] [stderr]    Compiling ryu v1.0.20
[INFO] [stderr]    Compiling icu_normalizer_data v1.5.0
[INFO] [stderr]    Compiling byteorder v1.5.0
[INFO] [stderr]    Compiling ppv-lite86 v0.2.21
[INFO] [stderr]    Compiling write16 v1.0.0
[INFO] [stderr]    Compiling utf8_iter v1.0.4
[INFO] [stderr]    Compiling mime v0.3.17
[INFO] [stderr]    Compiling syn v1.0.109
[INFO] [stderr]    Compiling digest v0.10.7
[INFO] [stderr]    Compiling zeroize v1.8.1
[INFO] [stderr]    Compiling cpufeatures v0.2.17
[INFO] [stderr]    Compiling rand_chacha v0.3.1
[INFO] [stderr]    Compiling subtle v2.6.1
[INFO] [stderr]    Compiling same-file v1.0.6
[INFO] [stderr]    Compiling utf8parse v0.2.2
[INFO] [stderr]    Compiling rustversion v1.0.20
[INFO] [stderr]    Compiling openssl-probe v0.1.6
[INFO] [stderr]    Compiling walkdir v2.5.0
[INFO] [stderr]    Compiling rand v0.8.5
[INFO] [stderr]    Compiling anstyle-parse v0.2.6
[INFO] [stderr]    Compiling sha1 v0.10.6
[INFO] [stderr]    Compiling synstructure v0.13.1
[INFO] [stderr]    Compiling regex-automata v0.4.9
[INFO] [stderr]    Compiling inotify-sys v0.1.5
[INFO] [stderr]    Compiling anstyle-query v1.1.2
[INFO] [stderr]    Compiling unicase v2.8.1
[INFO] [stderr]    Compiling either v1.15.0
[INFO] [stderr]    Compiling is_terminal_polyfill v1.70.1
[INFO] [stderr]    Compiling utf-8 v0.7.6
[INFO] [stderr]    Compiling base64 v0.22.1
[INFO] [stderr]    Compiling data-encoding v2.8.0
[INFO] [stderr]    Compiling colorchoice v1.0.3
[INFO] [stderr]    Compiling anstyle v1.0.10
[INFO] [stderr]    Compiling anstream v0.6.18
[INFO] [stderr]    Compiling crossbeam-epoch v0.9.18
[INFO] [stderr]    Compiling mime_guess v2.0.5
[INFO] [stderr]    Compiling inotify v0.11.0
[INFO] [stderr]    Compiling serde_derive v1.0.219
[INFO] [stderr]    Compiling tokio-macros v2.5.0
[INFO] [stderr]    Compiling zerofrom-derive v0.1.6
[INFO] [stderr]    Compiling yoke-derive v0.7.5
[INFO] [stderr]    Compiling futures-macro v0.3.31
[INFO] [stderr]    Compiling tokio v1.44.1
[INFO] [stderr]    Compiling futures-util v0.3.31
[INFO] [stderr]    Compiling zerovec-derive v0.10.3
[INFO] [stderr]    Compiling zerofrom v0.1.6
[INFO] [stderr]    Compiling yoke v0.7.5
[INFO] [stderr]    Compiling tracing-attributes v0.1.28
[INFO] [stderr]    Compiling zerovec v0.10.4
[INFO] [stderr]    Compiling displaydoc v0.2.5
[INFO] [stderr]    Compiling tracing v0.1.41
[INFO] [stderr]    Compiling icu_provider_macros v1.5.0
[INFO] [stderr]    Compiling openssl-macros v0.1.1
[INFO] [stderr]    Compiling thiserror-impl v1.0.69
[INFO] [stderr]    Compiling tinystr v0.7.6
[INFO] [stderr]    Compiling icu_locid v1.5.0
[INFO] [stderr]    Compiling icu_collections v1.5.0
[INFO] [stderr]    Compiling icu_provider v1.5.0
[INFO] [stderr]    Compiling rustls-webpki v0.102.8
[INFO] [stderr]    Compiling icu_locid_transform v1.5.0
[INFO] [stderr]    Compiling futures-executor v0.3.31
[INFO] [stderr]    Compiling tungstenite v0.24.0
[INFO] [stderr]    Compiling icu_properties v1.5.1
[INFO] [stderr]    Compiling regex v1.11.1
[INFO] [stderr]    Compiling tokio-util v0.7.14
[INFO] [stderr]    Compiling tower v0.5.2
[INFO] [stderr]    Compiling h2 v0.4.8
[INFO] [stderr]    Compiling serde_urlencoded v0.7.1
[INFO] [stderr]    Compiling tokio-native-tls v0.3.1
[INFO] [stderr]    Compiling async-trait v0.1.88
[INFO] [stderr]    Compiling neli-proc-macros v0.1.4
[INFO] [stderr]    Compiling icu_normalizer v1.5.0
[INFO] [stderr]    Compiling webpki-roots v0.26.8
[INFO] [stderr]    Compiling filetime v0.2.25
[INFO] [stderr]    Compiling bstr v1.11.3
[INFO] [stderr]    Compiling num-traits v0.2.19
[INFO] [stderr]    Compiling is-docker v0.2.0
[INFO] [stderr]    Compiling strsim v0.11.1
[INFO] [stderr]    Compiling tokio-rustls v0.26.2
[INFO] [stderr]    Compiling heck v0.5.0
[INFO] [stderr]    Compiling notify-types v2.0.0
[INFO] [stderr]    Compiling idna_adapter v1.2.0
[INFO] [stderr]    Compiling clap_lex v0.7.4
[INFO] [stderr]    Compiling notify v8.0.0
[INFO] [stderr]    Compiling globset v0.4.16
[INFO] [stderr]    Compiling idna v1.0.3
[INFO] [stderr]    Compiling clap_builder v4.5.32
[INFO] [stderr]    Compiling clap_derive v4.5.32
[INFO] [stderr]    Compiling url v2.5.4
[INFO] [stderr]    Compiling is-wsl v0.4.0
[INFO] [stderr]    Compiling neli v0.6.5
[INFO] [stderr]    Compiling axum-core v0.4.5
[INFO] [stderr]    Compiling serde_path_to_error v0.1.17
[INFO] [stderr]    Compiling toml_datetime v0.6.8
[INFO] [stderr]    Compiling serde_spanned v0.6.8
[INFO] [stderr]    Compiling tokio-tungstenite v0.24.0
[INFO] [stderr]    Compiling futures v0.3.31
[INFO] [stderr]    Compiling async-stream-impl v0.3.6
[INFO] [stderr]    Compiling crossbeam-deque v0.8.6
[INFO] [stderr]    Compiling rustls-pemfile v2.2.0
[INFO] [stderr]    Compiling is-terminal v0.4.16
[INFO] [stderr]    Compiling encoding_rs v0.8.35
[INFO] [stderr]    Compiling termcolor v1.4.1
[INFO] [stderr]    Compiling winnow v0.7.4
[INFO] [stderr]    Compiling lazy_static v1.5.0
[INFO] [stderr]    Compiling overload v0.1.1
[INFO] [stderr]    Compiling file-id v0.2.2
[INFO] [stderr]    Compiling pathdiff v0.2.3
[INFO] [stderr]    Compiling ipnet v2.11.0
[INFO] [stderr]    Compiling hyper v1.6.0
[INFO] [stderr]    Compiling matchit v0.7.3
[INFO] [stderr]    Compiling humantime v2.2.0
[INFO] [stderr]    Compiling env_logger v0.10.2
[INFO] [stderr]    Compiling local-ip-address v0.6.3
[INFO] [stderr]    Compiling open v5.3.2
[INFO] [stderr]    Compiling toml_edit v0.22.24
[INFO] [stderr]    Compiling notify-debouncer-full v0.5.0
[INFO] [stderr]    Compiling hyper-util v0.1.10
[INFO] [stderr]    Compiling nu-ansi-term v0.46.0
[INFO] [stderr]    Compiling sharded-slab v0.1.7
[INFO] [stderr]    Compiling clap v4.5.32
[INFO] [stderr]    Compiling async-stream v0.3.6
[INFO] [stderr]    Compiling ignore v0.4.23
[INFO] [stderr]    Compiling tracing-log v0.2.0
[INFO] [stderr]    Compiling thread_local v1.1.8
[INFO] [stderr]    Compiling iana-time-zone v0.1.61
[INFO] [stderr]    Compiling tracing-subscriber v0.3.19
[INFO] [stderr]    Compiling indoc v2.0.6
[INFO] [stderr]    Compiling hyper-tls v0.6.0
[INFO] [stderr]    Compiling hyper-rustls v0.27.5
[INFO] [stderr]    Compiling axum v0.7.9
[INFO] [stderr]    Compiling chrono v0.4.40
[INFO] [stderr]    Compiling reqwest v0.12.14
[INFO] [stderr]    Compiling toml v0.8.20
[INFO] [stderr]    Compiling transformrs v1.0.0
[INFO] [stderr]    Compiling live-server v0.10.0
[INFO] [stderr]    Compiling trv v0.7.0 (/opt/rustwide/workdir)
[INFO] [stderr]     Finished `release` profile [optimized] target(s) in 3m 49s
[INFO] running `Command { std: "docker" "inspect" "2a9495af6c1854c69b48e97a1d3d75d49a7b205acc3dd2a732c20b6f42c44c34", kill_on_drop: false }`
[INFO] running `Command { std: "docker" "exec" "-e" "SOURCE_DIR=/opt/rustwide/workdir" "-e" "CARGO_HOME=/opt/rustwide/cargo-home" "-e" "RUSTUP_HOME=/opt/rustwide/rustup-home" "-e" "CARGO_TARGET_DIR=/opt/rustwide/target" "-e" "CARGO_INCREMENTAL=0" "-e" "RUST_BACKTRACE=full" "-e" "RUSTFLAGS=--cap-lints=warn" "-e" "RUSTDOCFLAGS=--cap-lints=warn" "-w" "/opt/rustwide/workdir" "--user" "0:0" "2a9495af6c1854c69b48e97a1d3d75d49a7b205acc3dd2a732c20b6f42c44c34" "/opt/rustwide/cargo-home/bin/cargo" "+1.99.0-beta.8" "test" "--frozen" "--no-run" "--message-format=json" "--release", kill_on_drop: false }`
[INFO] [stderr]    Compiling bitflags v2.9.0
[INFO] [stderr]    Compiling regex-automata v0.4.9
[INFO] [stderr]    Compiling predicates-core v1.0.9
[INFO] [stderr]    Compiling rustix v1.0.2
[INFO] [stderr]    Compiling doc-comment v0.3.3
[INFO] [stderr]    Compiling getrandom v0.3.1
[INFO] [stderr]    Compiling float-cmp v0.10.0
[INFO] [stderr]    Compiling linux-raw-sys v0.9.3
[INFO] [stderr]    Compiling normalize-line-endings v0.3.0
[INFO] [stderr]    Compiling difflib v0.4.0
[INFO] [stderr]    Compiling assert_cmd v2.0.16
[INFO] [stderr]    Compiling termtree v0.5.1
[INFO] [stderr]    Compiling openssl v0.10.71
[INFO] [stderr]    Compiling inotify v0.11.0
[INFO] [stderr]    Compiling predicates-tree v1.0.12
[INFO] [stderr]    Compiling wait-timeout v0.2.1
[INFO] [stderr]    Compiling fastrand v2.3.0
[INFO] [stderr]    Compiling yansi v1.0.1
[INFO] [stderr]    Compiling notify v8.0.0
[INFO] [stderr]    Compiling diff v0.1.13
[INFO] [stderr]    Compiling pretty_assertions v1.4.1
[INFO] [stderr]    Compiling notify-debouncer-full v0.5.0
[INFO] [stderr]    Compiling tempfile v3.19.0
[INFO] [stderr]    Compiling regex v1.11.1
[INFO] [stderr]    Compiling bstr v1.11.3
[INFO] [stderr]    Compiling native-tls v0.2.14
[INFO] [stderr]    Compiling tokio-native-tls v0.3.1
[INFO] [stderr]    Compiling hyper-tls v0.6.0
[INFO] [stderr]    Compiling globset v0.4.16
[INFO] [stderr]    Compiling env_logger v0.10.2
[INFO] [stderr]    Compiling reqwest v0.12.14
[INFO] [stderr]    Compiling predicates v3.1.3
[INFO] [stderr]    Compiling ignore v0.4.23
[INFO] [stderr]    Compiling live-server v0.10.0
[INFO] [stderr]    Compiling transformrs v1.0.0
[INFO] [stderr]    Compiling trv v0.7.0 (/opt/rustwide/workdir)
[INFO] [stderr]     Finished `release` profile [optimized] target(s) in 2m 03s
[INFO] running `Command { std: "docker" "inspect" "2a9495af6c1854c69b48e97a1d3d75d49a7b205acc3dd2a732c20b6f42c44c34", kill_on_drop: false }`
[INFO] running `Command { std: "docker" "exec" "-e" "SOURCE_DIR=/opt/rustwide/workdir" "-e" "CARGO_HOME=/opt/rustwide/cargo-home" "-e" "RUSTUP_HOME=/opt/rustwide/rustup-home" "-e" "CARGO_TARGET_DIR=/opt/rustwide/target" "-e" "CARGO_INCREMENTAL=0" "-e" "RUST_BACKTRACE=full" "-e" "RUSTFLAGS=--cap-lints=warn" "-e" "RUSTDOCFLAGS=--cap-lints=warn" "-w" "/opt/rustwide/workdir" "--user" "0:0" "2a9495af6c1854c69b48e97a1d3d75d49a7b205acc3dd2a732c20b6f42c44c34" "/opt/rustwide/cargo-home/bin/cargo" "+1.99.0-beta.8" "test" "--frozen" "--release", kill_on_drop: false }`
[INFO] [stderr]     Finished `release` profile [optimized] target(s) in 0.49s
[INFO] [stderr]      Running unittests src/main.rs (/opt/rustwide/target/release/deps/trv-6f1617e79885df4b)
[INFO] [stdout] 
[INFO] [stdout] running 4 tests
[INFO] [stdout] test slide::test_trim_speaker_note ... ok
[INFO] [stdout] test test_parse_config ... ok
[INFO] [stdout] test video::test_parse_ffprobe_duration ... ok
[INFO] [stdout] test video::test_print_ffmpeg_duration ... ok
[INFO] [stdout] 
[INFO] [stdout] test result: ok. 4 passed; 0 failed; 0 ignored; 0 measured; 0 filtered out; finished in 0.00s
[INFO] [stdout] 
[INFO] [stderr]      Running tests/cli.rs (/opt/rustwide/target/release/deps/cli-64072f8fe676c7a8)
[INFO] [stdout] 
[INFO] [stdout] running 7 tests
[INFO] [stdout] test test_cache ... FAILED
[INFO] [stdout] test test_duration_matches ... FAILED
[INFO] [stdout] test google_provider ... FAILED
[INFO] [stdout] test elevenlabs_provider ... FAILED
[INFO] [stdout] test unexpected_argument ... ok
[INFO] [stdout] test openai_compatible_provider ... FAILED
[INFO] [stdout] test test_notes ... FAILED
[INFO] [stdout] 
[INFO] [stdout] failures:
[INFO] [stdout] 
[INFO] [stdout] ---- test_cache stdout ----
[INFO] [stdout] out_dir: tests/_cache_out
[INFO] [stdout] 
[INFO] [stdout] thread 'test_cache' (3030) panicked at tests/common/mod.rs:27:42:
[INFO] [stdout] Failed to open keys.env file: Os { code: 2, kind: NotFound, message: "No such file or directory" }
[INFO] [stdout] stack backtrace:
[INFO] [stdout]    0:     0x5e8fedf45327 - <<std[70759c8f55707aa4]::sys::backtrace::BacktraceLock>::print::DisplayBacktrace as core[df12db4294e9bfd3]::fmt::Display>::fmt
[INFO] [stdout]    1:     0x5e8fedf2a244 - core[df12db4294e9bfd3]::fmt::write
[INFO] [stdout]    2:     0x5e8fedf448eb - <alloc[2182bb758b4b3781]::vec::Vec<u8> as core[df12db4294e9bfd3]::io::write::Write>::write_fmt
[INFO] [stdout]    3:     0x5e8fedf444e9 - std[70759c8f55707aa4]::panicking::default_hook::{closure#0}
[INFO] [stdout]    4:     0x5e8fedf4416a - std[70759c8f55707aa4]::panicking::default_hook
[INFO] [stdout]    5:     0x5e8fedf43ca3 - std[70759c8f55707aa4]::panicking::panic_with_hook
[INFO] [stdout]    6:     0x5e8fedf699d1 - std[70759c8f55707aa4]::panicking::panic_handler::{closure#0}
[INFO] [stdout]    7:     0x5e8fedf69989 - std[70759c8f55707aa4]::sys::backtrace::__rust_end_short_backtrace::<std[70759c8f55707aa4]::panicking::panic_handler::{closure#0}, !>
[INFO] [stdout]    8:     0x5e8fedf69e8c - __rustc[8fa7c3cbc660c2b3]::rust_begin_unwind
[INFO] [stdout]    9:     0x5e8fedf2a0db - core[df12db4294e9bfd3]::panicking::panic_fmt
[INFO] [stdout]   10:     0x5e8fedf2d2f1 - core[df12db4294e9bfd3]::result::unwrap_failed
[INFO] [stdout]   11:     0x5e8fedf20159 - cli[dedb7158eddfb269]::common::load_key
[INFO] [stdout]   12:     0x5e8fedf20c05 - <cli[dedb7158eddfb269]::test_cache::{closure#0} as core[df12db4294e9bfd3]::ops::function::FnOnce<()>>::call_once
[INFO] [stdout]   13:     0x5e8fedf8316b - test[9d35eded1c95d3be]::__rust_begin_short_backtrace::<core[df12db4294e9bfd3]::result::Result<(), alloc[2182bb758b4b3781]::string::String>, fn() -> core[df12db4294e9bfd3]::result::Result<(), alloc[2182bb758b4b3781]::string::String>>
[INFO] [stdout]   14:     0x5e8fedf7f652 - test[9d35eded1c95d3be]::run_test::{closure#0}
[INFO] [stdout]   15:     0x5e8fedf7ee7c - std[70759c8f55707aa4]::sys::backtrace::__rust_begin_short_backtrace::<test[9d35eded1c95d3be]::run_test::{closure#1}, ()>
[INFO] [stdout]   16:     0x5e8fedf9920c - <std[70759c8f55707aa4]::thread::lifecycle::spawn_unchecked<test[9d35eded1c95d3be]::run_test::{closure#1}, ()>::{closure#1} as core[df12db4294e9bfd3]::ops::function::FnOnce<()>>::call_once::{shim:vtable#0}
[INFO] [stdout]   17:     0x5e8fedf6b6ea - <std[70759c8f55707aa4]::sys::thread::unix::Thread>::new::thread_start
[INFO] [stdout]   18:     0x7e1ffe58ddfa - <unknown>
[INFO] [stdout]   19:     0x7e1ffe6213d4 - clone
[INFO] [stdout]   20:                0x0 - <unknown>
[INFO] [stdout] 
[INFO] [stdout] ---- test_duration_matches stdout ----
[INFO] [stdout] out_dir: tests/_duration_matches_out
[INFO] [stdout] 
[INFO] [stdout] thread 'test_duration_matches' (3031) panicked at tests/common/mod.rs:27:42:
[INFO] [stdout] Failed to open keys.env file: Os { code: 2, kind: NotFound, message: "No such file or directory" }
[INFO] [stdout] stack backtrace:
[INFO] [stdout]    0:     0x5e8fedf45327 - <<std[70759c8f55707aa4]::sys::backtrace::BacktraceLock>::print::DisplayBacktrace as core[df12db4294e9bfd3]::fmt::Display>::fmt
[INFO] [stdout]    1:     0x5e8fedf2a244 - core[df12db4294e9bfd3]::fmt::write
[INFO] [stdout]    2:     0x5e8fedf448eb - <alloc[2182bb758b4b3781]::vec::Vec<u8> as core[df12db4294e9bfd3]::io::write::Write>::write_fmt
[INFO] [stdout]    3:     0x5e8fedf444e9 - std[70759c8f55707aa4]::panicking::default_hook::{closure#0}
[INFO] [stdout]    4:     0x5e8fedf4416a - std[70759c8f55707aa4]::panicking::default_hook
[INFO] [stdout]    5:     0x5e8fedf43ca3 - std[70759c8f55707aa4]::panicking::panic_with_hook
[INFO] [stdout]    6:     0x5e8fedf699d1 - std[70759c8f55707aa4]::panicking::panic_handler::{closure#0}
[INFO] [stdout]    7:     0x5e8fedf69989 - std[70759c8f55707aa4]::sys::backtrace::__rust_end_short_backtrace::<std[70759c8f55707aa4]::panicking::panic_handler::{closure#0}, !>
[INFO] [stdout]    8:     0x5e8fedf69e8c - __rustc[8fa7c3cbc660c2b3]::rust_begin_unwind
[INFO] [stdout]    9:     0x5e8fedf2a0db - core[df12db4294e9bfd3]::panicking::panic_fmt
[INFO] [stdout]   10:     0x5e8fedf2d2f1 - core[df12db4294e9bfd3]::result::unwrap_failed
[INFO] [stdout]   11:     0x5e8fedf20159 - cli[dedb7158eddfb269]::common::load_key
[INFO] [stdout]   12:     0x5e8fedf21d61 - <cli[dedb7158eddfb269]::test_duration_matches::{closure#0} as core[df12db4294e9bfd3]::ops::function::FnOnce<()>>::call_once
[INFO] [stdout]   13:     0x5e8fedf8316b - test[9d35eded1c95d3be]::__rust_begin_short_backtrace::<core[df12db4294e9bfd3]::result::Result<(), alloc[2182bb758b4b3781]::string::String>, fn() -> core[df12db4294e9bfd3]::result::Result<(), alloc[2182bb758b4b3781]::string::String>>
[INFO] [stdout]   14:     0x5e8fedf7f652 - test[9d35eded1c95d3be]::run_test::{closure#0}
[INFO] [stdout]   15:     0x5e8fedf7ee7c - std[70759c8f55707aa4]::sys::backtrace::__rust_begin_short_backtrace::<test[9d35eded1c95d3be]::run_test::{closure#1}, ()>
[INFO] [stdout]   16:     0x5e8fedf9920c - <std[70759c8f55707aa4]::thread::lifecycle::spawn_unchecked<test[9d35eded1c95d3be]::run_test::{closure#1}, ()>::{closure#1} as core[df12db4294e9bfd3]::ops::function::FnOnce<()>>::call_once::{shim:vtable#0}
[INFO] [stdout]   17:     0x5e8fedf6b6ea - <std[70759c8f55707aa4]::sys::thread::unix::Thread>::new::thread_start
[INFO] [stdout]   18:     0x7e1ffe58ddfa - <unknown>
[INFO] [stdout]   19:     0x7e1ffe6213d4 - clone
[INFO] [stdout]   20:                0x0 - <unknown>
[INFO] [stdout] 
[INFO] [stdout] ---- google_provider stdout ----
[INFO] [stdout] out_dir: tests/_google_out
[INFO] [stdout] 
[INFO] [stdout] thread 'google_provider' (3028) panicked at tests/common/mod.rs:27:42:
[INFO] [stdout] Failed to open keys.env file: Os { code: 2, kind: NotFound, message: "No such file or directory" }
[INFO] [stdout] stack backtrace:
[INFO] [stdout]    0:     0x5e8fedf45327 - <<std[70759c8f55707aa4]::sys::backtrace::BacktraceLock>::print::DisplayBacktrace as core[df12db4294e9bfd3]::fmt::Display>::fmt
[INFO] [stdout]    1:     0x5e8fedf2a244 - core[df12db4294e9bfd3]::fmt::write
[INFO] [stdout]    2:     0x5e8fedf448eb - <alloc[2182bb758b4b3781]::vec::Vec<u8> as core[df12db4294e9bfd3]::io::write::Write>::write_fmt
[INFO] [stdout]    3:     0x5e8fedf444e9 - std[70759c8f55707aa4]::panicking::default_hook::{closure#0}
[INFO] [stdout]    4:     0x5e8fedf4416a - std[70759c8f55707aa4]::panicking::default_hook
[INFO] [stdout]    5:     0x5e8fedf43ca3 - std[70759c8f55707aa4]::panicking::panic_with_hook
[INFO] [stdout]    6:     0x5e8fedf699d1 - std[70759c8f55707aa4]::panicking::panic_handler::{closure#0}
[INFO] [stdout]    7:     0x5e8fedf69989 - std[70759c8f55707aa4]::sys::backtrace::__rust_end_short_backtrace::<std[70759c8f55707aa4]::panicking::panic_handler::{closure#0}, !>
[INFO] [stdout]    8:     0x5e8fedf69e8c - __rustc[8fa7c3cbc660c2b3]::rust_begin_unwind
[INFO] [stdout]    9:     0x5e8fedf2a0db - core[df12db4294e9bfd3]::panicking::panic_fmt
[INFO] [stdout]   10:     0x5e8fedf2d2f1 - core[df12db4294e9bfd3]::result::unwrap_failed
[INFO] [stdout]   11:     0x5e8fedf20159 - cli[dedb7158eddfb269]::common::load_key
[INFO] [stdout]   12:     0x5e8fedf213da - <cli[dedb7158eddfb269]::google_provider::{closure#0} as core[df12db4294e9bfd3]::ops::function::FnOnce<()>>::call_once
[INFO] [stdout]   13:     0x5e8fedf8316b - test[9d35eded1c95d3be]::__rust_begin_short_backtrace::<core[df12db4294e9bfd3]::result::Result<(), alloc[2182bb758b4b3781]::string::String>, fn() -> core[df12db4294e9bfd3]::result::Result<(), alloc[2182bb758b4b3781]::string::String>>
[INFO] [stdout]   14:     0x5e8fedf7f652 - test[9d35eded1c95d3be]::run_test::{closure#0}
[INFO] [stdout]   15:     0x5e8fedf7ee7c - std[70759c8f55707aa4]::sys::backtrace::__rust_begin_short_backtrace::<test[9d35eded1c95d3be]::run_test::{closure#1}, ()>
[INFO] [stdout]   16:     0x5e8fedf9920c - <std[70759c8f55707aa4]::thread::lifecycle::spawn_unchecked<test[9d35eded1c95d3be]::run_test::{closure#1}, ()>::{closure#1} as core[df12db4294e9bfd3]::ops::function::FnOnce<()>>::call_once::{shim:vtable#0}
[INFO] [stdout]   17:     0x5e8fedf6b6ea - <std[70759c8f55707aa4]::sys::thread::unix::Thread>::new::thread_start
[INFO] [stdout]   18:     0x7e1ffe58ddfa - <unknown>
[INFO] [stdout]   19:     0x7e1ffe6213d4 - clone
[INFO] [stdout]   20:                0x0 - <unknown>
[INFO] [stdout] 
[INFO] [stdout] ---- elevenlabs_provider stdout ----
[INFO] [stdout] out_dir: tests/_elevenlabs_out
[INFO] [stdout] 
[INFO] [stdout] thread 'elevenlabs_provider' (3027) panicked at tests/common/mod.rs:27:42:
[INFO] [stdout] Failed to open keys.env file: Os { code: 2, kind: NotFound, message: "No such file or directory" }
[INFO] [stdout] stack backtrace:
[INFO] [stdout]    0:     0x5e8fedf45327 - <<std[70759c8f55707aa4]::sys::backtrace::BacktraceLock>::print::DisplayBacktrace as core[df12db4294e9bfd3]::fmt::Display>::fmt
[INFO] [stdout]    1:     0x5e8fedf2a244 - core[df12db4294e9bfd3]::fmt::write
[INFO] [stdout]    2:     0x5e8fedf448eb - <alloc[2182bb758b4b3781]::vec::Vec<u8> as core[df12db4294e9bfd3]::io::write::Write>::write_fmt
[INFO] [stdout]    3:     0x5e8fedf444e9 - std[70759c8f55707aa4]::panicking::default_hook::{closure#0}
[INFO] [stdout]    4:     0x5e8fedf4416a - std[70759c8f55707aa4]::panicking::default_hook
[INFO] [stdout]    5:     0x5e8fedf43ca3 - std[70759c8f55707aa4]::panicking::panic_with_hook
[INFO] [stdout]    6:     0x5e8fedf699d1 - std[70759c8f55707aa4]::panicking::panic_handler::{closure#0}
[INFO] [stdout]    7:     0x5e8fedf69989 - std[70759c8f55707aa4]::sys::backtrace::__rust_end_short_backtrace::<std[70759c8f55707aa4]::panicking::panic_handler::{closure#0}, !>
[INFO] [stdout]    8:     0x5e8fedf69e8c - __rustc[8fa7c3cbc660c2b3]::rust_begin_unwind
[INFO] [stdout]    9:     0x5e8fedf2a0db - core[df12db4294e9bfd3]::panicking::panic_fmt
[INFO] [stdout]   10:     0x5e8fedf2d2f1 - core[df12db4294e9bfd3]::result::unwrap_failed
[INFO] [stdout]   11:     0x5e8fedf20159 - cli[dedb7158eddfb269]::common::load_key
[INFO] [stdout]   12:     0x5e8fedf21830 - <cli[dedb7158eddfb269]::elevenlabs_provider::{closure#0} as core[df12db4294e9bfd3]::ops::function::FnOnce<()>>::call_once
[INFO] [stdout]   13:     0x5e8fedf8316b - test[9d35eded1c95d3be]::__rust_begin_short_backtrace::<core[df12db4294e9bfd3]::result::Result<(), alloc[2182bb758b4b3781]::string::String>, fn() -> core[df12db4294e9bfd3]::result::Result<(), alloc[2182bb758b4b3781]::string::String>>
[INFO] [stdout]   14:     0x5e8fedf7f652 - test[9d35eded1c95d3be]::run_test::{closure#0}
[INFO] [stdout]   15:     0x5e8fedf7ee7c - std[70759c8f55707aa4]::sys::backtrace::__rust_begin_short_backtrace::<test[9d35eded1c95d3be]::run_test::{closure#1}, ()>
[INFO] [stdout]   16:     0x5e8fedf9920c - <std[70759c8f55707aa4]::thread::lifecycle::spawn_unchecked<test[9d35eded1c95d3be]::run_test::{closure#1}, ()>::{closure#1} as core[df12db4294e9bfd3]::ops::function::FnOnce<()>>::call_once::{shim:vtable#0}
[INFO] [stdout]   17:     0x5e8fedf6b6ea - <std[70759c8f55707aa4]::sys::thread::unix::Thread>::new::thread_start
[INFO] [stdout]   18:     0x7e1ffe58ddfa - <unknown>
[INFO] [stdout]   19:     0x7e1ffe6213d4 - clone
[INFO] [stdout]   20:                0x0 - <unknown>
[INFO] [stdout] 
[INFO] [stdout] ---- openai_compatible_provider stdout ----
[INFO] [stdout] out_dir: tests/_compatible_out
[INFO] [stdout] 
[INFO] [stdout] thread 'openai_compatible_provider' (3029) panicked at /rustc/dfb0accb7f508ae8be965d8629557221c889dd98/library/core/src/ops/function.rs:250:5:
[INFO] [stdout] Unexpected failure.
[INFO] [stdout] code=101
[INFO] [stdout] stderr=``````
[INFO] [stdout] 
[INFO] [stdout] thread \'main\' (3035) panicked at src/main.rs:225:39:
[INFO] [stdout] called `Result::unwrap()` on an `Err` value: Os { code: 30, kind: ReadOnlyFilesystem, message: \"Read-only file system\" }
[INFO] [stdout] stack backtrace:
[INFO] [stdout]    0:     0x589254898355 - <<std[70759c8f55707aa4]::sys::backtrace::BacktraceLock>::print::DisplayBacktrace as core[df12db4294e9bfd3]::fmt::Display>::fmt
[INFO] [stdout]    1:     0x58925470bd84 - core[df12db4294e9bfd3]::fmt::write
[INFO] [stdout]    2:     0x58925489791b - <std[70759c8f55707aa4]::sys::stdio::unix::Stderr as core[df12db4294e9bfd3]::io::write::Write>::write_fmt
[INFO] [stdout]    3:     0x58925489763c - std[70759c8f55707aa4]::panicking::panic_with_hook
[INFO] [stdout]    4:     0x5892548bcd71 - std[70759c8f55707aa4]::panicking::panic_handler::{closure#0}
[INFO] [stdout]    5:     0x5892548bcd29 - std[70759c8f55707aa4]::sys::backtrace::__rust_end_short_backtrace::<std[70759c8f55707aa4]::panicking::panic_handler::{closure#0}, !>
[INFO] [stdout]    6:     0x5892548bd22c - __rustc[8fa7c3cbc660c2b3]::rust_begin_unwind
[INFO] [stdout]    7:     0x58925470bc1b - core[df12db4294e9bfd3]::panicking::panic_fmt
[INFO] [stdout]    8:     0x589254711161 - core[df12db4294e9bfd3]::result::unwrap_failed
[INFO] [stdout]    9:     0x58925467d68f - trv[b124431f59fbe1e8]::main::{closure#0}
[INFO] [stdout]   10:     0x58925469bd89 - trv[b124431f59fbe1e8]::main
[INFO] [stdout]   11:     0x58925467267f - std[70759c8f55707aa4]::sys::backtrace::__rust_begin_short_backtrace::<fn(), ()>
[INFO] [stdout]   12:     0x5892546bc7fa - main
[INFO] [stdout]   13:     0x7344cd2c7601 - <unknown>
[INFO] [stdout]   14:     0x7344cd2c7718 - __libc_start_main
[INFO] [stdout]   15:     0x589254669725 - _start
[INFO] [stdout]   16:                0x0 - <unknown>
[INFO] [stdout] ```
[INFO] [stdout] ```
[INFO] [stdout] command=`"/opt/rustwide/target/release/trv" "--out-dir=tests/_compatible_out" "--verbose" "build" "tests/test_openai_compatible.typ"`
[INFO] [stdout] code=101
[INFO] [stdout] stdout=""
[INFO] [stdout] stderr=```
[INFO] [stdout] 
[INFO] [stdout] thread \'main\' (3035) panicked at src/main.rs:225:39:
[INFO] [stdout] called `Result::unwrap()` on an `Err` value: Os { code: 30, kind: ReadOnlyFilesystem, message: \"Read-only file system\" }
[INFO] [stdout] stack backtrace:
[INFO] [stdout]    0:     0x589254898355 - <<std[70759c8f55707aa4]::sys::backtrace::BacktraceLock>::print::DisplayBacktrace as core[df12db4294e9bfd3]::fmt::Display>::fmt
[INFO] [stdout]    1:     0x58925470bd84 - core[df12db4294e9bfd3]::fmt::write
[INFO] [stdout]    2:     0x58925489791b - <std[70759c8f55707aa4]::sys::stdio::unix::Stderr as core[df12db4294e9bfd3]::io::write::Write>::write_fmt
[INFO] [stdout]    3:     0x58925489763c - std[70759c8f55707aa4]::panicking::panic_with_hook
[INFO] [stdout]    4:     0x5892548bcd71 - std[70759c8f55707aa4]::panicking::panic_handler::{closure#0}
[INFO] [stdout]    5:     0x5892548bcd29 - std[70759c8f55707aa4]::sys::backtrace::__rust_end_short_backtrace::<std[70759c8f55707aa4]::panicking::panic_handler::{closure#0}, !>
[INFO] [stdout]    6:     0x5892548bd22c - __rustc[8fa7c3cbc660c2b3]::rust_begin_unwind
[INFO] [stdout]    7:     0x58925470bc1b - core[df12db4294e9bfd3]::panicking::panic_fmt
[INFO] [stdout]    8:     0x589254711161 - core[df12db4294e9bfd3]::result::unwrap_failed
[INFO] [stdout]    9:     0x58925467d68f - trv[b124431f59fbe1e8]::main::{closure#0}
[INFO] [stdout]   10:     0x58925469bd89 - trv[b124431f59fbe1e8]::main
[INFO] [stdout]   11:     0x58925467267f - std[70759c8f55707aa4]::sys::backtrace::__rust_begin_short_backtrace::<fn(), ()>
[INFO] [stdout]   12:     0x5892546bc7fa - main
[INFO] [stdout]   13:     0x7344cd2c7601 - <unknown>
[INFO] [stdout]   14:     0x7344cd2c7718 - __libc_start_main
[INFO] [stdout]   15:     0x589254669725 - _start
[INFO] [stdout]   16:                0x0 - <unknown>
[INFO] [stdout] ```
[INFO] [stdout] 
[INFO] [stdout] 
[INFO] [stdout] stack backtrace:
[INFO] [stdout]    0:     0x5e8fedf45327 - <<std[70759c8f55707aa4]::sys::backtrace::BacktraceLock>::print::DisplayBacktrace as core[df12db4294e9bfd3]::fmt::Display>::fmt
[INFO] [stdout]    1:     0x5e8fedf2a244 - core[df12db4294e9bfd3]::fmt::write
[INFO] [stdout]    2:     0x5e8fedf448eb - <alloc[2182bb758b4b3781]::vec::Vec<u8> as core[df12db4294e9bfd3]::io::write::Write>::write_fmt
[INFO] [stdout]    3:     0x5e8fedf444e9 - std[70759c8f55707aa4]::panicking::default_hook::{closure#0}
[INFO] [stdout]    4:     0x5e8fedf4416a - std[70759c8f55707aa4]::panicking::default_hook
[INFO] [stdout]    5:     0x5e8fedf43ca3 - std[70759c8f55707aa4]::panicking::panic_with_hook
[INFO] [stdout]    6:     0x5e8fedf699d1 - std[70759c8f55707aa4]::panicking::panic_handler::{closure#0}
[INFO] [stdout]    7:     0x5e8fedf69989 - std[70759c8f55707aa4]::sys::backtrace::__rust_end_short_backtrace::<std[70759c8f55707aa4]::panicking::panic_handler::{closure#0}, !>
[INFO] [stdout]    8:     0x5e8fedf69e8c - __rustc[8fa7c3cbc660c2b3]::rust_begin_unwind
[INFO] [stdout]    9:     0x5e8fedf2a0db - core[df12db4294e9bfd3]::panicking::panic_fmt
[INFO] [stdout]   10:     0x5e8fedf267a6 - core[df12db4294e9bfd3]::panicking::panic_display::<assert_cmd[e2bbb1a03d0085e5]::assert::AssertError>
[INFO] [stdout]   11:     0x5e8fedf26744 - <assert_cmd[e2bbb1a03d0085e5]::assert::AssertError>::panic::<assert_cmd[e2bbb1a03d0085e5]::assert::Assert>
[INFO] [stdout]   12:     0x5e8fedf29f02 - <assert_cmd[e2bbb1a03d0085e5]::assert::Assert>::success
[INFO] [stdout]   13:     0x5e8fedf22544 - <cli[dedb7158eddfb269]::openai_compatible_provider::{closure#0} as core[df12db4294e9bfd3]::ops::function::FnOnce<()>>::call_once
[INFO] [stdout]   14:     0x5e8fedf8316b - test[9d35eded1c95d3be]::__rust_begin_short_backtrace::<core[df12db4294e9bfd3]::result::Result<(), alloc[2182bb758b4b3781]::string::String>, fn() -> core[df12db4294e9bfd3]::result::Result<(), alloc[2182bb758b4b3781]::string::String>>
[INFO] [stdout]   15:     0x5e8fedf7f652 - test[9d35eded1c95d3be]::run_test::{closure#0}
[INFO] [stdout]   16:     0x5e8fedf7ee7c - std[70759c8f55707aa4]::sys::backtrace::__rust_begin_short_backtrace::<test[9d35eded1c95d3be]::run_test::{closure#1}, ()>
[INFO] [stdout]   17:     0x5e8fedf9920c - <std[70759c8f55707aa4]::thread::lifecycle::spawn_unchecked<test[9d35eded1c95d3be]::run_test::{closure#1}, ()>::{closure#1} as core[df12db4294e9bfd3]::ops::function::FnOnce<()>>::call_once::{shim:vtable#0}
[INFO] [stdout]   18:     0x5e8fedf6b6ea - <std[70759c8f55707aa4]::sys::thread::unix::Thread>::new::thread_start
[INFO] [stdout]   19:     0x7e1ffe58ddfa - <unknown>
[INFO] [stdout]   20:     0x7e1ffe6213d4 - clone
[INFO] [stdout]   21:                0x0 - <unknown>
[INFO] [stdout] 
[INFO] [stdout] ---- test_notes stdout ----
[INFO] [stdout] 
[INFO] [stdout] thread 'test_notes' (3032) panicked at /rustc/dfb0accb7f508ae8be965d8629557221c889dd98/library/core/src/ops/function.rs:250:5:
[INFO] [stdout] Unexpected failure.
[INFO] [stdout] code=101
[INFO] [stdout] stderr=``````
[INFO] [stdout] 
[INFO] [stdout] thread \'main\' (3034) panicked at src/main.rs:225:39:
[INFO] [stdout] called `Result::unwrap()` on an `Err` value: Os { code: 30, kind: ReadOnlyFilesystem, message: \"Read-only file system\" }
[INFO] [stdout] stack backtrace:
[INFO] [stdout]    0:     0x5f8cf1cc7355 - <<std[70759c8f55707aa4]::sys::backtrace::BacktraceLock>::print::DisplayBacktrace as core[df12db4294e9bfd3]::fmt::Display>::fmt
[INFO] [stdout]    1:     0x5f8cf1b3ad84 - core[df12db4294e9bfd3]::fmt::write
[INFO] [stdout]    2:     0x5f8cf1cc691b - <std[70759c8f55707aa4]::sys::stdio::unix::Stderr as core[df12db4294e9bfd3]::io::write::Write>::write_fmt
[INFO] [stdout]    3:     0x5f8cf1cc663c - std[70759c8f55707aa4]::panicking::panic_with_hook
[INFO] [stdout]    4:     0x5f8cf1cebd71 - std[70759c8f55707aa4]::panicking::panic_handler::{closure#0}
[INFO] [stdout]    5:     0x5f8cf1cebd29 - std[70759c8f55707aa4]::sys::backtrace::__rust_end_short_backtrace::<std[70759c8f55707aa4]::panicking::panic_handler::{closure#0}, !>
[INFO] [stdout]    6:     0x5f8cf1cec22c - __rustc[8fa7c3cbc660c2b3]::rust_begin_unwind
[INFO] [stdout]    7:     0x5f8cf1b3ac1b - core[df12db4294e9bfd3]::panicking::panic_fmt
[INFO] [stdout]    8:     0x5f8cf1b40161 - core[df12db4294e9bfd3]::result::unwrap_failed
[INFO] [stdout]    9:     0x5f8cf1aac68f - trv[b124431f59fbe1e8]::main::{closure#0}
[INFO] [stdout]   10:     0x5f8cf1acad89 - trv[b124431f59fbe1e8]::main
[INFO] [stdout]   11:     0x5f8cf1aa167f - std[70759c8f55707aa4]::sys::backtrace::__rust_begin_short_backtrace::<fn(), ()>
[INFO] [stdout]   12:     0x5f8cf1aeb7fa - main
[INFO] [stdout]   13:     0x73f504eb0601 - <unknown>
[INFO] [stdout]   14:     0x73f504eb0718 - __libc_start_main
[INFO] [stdout]   15:     0x5f8cf1a98725 - _start
[INFO] [stdout]   16:                0x0 - <unknown>
[INFO] [stdout] ```
[INFO] [stdout] ```
[INFO] [stdout] command=`"/opt/rustwide/target/release/trv" "notes" "tests/test_notes.typ"`
[INFO] [stdout] code=101
[INFO] [stdout] stdout=""
[INFO] [stdout] stderr=```
[INFO] [stdout] 
[INFO] [stdout] thread \'main\' (3034) panicked at src/main.rs:225:39:
[INFO] [stdout] called `Result::unwrap()` on an `Err` value: Os { code: 30, kind: ReadOnlyFilesystem, message: \"Read-only file system\" }
[INFO] [stdout] stack backtrace:
[INFO] [stdout]    0:     0x5f8cf1cc7355 - <<std[70759c8f55707aa4]::sys::backtrace::BacktraceLock>::print::DisplayBacktrace as core[df12db4294e9bfd3]::fmt::Display>::fmt
[INFO] [stdout]    1:     0x5f8cf1b3ad84 - core[df12db4294e9bfd3]::fmt::write
[INFO] [stdout]    2:     0x5f8cf1cc691b - <std[70759c8f55707aa4]::sys::stdio::unix::Stderr as core[df12db4294e9bfd3]::io::write::Write>::write_fmt
[INFO] [stdout]    3:     0x5f8cf1cc663c - std[70759c8f55707aa4]::panicking::panic_with_hook
[INFO] [stdout]    4:     0x5f8cf1cebd71 - std[70759c8f55707aa4]::panicking::panic_handler::{closure#0}
[INFO] [stdout]    5:     0x5f8cf1cebd29 - std[70759c8f55707aa4]::sys::backtrace::__rust_end_short_backtrace::<std[70759c8f55707aa4]::panicking::panic_handler::{closure#0}, !>
[INFO] [stdout]    6:     0x5f8cf1cec22c - __rustc[8fa7c3cbc660c2b3]::rust_begin_unwind
[INFO] [stdout]    7:     0x5f8cf1b3ac1b - core[df12db4294e9bfd3]::panicking::panic_fmt
[INFO] [stdout]    8:     0x5f8cf1b40161 - core[df12db4294e9bfd3]::result::unwrap_failed
[INFO] [stdout]    9:     0x5f8cf1aac68f - trv[b124431f59fbe1e8]::main::{closure#0}
[INFO] [stdout]   10:     0x5f8cf1acad89 - trv[b124431f59fbe1e8]::main
[INFO] [stdout]   11:     0x5f8cf1aa167f - std[70759c8f55707aa4]::sys::backtrace::__rust_begin_short_backtrace::<fn(), ()>
[INFO] [stdout]   12:     0x5f8cf1aeb7fa - main
[INFO] [stdout]   13:     0x73f504eb0601 - <unknown>
[INFO] [stdout]   14:     0x73f504eb0718 - __libc_start_main
[INFO] [stdout]   15:     0x5f8cf1a98725 - _start
[INFO] [stdout]   16:                0x0 - <unknown>
[INFO] [stdout] ```
[INFO] [stdout] 
[INFO] [stdout] 
[INFO] [stdout] stack backtrace:
[INFO] [stdout]    0:     0x5e8fedf45327 - <<std[70759c8f55707aa4]::sys::backtrace::BacktraceLock>::print::DisplayBacktrace as core[df12db4294e9bfd3]::fmt::Display>::fmt
[INFO] [stdout]    1:     0x5e8fedf2a244 - core[df12db4294e9bfd3]::fmt::write
[INFO] [stdout]    2:     0x5e8fedf448eb - <alloc[2182bb758b4b3781]::vec::Vec<u8> as core[df12db4294e9bfd3]::io::write::Write>::write_fmt
[INFO] [stdout]    3:     0x5e8fedf444e9 - std[70759c8f55707aa4]::panicking::default_hook::{closure#0}
[INFO] [stdout]    4:     0x5e8fedf4416a - std[70759c8f55707aa4]::panicking::default_hook
[INFO] [stdout]    5:     0x5e8fedf43ca3 - std[70759c8f55707aa4]::panicking::panic_with_hook
[INFO] [stdout]    6:     0x5e8fedf699d1 - std[70759c8f55707aa4]::panicking::panic_handler::{closure#0}
[INFO] [stdout]    7:     0x5e8fedf69989 - std[70759c8f55707aa4]::sys::backtrace::__rust_end_short_backtrace::<std[70759c8f55707aa4]::panicking::panic_handler::{closure#0}, !>
[INFO] [stdout]    8:     0x5e8fedf69e8c - __rustc[8fa7c3cbc660c2b3]::rust_begin_unwind
[INFO] [stdout]    9:     0x5e8fedf2a0db - core[df12db4294e9bfd3]::panicking::panic_fmt
[INFO] [stdout]   10:     0x5e8fedf267a6 - core[df12db4294e9bfd3]::panicking::panic_display::<assert_cmd[e2bbb1a03d0085e5]::assert::AssertError>
[INFO] [stdout]   11:     0x5e8fedf26744 - <assert_cmd[e2bbb1a03d0085e5]::assert::AssertError>::panic::<assert_cmd[e2bbb1a03d0085e5]::assert::Assert>
[INFO] [stdout]   12:     0x5e8fedf29f02 - <assert_cmd[e2bbb1a03d0085e5]::assert::Assert>::success
[INFO] [stdout]   13:     0x5e8fedf21290 - <cli[dedb7158eddfb269]::test_notes::{closure#0} as core[df12db4294e9bfd3]::ops::function::FnOnce<()>>::call_once
[INFO] [stdout]   14:     0x5e8fedf8316b - test[9d35eded1c95d3be]::__rust_begin_short_backtrace::<core[df12db4294e9bfd3]::result::Result<(), alloc[2182bb758b4b3781]::string::String>, fn() -> core[df12db4294e9bfd3]::result::Result<(), alloc[2182bb758b4b3781]::string::String>>
[INFO] [stdout]   15:     0x5e8fedf7f652 - test[9d35eded1c95d3be]::run_test::{closure#0}
[INFO] [stdout]   16:     0x5e8fedf7ee7c - std[70759c8f55707aa4]::sys::backtrace::__rust_begin_short_backtrace::<test[9d35eded1c95d3be]::run_test::{closure#1}, ()>
[INFO] [stdout]   17:     0x5e8fedf9920c - <std[70759c8f55707aa4]::thread::lifecycle::spawn_unchecked<test[9d35eded1c95d3be]::run_test::{closure#1}, ()>::{closure#1} as core[df12db4294e9bfd3]::ops::function::FnOnce<()>>::call_once::{shim:vtable#0}
[INFO] [stdout]   18:     0x5e8fedf6b6ea - <std[70759c8f55707aa4]::sys::thread::unix::Thread>::new::thread_start
[INFO] [stdout]   19:     0x7e1ffe58ddfa - <unknown>
[INFO] [stdout]   20:     0x7e1ffe6213d4 - clone
[INFO] [stdout]   21:                0x0 - <unknown>
[INFO] [stdout] 
[INFO] [stdout] 
[INFO] [stdout] failures:
[INFO] [stdout]     elevenlabs_provider
[INFO] [stdout]     google_provider
[INFO] [stdout]     openai_compatible_provider
[INFO] [stdout]     test_cache
[INFO] [stdout]     test_duration_matches
[INFO] [stdout]     test_notes
[INFO] [stdout] 
[INFO] [stdout] test result: FAILED. 1 passed; 6 failed; 0 ignored; 0 measured; 0 filtered out; finished in 0.04s
[INFO] [stdout] 
[INFO] [stderr] error: test failed, to rerun pass `--test cli`
[INFO] running `Command { std: "docker" "inspect" "2a9495af6c1854c69b48e97a1d3d75d49a7b205acc3dd2a732c20b6f42c44c34", kill_on_drop: false }`
[INFO] running `Command { std: "docker" "rm" "-f" "2a9495af6c1854c69b48e97a1d3d75d49a7b205acc3dd2a732c20b6f42c44c34", kill_on_drop: false }`
[INFO] [stdout] 2a9495af6c1854c69b48e97a1d3d75d49a7b205acc3dd2a732c20b6f42c44c34
