[INFO] fetching crate trusty-agents-common 0.9.2...
[INFO] testing trusty-agents-common-0.9.2 against 1.99.0-beta.8+cargoflags=--release for beta-release-1.100-2
[INFO] extracting crate trusty-agents-common 0.9.2 into /workspace/builds/worker-2-tc1/source
[INFO] started tweaking crates.io crate trusty-agents-common 0.9.2
[INFO] finished tweaking crates.io crate trusty-agents-common 0.9.2
[INFO] tweaked toml for crates.io crate trusty-agents-common 0.9.2 written to /workspace/builds/worker-2-tc1/source/Cargo.toml
[INFO] validating manifest of crates.io crate trusty-agents-common 0.9.2 on toolchain 1.99.0-beta.8
[INFO] running `Command { std: CARGO_HOME="/workspace/cargo-home" RUSTUP_HOME="/workspace/rustup-home" "/workspace/cargo-home/bin/cargo" "+1.99.0-beta.8" "metadata" "--manifest-path" "Cargo.toml" "--no-deps", kill_on_drop: false }`
[INFO] crate crates.io crate trusty-agents-common 0.9.2 already has a lockfile, it will not be regenerated
[INFO] running `Command { std: CARGO_HOME="/workspace/cargo-home" RUSTUP_HOME="/workspace/rustup-home" "/workspace/cargo-home/bin/cargo" "+1.99.0-beta.8" "fetch" "--manifest-path" "Cargo.toml", kill_on_drop: false }`
[INFO] [stderr]     Updating crates.io index
[INFO] [stderr]     Blocking waiting for file lock on package cache
[INFO] [stderr]  Downloading crates ...
[INFO] [stderr]   Downloaded windows-interface v0.57.0
[INFO] [stderr]   Downloaded windows-implement v0.57.0
[INFO] [stderr]   Downloaded wasm-bindgen-futures v0.4.71
[INFO] [stderr]   Downloaded fd-lock v4.0.4
[INFO] [stderr]   Downloaded serial_test_derive v3.4.0
[INFO] [stderr]   Downloaded serial_test v3.4.0
[INFO] [stderr]   Downloaded fslock v0.2.1
[INFO] [stderr]   Downloaded sysinfo v0.33.1
[INFO] [stderr]   Downloaded sdd v3.0.10
[INFO] [stderr]   Downloaded uuid v1.23.1
[INFO] [stderr]   Downloaded windows-core v0.57.0
[INFO] [stderr]   Downloaded scc v2.4.0
[INFO] [stderr]   Downloaded quinn-proto v0.11.16
[INFO] [stderr]   Downloaded web-sys v0.3.98
[INFO] [stderr]   Downloaded trusty-common v0.55.2
[INFO] [stderr]   Downloaded windows v0.57.0
[INFO] running `Command { std: "docker" "create" "-v" "/var/lib/crater-agent-workspace/builds/worker-2-tc1/source:/opt/rustwide/workdir:ro,Z" "-v" "/var/lib/crater-agent-workspace/builds/worker-2-tc1/target:/opt/rustwide/target:rw,Z" "-v" "/var/lib/crater-agent-workspace/cargo-home:/opt/rustwide/cargo-home:ro,Z" "-v" "/var/lib/crater-agent-workspace/rustup-home:/opt/rustwide/rustup-home:ro,Z" "-m" "1610612736" "--network" "none" "ghcr.io/rust-lang/crates-build-env/linux@sha256:77db811e55d90add9212f6832c23229e3de5f1c1f9905e8cb07319ea15df73ac" "sleep" "infinity", kill_on_drop: false }`
[INFO] [stdout] f1f4ec7bda248b44a472789061441697846fde8830bfb26fe6bd2ab65d4bfac2
[INFO] running `Command { std: "docker" "start" "f1f4ec7bda248b44a472789061441697846fde8830bfb26fe6bd2ab65d4bfac2", kill_on_drop: false }`
[INFO] running `Command { std: "docker" "inspect" "f1f4ec7bda248b44a472789061441697846fde8830bfb26fe6bd2ab65d4bfac2", kill_on_drop: false }`
[INFO] running `Command { std: "docker" "exec" "-e" "SOURCE_DIR=/opt/rustwide/workdir" "-e" "CARGO_HOME=/opt/rustwide/cargo-home" "-e" "RUSTUP_HOME=/opt/rustwide/rustup-home" "-e" "CARGO_TARGET_DIR=/opt/rustwide/target" "-w" "/opt/rustwide/workdir" "--user" "0:0" "f1f4ec7bda248b44a472789061441697846fde8830bfb26fe6bd2ab65d4bfac2" "/opt/rustwide/cargo-home/bin/cargo" "+1.99.0-beta.8" "metadata" "--no-deps" "--format-version=1", kill_on_drop: false }`
[INFO] running `Command { std: "docker" "inspect" "f1f4ec7bda248b44a472789061441697846fde8830bfb26fe6bd2ab65d4bfac2", kill_on_drop: false }`
[INFO] running `Command { std: "docker" "exec" "-e" "SOURCE_DIR=/opt/rustwide/workdir" "-e" "CARGO_HOME=/opt/rustwide/cargo-home" "-e" "RUSTUP_HOME=/opt/rustwide/rustup-home" "-e" "CARGO_TARGET_DIR=/opt/rustwide/target" "-e" "CARGO_INCREMENTAL=0" "-e" "RUST_BACKTRACE=full" "-e" "RUSTFLAGS=--cap-lints=warn" "-e" "RUSTDOCFLAGS=--cap-lints=warn" "-w" "/opt/rustwide/workdir" "--user" "0:0" "f1f4ec7bda248b44a472789061441697846fde8830bfb26fe6bd2ab65d4bfac2" "/opt/rustwide/cargo-home/bin/cargo" "+1.99.0-beta.8" "build" "--frozen" "--message-format=json" "--release", kill_on_drop: false }`
[INFO] [stderr]    Compiling syn v2.0.117
[INFO] [stderr]    Compiling stable_deref_trait v1.2.1
[INFO] [stderr]    Compiling serde v1.0.228
[INFO] [stderr]    Compiling litemap v0.8.2
[INFO] [stderr]    Compiling serde_core v1.0.228
[INFO] [stderr]    Compiling cc v1.2.62
[INFO] [stderr]    Compiling writeable v0.6.3
[INFO] [stderr]    Compiling memchr v2.8.0
[INFO] [stderr]    Compiling icu_normalizer_data v2.2.0
[INFO] [stderr]    Compiling icu_properties_data v2.2.0
[INFO] [stderr]    Compiling http v1.4.0
[INFO] [stderr]    Compiling socket2 v0.6.3
[INFO] [stderr]    Compiling mio v1.2.0
[INFO] [stderr]    Compiling zeroize v1.8.2
[INFO] [stderr]    Compiling percent-encoding v2.3.2
[INFO] [stderr]    Compiling getrandom v0.2.17
[INFO] [stderr]    Compiling untrusted v0.9.0
[INFO] [stderr]    Compiling slab v0.4.12
[INFO] [stderr]    Compiling bitflags v2.13.1
[INFO] [stderr]    Compiling rustls-pki-types v1.14.1
[INFO] [stderr]    Compiling rustls v0.23.45
[INFO] [stderr]    Compiling typenum v1.20.0
[INFO] [stderr]    Compiling form_urlencoded v1.2.2
[INFO] [stderr]    Compiling regex-syntax v0.8.10
[INFO] [stderr]    Compiling autocfg v1.5.0
[INFO] [stderr]    Compiling subtle v2.6.1
[INFO] [stderr]    Compiling sync_wrapper v1.0.2
[INFO] [stderr]    Compiling log v0.4.29
[INFO] [stderr]    Compiling rustix v1.1.4
[INFO] [stderr]    Compiling tower-layer v0.3.3
[INFO] [stderr]    Compiling anyhow v1.0.102
[INFO] [stderr]    Compiling option-ext v0.2.0
[INFO] [stderr]    Compiling webpki-roots v1.0.7
[INFO] [stderr]    Compiling dirs-sys v0.4.1
[INFO] [stderr]    Compiling tracing-log v0.2.0
[INFO] [stderr]    Compiling filetime v0.2.29
[INFO] [stderr]    Compiling num-traits v0.2.19
[INFO] [stderr]    Compiling iana-time-zone v0.1.65
[INFO] [stderr]    Compiling sha1_smol v1.0.1
[INFO] [stderr]    Compiling trusty-common v0.55.2
[INFO] [stderr]    Compiling aho-corasick v1.1.4
[INFO] [stderr]    Compiling sysinfo v0.33.1
[INFO] [stderr]    Compiling dirs v5.0.1
[INFO] [stderr]    Compiling colored v2.2.0
[INFO] [stderr]    Compiling unsafe-libyaml v0.2.11
[INFO] [stderr]    Compiling generic-array v0.14.7
[INFO] [stderr]    Compiling ring v0.17.14
[INFO] [stderr]    Compiling http-body v1.0.1
[INFO] [stderr]    Compiling http-body-util v0.1.3
[INFO] [stderr]    Compiling crypto-common v0.1.7
[INFO] [stderr]    Compiling block-buffer v0.10.4
[INFO] [stderr]    Compiling digest v0.10.7
[INFO] [stderr]    Compiling sha2 v0.10.9
[INFO] [stderr]    Compiling regex-automata v0.4.14
[INFO] [stderr]    Compiling xattr v1.6.1
[INFO] [stderr]    Compiling tar v0.4.46
[INFO] [stderr]    Compiling fd-lock v4.0.4
[INFO] [stderr]    Compiling serde_json v1.0.150
[INFO] [stderr]    Compiling uuid v1.23.1
[INFO] [stderr]    Compiling synstructure v0.13.2
[INFO] [stderr]    Compiling zerofrom-derive v0.1.7
[INFO] [stderr]    Compiling yoke-derive v0.8.2
[INFO] [stderr]    Compiling zerovec-derive v0.11.3
[INFO] [stderr]    Compiling displaydoc v0.2.5
[INFO] [stderr]    Compiling tokio-macros v2.7.0
[INFO] [stderr]    Compiling serde_derive v1.0.228
[INFO] [stderr]    Compiling futures-macro v0.3.32
[INFO] [stderr]    Compiling tracing-attributes v0.1.31
[INFO] [stderr]    Compiling thiserror-impl v1.0.69
[INFO] [stderr]    Compiling async-trait v0.1.89
[INFO] [stderr]    Compiling futures-util v0.3.32
[INFO] [stderr]    Compiling tokio v1.52.3
[INFO] [stderr]    Compiling tracing v0.1.44
[INFO] [stderr]    Compiling zerofrom v0.1.8
[INFO] [stderr]    Compiling yoke v0.8.2
[INFO] [stderr]    Compiling thiserror v1.0.69
[INFO] [stderr]    Compiling zerovec v0.11.6
[INFO] [stderr]    Compiling zerotrie v0.2.4
[INFO] [stderr]    Compiling tinystr v0.8.3
[INFO] [stderr]    Compiling potential_utf v0.1.5
[INFO] [stderr]    Compiling icu_collections v2.2.0
[INFO] [stderr]    Compiling icu_locale_core v2.2.0
[INFO] [stderr]    Compiling matchers v0.2.0
[INFO] [stderr]    Compiling regex v1.12.3
[INFO] [stderr]    Compiling tracing-subscriber v0.3.23
[INFO] [stderr]    Compiling icu_provider v2.2.0
[INFO] [stderr]    Compiling icu_normalizer v2.2.0
[INFO] [stderr]    Compiling icu_properties v2.2.0
[INFO] [stderr]    Compiling toml_datetime v0.6.11
[INFO] [stderr]    Compiling serde_spanned v0.6.9
[INFO] [stderr]    Compiling serde_urlencoded v0.7.1
[INFO] [stderr]    Compiling chrono v0.4.44
[INFO] [stderr]    Compiling serde_yaml v0.9.34+deprecated
[INFO] [stderr]    Compiling toml_edit v0.22.27
[INFO] [stderr]    Compiling idna_adapter v1.2.2
[INFO] [stderr]    Compiling idna v1.1.0
[INFO] [stderr]    Compiling url v2.5.8
[INFO] [stderr]    Compiling toml v0.8.23
[INFO] [stderr]    Compiling hyper v1.9.0
[INFO] [stderr]    Compiling tower v0.5.3
[INFO] [stderr]    Compiling tokio-util v0.7.18
[INFO] [stderr]    Compiling rustls-webpki v0.103.15
[INFO] [stderr]    Compiling tower-http v0.6.11
[INFO] [stderr]    Compiling hyper-util v0.1.20
[INFO] [stderr]    Compiling tokio-rustls v0.26.4
[INFO] [stderr]    Compiling hyper-rustls v0.27.9
[INFO] [stderr]    Compiling reqwest v0.12.28
[INFO] [stderr]    Compiling trusty-agents-common v0.9.2 (/opt/rustwide/workdir)
[INFO] [stderr]     Finished `release` profile [optimized] target(s) in 2m 22s
[INFO] running `Command { std: "docker" "inspect" "f1f4ec7bda248b44a472789061441697846fde8830bfb26fe6bd2ab65d4bfac2", kill_on_drop: false }`
[INFO] running `Command { std: "docker" "exec" "-e" "SOURCE_DIR=/opt/rustwide/workdir" "-e" "CARGO_HOME=/opt/rustwide/cargo-home" "-e" "RUSTUP_HOME=/opt/rustwide/rustup-home" "-e" "CARGO_TARGET_DIR=/opt/rustwide/target" "-e" "CARGO_INCREMENTAL=0" "-e" "RUST_BACKTRACE=full" "-e" "RUSTFLAGS=--cap-lints=warn" "-e" "RUSTDOCFLAGS=--cap-lints=warn" "-w" "/opt/rustwide/workdir" "--user" "0:0" "f1f4ec7bda248b44a472789061441697846fde8830bfb26fe6bd2ab65d4bfac2" "/opt/rustwide/cargo-home/bin/cargo" "+1.99.0-beta.8" "test" "--frozen" "--no-run" "--message-format=json" "--release", kill_on_drop: false }`
[INFO] [stderr]    Compiling tokio-util v0.7.18
[INFO] [stderr]    Compiling sdd v3.0.10
[INFO] [stderr]    Compiling futures-executor v0.3.32
[INFO] [stderr]    Compiling fslock v0.2.1
[INFO] [stderr]    Compiling serial_test_derive v3.4.0
[INFO] [stderr]    Compiling tempfile v3.27.0
[INFO] [stderr]    Compiling scc v2.4.0
[INFO] [stderr]    Compiling reqwest v0.12.28
[INFO] [stderr]    Compiling tokio-stream v0.1.18
[INFO] [stderr]    Compiling serial_test v3.4.0
[INFO] [stderr]    Compiling trusty-common v0.55.2
[INFO] [stderr]    Compiling trusty-agents-common v0.9.2 (/opt/rustwide/workdir)
[INFO] [stderr]     Finished `release` profile [optimized] target(s) in 1m 01s
[INFO] running `Command { std: "docker" "inspect" "f1f4ec7bda248b44a472789061441697846fde8830bfb26fe6bd2ab65d4bfac2", kill_on_drop: false }`
[INFO] running `Command { std: "docker" "exec" "-e" "SOURCE_DIR=/opt/rustwide/workdir" "-e" "CARGO_HOME=/opt/rustwide/cargo-home" "-e" "RUSTUP_HOME=/opt/rustwide/rustup-home" "-e" "CARGO_TARGET_DIR=/opt/rustwide/target" "-e" "CARGO_INCREMENTAL=0" "-e" "RUST_BACKTRACE=full" "-e" "RUSTFLAGS=--cap-lints=warn" "-e" "RUSTDOCFLAGS=--cap-lints=warn" "-w" "/opt/rustwide/workdir" "--user" "0:0" "f1f4ec7bda248b44a472789061441697846fde8830bfb26fe6bd2ab65d4bfac2" "/opt/rustwide/cargo-home/bin/cargo" "+1.99.0-beta.8" "test" "--frozen" "--release", kill_on_drop: false }`
[INFO] [stderr]     Finished `release` profile [optimized] target(s) in 0.24s
[INFO] [stderr]      Running unittests src/lib.rs (/opt/rustwide/target/release/deps/trusty_agents_common-30f3fae26648f7b3)
[INFO] [stdout] 
[INFO] [stdout] running 630 tests
[INFO] [stdout] test adapters::codex::tests::detects_codex_cli ... ok
[INFO] [stdout] test adapters::codex::tests::does_not_match_unrelated_output ... ok
[INFO] [stdout] test adapters::claude_code::tests::observe_working_on_glyph ... ok
[INFO] [stdout] test adapters::augment::tests::detects_auggie ... ok
[INFO] [stdout] test adapters::augment::tests::does_not_match_unrelated_output ... ok
[INFO] [stdout] test adapters::claude_code::tests::does_not_match_unrelated_output ... ok
[INFO] [stdout] test adapters::claude_code::tests::detects_claude_code_banner ... ok
[INFO] [stdout] test adapters::codex::tests::observe_idle ... ok
[INFO] [stdout] test adapters::claude_mpm::tests::observe_working_on_thinking ... ok
[INFO] [stdout] test adapters::claude_mpm::tests::observe_idle_on_pm_ready ... ok
[INFO] [stdout] test adapters::claude_code::tests::no_pause_resume ... ok
[INFO] [stdout] test adapters::patterns::tests::test_any_match ... ok
[INFO] [stdout] test adapters::claude_mpm::tests::pause_resume_commands_present ... ok
[INFO] [stdout] test adapters::patterns::tests::test_best_match_picks_highest_confidence ... ok
[INFO] [stdout] test adapters::claude_mpm::tests::does_not_match_unrelated_output ... ok
[INFO] [stdout] test adapters::claude_mpm::tests::detects_via_idle_pattern_after_brand_scrolled_off ... ok
[INFO] [stdout] test adapters::claude_mpm::tests::detects_pm_ready_with_high_confidence ... ok
[INFO] [stdout] test adapters::gemini::tests::detects_gemini_code ... ok
[INFO] [stdout] test adapters::gemini::tests::does_not_match_unrelated ... ok
[INFO] [stdout] test adapters::registry::tests::default_registry_detects_claude_mpm ... ok
[INFO] [stdout] test adapters::registry::tests::detect_no_match_falls_back_to_shell ... ok
[INFO] [stdout] test adapters::registry::tests::default_registry_lists_all_adapters ... ok
[INFO] [stdout] test adapters::trusty_agents_adapter::tests::detects_ctrl_prompt_alone ... ok
[INFO] [stdout] test adapters::trusty_agents_adapter::tests::detects_legacy_banner_compat ... ok
[INFO] [stdout] test adapters::trusty_agents_adapter::tests::detects_trusty_agents_banner ... ok
[INFO] [stdout] test adapters::trusty_agents_adapter::tests::does_not_match_unrelated ... ok
[INFO] [stdout] test adapters::patterns::tests::test_pattern_matches ... ok
[INFO] [stdout] test adapters::registry::tests::detect_picks_highest_confidence_match ... ok
[INFO] [stdout] test adapters::registry::tests::empty_registry_falls_back_to_shell ... ok
[INFO] [stdout] test adapters::registry::tests::default_registry_detects_claude_code ... ok
[INFO] [stdout] test adapters::registry::tests::register_and_get ... ok
[INFO] [stdout] test adapters::registry::tests::default_registry_falls_back_to_shell_for_plain_prompt ... ok
[INFO] [stdout] test adapters::shell::tests::falls_back_for_arbitrary_text ... ok
[INFO] [stdout] test adapters::shell::tests::observe_idle_on_dollar_prompt ... ok
[INFO] [stdout] test adapters::patterns::tests::test_pattern_captures ... ok
[INFO] [stdout] test agent_content::tests::a_roster_without_the_foundation_file_is_an_error ... ok
[INFO] [stdout] test adapters::shell::tests::detects_bash_prompt ... ok
[INFO] [stdout] test agent_content::tests::not_installed_names_tm_content_install ... ok
[INFO] [stdout] test agent_content::tests::an_empty_roster_is_an_error ... ok
[INFO] [stdout] test agent_content::tests::an_invalid_file_names_both_remedies ... ok
[INFO] [stdout] test agent_content::tests::only_a_not_installed_error_is_claimed ... ok
[INFO] [stdout] test agent_content::tests::engineer_assets_name_no_repo_specific_doc_gate_script ... FAILED
[INFO] [stdout] test agent_content::tests::credential_switching_is_forbidden_in_the_shipped_assets ... FAILED
[INFO] [stdout] test agent_content::tests::ticketing_and_version_control_are_not_haiku ... FAILED
[INFO] [stdout] test agent_content::tests::the_repository_roster_carries_every_agent ... FAILED
[INFO] [stdout] test agent_content::tests::a_stale_checkout_names_git_pull_not_tm_content_update ... ok
[INFO] [stdout] test agent_content::tests::vercel_env_listing_prints_names_only ... FAILED
[INFO] [stdout] test agent_content::tests::general_purpose_assets_state_no_repo_specific_literal ... FAILED
[INFO] [stdout] test agent_content::tests::base_templates_travel_with_the_roster ... FAILED
[INFO] [stdout] test agents::agent_schema::tests::each_claude_mpm_marker_is_recognised_alone ... ok
[INFO] [stdout] test agent_content::tests::regression_proof_reverts_against_the_pre_fix_commit ... FAILED
[INFO] [stdout] test agents::agent_schema::tests::keys_are_declaration_ordered ... ok
[INFO] [stdout] test agents::agent_schema::tests::keys_require_a_closing_fence ... ok
[INFO] [stdout] test agent_content::tests::ops_agents_state_the_non_printing_credential_forms ... FAILED
[INFO] [stdout] test agent_content::tests::self_analysis_reporting_ships_in_the_base_agent ... FAILED
[INFO] [stdout] test agents::agent_schema::tests::initial_prompt_alone_is_not_foreign ... ok
[INFO] [stdout] test agent_content::tests::require_names_the_missing_file ... FAILED
[INFO] [stdout] test agent_content::tests::materialize_writes_every_roster_file ... FAILED
[INFO] [stdout] test agents::agent_schema::tests::keys_require_a_leading_fence ... ok
[INFO] [stdout] test agents::agent_schema::tests::composed_agent_keeps_metadata_version_and_classifies_as_trusty_mpm ... ok
[INFO] [stdout] test agent_content::tests::credential_rule_points_at_the_per_repo_identity_route ... FAILED
[INFO] [stdout] test agents::agent_schema::tests::schema_of_a_minimal_hand_authored_file_with_no_exotic_key ... ok
[INFO] [stdout] test agents::agent_schema::tests::schema_of_a_source_file_with_extends ... ok
[INFO] [stdout] test agents::agent_schema::tests::schema_of_a_claude_mpm_agent ... ok
[INFO] [stdout] test agents::agent_schema::tests::schema_of_a_hand_authored_file ... ok
[INFO] [stdout] test agents::agent_schema::tests::schema_of_a_composed_trusty_mpm_agent ... ok
[INFO] [stdout] test agents::agent_schema::tests::keys_skip_block_list_items ... ok
[INFO] [stdout] test agent_content::tests::wait_exit_codes_and_improvement_block_headings_are_resident ... FAILED
[INFO] [stdout] test agents::agent_schema::tests::schema_of_a_legacy_claude_mpm_agent ... ok
[INFO] [stdout] test agents::agent_schema::tests::pinned_to_the_composer_emission ... ok
[INFO] [stdout] test agents::agent_schema::tests::the_body_marker_is_what_separates_composed_from_hand_authored ... ok
[INFO] [stdout] test agents::agent_schema::tests::schema_of_an_unterminated_block_is_unrecognized ... ok
[INFO] [stdout] test agents::agent_schema::tests::the_two_vocabularies_do_not_overlap ... ok
[INFO] [stdout] test agents::agent_schema::tests::schema_rejects_an_unknown_key_even_with_a_composed_body ... ok
[INFO] [stdout] test agents::agent_schema::tests::schema_requires_name ... ok
[INFO] [stdout] test agents::builder::tests::agent_type_is_parsed_but_never_emitted ... ok
[INFO] [stdout] test agents::builder::tests::compose_agent_empty_block_style_skills_omits_the_key ... ok
[INFO] [stdout] test agents::builder::tests::compose_agent_empty_skills_array_omits_the_key ... ok
[INFO] [stdout] test agents::builder::tests::absent_provenance_emits_no_line ... ok
[INFO] [stdout] test agents::builder::tests::bedrock_model_id_round_trips ... ok
[INFO] [stdout] test agents::builder::tests::compose_agent_declares_skills_inline_array ... ok
[INFO] [stdout] test agents::agent_schema::tests::schema_requires_role ... ok
[INFO] [stdout] test agents::agent_schema::tests::schema_without_frontmatter_is_unrecognized ... ok
[INFO] [stdout] test agent_content::tests::worktree_removal_is_the_pms_in_the_shipped_base_agent ... FAILED
[INFO] [stdout] test agent_content::tests::an_unverifiable_bundle_is_a_content_error ... ok
[INFO] [stdout] test agents::agent_schema::tests::colliding_names_are_separated_only_by_schema ... ok
[INFO] [stdout] test agents::agent_schema::tests::composed_marker_survives_composition ... ok
[INFO] [stdout] test agents::builder::tests::compose_agent_block_style_skills_survives_inheritance ... ok
[INFO] [stdout] test agents::builder::tests::case_insensitive_resolve_via_map ... ok
[INFO] [stdout] test agents::builder::tests::compose_agent_with_no_skills_omits_the_key ... ok
[INFO] [stdout] test agents::builder::tests::compose_engineer_chain ... ok
[INFO] [stdout] test agents::builder::tests::compose_with_provenance_overrides_a_source_declaration ... ok
[INFO] [stdout] test agents::builder::tests::compose_missing_agent ... ok
[INFO] [stdout] test agents::builder::tests::compose_agent_parses_block_style_skills_list ... ok
[INFO] [stdout] test agents::builder::tests::compose_base_only ... ok
[INFO] [stdout] test agents::builder::tests::depth_exceeded ... ok
[INFO] [stdout] test agents::builder::tests::compose_description_with_colon_is_quoted_and_strict_yaml_valid ... ok
[INFO] [stdout] test agents::builder::tests::compose_description_with_mid_string_hash_is_quoted_and_survives_verbatim ... ok
[INFO] [stdout] test agents::builder::tests::compose_with_provenance_stamps_the_field ... ok
[INFO] [stdout] test agents::builder::tests::compose_agent_block_style_skills_with_trailing_content ... ok
[INFO] [stdout] test agents::builder::tests::initial_prompt_explicit_wins ... ok
[INFO] [stdout] test agents::builder::tests::compose_agent_matches_sibling_2890_code_critic_fixture ... ok
[INFO] [stdout] test agents::builder::tests::description_with_embedded_newline_round_trips ... ok
[INFO] [stdout] test agents::builder::tests::initial_prompt_role_default_round_trips ... ok
[INFO] [stdout] test agents::builder::tests::cycle_detection ... ok
[INFO] [stdout] test agents::builder::tests::compose_description_without_colon_is_unquoted ... ok
[INFO] [stdout] test agents::builder::tests::initial_prompt_role_qa_and_ops ... ok
[INFO] [stdout] test agents::builder::tests::max_tokens_parses_from_frontmatter ... ok
[INFO] [stdout] test agents::builder::tests::initial_prompt_excluded_role ... ok
[INFO] [stdout] test agents::builder::tests::initial_prompt_with_embedded_quote_round_trips ... ok
[INFO] [stdout] test agents::builder::tests::enrichment_survives_inheritance_chain ... ok
[INFO] [stdout] test agents::builder::tests::metadata_child_wins_across_chain ... ok
[INFO] [stdout] test agents::builder::tests::initial_prompt_with_backslash_round_trips ... ok
[INFO] [stdout] test agents::builder::tests::initial_prompt_injected_by_role ... ok
[INFO] [stdout] test agents::builder::tests::metadata_block_parsed_merged_and_emitted ... ok
[INFO] [stdout] test agents::builder::tests::explicit_model_wins_over_tier ... ok
[INFO] [stdout] test agents::builder::tests::metadata_flow_form_is_parsed ... ok
[INFO] [stdout] test agents::builder::tests::needs_quoting_indicator_characters ... ok
[INFO] [stdout] test agents::builder::tests::metadata_non_map_value_is_rejected ... ok
[INFO] [stdout] test agents::builder::tests::max_tokens_child_wins_across_chain ... ok
[INFO] [stdout] test agents::builder::tests::max_tokens_unset_child_inherits_parent ... ok
[INFO] [stdout] test adapters::registry::tests::default_registry_detects_codex ... ok
[INFO] [stdout] test agents::builder::tests::missing_parent_is_not_found ... ok
[INFO] [stdout] test agents::builder::tests::needs_quoting_true_for_mid_string_hash_comment ... ok
[INFO] [stdout] test agents::builder::tests::provenance_child_wins_across_chain ... ok
[INFO] [stdout] test agents::builder::tests::provenance_parsed_merged_and_emitted ... ok
[INFO] [stdout] test agents::builder::tests::max_tokens_malformed_value_is_dropped_not_panicking ... ok
[INFO] [stdout] test agents::builder::tests::needs_quoting_false_for_plain_value ... ok
[INFO] [stdout] test agents::builder::tests::needs_quoting_true_for_embedded_newline ... ok
[INFO] [stdout] test agents::builder::tests::needs_quoting_true_for_empty ... ok
[INFO] [stdout] test agents::builder::tests::needs_quoting_true_for_leading_and_trailing_whitespace ... ok
[INFO] [stdout] test agents::builder::tests::needs_quoting_true_for_colon_space ... ok
[INFO] [stdout] test agents::builder::tests::skills_deduplicated_across_chain ... ok
[INFO] [stdout] test agents::builder::tests::no_max_tokens_no_tools_agent_composes_unchanged ... ok
[INFO] [stdout] test agents::builder::tests::no_tier_no_model_emits_no_model ... ok
[INFO] [stdout] test agents::builder::tests::needs_quoting_true_for_null_tokens ... ok
[INFO] [stdout] test agents::builder::tests::timestamp_value_round_trips ... ok
[INFO] [stdout] test agents::builder::tests::skills_malformed_inline_value_never_errors ... ok
[INFO] [stdout] test agents::builder::tests::tcode_tools_parses_and_overrides_independently_of_tools ... ok
[INFO] [stdout] test agents::builder::tests::skills_union_across_chain ... ok
[INFO] [stdout] test agents::builder::tests::tier_lightweight_maps_to_haiku ... ok
[INFO] [stdout] test agents::builder::tests::tools_empty_list_overrides_to_deny_all ... ok
[INFO] [stdout] test agents::builder::tests::source_chain_base_only ... ok
[INFO] [stdout] test agents::builder::tests::tier_high_and_standard_map_to_sonnet ... ok
[INFO] [stdout] test agents::builder::tests::tier_unknown_falls_back_to_sonnet ... ok
[INFO] [stdout] test agents::builder::tests::tools_override_across_chain ... ok
[INFO] [stdout] test agents::builder::tests::source_chain_engineer ... ok
[INFO] [stdout] test agents::builder::tests::tools_override_contrasts_with_skills_union ... ok
[INFO] [stdout] test agents::builder::tests::skills_malformed_value_is_treated_as_empty ... ok
[INFO] [stdout] test agents::builder::tests::tier_model_mapping ... ok
[INFO] [stdout] test agents::builder::tests::tools_malformed_inline_value_never_errors ... ok
[INFO] [stdout] test agents::builder::tests::tools_parses_as_a_list ... ok
[INFO] [stdout] test agents::builder_in_memory::tests::case_insensitive_in_memory_resolve ... ok
[INFO] [stdout] test agents::builder_in_memory::tests::compose_in_memory_missing_source_errors ... ok
[INFO] [stdout] test agents::builder_in_memory::tests::in_memory_depth_exceeded ... ok
[INFO] [stdout] test agents::builder_in_memory::tests::compose_in_memory_single_level ... ok
[INFO] [stdout] test agents::builder::tests::unknown_provenance_value_is_rejected ... ok
[INFO] [stdout] test agents::builder::tests::tools_unset_child_inherits_parent ... ok
[INFO] [stdout] test agents::builder::tests::unterminated_frontmatter_errors ... ok
[INFO] [stdout] test agents::builder::tests::url_value_round_trips ... ok
[INFO] [stdout] test agents::builder_in_memory::tests::compose_in_memory_multi_level_base_chain ... ok
[INFO] [stdout] test agents::builder_in_memory::tests::in_memory_missing_extends_target_errors ... ok
[INFO] [stdout] test agents::builder_in_memory::tests::md_suffix_key_resolves_same_as_bare_name ... ok
[INFO] [stdout] test agents::builder_in_memory::tests::fs_and_in_memory_compose_are_byte_equivalent ... ok
[INFO] [stdout] test agents::builder_in_memory::tests::in_memory_frontmatter_parse_error ... ok
[INFO] [stdout] test agents::deployer::tests::deploy_aborts_on_corrupt_manifest ... ok
[INFO] [stdout] test agents::deployer::tests::deploy_filtered_respects_predicate ... ok
[INFO] [stdout] test agents::deployer::tests::declared_skills_populated_even_when_deploy_is_skipped ... ok
[INFO] [stdout] test agents::deployer::tests::declared_skills_empty_when_agent_declares_none ... ok
[INFO] [stdout] test agents::deployer::tests::deploy_content_file_is_atomic ... ok
[INFO] [stdout] test agents::deployer::tests::deploy_flags_untracked_modified_file_for_reset ... ok
[INFO] [stdout] test agents::deployer::tests::declared_skills_populated_for_every_processed_agent ... ok
[INFO] [stdout] test agents::deployer::tests::deploy_missing_source_dir_is_empty_result ... ok
[INFO] [stdout] test agents::deployer::tests::deploy_adopts_untracked_byte_identical_file ... ok
[INFO] [stdout] test agents::deployer::tests::deploy_new_agent ... ok
[INFO] [stdout] test agents::deployer::tests::deploy_injects_initial_prompt_and_tier_model ... ok
[INFO] [stdout] test agents::deployer::tests::deploy_stamps_an_agent_whose_source_declares_no_provenance ... ok
[INFO] [stdout] test agents::deployer::tests::retract_missing_dir_is_a_noop ... ok
[INFO] [stdout] test agents::deployer::tests::retract_clears_manifest_and_dir_when_nothing_remains ... ok
[INFO] [stdout] test agents::deployer::tests::deploy_preserves_explicit_model_and_prompt ... ok
[INFO] [stdout] test agents::deployer::tests::deploy_isolates_agent_with_invalid_composed_yaml ... ok
[INFO] [stdout] test agents::deployer::tests::retract_preserves_untracked_hand_placed_file ... ok
[INFO] [stdout] test agents::deployer::tests::deploy_isolates_single_malformed_agent_failure ... ok
[INFO] [stdout] test agents::deployer::tests::deploy_refuses_an_unresolvable_skills_root ... ok
[INFO] [stdout] test agents::deployer::tests::deploy_refreshes_stale_broken_frontmatter_copy_to_valid_yaml ... ok
[INFO] [stdout] test agents::deployer::tests::deploy_preserves_modified_user_owned_entry ... ok
[INFO] [stdout] test agents::deployer::tests::deploy_user_owned_skipped ... ok
[INFO] [stdout] test agents::frontmatter::tests::parse_kv_malformed_no_colon_returns_none ... ok
[INFO] [stdout] test agents::frontmatter::tests::parse_kv_key_is_lower_cased ... ok
[INFO] [stdout] test agents::deployer::tests::deploy_adopts_an_untracked_file_written_before_the_provenance_stamp ... ok
[INFO] [stdout] test agents::deployer::tests::deploy_redeploys_corrupted_bundled_file ... ok
[INFO] [stdout] test agents::deployer::tests::deploy_stamps_provenance_and_the_manifest_still_round_trips ... ok
[INFO] [stdout] test agents::deployer::tests::retract_is_idempotent ... ok
[INFO] [stdout] test agents::frontmatter::tests::parse_kv_model_id_with_colon_in_value ... ok
[INFO] [stdout] test agents::frontmatter::tests::parse_kv_fence_returns_none ... ok
[INFO] [stdout] test agents::deployer::tests::retract_refuses_on_corrupt_manifest ... ok
[INFO] [stdout] test agents::frontmatter::tests::parse_kv_strips_double_quotes ... ok
[INFO] [stdout] test agents::frontmatter::tests::parse_kv_model_id_value ... ok
[INFO] [stdout] test agents::frontmatter::tests::parse_kv_strips_trailing_whitespace ... ok
[INFO] [stdout] test agents::frontmatter::tests::parse_kv_keeps_inner_escaped_quotes ... ok
[INFO] [stdout] test agents::deployer::tests::deploy_unchanged_no_write ... ok
[INFO] [stdout] test agents::deployer::tests::retract_filtered_respects_predicate ... ok
[INFO] [stdout] test agents::frontmatter::tests::parse_kv_comment_returns_none ... ok
[INFO] [stdout] test agents::frontmatter::tests::parse_kv_empty_line_returns_none ... ok
[INFO] [stdout] test agents::frontmatter::tests::parse_kv_normal ... ok
[INFO] [stdout] test agents::frontmatter::tests::parse_kv_strips_single_quotes ... ok
[INFO] [stdout] test agents::frontmatter::tests::parse_kv_url_value ... ok
[INFO] [stdout] test agents::deployer::tests::retract_removes_framework_owned_only ... ok
[INFO] [stdout] test agents::frontmatter::tests::parse_list_value_bracket_array ... ok
[INFO] [stdout] test agents::frontmatter::tests::parse_kv_timestamp_value ... ok
[INFO] [stdout] test agents::frontmatter::tests::parse_list_value_blank_is_empty ... ok
[INFO] [stdout] test agents::frontmatter::tests::parse_list_value_empty_brackets_is_empty ... ok
[INFO] [stdout] test agents::frontmatter::tests::parse_list_value_single_element ... ok
[INFO] [stdout] test agents::deployer::tests::retract_removes_drifted_framework_file ... ok
[INFO] [stdout] test agents::frontmatter::tests::parse_list_value_strips_quotes_per_element ... ok
[INFO] [stdout] test agents::frontmatter::tests::parse_list_value_trailing_comma_drops_empty_element ... ok
[INFO] [stdout] test agents::frontmatter::tests::validate_frontmatter_accepts_empty_block ... ok
[INFO] [stdout] test agents::frontmatter::tests::parse_list_value_unbracketed_bare_name_is_one_element ... ok
[INFO] [stdout] test agents::manifest::tests::atomic_write_leaves_no_scratch_behind ... ok
[INFO] [stdout] test agents::frontmatter::tests::validate_frontmatter_rejects_unquoted_colon_description ... ok
[INFO] [stdout] test agents::frontmatter::tests::validate_frontmatter_accepts_quoted_colon_description ... ok
[INFO] [stdout] test agents::frontmatter::tests::validate_frontmatter_rejects_missing_fence ... ok
[INFO] [stdout] test agents::manifest::tests::checksum_is_stable_and_distinct ... ok
[INFO] [stdout] test agents::manifest::tests::atomic_write_temp_names_are_unique_per_attempt ... ok
[INFO] [stdout] test agents::manifest::tests::manifest_lock_path_is_a_sidecar ... ok
[INFO] [stdout] test agents::manifest::tests::manifest_load_checked_missing_returns_ok ... ok
[INFO] [stdout] test agents::manifest::tests::manifest_load_missing_returns_empty ... ok
[INFO] [stdout] test agents::manifest::tests::manifest_lock_releases_so_a_second_acquisition_succeeds ... ok
[INFO] [stdout] test agents::manifest::tests::origin_framework_ownership_tiers ... ok
[INFO] [stdout] test agents::manifest::tests::manifest_checksum_matches ... ok
[INFO] [stdout] test agents::manifest::tests::manifest_is_managed ... ok
[INFO] [stdout] test agents::metadata::tests::metadata_from_missing_file_is_default ... ok
[INFO] [stdout] test agents::manifest::tests::manifest_round_trip ... ok
[INFO] [stdout] test agents::manifest::tests::manifest_load_unreadable_returns_corrupt ... FAILED
[INFO] [stdout] test agents::manifest::tests::manifest_save_is_atomic ... ok
[INFO] [stdout] test agents::manifest::tests::atomic_write_leaves_old_intact_on_interrupted_write ... ok
[INFO] [stdout] test agents::manifest::tests::manifest_load_corrupt_returns_corrupt ... ok
[INFO] [stdout] test agents::metadata::tests::metadata_from_str_reads_skills ... ok
[INFO] [stdout] test agents::metadata::tests::metadata_from_str_reads_tcode_tools ... ok
[INFO] [stdout] test agents::metadata::tests::metadata_from_str_reads_agent_type ... ok
[INFO] [stdout] test agents::metadata::tests::metadata_from_str_reads_provenance ... ok
[INFO] [stdout] test agents::metadata::tests::read_metadata_from_disk ... ok
[INFO] [stdout] test agents::provenance::tests::only_framework_owned_is_framework_owned ... ok
[INFO] [stdout] test agents::provenance::tests::absent_provenance_is_user_authored ... ok
[INFO] [stdout] test agents::manifest::tests::manifest_load_truncated_returns_corrupt ... ok
[INFO] [stdout] test agents::provenance::tests::provenance_rejects_an_unknown_value ... ok
[INFO] [stdout] test agents::metadata::tests::metadata_from_str_agent_type_absent_is_none ... ok
[INFO] [stdout] test agents::provenance::tests::provenance_round_trips_every_value ... ok
[INFO] [stdout] test agents::metadata::tests::metadata_from_str_all_fields ... ok
[INFO] [stdout] test agents::provenance::tests::reconcile_agreeing_declaration_is_silent ... ok
[INFO] [stdout] test agents::provenance::tests::without_provenance_line_ignores_a_body_line ... ok
[INFO] [stdout] test agents::provenance::tests::without_provenance_line_is_a_no_op_when_absent ... ok
[INFO] [stdout] test agents::metadata::tests::metadata_from_str_malformed_frontmatter_is_default ... ok
[INFO] [stdout] test agents::provenance::tests::reconcile_disagreement_lets_the_ledger_win_and_names_the_file ... ok
[INFO] [stdout] test agents::quarantine::tests::a_dangling_symlink_is_not_free ... ok
[INFO] [stdout] test agents::metadata::tests::metadata_from_str_no_skills_is_empty_vec ... ok
[INFO] [stdout] test agents::metadata::tests::metadata_from_str_provenance_absent_is_none ... ok
[INFO] [stdout] test agents::metadata::tests::metadata_from_str_unknown_provenance_is_default ... ok
[INFO] [stdout] test agents::quarantine::tests::movable_only_when_all_four_gates_agree ... ok
[INFO] [stdout] test agents::provenance::tests::reconcile_without_a_declaration_is_silent ... ok
[INFO] [stdout] test agents::quarantine::tests::quarantine_missing_dir_is_a_noop ... ok
[INFO] [stdout] test agents::quarantine::tests::never_deletes_on_any_path ... ok
[INFO] [stdout] test agents::builder_in_memory::tests::in_memory_cycle_detection ... ok
[INFO] [stdout] test agents::provenance::tests::without_provenance_line_drops_only_that_line ... ok
[INFO] [stdout] test agents::provenance::tests::provenance_parse_trims_surrounding_whitespace ... ok
[INFO] [stdout] test agents::quarantine::tests::quarantine_never_moves_a_hand_authored_file ... ok
[INFO] [stdout] test agents::manifest::tests::manifest_lock_serialises_concurrent_writers ... ok
[INFO] [stdout] test agents::quarantine::tests::a_quarantined_file_is_no_longer_an_agent_file ... ok
[INFO] [stdout] test agents::quarantine::tests::quarantine_follows_the_declared_name_not_the_filename ... ok
[INFO] [stdout] test agents::quarantine::tests::a_clean_tier_writes_no_receipt ... ok
[INFO] [stdout] test agents::quarantine::tests::quarantine_never_moves_a_custom_agent ... ok
[INFO] [stdout] test agents::quarantine::tests::a_symlink_is_never_a_candidate ... ok
[INFO] [stdout] test agents::quarantine::tests::a_same_second_rerun_does_not_overwrite_the_first_receipt ... ok
[INFO] [stdout] test agents::quarantine::tests::quarantine_never_moves_a_claude_mpm_file_on_a_colliding_name ... ok
[INFO] [stdout] test agents::quarantine::tests::a_failed_backup_leaves_the_original_in_place ... ok
[INFO] [stdout] test agents::quarantine::tests::a_sweep_destroys_no_content ... ok
[INFO] [stdout] test agents::quarantine::tests::quarantine_moves_an_untracked_trusty_mpm_shadow ... ok
[INFO] [stdout] test agents::roster_tools_tests::base_templates_declare_no_tools ... FAILED
[INFO] [stdout] test agents::roster_tools_tests::every_roster_agent_deploys_with_its_declared_tools ... FAILED
[INFO] [stdout] test agents::roster_tools_tests::no_skill_agent_points_at_unloadable_skill ... FAILED
[INFO] [stdout] test agents::roster_tools_tests::referenced_skills_detects_a_bare_backticked_skill_name ... FAILED
[INFO] [stdout] test agents::quarantine::tests::a_second_run_does_not_overwrite_the_first_backup ... ok
[INFO] [stdout] test agents::quarantine::tests::quarantine_works_without_a_repository ... ok
[INFO] [stdout] test agents::roster_tools_tests::roster_agents_declare_no_tcode_tools ... FAILED
[INFO] [stdout] test agents::skill_root_tests::resolves_every_placeholder ... ok
[INFO] [stdout] test agents::quarantine::tests::quarantine_refuses_on_a_corrupt_ledger ... ok
[INFO] [stdout] test agents::roster_tools_tests::tools_table_covers_every_dispatchable_roster_agent ... FAILED
[INFO] [stdout] test agents::tier_audit::tests::audit_flags_a_renamed_file_that_declares_a_bundled_name ... ok
[INFO] [stdout] test agents::skill_root_tests::relative_skills_root_is_refused ... ok
[INFO] [stdout] test agents::skill_root_tests::compose_for_deploy_resolves_the_real_base_agent ... FAILED
[INFO] [stdout] test agents::tier_audit::tests::audit_ignores_a_bundled_filename_that_declares_a_custom_name ... ok
[INFO] [stdout] test agents::quarantine::tests::quarantine_never_moves_a_minimal_hand_authored_file ... ok
[INFO] [stdout] test agents::tier_audit::tests::audit_ignores_a_custom_agent ... ok
[INFO] [stdout] test agents::tier_audit::tests::audit_provenance_ignores_an_untracked_file ... ok
[INFO] [stdout] test agents::tier_audit::tests::audit_ignores_a_user_owned_entry_on_a_bundled_name ... ok
[INFO] [stdout] test agents::tier_audit::tests::audit_is_sorted_by_name ... ok
[INFO] [stdout] test agents::tier_audit::tests::audit_ignores_a_user_owned_manifest_entry ... ok
[INFO] [stdout] test agents::tier_audit::tests::audit_provenance_is_silent_when_records_agree ... ok
[INFO] [stdout] test agents::tier_audit::tests::audit_missing_dir_is_empty ... ok
[INFO] [stdout] test agents::quarantine::tests::quarantine_never_moves_a_git_tracked_file ... ok
[INFO] [stdout] test agents::tier_audit::tests::audit_provenance_ignores_a_file_declaring_nothing ... ok
[INFO] [stdout] test agents::tier_audit::tests::audit_provenance_reports_the_mirrored_contradiction ... ok
[INFO] [stdout] test agents::tier_audit::tests::audit_provenance_reports_a_contradicting_declaration ... ok
[INFO] [stdout] test agents::tier_audit::tests::audit_provenance_missing_dir_is_empty ... ok
[INFO] [stdout] test agents::tier_audit::tests::audit_reports_a_shadowing_stub ... ok
[INFO] [stdout] test agents::tier_audit::tests::classify_bundled_name_shadows ... ok
[INFO] [stdout] test agents::tier_audit::tests::audit_provenance_unscannable_dir_is_an_error ... FAILED
[INFO] [stdout] test agents::tier_audit::tests::classify_manifest_framework_owned_is_stranded ... ok
[INFO] [stdout] test agents::tier_audit::tests::bundled_names_missing_dir_is_empty ... ok
[INFO] [stdout] test agents::tier_audit::tests::audit_reports_a_stranded_framework_entry ... ok
[INFO] [stdout] test agents::tier_audit::tests::classify_prefers_shadowing_over_stranded ... ok
[INFO] [stdout] test agents::tier_audit::tests::classify_user_owned_survives_a_bundled_name_collision ... ok
[INFO] [stdout] test agents::tier_audit::tests::audit_verdict_is_unchanged_by_a_contradicting_declaration ... ok
[INFO] [stdout] test agents::tier_audit::tests::audit_tolerates_a_corrupt_manifest ... ok
[INFO] [stdout] test agents::tier_audit::tests::classify_unknown_name_is_custom ... ok
[INFO] [stdout] test agents::tier_audit::tests::identity_prefers_the_frontmatter_name ... ok
[INFO] [stdout] test agents::tier_audit::tests::ownership_of_reads_the_manifest_entry ... ok
[INFO] [stdout] test agents::tier_audit::tests::identity_ignores_a_blank_name ... ok
[INFO] [stdout] test agents::tier_audit::tests::audit_unscannable_dir_is_an_error ... FAILED
[INFO] [stdout] test agents::quarantine::tests::a_partial_failure_still_reports_every_candidate ... ok
[INFO] [stdout] test agents::tier_audit::tests::bundled_names_use_the_frontmatter_name ... ok
[INFO] [stdout] test agents::vcs_claim::tests::a_bogus_git_dir_message_is_unavailable_even_with_no_ancestor_git ... ok
[INFO] [stdout] test agents::tier_audit::tests::identity_falls_back_to_the_stem ... ok
[INFO] [stdout] test agents::tier_audit::tests::tm_owned_is_true_for_exactly_the_two_owned_classes ... ok
[INFO] [stdout] test agents::vcs_claim::tests::a_non_matching_stderr_is_unavailable_without_stat ... ok
[INFO] [stdout] test agents::tier_audit::tests::identity_strips_only_one_md_suffix ... ok
[INFO] [stdout] test agents::quarantine::tests::quarantine_refuses_an_empty_roster ... ok
[INFO] [stdout] test agents::vcs_claim::tests::a_stale_worktree_pointer_is_unknown_not_no_repo ... ok
[INFO] [stdout] test agents::vcs_claim::tests::an_unresolvable_relative_path_is_unknown ... ok
[INFO] [stdout] test agents::quarantine::tests::restore_command_survives_a_hostile_filename ... ok
[INFO] [stdout] test agents::vcs_claim::tests::a_stray_empty_git_dir_is_unknown ... ok
[INFO] [stdout] test agents::quarantine::tests::quarantine_never_moves_a_stranded_framework_file ... ok
[INFO] [stdout] test agents::vcs_claim::tests::claim_is_unknown_when_git_is_unavailable ... ok
[INFO] [stdout] test agents::vcs_claim::tests::a_truly_empty_directory_is_still_no_repo ... ok
[INFO] [stdout] test agents::vcs_claim::tests::classify_failure_accepts_the_mount_boundary_wording ... ok
[INFO] [stdout] test agents::vcs_claim::tests::claim_outside_a_repo_is_unclaimed ... ok
[INFO] [stdout] test agents::vcs_claim::tests::a_bare_repo_is_unknown ... ok
[INFO] [stdout] test agents::vcs_claim::tests::claim_of_an_untracked_file ... ok
[INFO] [stdout] test compress::tool_output::tests::a_resolver_naming_a_missing_binary_falls_back_to_native ... ok
[INFO] [stdout] test compress::tool_output::tests::cat_of_a_rust_module_keeps_its_doc_comments ... ok
[INFO] [stdout] test compress::tool_output::tests::cat_of_a_rust_test_file_survives_compression_byte_for_byte ... ok
[INFO] [stdout] test agents::vcs_claim::tests::a_dangling_git_symlink_is_unknown_not_no_repo ... ok
[INFO] [stdout] test compress::tool_output::tests::classify_tool_passes_through_source_reads ... ok
[INFO] [stdout] test compress::tool_output::tests::classify_tool_returns_none_for_uncovered_tools ... ok
[INFO] [stdout] test agents::vcs_claim::tests::the_mount_boundary_wording_under_a_real_repo_is_unavailable ... ok
[INFO] [stdout] test compress::tool_output::tests::classify_tool_routes_known_tool_families ... ok
[INFO] [stdout] test compress::tool_output::tests::compress_tool_output_dispatch_routes_find_and_rg ... ok
[INFO] [stdout] test compress::tool_output::tests::compress_tool_output_dispatch_test ... ok
[INFO] [stdout] test compress::tool_output::tests::compress_tool_output_async_with_path_matches_plain_wrapper ... ok
[INFO] [stdout] test compress::tool_output::tests::compress_tool_output_async_falls_back_when_rtk_absent ... ok
[INFO] [stdout] test compress::tool_output::tests::compress_tool_output_reduces_long_grep_output ... ok
[INFO] [stdout] test compress::tool_output::tests::compress_tool_output_does_not_misfire_on_rg_substring ... ok
[INFO] [stdout] test compress::tool_output::tests::compress_tool_output_grep_tool_name_variants_route_correctly ... ok
[INFO] [stdout] test compress::tool_output::tests::compress_tool_output_reduces_long_passing_test_output ... ok
[INFO] [stdout] test compress::tool_output::tests::compress_tool_output_reduces_long_ls_output ... ok
[INFO] [stdout] test compress::tool_output::tests::default_rtk_resolver_is_the_real_resolver_without_the_env_var ... ok
[INFO] [stdout] test compress::tool_output::tests::dispatch_never_returns_empty_for_non_empty_input ... ok
[INFO] [stdout] test compress::tool_output::tests::compression_path_as_str_is_stable ... ok
[INFO] [stdout] test compress::tool_output::tests::every_pinned_filter_round_trips_from_its_spaced_form ... ok
[INFO] [stdout] test compress::tool_output::tests::filter_cargo_check_keeps_warnings ... ok
[INFO] [stdout] test compress::tool_output::tests::filter_cargo_check_strips_compiling ... ok
[INFO] [stdout] test compress::tool_output::tests::filter_file_read_passthrough_short ... ok
[INFO] [stdout] test compress::tool_output::tests::filter_file_read_no_over_filter ... ok
[INFO] [stdout] test compress::tool_output::tests::filter_file_read_strips_blank_comment_lines ... ok
[INFO] [stdout] test compress::tool_output::tests::filter_git_diff_preserves_adds_and_removes ... ok
[INFO] [stdout] test compress::tool_output::tests::filter_git_diff_passthrough_no_context ... ok
[INFO] [stdout] test compress::tool_output::tests::filter_git_diff_strips_context_lines ... ok
[INFO] [stdout] test compress::tool_output::tests::filter_git_log_passthrough_short ... ok
[INFO] [stdout] test compress::tool_output::tests::filter_git_log_strips_author_date ... ok
[INFO] [stdout] test agents::quarantine::tests::quarantine_never_moves_a_user_owned_entry ... ok
[INFO] [stdout] test compress::tool_output::tests::filter_grep_output_passthrough_short ... ok
[INFO] [stdout] test compress::tool_output::tests::filter_grep_output_caps_long_match_list ... ok
[INFO] [stdout] test compress::tool_output::tests::compress_via_rtk_returns_none_when_binary_absent ... ok
[INFO] [stdout] test compress::tool_output::tests::filter_ls_output_caps_long_listing ... ok
[INFO] [stdout] test agents::quarantine::tests::quarantine_refuses_a_tracked_file_when_git_cannot_be_read ... ok
[INFO] [stdout] test compress::tool_output::tests::filter_strategy_aggressive_strips_python_hash_comments ... ok
[INFO] [stdout] test compress::tool_output::tests::filter_ls_output_passthrough_short ... ok
[INFO] [stdout] test compress::tool_output::tests::filter_strategy_aggressive_strips_rust_line_comments ... ok
[INFO] [stdout] test compress::tool_output::tests::filter_strategy_aggressive_unknown_lang_keeps_comments ... ok
[INFO] [stdout] test agents::vcs_claim::tests::probe_drops_nested_entries ... ok
[INFO] [stdout] test compress::tool_output::tests::is_source_file_read_ignores_gate_capture_extensions ... ok
[INFO] [stdout] test compress::tool_output::tests::filter_strategy_minimal_drops_blanks ... ok
[INFO] [stdout] test compress::tool_output::tests::filter_strategy_no_filter_identity ... ok
[INFO] [stdout] test agents::vcs_claim::tests::a_healthy_repo_still_answers_both_ways ... ok
[INFO] [stdout] test compress::tool_output::tests::is_source_file_read_requires_a_read_verb ... ok
[INFO] [stdout] test compress::tool_output::tests::has_filter_for_agrees_with_classify_tool ... ok
[INFO] [stdout] test compress::tool_output::tests::has_filter_for_false_for_uncovered_tools ... ok
[INFO] [stdout] test compress::tool_output::tests::is_structured_format_prose_is_false ... ok
[INFO] [stdout] test compress::tool_output::tests::has_filter_for_true_for_covered_tools ... ok
[INFO] [stdout] test compress::tool_output::tests::is_structured_format_json_array ... ok
[INFO] [stdout] test compress::tool_output::tests::is_source_file_read_matches_the_reported_shapes ... ok
[INFO] [stdout] test compress::tool_output::tests::is_structured_format_csv ... ok
[INFO] [stdout] test compress::tool_output::tests::is_structured_format_json_with_leading_whitespace ... ok
[INFO] [stdout] test compress::tool_output::tests::language_block_comment_rust ... ok
[INFO] [stdout] test compress::tool_output::tests::is_structured_format_test_output_is_false ... ok
[INFO] [stdout] test compress::tool_output::tests::language_comment_prefix_rust ... ok
[INFO] [stdout] test compress::tool_output::tests::is_structured_format_yaml_doc_marker ... ok
[INFO] [stdout] test agents::vcs_claim::tests::probe_of_a_missing_directory_does_not_panic ... ok
[INFO] [stdout] test compress::tool_output::tests::is_structured_format_toml_section ... ok
[INFO] [stdout] test agents::vcs_claim::tests::a_ceiling_directory_is_unknown_not_no_repo ... ok
[INFO] [stdout] test agents::vcs_claim::tests::an_unreadable_git_head_is_unknown_not_no_repo ... FAILED
[INFO] [stdout] test compress::tool_output::tests::is_structured_format_yaml_kv ... ok
[INFO] [stdout] test compress::tool_output::tests::is_structured_format_json_object ... ok
[INFO] [stdout] test agents::vcs_claim::tests::an_unreadable_repo_is_unknown_not_no_repo ... ok
[INFO] [stdout] test agents::quarantine::tests::quarantine_refuses_a_tracked_file_when_the_git_dir_is_unreadable ... FAILED
[INFO] [stdout] test agents::vcs_claim::tests::claim_of_an_absent_file ... ok
[INFO] [stdout] test compress::tool_output::tests::language_from_extension_known ... ok
[INFO] [stdout] test compress::tool_output::tests::rtk_pipe_argv_is_always_pipe_mode_with_a_vetted_filter ... ok
[INFO] [stdout] test compress::tool_output::tests::size_gate_skips_short_inputs ... ok
[INFO] [stdout] test compress::tool_output::tests::rtk_pipe_argv_never_carries_the_tool_name ... ok
[INFO] [stdout] test compress::tool_output::tests::stderr_head_takes_the_first_line_and_truncates ... ok
[INFO] [stdout] test compress::tool_output::tests::size_gate_lets_large_inputs_through ... ok
[INFO] [stdout] test compress::tool_output::tests::real_rtk_pipe_round_trips_a_marker_payload ... ok
[INFO] [stdout] test compress::tool_output::tests::no_rtk_resolver_forces_the_native_chain_on_any_host ... ok
[INFO] [stdout] test compress::tool_output::tests::test_runner_drops_cargo_progress_lines ... ok
[INFO] [stdout] test compress::tool_output::tests::native_fallback_passes_a_source_read_through_unchanged ... ok
[INFO] [stdout] test compress::tool_output::tests::test_runner_keeps_every_suite_summary_in_order ... ok
[INFO] [stdout] test compress::tool_output::tests::rtk_filter_for_maps_known_tool_names ... ok
[INFO] [stdout] test compress::tool_output::tests::test_runner_keeps_summary_line ... ok
[INFO] [stdout] test compress::tool_output::tests::test_runner_keeps_unrecognised_blocks ... ok
[INFO] [stdout] test compress::tool_output::tests::test_runner_keeps_panic_location_and_assertion_values ... ok
[INFO] [stdout] test compress::tool_output::tests::test_runner_keeps_column_zero_lines_that_look_like_progress ... ok
[INFO] [stdout] test compress::tool_output::tests::test_runner_still_reduces_passing_only_output ... ok
[INFO] [stdout] test compress::tool_output::tests::test_runner_keeps_the_failing_test_name_list ... ok
[INFO] [stdout] test compress::tool_output::tests::rtk_pipe_argv_falls_back_to_bare_pipe_for_an_unknown_tool ... ok
[INFO] [stdout] test compress::tool_output::tests::test_runner_strips_passing_tests ... ok
[INFO] [stdout] test compress::tool_output::tests::test_runner_unknown_tool_passthrough ... ok
[INFO] [stdout] test compress::tool_output::tests::value_forces_native_fallback_accepts_only_truthy_spellings ... ok
[INFO] [stdout] test compress::tool_output::tests::uncovered_tool_output_passes_through_unchanged ... ok
[INFO] [stdout] test connectors::test_kit::tests::assert_basic_lifecycle_passes_against_mock ... ok
[INFO] [stdout] test connectors::error::tests::is_not_found_only_matches_not_found_variant ... ok
[INFO] [stdout] test connectors::connector::tests::mock_connector_is_dyn_compatible ... ok
[INFO] [stdout] test connectors::error::tests::display_messages_are_stable ... ok
[INFO] [stdout] test connectors::test_kit::tests::assert_delegate_not_supported_passes_against_mock ... ok
[INFO] [stdout] test connectors::test_kit::tests::assert_send_not_found_passes_against_mock ... ok
[INFO] [stdout] test compress::tool_output::tests::structured_format_passthrough_via_dispatch ... ok
[INFO] [stdout] test compress::tool_output::tests::test_runner_no_failures_returns_summary_only ... ok
[INFO] [stdout] test agents::vcs_claim::tests::probe_finds_tracked_files ... ok
[INFO] [stdout] test agents::vcs_claim::tests::an_unreadable_git_dir_is_unknown_not_no_repo ... FAILED
[INFO] [stdout] test connectors::types::tests::session_status_serde_round_trip ... ok
[INFO] [stdout] test connectors::types::tests::agent_spec_construction ... ok
[INFO] [stdout] test connectors::test_kit::tests::assert_status_not_found_passes_against_mock ... ok
[INFO] [stdout] test connectors::types::tests::delegate_handle_construction ... ok
[INFO] [stdout] test events::tests::event_line_prefix_is_stable ... ok
[INFO] [stdout] test events::tests::filter_by_domain ... ok
[INFO] [stdout] test events::tests::filter_by_source ... ok
[INFO] [stdout] test connectors::types::tests::attach_handle_variants_are_distinct ... ok
[INFO] [stdout] test connectors::types::tests::backend_params_variants_are_distinct ... ok
[INFO] [stdout] test connectors::types::tests::create_session_req_round_trips_backend_params ... ok
[INFO] [stdout] test connectors::types::tests::session_info_serde_round_trip ... ok
[INFO] [stdout] test events::tests::bus_is_singleton ... ok
[INFO] [stdout] test events::tests::emit_line_has_prefix_and_parses ... ok
[INFO] [stdout] test events::tests::filter_by_session ... ok
[INFO] [stdout] test compress::tool_output::tests::rtk_binary_receives_the_pipe_invocation ... ok
[INFO] [stdout] test events::tests::filter_default_matches_all ... ok
[INFO] [stdout] test events::tests::payload_ping_round_trips ... ok
[INFO] [stdout] test events::tests::filter_combination ... ok
[INFO] [stdout] test events::tests::harness_event_omits_none_session ... ok
[INFO] [stdout] test events::tests::harness_event_round_trips ... ok
[INFO] [stdout] test events::tests::lifecycle_event_serializes_with_type_tag ... ok
[INFO] [stdout] test events::tests::lifecycle_session_id_returns_correct_field ... ok
[INFO] [stdout] test compress::tool_output::tests::rtk_binary_omits_the_filter_flag_for_an_unknown_tool ... ok
[INFO] [stdout] test events::tests::harness_source_round_trips ... ok
[INFO] [stdout] test events::tests::recv_with_lag_reports_closed ... ok
[INFO] [stdout] test events::tests::publish_round_trips_through_subscribe ... ok
[INFO] [stdout] test events::tests::lagged_receiver_yields_lag_then_resumes ... ok
[INFO] [stdout] test events::tests::lifecycle_recap_round_trips ... ok
[INFO] [stdout] test events::tests::seq_is_monotonic ... ok
[INFO] [stdout] test events::tests::payload_domain_matches_serde_tag ... ok
[INFO] [stdout] test events::tests::payload_hook_round_trips ... ok
[INFO] [stdout] test events::tests::payload_lifecycle_round_trips ... ok
[INFO] [stdout] test harness_doc::tests::agnostic_contains_claude_code_glyph ... FAILED
[INFO] [stdout] test harness_doc::tests::agnostic_non_empty ... FAILED
[INFO] [stdout] test perf::tests::token_usage_accumulates ... ok
[INFO] [stdout] test runner::tests::agent_output_from_content ... ok
[INFO] [stdout] test runner::tests::history_message_constructors ... ok
[INFO] [stdout] test harness_doc::tests::a_missing_harness_doc_is_an_error ... ok
[INFO] [stdout] test runner::tests::test_run_with_history_forwards_ctx ... ok
[INFO] [stdout] test harness_doc::tests::full_doc_sum_of_parts ... FAILED
[INFO] [stdout] test self_improvement::tests::a_heading_with_an_empty_body_is_empty ... ok
[INFO] [stdout] test perf::tests::perf_record_status_defaults_to_success ... ok
[INFO] [stdout] test harness_doc::tests::tcode_non_empty ... FAILED
[INFO] [stdout] test self_improvement::tests::a_finding_missing_a_label_leaves_that_field_none ... ok
[INFO] [stdout] test harness_doc::tests::overseer_non_empty ... FAILED
[INFO] [stdout] test self_improvement::tests::a_malformed_block_with_no_recognizable_label_is_empty ... ok
[INFO] [stdout] test perf::tests::token_usage_default_is_zeros ... ok
[INFO] [stdout] test harness_doc::tests::harness_doc_names_the_relay_prefix ... FAILED
[INFO] [stdout] test runner::tests::agent_output_summary_or_content_fallback ... ok
[INFO] [stdout] test harness_doc::tests::mpm_sm_non_empty ... FAILED
[INFO] [stdout] test harness_doc::tests::overseer_contains_flag_for_human ... FAILED
[INFO] [stdout] test self_improvement::tests::a_trailing_incomplete_entry_with_content_is_still_returned ... ok
[INFO] [stdout] test self_improvement::tests::multiple_entries_parse_as_separate_findings ... ok
[INFO] [stdout] test self_improvement::tests::arbitrary_text_never_panics ... ok
[INFO] [stdout] test harness_doc::tests::full_doc_contains_all_markers ... FAILED
[INFO] [stdout] test harness_doc::tests::mpm_sm_contains_raw_observation ... FAILED
[INFO] [stdout] test self_improvement::tests::a_well_formed_finding_parses_all_four_fields ... ok
[INFO] [stdout] test self_improvement::tests::continuation_lines_join_with_a_space ... ok
[INFO] [stdout] test self_improvement::tests::prompt_feedback_accepts_h3 ... ok
[INFO] [stdout] test self_improvement::tests::numbered_markers_parse ... ok
[INFO] [stdout] test self_improvement::tests::absent_heading_extracts_nothing ... ok
[INFO] [stdout] test self_improvement::tests::plain_unbold_labels_parse ... ok
[INFO] [stdout] test self_improvement::tests::prompt_feedback_last_occurrence_wins ... ok
[INFO] [stdout] test session_registry::tests::record_end_is_noop_for_unknown_id ... ok
[INFO] [stdout] test self_improvement::tests::h3_heading_for_improvement_recommendations_parses ... ok
[INFO] [stdout] test self_improvement::tests::an_inline_mention_is_not_a_section ... ok
[INFO] [stdout] test session_registry::tests::record_start_appends_entry ... ok
[INFO] [stdout] test harness_doc::tests::the_legacy_bundle_key_still_resolves ... ok
[INFO] [stdout] test session_registry::tests::record_start_is_idempotent ... ok
[INFO] [stdout] test self_improvement::tests::stops_at_the_next_heading ... ok
[INFO] [stdout] test self_improvement::tests::real_closing_block_fixture_parses_both_sections ... ok
[INFO] [stdout] test session_registry::tests::missing_file_yields_empty_list ... ok
[INFO] [stdout] test session_registry::tests::record_end_updates_status ... ok
[INFO] [stdout] test skills::deployer::tests::deploy_directory_shaped_skill ... ok
[INFO] [stdout] test skills::deployer::tests::deploy_records_files_written_before_a_mid_loop_failure ... ok
[INFO] [stdout] test self_improvement::tests::an_empty_section_extracts_nothing ... ok
[INFO] [stdout] test skills::deployer::tests::deploy_missing_source_dir_is_empty_result ... ok
[INFO] [stdout] test self_improvement::tests::bold_labels_and_bullets_parse ... ok
[INFO] [stdout] test skills::deployer::tests::deploy_filtered_respects_predicate ... ok
[INFO] [stdout] test skills::deployer::tests::deploy_new_skill ... ok
[INFO] [stdout] test skills::deployer::tests::deploy_reference_files_land_alongside_skill ... ok
[INFO] [stdout] test skills::deployer::tests::deploy_directory_skill_preserves_a_user_edited_reference ... ok
[INFO] [stdout] test skills::deployer::tests::deploy_directory_skill_respects_the_select_predicate ... ok
[INFO] [stdout] test skills::deployer::tests::a_racing_writer_freezes_nothing_on_either_side ... ok
[INFO] [stdout] test skills::deployer::tests::deploy_flat_skill_still_works_alongside_a_directory_skill ... ok
[INFO] [stdout] test compress::tool_output::tests::rtk_binary_returns_none_and_warns_on_non_zero_exit ... ok
[INFO] [stdout] test skills::deployer::tests::deploy_reports_a_skill_directory_with_no_entry_point ... ok
[INFO] [stdout] test session_registry::tests::list_returns_all_entries_in_order ... ok
[INFO] [stdout] test skills::deployer::tests::deploy_user_owned_skipped ... ok
[INFO] [stdout] test skills::manifest::tests::skill_manifest_file_name_differs_from_agent_manifest ... ok
[INFO] [stdout] test skills::deployer::tests::deploy_skips_mcp_named_skill_case_insensitive ... ok
[INFO] [stdout] test skills::deployer::tests::deploy_skips_mcp_named_skill ... ok
[INFO] [stdout] test skills::deployer::tests::deploy_single_file_skill_has_no_references_dir ... ok
[INFO] [stdout] test skills::manifest::tests::skill_manifest_load_unreadable_is_an_error ... FAILED
[INFO] [stdout] test skills::manifest::tests::skill_manifest_deploy_refuses_a_ledger_it_could_not_read ... ok
[INFO] [stdout] test skills::manifest::tests::skill_manifest_load_truncated_is_an_error ... ok
[INFO] [stdout] test skills::deployer::tests::deploy_reference_files_skip_user_modified ... ok
[INFO] [stdout] test skills::deployer::tests::deploy_refreshes_stale_managed_skill ... ok
[INFO] [stdout] test skills::deployer::tests::deploy_reference_files_sync_even_when_entry_unchanged ... ok
[INFO] [stdout] test skills::manifest::tests::skill_manifest_is_managed ... ok
[INFO] [stdout] test skills::manifest::tests::skill_manifest_load_missing_returns_empty ... ok
[INFO] [stdout] test skills::manifest::tests::skill_manifest_lock_releases_so_a_second_acquisition_succeeds ... ok
[INFO] [stdout] test skills::manifest::tests::skill_manifest_lock_path_is_a_sidecar ... ok
[INFO] [stdout] test skills::manifest::tests::skill_manifest_load_malformed_is_an_error ... ok
[INFO] [stdout] test skills::deployer::tests::deploy_skips_user_modified ... ok
[INFO] [stdout] test skills::manifest::tests::skill_manifest_round_trip ... ok
[INFO] [stdout] test skills::reconcile::tests::adopt_leaves_an_operator_skill_alone ... ok
[INFO] [stdout] test skills::reconcile::tests::adopt_backs_up_before_recording ... ok
[INFO] [stdout] test skills::manifest::tests::skill_manifest_save_merging_over_a_corrupt_ledger_keeps_the_base ... ok
[INFO] [stdout] test skills::manifest::tests::skill_manifest_checksum_matches ... ok
[INFO] [stdout] test skills::reconcile::tests::adopt_registers_the_skill_and_its_references ... ok
[INFO] [stdout] test skills::manifest::tests::skill_manifest_save_merging_applies_this_runs_removals ... ok
[INFO] [stdout] test skills::deployer::tests::deploy_unchanged_no_write ... ok
[INFO] [stdout] test skills::reconcile::tests::adopt_no_findings_writes_nothing ... ok
[INFO] [stdout] test skills::manifest::tests::skill_manifest_save_merging_folds_in_a_concurrent_writer ... ok
[INFO] [stdout] test skills::deployer::tests::deploy_directory_skill_records_every_file_in_the_manifest ... ok
[INFO] [stdout] test skills::manifest::tests::skill_manifest_save_merging_writes_when_unchanged ... ok
[INFO] [stdout] test skills::reconcile::tests::backup_target_mirrors_the_absolute_path ... ok
[INFO] [stdout] test skills::reconcile::tests::adopt_then_deploy_refreshes_a_stale_skill ... ok
[INFO] [stdout] test skills::source_scan::tests::scan_finds_flat_skill ... ok
[INFO] [stdout] test skills::source_scan::tests::scan_finds_directory_shaped_skill ... ok
[INFO] [stdout] test skills::source_scan::tests::scan_ignores_hidden_entries ... ok
[INFO] [stdout] test skills::reconcile::tests::adopt_writes_the_backup_ledger ... ok
[INFO] [stdout] test skills::source_scan::tests::scan_extras_are_recursive_and_sorted ... ok
[INFO] [stdout] test skills::reconcile::tests::force_adopt_leaves_a_current_skill_alone ... ok
[INFO] [stdout] test skills::reconcile::tests::preview_matches_what_adoption_touches ... ok
[INFO] [stdout] test skills::source_scan::tests::scan_carries_non_markdown_extras ... ok
[INFO] [stdout] test skills::reconcile::tests::force_adopt_leaves_an_operator_skill_alone ... ok
[INFO] [stdout] test skills::source_scan::tests::scan_missing_source_is_empty ... ok
[INFO] [stdout] test skills::tiers::tests::deploy_all_no_user_tier_matches_bundled_only ... ok
[INFO] [stdout] test skills::tiers::tests::deploy_all_user_overrides_bundled ... ok
[INFO] [stdout] test skills::tiers::tests::plan_disjoint_all_deploy ... ok
[INFO] [stdout] test skills::tiers::tests::deploy_all_lets_a_directory_user_skill_shadow_a_bundled_one ... ok
[INFO] [stdout] test skills::tiers::tests::plan_project_shadows_user_and_bundled ... ok
[INFO] [stdout] test skills::tiers::tests::plan_project_shadows_user_only ... ok
[INFO] [stdout] test skills::tiers::tests::resolve_tier_absent_is_none ... ok
[INFO] [stdout] test skills::tiers::tests::deploy_all_preserves_project ... ok
[INFO] [stdout] test skills::tiers::tests::list_source_stems_missing_empty ... ok
[INFO] [stdout] test skills::tiers::tests::resolve_tier_bundled_only ... ok
[INFO] [stdout] test skills::tiers::tests::list_source_stems_matches_deployer_stem_for_double_extension ... ok
[INFO] [stdout] test skills::unmanaged::tests::manifest_keys_match_the_deployer_key_shape ... ok
[INFO] [stdout] test skills::source_scan::tests::scan_companion_dir_is_not_a_reject ... ok
[INFO] [stdout] test skills::tiers::tests::resolve_tier_project_wins ... ok
[INFO] [stdout] test skills::unmanaged::tests::unmanaged_empty_roster_reports_nothing ... ok
[INFO] [stdout] test skills::unmanaged::tests::unmanaged_ignores_a_directory_without_an_entry_point ... ok
[INFO] [stdout] test skills::tiers::tests::list_source_stems_reads_directory_skills ... ok
[INFO] [stdout] test skills::unmanaged::tests::bundled_skill_dirs_includes_a_managed_skill ... ok
[INFO] [stdout] test skills::reconcile::tests::force_adopt_leaves_an_operator_reference_stray_untracked ... ok
[INFO] [stdout] test skills::unmanaged::tests::unmanaged_finds_a_bundled_named_untracked_skill ... ok
[INFO] [stdout] test skills::tiers::tests::list_source_stems_reads_md_files ... ok
[INFO] [stdout] test skills::unmanaged::tests::unmanaged_missing_dest_is_empty ... ok
[INFO] [stdout] test skills::tiers::tests::plan_user_shadows_bundled ... ok
[INFO] [stdout] test tests::tool_result_is_fatal_only_for_non_recoverable ... ok
[INFO] [stdout] test skills::unmanaged::tests::unmanaged_ignores_an_operator_skill ... ok
[INFO] [stdout] test skills::unmanaged::tests::unmanaged_ignores_a_managed_skill ... ok
[INFO] [stdout] test tests::tool_result_is_error_distinguishes_variants ... ok
[INFO] [stdout] test skills::tiers::tests::project_custom_stems_finds_unmanaged ... ok
[INFO] [stdout] test skills::reconcile::tests::force_adopt_restamps_a_frozen_managed_skill ... ok
[INFO] [stdout] test workstreams::error::tests::display_messages_are_stable ... ok
[INFO] [stdout] test transport::transport_tests::forwards_event_when_membership_matches ... ok
[INFO] [stdout] test skills::unmanaged::tests::unmanaged_lists_reference_files ... ok
[INFO] [stdout] test skills::tiers::tests::resolve_tier_user_wins_over_bundled ... ok
[INFO] [stdout] test skills::unmanaged::tests::unmanaged_unreadable_ledger_is_an_error ... FAILED
[INFO] [stdout] test workstreams::ledger::tests::get_returns_not_found_for_unknown_id ... ok
[INFO] [stdout] test skills::source_scan::tests::scan_rejects_dir_without_skill_md ... ok
[INFO] [stdout] test workstreams::ledger::tests::open_creates_state_dir ... ok
[INFO] [stdout] test workstreams::ledger::tests::corrupt_ledger_file_returns_json_error_not_panic ... ok
[INFO] [stdout] test workstreams::ledger::tests::create_assigns_id_and_proposed_status ... ok
[INFO] [stdout] test workstreams::ledger::tests::mutating_assigned_harness_is_rejected ... ok
[INFO] [stdout] test skills::manifest::tests::skill_manifest_lock_serialises_concurrent_writers ... ok
[INFO] [stdout] test workstreams::recovery::tests::trusty_memory_recovery_is_not_supported_yet ... ok
[INFO] [stdout] test skills::tiers::tests::deploy_all_deploys_a_directory_shaped_user_skill ... ok
[INFO] [stdout] test workstreams::ledger::tests::write_survives_reread_after_sync ... ok
[INFO] [stdout] test workstreams::types::tests::harness_serde_round_trip ... ok
[INFO] [stdout] test workstreams::types::tests::priority_orders_p0_highest ... ok
[INFO] [stdout] test workstreams::types::tests::harness_from_backend_params_tm_and_tcode ... ok
[INFO] [stdout] test workstreams::types::tests::workstream_serde_round_trip ... ok
[INFO] [stdout] test workstreams::types::tests::workstream_status_serde_round_trip ... ok
[INFO] [stdout] test workstreams::recovery::tests::json_file_recovery_reads_persisted_workstreams ... ok
[INFO] [stdout] test workstreams::ledger::tests::add_session_is_idempotent ... ok
[INFO] [stdout] test workstreams::ledger::tests::workstream_from_connector_session_info ... ok
[INFO] [stdout] test workstreams::ledger::tests::list_returns_all_entries_in_order ... ok
[INFO] [stdout] test workstreams::ledger::tests::update_status_persists_and_bumps_last_updated ... ok
[INFO] [stdout] test agents::quarantine::tests::quarantine_blocks_while_the_ledger_lock_is_held ... ok
[INFO] [stdout] test workstreams::ledger::tests::query_filters_by_harness ... ok
[INFO] [stdout] test workstreams::ledger::tests::concurrent_creates_do_not_lose_writes ... ok
[INFO] [stdout] test transport::transport_tests::classify_bypass_skips_membership_check ... ok
[INFO] [stdout] test transport::transport_tests::filters_event_when_membership_does_not_match ... ok
[INFO] [stdout] test transport::transport_tests::membership_lookup_failure_is_treated_as_no_match ... ok
[INFO] [stdout] test transport::transport_tests::concurrent_streams_over_one_source_stay_isolated ... ok
[INFO] [stdout] test skills::deployer::tests::deploy_blocks_while_the_skill_ledger_lock_is_held ... ok
[INFO] [stdout] 
[INFO] [stdout] failures:
[INFO] [stdout] 
[INFO] [stdout] ---- agent_content::tests::engineer_assets_name_no_repo_specific_doc_gate_script stdout ----
[INFO] [stdout] 
[INFO] [stdout] thread 'agent_content::tests::engineer_assets_name_no_repo_specific_doc_gate_script' (2599) panicked at src/agent_content_tests.rs:16:51:
[INFO] [stdout] resolve the checkout: Custom { kind: NotFound, error: "no Cargo workspace root at or above CARGO_MANIFEST_DIR (/opt/rustwide/workdir) or the current directory (/opt/rustwide/workdir); set TRUSTY_TEST_REPO_ROOT to the checkout root" }
[INFO] [stdout] stack backtrace:
[INFO] [stdout]    0:     0x6440edcc0211 - <<std[70759c8f55707aa4]::sys::backtrace::BacktraceLock>::print::DisplayBacktrace as core[df12db4294e9bfd3]::fmt::Display>::fmt
[INFO] [stdout]    1:     0x6440edcd8baa - core[df12db4294e9bfd3]::fmt::write
[INFO] [stdout]    2:     0x6440edcc545c - <alloc[2182bb758b4b3781]::vec::Vec<u8> as core[df12db4294e9bfd3]::io::write::Write>::write_fmt
[INFO] [stdout]    3:     0x6440edc96906 - std[70759c8f55707aa4]::panicking::default_hook::{closure#0}
[INFO] [stdout]    4:     0x6440edcb5cf9 - std[70759c8f55707aa4]::panicking::default_hook
[INFO] [stdout]    5:     0x6440edac31c0 - test[9d35eded1c95d3be]::test_main_inner::<test[9d35eded1c95d3be]::test_main_static::{closure#0}>::{closure#0}
[INFO] [stdout]    6:     0x6440edcb6022 - std[70759c8f55707aa4]::panicking::panic_with_hook
[INFO] [stdout]    7:     0x6440edc969b2 - std[70759c8f55707aa4]::panicking::panic_handler::{closure#0}
[INFO] [stdout]    8:     0x6440edc8ec09 - std[70759c8f55707aa4]::sys::backtrace::__rust_end_short_backtrace::<std[70759c8f55707aa4]::panicking::panic_handler::{closure#0}, !>
[INFO] [stdout]    9:     0x6440edc97b7d - __rustc[8fa7c3cbc660c2b3]::rust_begin_unwind
[INFO] [stdout]   10:     0x6440edcd938c - core[df12db4294e9bfd3]::panicking::panic_fmt
[INFO] [stdout]   11:     0x6440edcd9162 - core[df12db4294e9bfd3]::result::unwrap_failed
[INFO] [stdout]   12:     0x6440ed90deaa - trusty_agents_common[713b423a44dddbeb]::agent_content::tests::repo_content
[INFO] [stdout]   13:     0x6440eda5d530 - <std[70759c8f55707aa4]::sync::once::Once>::call_once_force::<<std[70759c8f55707aa4]::sync::once_lock::OnceLock<trusty_agents_common[713b423a44dddbeb]::agent_content::AgentRoster>>::initialize<<std[70759c8f55707aa4]::sync::once_lock::OnceLock<trusty_agents_common[713b423a44dddbeb]::agent_content::AgentRoster>>::get_or_init<trusty_agents_common[713b423a44dddbeb]::agent_content::tests::roster::{closure#0}>::{closure#0}, !>::{closure#0}>::{closure#0}
[INFO] [stdout]   14:     0x6440edc9cc59 - <std[70759c8f55707aa4]::sys::sync::once::futex::Once>::call
[INFO] [stdout]   15:     0x6440eda59195 - <std[70759c8f55707aa4]::sync::once_lock::OnceLock<trusty_agents_common[713b423a44dddbeb]::agent_content::AgentRoster>>::initialize::<<std[70759c8f55707aa4]::sync::once_lock::OnceLock<trusty_agents_common[713b423a44dddbeb]::agent_content::AgentRoster>>::get_or_init<trusty_agents_common[713b423a44dddbeb]::agent_content::tests::roster::{closure#0}>::{closure#0}, !>
[INFO] [stdout]   16:     0x6440ed91482f - trusty_agents_common[713b423a44dddbeb]::agent_content::tests::engineer_assets_name_no_repo_specific_doc_gate_script
[INFO] [stdout]   17:     0x6440ed949a19 - <trusty_agents_common[713b423a44dddbeb]::agent_content::tests::engineer_assets_name_no_repo_specific_doc_gate_script::{closure#0} as core[df12db4294e9bfd3]::ops::function::FnOnce<()>>::call_once
[INFO] [stdout]   18:     0x6440edab64ab - test[9d35eded1c95d3be]::__rust_begin_short_backtrace::<core[df12db4294e9bfd3]::result::Result<(), alloc[2182bb758b4b3781]::string::String>, fn() -> core[df12db4294e9bfd3]::result::Result<(), alloc[2182bb758b4b3781]::string::String>>
[INFO] [stdout]   19:     0x6440edac3b15 - test[9d35eded1c95d3be]::run_test::{closure#0}
[INFO] [stdout]   20:     0x6440edabd3d4 - std[70759c8f55707aa4]::sys::backtrace::__rust_begin_short_backtrace::<test[9d35eded1c95d3be]::run_test::{closure#1}, ()>
[INFO] [stdout]   21:     0x6440edac6c72 - <std[70759c8f55707aa4]::thread::lifecycle::spawn_unchecked<test[9d35eded1c95d3be]::run_test::{closure#1}, ()>::{closure#1} as core[df12db4294e9bfd3]::ops::function::FnOnce<()>>::call_once::{shim:vtable#0}
[INFO] [stdout]   22:     0x6440edcbf169 - <std[70759c8f55707aa4]::sys::thread::unix::Thread>::new::thread_start
[INFO] [stdout]   23:     0x7a2fd94fbdfa - <unknown>
[INFO] [stdout]   24:     0x7a2fd958f3d4 - clone
[INFO] [stdout]   25:                0x0 - <unknown>
[INFO] [stdout] 
[INFO] [stdout] ---- agent_content::tests::credential_switching_is_forbidden_in_the_shipped_assets stdout ----
[INFO] [stdout] 
[INFO] [stdout] thread 'agent_content::tests::credential_switching_is_forbidden_in_the_shipped_assets' (2598) panicked at src/agent_content_tests.rs:16:51:
[INFO] [stdout] resolve the checkout: Custom { kind: NotFound, error: "no Cargo workspace root at or above CARGO_MANIFEST_DIR (/opt/rustwide/workdir) or the current directory (/opt/rustwide/workdir); set TRUSTY_TEST_REPO_ROOT to the checkout root" }
[INFO] [stdout] stack backtrace:
[INFO] [stdout]    0:     0x6440edcc0211 - <<std[70759c8f55707aa4]::sys::backtrace::BacktraceLock>::print::DisplayBacktrace as core[df12db4294e9bfd3]::fmt::Display>::fmt
[INFO] [stdout]    1:     0x6440edcd8baa - core[df12db4294e9bfd3]::fmt::write
[INFO] [stdout]    2:     0x6440edcc545c - <alloc[2182bb758b4b3781]::vec::Vec<u8> as core[df12db4294e9bfd3]::io::write::Write>::write_fmt
[INFO] [stdout]    3:     0x6440edc96906 - std[70759c8f55707aa4]::panicking::default_hook::{closure#0}
[INFO] [stdout]    4:     0x6440edcb5cf9 - std[70759c8f55707aa4]::panicking::default_hook
[INFO] [stdout]    5:     0x6440edac31c0 - test[9d35eded1c95d3be]::test_main_inner::<test[9d35eded1c95d3be]::test_main_static::{closure#0}>::{closure#0}
[INFO] [stdout]    6:     0x6440edcb6022 - std[70759c8f55707aa4]::panicking::panic_with_hook
[INFO] [stdout]    7:     0x6440edc969b2 - std[70759c8f55707aa4]::panicking::panic_handler::{closure#0}
[INFO] [stdout]    8:     0x6440edc8ec09 - std[70759c8f55707aa4]::sys::backtrace::__rust_end_short_backtrace::<std[70759c8f55707aa4]::panicking::panic_handler::{closure#0}, !>
[INFO] [stdout]    9:     0x6440edc97b7d - __rustc[8fa7c3cbc660c2b3]::rust_begin_unwind
[INFO] [stdout]   10:     0x6440edcd938c - core[df12db4294e9bfd3]::panicking::panic_fmt
[INFO] [stdout]   11:     0x6440edcd9162 - core[df12db4294e9bfd3]::result::unwrap_failed
[INFO] [stdout]   12:     0x6440ed90deaa - trusty_agents_common[713b423a44dddbeb]::agent_content::tests::repo_content
[INFO] [stdout]   13:     0x6440eda5d530 - <std[70759c8f55707aa4]::sync::once::Once>::call_once_force::<<std[70759c8f55707aa4]::sync::once_lock::OnceLock<trusty_agents_common[713b423a44dddbeb]::agent_content::AgentRoster>>::initialize<<std[70759c8f55707aa4]::sync::once_lock::OnceLock<trusty_agents_common[713b423a44dddbeb]::agent_content::AgentRoster>>::get_or_init<trusty_agents_common[713b423a44dddbeb]::agent_content::tests::roster::{closure#0}>::{closure#0}, !>::{closure#0}>::{closure#0}
[INFO] [stdout]   14:     0x6440edc9cc59 - <std[70759c8f55707aa4]::sys::sync::once::futex::Once>::call
[INFO] [stdout]   15:     0x6440eda59195 - <std[70759c8f55707aa4]::sync::once_lock::OnceLock<trusty_agents_common[713b423a44dddbeb]::agent_content::AgentRoster>>::initialize::<<std[70759c8f55707aa4]::sync::once_lock::OnceLock<trusty_agents_common[713b423a44dddbeb]::agent_content::AgentRoster>>::get_or_init<trusty_agents_common[713b423a44dddbeb]::agent_content::tests::roster::{closure#0}>::{closure#0}, !>
[INFO] [stdout]   16:     0x6440ed915737 - trusty_agents_common[713b423a44dddbeb]::agent_content::tests::credential_switching_is_forbidden_in_the_shipped_assets
[INFO] [stdout]   17:     0x6440ed949a79 - <trusty_agents_common[713b423a44dddbeb]::agent_content::tests::credential_switching_is_forbidden_in_the_shipped_assets::{closure#0} as core[df12db4294e9bfd3]::ops::function::FnOnce<()>>::call_once
[INFO] [stdout]   18:     0x6440edab64ab - test[9d35eded1c95d3be]::__rust_begin_short_backtrace::<core[df12db4294e9bfd3]::result::Result<(), alloc[2182bb758b4b3781]::string::String>, fn() -> core[df12db4294e9bfd3]::result::Result<(), alloc[2182bb758b4b3781]::string::String>>
[INFO] [stdout]   19:     0x6440edac3b15 - test[9d35eded1c95d3be]::run_test::{closure#0}
[INFO] [stdout]   20:     0x6440edabd3d4 - std[70759c8f55707aa4]::sys::backtrace::__rust_begin_short_backtrace::<test[9d35eded1c95d3be]::run_test::{closure#1}, ()>
[INFO] [stdout]   21:     0x6440edac6c72 - <std[70759c8f55707aa4]::thread::lifecycle::spawn_unchecked<test[9d35eded1c95d3be]::run_test::{closure#1}, ()>::{closure#1} as core[df12db4294e9bfd3]::ops::function::FnOnce<()>>::call_once::{shim:vtable#0}
[INFO] [stdout]   22:     0x6440edcbf169 - <std[70759c8f55707aa4]::sys::thread::unix::Thread>::new::thread_start
[INFO] [stdout]   23:     0x7a2fd94fbdfa - <unknown>
[INFO] [stdout]   24:     0x7a2fd958f3d4 - clone
[INFO] [stdout]   25:                0x0 - <unknown>
[INFO] [stdout] 
[INFO] [stdout] ---- agent_content::tests::ticketing_and_version_control_are_not_haiku stdout ----
[INFO] [stdout] 
[INFO] [stdout] thread 'agent_content::tests::ticketing_and_version_control_are_not_haiku' (2609) panicked at src/agent_content_tests.rs:16:51:
[INFO] [stdout] resolve the checkout: Custom { kind: NotFound, error: "no Cargo workspace root at or above CARGO_MANIFEST_DIR (/opt/rustwide/workdir) or the current directory (/opt/rustwide/workdir); set TRUSTY_TEST_REPO_ROOT to the checkout root" }
[INFO] [stdout] stack backtrace:
[INFO] [stdout]    0:     0x6440edcc0211 - <<std[70759c8f55707aa4]::sys::backtrace::BacktraceLock>::print::DisplayBacktrace as core[df12db4294e9bfd3]::fmt::Display>::fmt
[INFO] [stdout]    1:     0x6440edcd8baa - core[df12db4294e9bfd3]::fmt::write
[INFO] [stdout]    2:     0x6440edcc545c - <alloc[2182bb758b4b3781]::vec::Vec<u8> as core[df12db4294e9bfd3]::io::write::Write>::write_fmt
[INFO] [stdout]    3:     0x6440edc96906 - std[70759c8f55707aa4]::panicking::default_hook::{closure#0}
[INFO] [stdout]    4:     0x6440edcb5cf9 - std[70759c8f55707aa4]::panicking::default_hook
[INFO] [stdout]    5:     0x6440edac31c0 - test[9d35eded1c95d3be]::test_main_inner::<test[9d35eded1c95d3be]::test_main_static::{closure#0}>::{closure#0}
[INFO] [stdout]    6:     0x6440edcb6022 - std[70759c8f55707aa4]::panicking::panic_with_hook
[INFO] [stdout]    7:     0x6440edc969b2 - std[70759c8f55707aa4]::panicking::panic_handler::{closure#0}
[INFO] [stdout]    8:     0x6440edc8ec09 - std[70759c8f55707aa4]::sys::backtrace::__rust_end_short_backtrace::<std[70759c8f55707aa4]::panicking::panic_handler::{closure#0}, !>
[INFO] [stdout]    9:     0x6440edc97b7d - __rustc[8fa7c3cbc660c2b3]::rust_begin_unwind
[INFO] [stdout]   10:     0x6440edcd938c - core[df12db4294e9bfd3]::panicking::panic_fmt
[INFO] [stdout]   11:     0x6440edcd9162 - core[df12db4294e9bfd3]::result::unwrap_failed
[INFO] [stdout]   12:     0x6440ed90deaa - trusty_agents_common[713b423a44dddbeb]::agent_content::tests::repo_content
[INFO] [stdout]   13:     0x6440eda5d530 - <std[70759c8f55707aa4]::sync::once::Once>::call_once_force::<<std[70759c8f55707aa4]::sync::once_lock::OnceLock<trusty_agents_common[713b423a44dddbeb]::agent_content::AgentRoster>>::initialize<<std[70759c8f55707aa4]::sync::once_lock::OnceLock<trusty_agents_common[713b423a44dddbeb]::agent_content::AgentRoster>>::get_or_init<trusty_agents_common[713b423a44dddbeb]::agent_content::tests::roster::{closure#0}>::{closure#0}, !>::{closure#0}>::{closure#0}
[INFO] [stdout]   14:     0x6440edc9cc59 - <std[70759c8f55707aa4]::sys::sync::once::futex::Once>::call
[INFO] [stdout]   15:     0x6440eda59195 - <std[70759c8f55707aa4]::sync::once_lock::OnceLock<trusty_agents_common[713b423a44dddbeb]::agent_content::AgentRoster>>::initialize::<<std[70759c8f55707aa4]::sync::once_lock::OnceLock<trusty_agents_common[713b423a44dddbeb]::agent_content::AgentRoster>>::get_or_init<trusty_agents_common[713b423a44dddbeb]::agent_content::tests::roster::{closure#0}>::{closure#0}, !>
[INFO] [stdout]   16:     0x6440ed911d37 - trusty_agents_common[713b423a44dddbeb]::agent_content::tests::ticketing_and_version_control_are_not_haiku
[INFO] [stdout]   17:     0x6440ed949939 - <trusty_agents_common[713b423a44dddbeb]::agent_content::tests::ticketing_and_version_control_are_not_haiku::{closure#0} as core[df12db4294e9bfd3]::ops::function::FnOnce<()>>::call_once
[INFO] [stdout]   18:     0x6440edab64ab - test[9d35eded1c95d3be]::__rust_begin_short_backtrace::<core[df12db4294e9bfd3]::result::Result<(), alloc[2182bb758b4b3781]::string::String>, fn() -> core[df12db4294e9bfd3]::result::Result<(), alloc[2182bb758b4b3781]::string::String>>
[INFO] [stdout]   19:     0x6440edac3b15 - test[9d35eded1c95d3be]::run_test::{closure#0}
[INFO] [stdout]   20:     0x6440edabd3d4 - std[70759c8f55707aa4]::sys::backtrace::__rust_begin_short_backtrace::<test[9d35eded1c95d3be]::run_test::{closure#1}, ()>
[INFO] [stdout]   21:     0x6440edac6c72 - <std[70759c8f55707aa4]::thread::lifecycle::spawn_unchecked<test[9d35eded1c95d3be]::run_test::{closure#1}, ()>::{closure#1} as core[df12db4294e9bfd3]::ops::function::FnOnce<()>>::call_once::{shim:vtable#0}
[INFO] [stdout]   22:     0x6440edcbf169 - <std[70759c8f55707aa4]::sys::thread::unix::Thread>::new::thread_start
[INFO] [stdout]   23:     0x7a2fd94fbdfa - <unknown>
[INFO] [stdout]   24:     0x7a2fd958f3d4 - clone
[INFO] [stdout]   25:                0x0 - <unknown>
[INFO] [stdout] 
[INFO] [stdout] ---- agent_content::tests::the_repository_roster_carries_every_agent stdout ----
[INFO] [stdout] 
[INFO] [stdout] thread 'agent_content::tests::the_repository_roster_carries_every_agent' (2608) panicked at src/agent_content_tests.rs:16:51:
[INFO] [stdout] resolve the checkout: Custom { kind: NotFound, error: "no Cargo workspace root at or above CARGO_MANIFEST_DIR (/opt/rustwide/workdir) or the current directory (/opt/rustwide/workdir); set TRUSTY_TEST_REPO_ROOT to the checkout root" }
[INFO] [stdout] stack backtrace:
[INFO] [stdout]    0:     0x6440edcc0211 - <<std[70759c8f55707aa4]::sys::backtrace::BacktraceLock>::print::DisplayBacktrace as core[df12db4294e9bfd3]::fmt::Display>::fmt
[INFO] [stdout]    1:     0x6440edcd8baa - core[df12db4294e9bfd3]::fmt::write
[INFO] [stdout]    2:     0x6440edcc545c - <alloc[2182bb758b4b3781]::vec::Vec<u8> as core[df12db4294e9bfd3]::io::write::Write>::write_fmt
[INFO] [stdout]    3:     0x6440edc96906 - std[70759c8f55707aa4]::panicking::default_hook::{closure#0}
[INFO] [stdout]    4:     0x6440edcb5cf9 - std[70759c8f55707aa4]::panicking::default_hook
[INFO] [stdout]    5:     0x6440edac31c0 - test[9d35eded1c95d3be]::test_main_inner::<test[9d35eded1c95d3be]::test_main_static::{closure#0}>::{closure#0}
[INFO] [stdout]    6:     0x6440edcb6022 - std[70759c8f55707aa4]::panicking::panic_with_hook
[INFO] [stdout]    7:     0x6440edc969b2 - std[70759c8f55707aa4]::panicking::panic_handler::{closure#0}
[INFO] [stdout]    8:     0x6440edc8ec09 - std[70759c8f55707aa4]::sys::backtrace::__rust_end_short_backtrace::<std[70759c8f55707aa4]::panicking::panic_handler::{closure#0}, !>
[INFO] [stdout]    9:     0x6440edc97b7d - __rustc[8fa7c3cbc660c2b3]::rust_begin_unwind
[INFO] [stdout]   10:     0x6440edcd938c - core[df12db4294e9bfd3]::panicking::panic_fmt
[INFO] [stdout]   11:     0x6440edcd9162 - core[df12db4294e9bfd3]::result::unwrap_failed
[INFO] [stdout]   12:     0x6440ed9115f9 - trusty_agents_common[713b423a44dddbeb]::agent_content::tests::the_repository_roster_carries_every_agent
[INFO] [stdout]   13:     0x6440ed949919 - <trusty_agents_common[713b423a44dddbeb]::agent_content::tests::the_repository_roster_carries_every_agent::{closure#0} as core[df12db4294e9bfd3]::ops::function::FnOnce<()>>::call_once
[INFO] [stdout]   14:     0x6440edab64ab - test[9d35eded1c95d3be]::__rust_begin_short_backtrace::<core[df12db4294e9bfd3]::result::Result<(), alloc[2182bb758b4b3781]::string::String>, fn() -> core[df12db4294e9bfd3]::result::Result<(), alloc[2182bb758b4b3781]::string::String>>
[INFO] [stdout]   15:     0x6440edac3b15 - test[9d35eded1c95d3be]::run_test::{closure#0}
[INFO] [stdout]   16:     0x6440edabd3d4 - std[70759c8f55707aa4]::sys::backtrace::__rust_begin_short_backtrace::<test[9d35eded1c95d3be]::run_test::{closure#1}, ()>
[INFO] [stdout]   17:     0x6440edac6c72 - <std[70759c8f55707aa4]::thread::lifecycle::spawn_unchecked<test[9d35eded1c95d3be]::run_test::{closure#1}, ()>::{closure#1} as core[df12db4294e9bfd3]::ops::function::FnOnce<()>>::call_once::{shim:vtable#0}
[INFO] [stdout]   18:     0x6440edcbf169 - <std[70759c8f55707aa4]::sys::thread::unix::Thread>::new::thread_start
[INFO] [stdout]   19:     0x7a2fd94fbdfa - <unknown>
[INFO] [stdout]   20:     0x7a2fd958f3d4 - clone
[INFO] [stdout]   21:                0x0 - <unknown>
[INFO] [stdout] 
[INFO] [stdout] ---- agent_content::tests::vercel_env_listing_prints_names_only stdout ----
[INFO] [stdout] 
[INFO] [stdout] thread 'agent_content::tests::vercel_env_listing_prints_names_only' (2610) panicked at src/agent_content_tests.rs:16:51:
[INFO] [stdout] resolve the checkout: Custom { kind: NotFound, error: "no Cargo workspace root at or above CARGO_MANIFEST_DIR (/opt/rustwide/workdir) or the current directory (/opt/rustwide/workdir); set TRUSTY_TEST_REPO_ROOT to the checkout root" }
[INFO] [stdout] stack backtrace:
[INFO] [stdout]    0:     0x6440edcc0211 - <<std[70759c8f55707aa4]::sys::backtrace::BacktraceLock>::print::DisplayBacktrace as core[df12db4294e9bfd3]::fmt::Display>::fmt
[INFO] [stdout]    1:     0x6440edcd8baa - core[df12db4294e9bfd3]::fmt::write
[INFO] [stdout]    2:     0x6440edcc545c - <alloc[2182bb758b4b3781]::vec::Vec<u8> as core[df12db4294e9bfd3]::io::write::Write>::write_fmt
[INFO] [stdout]    3:     0x6440edc96906 - std[70759c8f55707aa4]::panicking::default_hook::{closure#0}
[INFO] [stdout]    4:     0x6440edcb5cf9 - std[70759c8f55707aa4]::panicking::default_hook
[INFO] [stdout]    5:     0x6440edac31c0 - test[9d35eded1c95d3be]::test_main_inner::<test[9d35eded1c95d3be]::test_main_static::{closure#0}>::{closure#0}
[INFO] [stdout]    6:     0x6440edcb6022 - std[70759c8f55707aa4]::panicking::panic_with_hook
[INFO] [stdout]    7:     0x6440edc969b2 - std[70759c8f55707aa4]::panicking::panic_handler::{closure#0}
[INFO] [stdout]    8:     0x6440edc8ec09 - std[70759c8f55707aa4]::sys::backtrace::__rust_end_short_backtrace::<std[70759c8f55707aa4]::panicking::panic_handler::{closure#0}, !>
[INFO] [stdout]    9:     0x6440edc97b7d - __rustc[8fa7c3cbc660c2b3]::rust_begin_unwind
[INFO] [stdout]   10:     0x6440edcd938c - core[df12db4294e9bfd3]::panicking::panic_fmt
[INFO] [stdout]   11:     0x6440edcd9162 - core[df12db4294e9bfd3]::result::unwrap_failed
[INFO] [stdout]   12:     0x6440ed90f97d - trusty_agents_common[713b423a44dddbeb]::agent_content::tests::vercel_env_listing_prints_names_only
[INFO] [stdout]   13:     0x6440ed949879 - <trusty_agents_common[713b423a44dddbeb]::agent_content::tests::vercel_env_listing_prints_names_only::{closure#0} as core[df12db4294e9bfd3]::ops::function::FnOnce<()>>::call_once
[INFO] [stdout]   14:     0x6440edab64ab - test[9d35eded1c95d3be]::__rust_begin_short_backtrace::<core[df12db4294e9bfd3]::result::Result<(), alloc[2182bb758b4b3781]::string::String>, fn() -> core[df12db4294e9bfd3]::result::Result<(), alloc[2182bb758b4b3781]::string::String>>
[INFO] [stdout]   15:     0x6440edac3b15 - test[9d35eded1c95d3be]::run_test::{closure#0}
[INFO] [stdout]   16:     0x6440edabd3d4 - std[70759c8f55707aa4]::sys::backtrace::__rust_begin_short_backtrace::<test[9d35eded1c95d3be]::run_test::{closure#1}, ()>
[INFO] [stdout]   17:     0x6440edac6c72 - <std[70759c8f55707aa4]::thread::lifecycle::spawn_unchecked<test[9d35eded1c95d3be]::run_test::{closure#1}, ()>::{closure#1} as core[df12db4294e9bfd3]::ops::function::FnOnce<()>>::call_once::{shim:vtable#0}
[INFO] [stdout]   18:     0x6440edcbf169 - <std[70759c8f55707aa4]::sys::thread::unix::Thread>::new::thread_start
[INFO] [stdout]   19:     0x7a2fd94fbdfa - <unknown>
[INFO] [stdout]   20:     0x7a2fd958f3d4 - clone
[INFO] [stdout]   21:                0x0 - <unknown>
[INFO] [stdout] 
[INFO] [stdout] ---- agent_content::tests::general_purpose_assets_state_no_repo_specific_literal stdout ----
[INFO] [stdout] 
[INFO] [stdout] thread 'agent_content::tests::general_purpose_assets_state_no_repo_specific_literal' (2600) panicked at src/agent_content_tests.rs:16:51:
[INFO] [stdout] resolve the checkout: Custom { kind: NotFound, error: "no Cargo workspace root at or above CARGO_MANIFEST_DIR (/opt/rustwide/workdir) or the current directory (/opt/rustwide/workdir); set TRUSTY_TEST_REPO_ROOT to the checkout root" }
[INFO] [stdout] stack backtrace:
[INFO] [stdout]    0:     0x6440edcc0211 - <<std[70759c8f55707aa4]::sys::backtrace::BacktraceLock>::print::DisplayBacktrace as core[df12db4294e9bfd3]::fmt::Display>::fmt
[INFO] [stdout]    1:     0x6440edcd8baa - core[df12db4294e9bfd3]::fmt::write
[INFO] [stdout]    2:     0x6440edcc545c - <alloc[2182bb758b4b3781]::vec::Vec<u8> as core[df12db4294e9bfd3]::io::write::Write>::write_fmt
[INFO] [stdout]    3:     0x6440edc96906 - std[70759c8f55707aa4]::panicking::default_hook::{closure#0}
[INFO] [stdout]    4:     0x6440edcb5cf9 - std[70759c8f55707aa4]::panicking::default_hook
[INFO] [stdout]    5:     0x6440edac31c0 - test[9d35eded1c95d3be]::test_main_inner::<test[9d35eded1c95d3be]::test_main_static::{closure#0}>::{closure#0}
[INFO] [stdout]    6:     0x6440edcb6022 - std[70759c8f55707aa4]::panicking::panic_with_hook
[INFO] [stdout]    7:     0x6440edc969b2 - std[70759c8f55707aa4]::panicking::panic_handler::{closure#0}
[INFO] [stdout]    8:     0x6440edc8ec09 - std[70759c8f55707aa4]::sys::backtrace::__rust_end_short_backtrace::<std[70759c8f55707aa4]::panicking::panic_handler::{closure#0}, !>
[INFO] [stdout]    9:     0x6440edc97b7d - __rustc[8fa7c3cbc660c2b3]::rust_begin_unwind
[INFO] [stdout]   10:     0x6440edcd938c - core[df12db4294e9bfd3]::panicking::panic_fmt
[INFO] [stdout]   11:     0x6440edcd9162 - core[df12db4294e9bfd3]::result::unwrap_failed
[INFO] [stdout]   12:     0x6440ed90deaa - trusty_agents_common[713b423a44dddbeb]::agent_content::tests::repo_content
[INFO] [stdout]   13:     0x6440eda5d530 - <std[70759c8f55707aa4]::sync::once::Once>::call_once_force::<<std[70759c8f55707aa4]::sync::once_lock::OnceLock<trusty_agents_common[713b423a44dddbeb]::agent_content::AgentRoster>>::initialize<<std[70759c8f55707aa4]::sync::once_lock::OnceLock<trusty_agents_common[713b423a44dddbeb]::agent_content::AgentRoster>>::get_or_init<trusty_agents_common[713b423a44dddbeb]::agent_content::tests::roster::{closure#0}>::{closure#0}, !>::{closure#0}>::{closure#0}
[INFO] [stdout]   14:     0x6440edc9cc59 - <std[70759c8f55707aa4]::sys::sync::once::futex::Once>::call
[INFO] [stdout]   15:     0x6440eda59195 - <std[70759c8f55707aa4]::sync::once_lock::OnceLock<trusty_agents_common[713b423a44dddbeb]::agent_content::AgentRoster>>::initialize::<<std[70759c8f55707aa4]::sync::once_lock::OnceLock<trusty_agents_common[713b423a44dddbeb]::agent_content::AgentRoster>>::get_or_init<trusty_agents_common[713b423a44dddbeb]::agent_content::tests::roster::{closure#0}>::{closure#0}, !>
[INFO] [stdout]   16:     0x6440ed914d25 - trusty_agents_common[713b423a44dddbeb]::agent_content::tests::general_purpose_assets_state_no_repo_specific_literal
[INFO] [stdout]   17:     0x6440ed949a39 - <trusty_agents_common[713b423a44dddbeb]::agent_content::tests::general_purpose_assets_state_no_repo_specific_literal::{closure#0} as core[df12db4294e9bfd3]::ops::function::FnOnce<()>>::call_once
[INFO] [stdout]   18:     0x6440edab64ab - test[9d35eded1c95d3be]::__rust_begin_short_backtrace::<core[df12db4294e9bfd3]::result::Result<(), alloc[2182bb758b4b3781]::string::String>, fn() -> core[df12db4294e9bfd3]::result::Result<(), alloc[2182bb758b4b3781]::string::String>>
[INFO] [stdout]   19:     0x6440edac3b15 - test[9d35eded1c95d3be]::run_test::{closure#0}
[INFO] [stdout]   20:     0x6440edabd3d4 - std[70759c8f55707aa4]::sys::backtrace::__rust_begin_short_backtrace::<test[9d35eded1c95d3be]::run_test::{closure#1}, ()>
[INFO] [stdout]   21:     0x6440edac6c72 - <std[70759c8f55707aa4]::thread::lifecycle::spawn_unchecked<test[9d35eded1c95d3be]::run_test::{closure#1}, ()>::{closure#1} as core[df12db4294e9bfd3]::ops::function::FnOnce<()>>::call_once::{shim:vtable#0}
[INFO] [stdout]   22:     0x6440edcbf169 - <std[70759c8f55707aa4]::sys::thread::unix::Thread>::new::thread_start
[INFO] [stdout]   23:     0x7a2fd94fbdfa - <unknown>
[INFO] [stdout]   24:     0x7a2fd958f3d4 - clone
[INFO] [stdout]   25:                0x0 - <unknown>
[INFO] [stdout] 
[INFO] [stdout] ---- agent_content::tests::base_templates_travel_with_the_roster stdout ----
[INFO] [stdout] 
[INFO] [stdout] thread 'agent_content::tests::base_templates_travel_with_the_roster' (2596) panicked at src/agent_content_tests.rs:16:51:
[INFO] [stdout] resolve the checkout: Custom { kind: NotFound, error: "no Cargo workspace root at or above CARGO_MANIFEST_DIR (/opt/rustwide/workdir) or the current directory (/opt/rustwide/workdir); set TRUSTY_TEST_REPO_ROOT to the checkout root" }
[INFO] [stdout] stack backtrace:
[INFO] [stdout]    0:     0x6440edcc0211 - <<std[70759c8f55707aa4]::sys::backtrace::BacktraceLock>::print::DisplayBacktrace as core[df12db4294e9bfd3]::fmt::Display>::fmt
[INFO] [stdout]    1:     0x6440edcd8baa - core[df12db4294e9bfd3]::fmt::write
[INFO] [stdout]    2:     0x6440edcc545c - <alloc[2182bb758b4b3781]::vec::Vec<u8> as core[df12db4294e9bfd3]::io::write::Write>::write_fmt
[INFO] [stdout]    3:     0x6440edc96906 - std[70759c8f55707aa4]::panicking::default_hook::{closure#0}
[INFO] [stdout]    4:     0x6440edcb5cf9 - std[70759c8f55707aa4]::panicking::default_hook
[INFO] [stdout]    5:     0x6440edac31c0 - test[9d35eded1c95d3be]::test_main_inner::<test[9d35eded1c95d3be]::test_main_static::{closure#0}>::{closure#0}
[INFO] [stdout]    6:     0x6440edcb6022 - std[70759c8f55707aa4]::panicking::panic_with_hook
[INFO] [stdout]    7:     0x6440edc969b2 - std[70759c8f55707aa4]::panicking::panic_handler::{closure#0}
[INFO] [stdout]    8:     0x6440edc8ec09 - std[70759c8f55707aa4]::sys::backtrace::__rust_end_short_backtrace::<std[70759c8f55707aa4]::panicking::panic_handler::{closure#0}, !>
[INFO] [stdout]    9:     0x6440edc97b7d - __rustc[8fa7c3cbc660c2b3]::rust_begin_unwind
[INFO] [stdout]   10:     0x6440edcd938c - core[df12db4294e9bfd3]::panicking::panic_fmt
[INFO] [stdout]   11:     0x6440edcd9162 - core[df12db4294e9bfd3]::result::unwrap_failed
[INFO] [stdout]   12:     0x6440ed90deaa - trusty_agents_common[713b423a44dddbeb]::agent_content::tests::repo_content
[INFO] [stdout]   13:     0x6440eda5d530 - <std[70759c8f55707aa4]::sync::once::Once>::call_once_force::<<std[70759c8f55707aa4]::sync::once_lock::OnceLock<trusty_agents_common[713b423a44dddbeb]::agent_content::AgentRoster>>::initialize<<std[70759c8f55707aa4]::sync::once_lock::OnceLock<trusty_agents_common[713b423a44dddbeb]::agent_content::AgentRoster>>::get_or_init<trusty_agents_common[713b423a44dddbeb]::agent_content::tests::roster::{closure#0}>::{closure#0}, !>::{closure#0}>::{closure#0}
[INFO] [stdout]   14:     0x6440edc9cc59 - <std[70759c8f55707aa4]::sys::sync::once::futex::Once>::call
[INFO] [stdout]   15:     0x6440eda59195 - <std[70759c8f55707aa4]::sync::once_lock::OnceLock<trusty_agents_common[713b423a44dddbeb]::agent_content::AgentRoster>>::initialize::<<std[70759c8f55707aa4]::sync::once_lock::OnceLock<trusty_agents_common[713b423a44dddbeb]::agent_content::AgentRoster>>::get_or_init<trusty_agents_common[713b423a44dddbeb]::agent_content::tests::roster::{closure#0}>::{closure#0}, !>
[INFO] [stdout]   16:     0x6440ed90feb1 - trusty_agents_common[713b423a44dddbeb]::agent_content::tests::base_templates_travel_with_the_roster
[INFO] [stdout]   17:     0x6440ed949899 - <trusty_agents_common[713b423a44dddbeb]::agent_content::tests::base_templates_travel_with_the_roster::{closure#0} as core[df12db4294e9bfd3]::ops::function::FnOnce<()>>::call_once
[INFO] [stdout]   18:     0x6440edab64ab - test[9d35eded1c95d3be]::__rust_begin_short_backtrace::<core[df12db4294e9bfd3]::result::Result<(), alloc[2182bb758b4b3781]::string::String>, fn() -> core[df12db4294e9bfd3]::result::Result<(), alloc[2182bb758b4b3781]::string::String>>
[INFO] [stdout]   19:     0x6440edac3b15 - test[9d35eded1c95d3be]::run_test::{closure#0}
[INFO] [stdout]   20:     0x6440edabd3d4 - std[70759c8f55707aa4]::sys::backtrace::__rust_begin_short_backtrace::<test[9d35eded1c95d3be]::run_test::{closure#1}, ()>
[INFO] [stdout]   21:     0x6440edac6c72 - <std[70759c8f55707aa4]::thread::lifecycle::spawn_unchecked<test[9d35eded1c95d3be]::run_test::{closure#1}, ()>::{closure#1} as core[df12db4294e9bfd3]::ops::function::FnOnce<()>>::call_once::{shim:vtable#0}
[INFO] [stdout]   22:     0x6440edcbf169 - <std[70759c8f55707aa4]::sys::thread::unix::Thread>::new::thread_start
[INFO] [stdout]   23:     0x7a2fd94fbdfa - <unknown>
[INFO] [stdout]   24:     0x7a2fd958f3d4 - clone
[INFO] [stdout]   25:                0x0 - <unknown>
[INFO] [stdout] 
[INFO] [stdout] ---- agent_content::tests::regression_proof_reverts_against_the_pre_fix_commit stdout ----
[INFO] [stdout] 
[INFO] [stdout] thread 'agent_content::tests::regression_proof_reverts_against_the_pre_fix_commit' (2605) panicked at src/agent_content_tests.rs:16:51:
[INFO] [stdout] resolve the checkout: Custom { kind: NotFound, error: "no Cargo workspace root at or above CARGO_MANIFEST_DIR (/opt/rustwide/workdir) or the current directory (/opt/rustwide/workdir); set TRUSTY_TEST_REPO_ROOT to the checkout root" }
[INFO] [stdout] stack backtrace:
[INFO] [stdout]    0:     0x6440edcc0211 - <<std[70759c8f55707aa4]::sys::backtrace::BacktraceLock>::print::DisplayBacktrace as core[df12db4294e9bfd3]::fmt::Display>::fmt
[INFO] [stdout]    1:     0x6440edcd8baa - core[df12db4294e9bfd3]::fmt::write
[INFO] [stdout]    2:     0x6440edcc545c - <alloc[2182bb758b4b3781]::vec::Vec<u8> as core[df12db4294e9bfd3]::io::write::Write>::write_fmt
[INFO] [stdout]    3:     0x6440edc96906 - std[70759c8f55707aa4]::panicking::default_hook::{closure#0}
[INFO] [stdout]    4:     0x6440edcb5cf9 - std[70759c8f55707aa4]::panicking::default_hook
[INFO] [stdout]    5:     0x6440edac31c0 - test[9d35eded1c95d3be]::test_main_inner::<test[9d35eded1c95d3be]::test_main_static::{closure#0}>::{closure#0}
[INFO] [stdout]    6:     0x6440edcb6022 - std[70759c8f55707aa4]::panicking::panic_with_hook
[INFO] [stdout]    7:     0x6440edc969b2 - std[70759c8f55707aa4]::panicking::panic_handler::{closure#0}
[INFO] [stdout]    8:     0x6440edc8ec09 - std[70759c8f55707aa4]::sys::backtrace::__rust_end_short_backtrace::<std[70759c8f55707aa4]::panicking::panic_handler::{closure#0}, !>
[INFO] [stdout]    9:     0x6440edc97b7d - __rustc[8fa7c3cbc660c2b3]::rust_begin_unwind
[INFO] [stdout]   10:     0x6440edcd938c - core[df12db4294e9bfd3]::panicking::panic_fmt
[INFO] [stdout]   11:     0x6440edcd9162 - core[df12db4294e9bfd3]::result::unwrap_failed
[INFO] [stdout]   12:     0x6440ed90deaa - trusty_agents_common[713b423a44dddbeb]::agent_content::tests::repo_content
[INFO] [stdout]   13:     0x6440eda5d530 - <std[70759c8f55707aa4]::sync::once::Once>::call_once_force::<<std[70759c8f55707aa4]::sync::once_lock::OnceLock<trusty_agents_common[713b423a44dddbeb]::agent_content::AgentRoster>>::initialize<<std[70759c8f55707aa4]::sync::once_lock::OnceLock<trusty_agents_common[713b423a44dddbeb]::agent_content::AgentRoster>>::get_or_init<trusty_agents_common[713b423a44dddbeb]::agent_content::tests::roster::{closure#0}>::{closure#0}, !>::{closure#0}>::{closure#0}
[INFO] [stdout]   14:     0x6440edc9cc59 - <std[70759c8f55707aa4]::sys::sync::once::futex::Once>::call
[INFO] [stdout]   15:     0x6440eda59195 - <std[70759c8f55707aa4]::sync::once_lock::OnceLock<trusty_agents_common[713b423a44dddbeb]::agent_content::AgentRoster>>::initialize::<<std[70759c8f55707aa4]::sync::once_lock::OnceLock<trusty_agents_common[713b423a44dddbeb]::agent_content::AgentRoster>>::get_or_init<trusty_agents_common[713b423a44dddbeb]::agent_content::tests::roster::{closure#0}>::{closure#0}, !>
[INFO] [stdout]   16:     0x6440ed9131b3 - trusty_agents_common[713b423a44dddbeb]::agent_content::tests::regression_proof_reverts_against_the_pre_fix_commit
[INFO] [stdout]   17:     0x6440ed9499b9 - <trusty_agents_common[713b423a44dddbeb]::agent_content::tests::regression_proof_reverts_against_the_pre_fix_commit::{closure#0} as core[df12db4294e9bfd3]::ops::function::FnOnce<()>>::call_once
[INFO] [stdout]   18:     0x6440edab64ab - test[9d35eded1c95d3be]::__rust_begin_short_backtrace::<core[df12db4294e9bfd3]::result::Result<(), alloc[2182bb758b4b3781]::string::String>, fn() -> core[df12db4294e9bfd3]::result::Result<(), alloc[2182bb758b4b3781]::string::String>>
[INFO] [stdout]   19:     0x6440edac3b15 - test[9d35eded1c95d3be]::run_test::{closure#0}
[INFO] [stdout]   20:     0x6440edabd3d4 - std[70759c8f55707aa4]::sys::backtrace::__rust_begin_short_backtrace::<test[9d35eded1c95d3be]::run_test::{closure#1}, ()>
[INFO] [stdout]   21:     0x6440edac6c72 - <std[70759c8f55707aa4]::thread::lifecycle::spawn_unchecked<test[9d35eded1c95d3be]::run_test::{closure#1}, ()>::{closure#1} as core[df12db4294e9bfd3]::ops::function::FnOnce<()>>::call_once::{shim:vtable#0}
[INFO] [stdout]   22:     0x6440edcbf169 - <std[70759c8f55707aa4]::sys::thread::unix::Thread>::new::thread_start
[INFO] [stdout]   23:     0x7a2fd94fbdfa - <unknown>
[INFO] [stdout]   24:     0x7a2fd958f3d4 - clone
[INFO] [stdout]   25:                0x0 - <unknown>
[INFO] [stdout] 
[INFO] [stdout] ---- agent_content::tests::ops_agents_state_the_non_printing_credential_forms stdout ----
[INFO] [stdout] 
[INFO] [stdout] thread 'agent_content::tests::ops_agents_state_the_non_printing_credential_forms' (2604) panicked at src/agent_content_tests.rs:16:51:
[INFO] [stdout] resolve the checkout: Custom { kind: NotFound, error: "no Cargo workspace root at or above CARGO_MANIFEST_DIR (/opt/rustwide/workdir) or the current directory (/opt/rustwide/workdir); set TRUSTY_TEST_REPO_ROOT to the checkout root" }
[INFO] [stdout] stack backtrace:
[INFO] [stdout]    0:     0x6440edcc0211 - <<std[70759c8f55707aa4]::sys::backtrace::BacktraceLock>::print::DisplayBacktrace as core[df12db4294e9bfd3]::fmt::Display>::fmt
[INFO] [stdout]    1:     0x6440edcd8baa - core[df12db4294e9bfd3]::fmt::write
[INFO] [stdout]    2:     0x6440edcc545c - <alloc[2182bb758b4b3781]::vec::Vec<u8> as core[df12db4294e9bfd3]::io::write::Write>::write_fmt
[INFO] [stdout]    3:     0x6440edc96906 - std[70759c8f55707aa4]::panicking::default_hook::{closure#0}
[INFO] [stdout]    4:     0x6440edcb5cf9 - std[70759c8f55707aa4]::panicking::default_hook
[INFO] [stdout]    5:     0x6440edac31c0 - test[9d35eded1c95d3be]::test_main_inner::<test[9d35eded1c95d3be]::test_main_static::{closure#0}>::{closure#0}
[INFO] [stdout]    6:     0x6440edcb6022 - std[70759c8f55707aa4]::panicking::panic_with_hook
[INFO] [stdout]    7:     0x6440edc969b2 - std[70759c8f55707aa4]::panicking::panic_handler::{closure#0}
[INFO] [stdout]    8:     0x6440edc8ec09 - std[70759c8f55707aa4]::sys::backtrace::__rust_end_short_backtrace::<std[70759c8f55707aa4]::panicking::panic_handler::{closure#0}, !>
[INFO] [stdout]    9:     0x6440edc97b7d - __rustc[8fa7c3cbc660c2b3]::rust_begin_unwind
[INFO] [stdout]   10:     0x6440edcd938c - core[df12db4294e9bfd3]::panicking::panic_fmt
[INFO] [stdout]   11:     0x6440edcd9162 - core[df12db4294e9bfd3]::result::unwrap_failed
[INFO] [stdout]   12:     0x6440ed90deaa - trusty_agents_common[713b423a44dddbeb]::agent_content::tests::repo_content
[INFO] [stdout]   13:     0x6440eda5d530 - <std[70759c8f55707aa4]::sync::once::Once>::call_once_force::<<std[70759c8f55707aa4]::sync::once_lock::OnceLock<trusty_agents_common[713b423a44dddbeb]::agent_content::AgentRoster>>::initialize<<std[70759c8f55707aa4]::sync::once_lock::OnceLock<trusty_agents_common[713b423a44dddbeb]::agent_content::AgentRoster>>::get_or_init<trusty_agents_common[713b423a44dddbeb]::agent_content::tests::roster::{closure#0}>::{closure#0}, !>::{closure#0}>::{closure#0}
[INFO] [stdout]   14:     0x6440edc9cc59 - <std[70759c8f55707aa4]::sys::sync::once::futex::Once>::call
[INFO] [stdout]   15:     0x6440eda59195 - <std[70759c8f55707aa4]::sync::once_lock::OnceLock<trusty_agents_common[713b423a44dddbeb]::agent_content::AgentRoster>>::initialize::<<std[70759c8f55707aa4]::sync::once_lock::OnceLock<trusty_agents_common[713b423a44dddbeb]::agent_content::AgentRoster>>::get_or_init<trusty_agents_common[713b423a44dddbeb]::agent_content::tests::roster::{closure#0}>::{closure#0}, !>
[INFO] [stdout]   16:     0x6440ed912ed1 - trusty_agents_common[713b423a44dddbeb]::agent_content::tests::ops_agents_state_the_non_printing_credential_forms
[INFO] [stdout]   17:     0x6440ed949999 - <trusty_agents_common[713b423a44dddbeb]::agent_content::tests::ops_agents_state_the_non_printing_credential_forms::{closure#0} as core[df12db4294e9bfd3]::ops::function::FnOnce<()>>::call_once
[INFO] [stdout]   18:     0x6440edab64ab - test[9d35eded1c95d3be]::__rust_begin_short_backtrace::<core[df12db4294e9bfd3]::result::Result<(), alloc[2182bb758b4b3781]::string::String>, fn() -> core[df12db4294e9bfd3]::result::Result<(), alloc[2182bb758b4b3781]::string::String>>
[INFO] [stdout]   19:     0x6440edac3b15 - test[9d35eded1c95d3be]::run_test::{closure#0}
[INFO] [stdout]   20:     0x6440edabd3d4 - std[70759c8f55707aa4]::sys::backtrace::__rust_begin_short_backtrace::<test[9d35eded1c95d3be]::run_test::{closure#1}, ()>
[INFO] [stdout]   21:     0x6440edac6c72 - <std[70759c8f55707aa4]::thread::lifecycle::spawn_unchecked<test[9d35eded1c95d3be]::run_test::{closure#1}, ()>::{closure#1} as core[df12db4294e9bfd3]::ops::function::FnOnce<()>>::call_once::{shim:vtable#0}
[INFO] [stdout]   22:     0x6440edcbf169 - <std[70759c8f55707aa4]::sys::thread::unix::Thread>::new::thread_start
[INFO] [stdout]   23:     0x7a2fd94fbdfa - <unknown>
[INFO] [stdout]   24:     0x7a2fd958f3d4 - clone
[INFO] [stdout]   25:                0x0 - <unknown>
[INFO] [stdout] 
[INFO] [stdout] ---- agent_content::tests::self_analysis_reporting_ships_in_the_base_agent stdout ----
[INFO] [stdout] 
[INFO] [stdout] thread 'agent_content::tests::self_analysis_reporting_ships_in_the_base_agent' (2607) panicked at src/agent_content_tests.rs:16:51:
[INFO] [stdout] resolve the checkout: Custom { kind: NotFound, error: "no Cargo workspace root at or above CARGO_MANIFEST_DIR (/opt/rustwide/workdir) or the current directory (/opt/rustwide/workdir); set TRUSTY_TEST_REPO_ROOT to the checkout root" }
[INFO] [stdout] stack backtrace:
[INFO] [stdout]    0:     0x6440edcc0211 - <<std[70759c8f55707aa4]::sys::backtrace::BacktraceLock>::print::DisplayBacktrace as core[df12db4294e9bfd3]::fmt::Display>::fmt
[INFO] [stdout]    1:     0x6440edcd8baa - core[df12db4294e9bfd3]::fmt::write
[INFO] [stdout]    2:     0x6440edcc545c - <alloc[2182bb758b4b3781]::vec::Vec<u8> as core[df12db4294e9bfd3]::io::write::Write>::write_fmt
[INFO] [stdout]    3:     0x6440edc96906 - std[70759c8f55707aa4]::panicking::default_hook::{closure#0}
[INFO] [stdout]    4:     0x6440edcb5cf9 - std[70759c8f55707aa4]::panicking::default_hook
[INFO] [stdout]    5:     0x6440edac31c0 - test[9d35eded1c95d3be]::test_main_inner::<test[9d35eded1c95d3be]::test_main_static::{closure#0}>::{closure#0}
[INFO] [stdout]    6:     0x6440edcb6022 - std[70759c8f55707aa4]::panicking::panic_with_hook
[INFO] [stdout]    7:     0x6440edc969b2 - std[70759c8f55707aa4]::panicking::panic_handler::{closure#0}
[INFO] [stdout]    8:     0x6440edc8ec09 - std[70759c8f55707aa4]::sys::backtrace::__rust_end_short_backtrace::<std[70759c8f55707aa4]::panicking::panic_handler::{closure#0}, !>
[INFO] [stdout]    9:     0x6440edc97b7d - __rustc[8fa7c3cbc660c2b3]::rust_begin_unwind
[INFO] [stdout]   10:     0x6440edcd938c - core[df12db4294e9bfd3]::panicking::panic_fmt
[INFO] [stdout]   11:     0x6440edcd9162 - core[df12db4294e9bfd3]::result::unwrap_failed
[INFO] [stdout]   12:     0x6440ed90deaa - trusty_agents_common[713b423a44dddbeb]::agent_content::tests::repo_content
[INFO] [stdout]   13:     0x6440eda5d530 - <std[70759c8f55707aa4]::sync::once::Once>::call_once_force::<<std[70759c8f55707aa4]::sync::once_lock::OnceLock<trusty_agents_common[713b423a44dddbeb]::agent_content::AgentRoster>>::initialize<<std[70759c8f55707aa4]::sync::once_lock::OnceLock<trusty_agents_common[713b423a44dddbeb]::agent_content::AgentRoster>>::get_or_init<trusty_agents_common[713b423a44dddbeb]::agent_content::tests::roster::{closure#0}>::{closure#0}, !>::{closure#0}>::{closure#0}
[INFO] [stdout]   14:     0x6440edc9cc59 - <std[70759c8f55707aa4]::sys::sync::once::futex::Once>::call
[INFO] [stdout]   15:     0x6440eda59195 - <std[70759c8f55707aa4]::sync::once_lock::OnceLock<trusty_agents_common[713b423a44dddbeb]::agent_content::AgentRoster>>::initialize::<<std[70759c8f55707aa4]::sync::once_lock::OnceLock<trusty_agents_common[713b423a44dddbeb]::agent_content::AgentRoster>>::get_or_init<trusty_agents_common[713b423a44dddbeb]::agent_content::tests::roster::{closure#0}>::{closure#0}, !>
[INFO] [stdout]   16:     0x6440ed9121eb - trusty_agents_common[713b423a44dddbeb]::agent_content::tests::self_analysis_reporting_ships_in_the_base_agent
[INFO] [stdout]   17:     0x6440ed949959 - <trusty_agents_common[713b423a44dddbeb]::agent_content::tests::self_analysis_reporting_ships_in_the_base_agent::{closure#0} as core[df12db4294e9bfd3]::ops::function::FnOnce<()>>::call_once
[INFO] [stdout]   18:     0x6440edab64ab - test[9d35eded1c95d3be]::__rust_begin_short_backtrace::<core[df12db4294e9bfd3]::result::Result<(), alloc[2182bb758b4b3781]::string::String>, fn() -> core[df12db4294e9bfd3]::result::Result<(), alloc[2182bb758b4b3781]::string::String>>
[INFO] [stdout]   19:     0x6440edac3b15 - test[9d35eded1c95d3be]::run_test::{closure#0}
[INFO] [stdout]   20:     0x6440edabd3d4 - std[70759c8f55707aa4]::sys::backtrace::__rust_begin_short_backtrace::<test[9d35eded1c95d3be]::run_test::{closure#1}, ()>
[INFO] [stdout]   21:     0x6440edac6c72 - <std[70759c8f55707aa4]::thread::lifecycle::spawn_unchecked<test[9d35eded1c95d3be]::run_test::{closure#1}, ()>::{closure#1} as core[df12db4294e9bfd3]::ops::function::FnOnce<()>>::call_once::{shim:vtable#0}
[INFO] [stdout]   22:     0x6440edcbf169 - <std[70759c8f55707aa4]::sys::thread::unix::Thread>::new::thread_start
[INFO] [stdout]   23:     0x7a2fd94fbdfa - <unknown>
[INFO] [stdout]   24:     0x7a2fd958f3d4 - clone
[INFO] [stdout]   25:                0x0 - <unknown>
[INFO] [stdout] 
[INFO] [stdout] ---- agent_content::tests::require_names_the_missing_file stdout ----
[INFO] [stdout] 
[INFO] [stdout] thread 'agent_content::tests::require_names_the_missing_file' (2606) panicked at src/agent_content_tests.rs:16:51:
[INFO] [stdout] resolve the checkout: Custom { kind: NotFound, error: "no Cargo workspace root at or above CARGO_MANIFEST_DIR (/opt/rustwide/workdir) or the current directory (/opt/rustwide/workdir); set TRUSTY_TEST_REPO_ROOT to the checkout root" }
[INFO] [stdout] stack backtrace:
[INFO] [stdout]    0:     0x6440edcc0211 - <<std[70759c8f55707aa4]::sys::backtrace::BacktraceLock>::print::DisplayBacktrace as core[df12db4294e9bfd3]::fmt::Display>::fmt
[INFO] [stdout]    1:     0x6440edcd8baa - core[df12db4294e9bfd3]::fmt::write
[INFO] [stdout]    2:     0x6440edcc545c - <alloc[2182bb758b4b3781]::vec::Vec<u8> as core[df12db4294e9bfd3]::io::write::Write>::write_fmt
[INFO] [stdout]    3:     0x6440edc96906 - std[70759c8f55707aa4]::panicking::default_hook::{closure#0}
[INFO] [stdout]    4:     0x6440edcb5cf9 - std[70759c8f55707aa4]::panicking::default_hook
[INFO] [stdout]    5:     0x6440edac31c0 - test[9d35eded1c95d3be]::test_main_inner::<test[9d35eded1c95d3be]::test_main_static::{closure#0}>::{closure#0}
[INFO] [stdout]    6:     0x6440edcb6022 - std[70759c8f55707aa4]::panicking::panic_with_hook
[INFO] [stdout]    7:     0x6440edc969b2 - std[70759c8f55707aa4]::panicking::panic_handler::{closure#0}
[INFO] [stdout]    8:     0x6440edc8ec09 - std[70759c8f55707aa4]::sys::backtrace::__rust_end_short_backtrace::<std[70759c8f55707aa4]::panicking::panic_handler::{closure#0}, !>
[INFO] [stdout]    9:     0x6440edc97b7d - __rustc[8fa7c3cbc660c2b3]::rust_begin_unwind
[INFO] [stdout]   10:     0x6440edcd938c - core[df12db4294e9bfd3]::panicking::panic_fmt
[INFO] [stdout]   11:     0x6440edcd9162 - core[df12db4294e9bfd3]::result::unwrap_failed
[INFO] [stdout]   12:     0x6440ed90deaa - trusty_agents_common[713b423a44dddbeb]::agent_content::tests::repo_content
[INFO] [stdout]   13:     0x6440eda5d530 - <std[70759c8f55707aa4]::sync::once::Once>::call_once_force::<<std[70759c8f55707aa4]::sync::once_lock::OnceLock<trusty_agents_common[713b423a44dddbeb]::agent_content::AgentRoster>>::initialize<<std[70759c8f55707aa4]::sync::once_lock::OnceLock<trusty_agents_common[713b423a44dddbeb]::agent_content::AgentRoster>>::get_or_init<trusty_agents_common[713b423a44dddbeb]::agent_content::tests::roster::{closure#0}>::{closure#0}, !>::{closure#0}>::{closure#0}
[INFO] [stdout]   14:     0x6440edc9cc59 - <std[70759c8f55707aa4]::sys::sync::once::futex::Once>::call
[INFO] [stdout]   15:     0x6440eda59195 - <std[70759c8f55707aa4]::sync::once_lock::OnceLock<trusty_agents_common[713b423a44dddbeb]::agent_content::AgentRoster>>::initialize::<<std[70759c8f55707aa4]::sync::once_lock::OnceLock<trusty_agents_common[713b423a44dddbeb]::agent_content::AgentRoster>>::get_or_init<trusty_agents_common[713b423a44dddbeb]::agent_content::tests::roster::{closure#0}>::{closure#0}, !>
[INFO] [stdout]   16:     0x6440ed90e9f8 - trusty_agents_common[713b423a44dddbeb]::agent_content::tests::require_names_the_missing_file
[INFO] [stdout]   17:     0x6440ed949819 - <trusty_agents_common[713b423a44dddbeb]::agent_content::tests::require_names_the_missing_file::{closure#0} as core[df12db4294e9bfd3]::ops::function::FnOnce<()>>::call_once
[INFO] [stdout]   18:     0x6440edab64ab - test[9d35eded1c95d3be]::__rust_begin_short_backtrace::<core[df12db4294e9bfd3]::result::Result<(), alloc[2182bb758b4b3781]::string::String>, fn() -> core[df12db4294e9bfd3]::result::Result<(), alloc[2182bb758b4b3781]::string::String>>
[INFO] [stdout]   19:     0x6440edac3b15 - test[9d35eded1c95d3be]::run_test::{closure#0}
[INFO] [stdout]   20:     0x6440edabd3d4 - std[70759c8f55707aa4]::sys::backtrace::__rust_begin_short_backtrace::<test[9d35eded1c95d3be]::run_test::{closure#1}, ()>
[INFO] [stdout]   21:     0x6440edac6c72 - <std[70759c8f55707aa4]::thread::lifecycle::spawn_unchecked<test[9d35eded1c95d3be]::run_test::{closure#1}, ()>::{closure#1} as core[df12db4294e9bfd3]::ops::function::FnOnce<()>>::call_once::{shim:vtable#0}
[INFO] [stdout]   22:     0x6440edcbf169 - <std[70759c8f55707aa4]::sys::thread::unix::Thread>::new::thread_start
[INFO] [stdout]   23:     0x7a2fd94fbdfa - <unknown>
[INFO] [stdout]   24:     0x7a2fd958f3d4 - clone
[INFO] [stdout]   25:                0x0 - <unknown>
[INFO] [stdout] 
[INFO] [stdout] ---- agent_content::tests::materialize_writes_every_roster_file stdout ----
[INFO] [stdout] 
[INFO] [stdout] thread 'agent_content::tests::materialize_writes_every_roster_file' (2601) panicked at src/agent_content_tests.rs:16:51:
[INFO] [stdout] resolve the checkout: Custom { kind: NotFound, error: "no Cargo workspace root at or above CARGO_MANIFEST_DIR (/opt/rustwide/workdir) or the current directory (/opt/rustwide/workdir); set TRUSTY_TEST_REPO_ROOT to the checkout root" }
[INFO] [stdout] stack backtrace:
[INFO] [stdout]    0:     0x6440edcc0211 - <<std[70759c8f55707aa4]::sys::backtrace::BacktraceLock>::print::DisplayBacktrace as core[df12db4294e9bfd3]::fmt::Display>::fmt
[INFO] [stdout]    1:     0x6440edcd8baa - core[df12db4294e9bfd3]::fmt::write
[INFO] [stdout]    2:     0x6440edcc545c - <alloc[2182bb758b4b3781]::vec::Vec<u8> as core[df12db4294e9bfd3]::io::write::Write>::write_fmt
[INFO] [stdout]    3:     0x6440edc96906 - std[70759c8f55707aa4]::panicking::default_hook::{closure#0}
[INFO] [stdout]    4:     0x6440edcb5cf9 - std[70759c8f55707aa4]::panicking::default_hook
[INFO] [stdout]    5:     0x6440edac31c0 - test[9d35eded1c95d3be]::test_main_inner::<test[9d35eded1c95d3be]::test_main_static::{closure#0}>::{closure#0}
[INFO] [stdout]    6:     0x6440edcb6022 - std[70759c8f55707aa4]::panicking::panic_with_hook
[INFO] [stdout]    7:     0x6440edc969b2 - std[70759c8f55707aa4]::panicking::panic_handler::{closure#0}
[INFO] [stdout]    8:     0x6440edc8ec09 - std[70759c8f55707aa4]::sys::backtrace::__rust_end_short_backtrace::<std[70759c8f55707aa4]::panicking::panic_handler::{closure#0}, !>
[INFO] [stdout]    9:     0x6440edc97b7d - __rustc[8fa7c3cbc660c2b3]::rust_begin_unwind
[INFO] [stdout]   10:     0x6440edcd938c - core[df12db4294e9bfd3]::panicking::panic_fmt
[INFO] [stdout]   11:     0x6440edcd9162 - core[df12db4294e9bfd3]::result::unwrap_failed
[INFO] [stdout]   12:     0x6440ed90deaa - trusty_agents_common[713b423a44dddbeb]::agent_content::tests::repo_content
[INFO] [stdout]   13:     0x6440eda5d530 - <std[70759c8f55707aa4]::sync::once::Once>::call_once_force::<<std[70759c8f55707aa4]::sync::once_lock::OnceLock<trusty_agents_common[713b423a44dddbeb]::agent_content::AgentRoster>>::initialize<<std[70759c8f55707aa4]::sync::once_lock::OnceLock<trusty_agents_common[713b423a44dddbeb]::agent_content::AgentRoster>>::get_or_init<trusty_agents_common[713b423a44dddbeb]::agent_content::tests::roster::{closure#0}>::{closure#0}, !>::{closure#0}>::{closure#0}
[INFO] [stdout]   14:     0x6440edc9cc59 - <std[70759c8f55707aa4]::sys::sync::once::futex::Once>::call
[INFO] [stdout]   15:     0x6440eda59195 - <std[70759c8f55707aa4]::sync::once_lock::OnceLock<trusty_agents_common[713b423a44dddbeb]::agent_content::AgentRoster>>::initialize::<<std[70759c8f55707aa4]::sync::once_lock::OnceLock<trusty_agents_common[713b423a44dddbeb]::agent_content::AgentRoster>>::get_or_init<trusty_agents_common[713b423a44dddbeb]::agent_content::tests::roster::{closure#0}>::{closure#0}, !>
[INFO] [stdout]   16:     0x6440ed90f294 - trusty_agents_common[713b423a44dddbeb]::agent_content::tests::materialize_writes_every_roster_file
[INFO] [stdout]   17:     0x6440ed949859 - <trusty_agents_common[713b423a44dddbeb]::agent_content::tests::materialize_writes_every_roster_file::{closure#0} as core[df12db4294e9bfd3]::ops::function::FnOnce<()>>::call_once
[INFO] [stdout]   18:     0x6440edab64ab - test[9d35eded1c95d3be]::__rust_begin_short_backtrace::<core[df12db4294e9bfd3]::result::Result<(), alloc[2182bb758b4b3781]::string::String>, fn() -> core[df12db4294e9bfd3]::result::Result<(), alloc[2182bb758b4b3781]::string::String>>
[INFO] [stdout]   19:     0x6440edac3b15 - test[9d35eded1c95d3be]::run_test::{closure#0}
[INFO] [stdout]   20:     0x6440edabd3d4 - std[70759c8f55707aa4]::sys::backtrace::__rust_begin_short_backtrace::<test[9d35eded1c95d3be]::run_test::{closure#1}, ()>
[INFO] [stdout]   21:     0x6440edac6c72 - <std[70759c8f55707aa4]::thread::lifecycle::spawn_unchecked<test[9d35eded1c95d3be]::run_test::{closure#1}, ()>::{closure#1} as core[df12db4294e9bfd3]::ops::function::FnOnce<()>>::call_once::{shim:vtable#0}
[INFO] [stdout]   22:     0x6440edcbf169 - <std[70759c8f55707aa4]::sys::thread::unix::Thread>::new::thread_start
[INFO] [stdout]   23:     0x7a2fd94fbdfa - <unknown>
[INFO] [stdout]   24:     0x7a2fd958f3d4 - clone
[INFO] [stdout]   25:                0x0 - <unknown>
[INFO] [stdout] 
[INFO] [stdout] ---- agent_content::tests::credential_rule_points_at_the_per_repo_identity_route stdout ----
[INFO] [stdout] 
[INFO] [stdout] thread 'agent_content::tests::credential_rule_points_at_the_per_repo_identity_route' (2597) panicked at src/agent_content_tests.rs:16:51:
[INFO] [stdout] resolve the checkout: Custom { kind: NotFound, error: "no Cargo workspace root at or above CARGO_MANIFEST_DIR (/opt/rustwide/workdir) or the current directory (/opt/rustwide/workdir); set TRUSTY_TEST_REPO_ROOT to the checkout root" }
[INFO] [stdout] stack backtrace:
[INFO] [stdout]    0:     0x6440edcc0211 - <<std[70759c8f55707aa4]::sys::backtrace::BacktraceLock>::print::DisplayBacktrace as core[df12db4294e9bfd3]::fmt::Display>::fmt
[INFO] [stdout]    1:     0x6440edcd8baa - core[df12db4294e9bfd3]::fmt::write
[INFO] [stdout]    2:     0x6440edcc545c - <alloc[2182bb758b4b3781]::vec::Vec<u8> as core[df12db4294e9bfd3]::io::write::Write>::write_fmt
[INFO] [stdout]    3:     0x6440edc96906 - std[70759c8f55707aa4]::panicking::default_hook::{closure#0}
[INFO] [stdout]    4:     0x6440edcb5cf9 - std[70759c8f55707aa4]::panicking::default_hook
[INFO] [stdout]    5:     0x6440edac31c0 - test[9d35eded1c95d3be]::test_main_inner::<test[9d35eded1c95d3be]::test_main_static::{closure#0}>::{closure#0}
[INFO] [stdout]    6:     0x6440edcb6022 - std[70759c8f55707aa4]::panicking::panic_with_hook
[INFO] [stdout]    7:     0x6440edc969b2 - std[70759c8f55707aa4]::panicking::panic_handler::{closure#0}
[INFO] [stdout]    8:     0x6440edc8ec09 - std[70759c8f55707aa4]::sys::backtrace::__rust_end_short_backtrace::<std[70759c8f55707aa4]::panicking::panic_handler::{closure#0}, !>
[INFO] [stdout]    9:     0x6440edc97b7d - __rustc[8fa7c3cbc660c2b3]::rust_begin_unwind
[INFO] [stdout]   10:     0x6440edcd938c - core[df12db4294e9bfd3]::panicking::panic_fmt
[INFO] [stdout]   11:     0x6440edcd9162 - core[df12db4294e9bfd3]::result::unwrap_failed
[INFO] [stdout]   12:     0x6440ed90deaa - trusty_agents_common[713b423a44dddbeb]::agent_content::tests::repo_content
[INFO] [stdout]   13:     0x6440eda5d530 - <std[70759c8f55707aa4]::sync::once::Once>::call_once_force::<<std[70759c8f55707aa4]::sync::once_lock::OnceLock<trusty_agents_common[713b423a44dddbeb]::agent_content::AgentRoster>>::initialize<<std[70759c8f55707aa4]::sync::once_lock::OnceLock<trusty_agents_common[713b423a44dddbeb]::agent_content::AgentRoster>>::get_or_init<trusty_agents_common[713b423a44dddbeb]::agent_content::tests::roster::{closure#0}>::{closure#0}, !>::{closure#0}>::{closure#0}
[INFO] [stdout]   14:     0x6440edc9cc59 - <std[70759c8f55707aa4]::sys::sync::once::futex::Once>::call
[INFO] [stdout]   15:     0x6440eda59195 - <std[70759c8f55707aa4]::sync::once_lock::OnceLock<trusty_agents_common[713b423a44dddbeb]::agent_content::AgentRoster>>::initialize::<<std[70759c8f55707aa4]::sync::once_lock::OnceLock<trusty_agents_common[713b423a44dddbeb]::agent_content::AgentRoster>>::get_or_init<trusty_agents_common[713b423a44dddbeb]::agent_content::tests::roster::{closure#0}>::{closure#0}, !>
[INFO] [stdout]   16:     0x6440ed9144a3 - trusty_agents_common[713b423a44dddbeb]::agent_content::tests::credential_rule_points_at_the_per_repo_identity_route
[INFO] [stdout]   17:     0x6440ed9499f9 - <trusty_agents_common[713b423a44dddbeb]::agent_content::tests::credential_rule_points_at_the_per_repo_identity_route::{closure#0} as core[df12db4294e9bfd3]::ops::function::FnOnce<()>>::call_once
[INFO] [stdout]   18:     0x6440edab64ab - test[9d35eded1c95d3be]::__rust_begin_short_backtrace::<core[df12db4294e9bfd3]::result::Result<(), alloc[2182bb758b4b3781]::string::String>, fn() -> core[df12db4294e9bfd3]::result::Result<(), alloc[2182bb758b4b3781]::string::String>>
[INFO] [stdout]   19:     0x6440edac3b15 - test[9d35eded1c95d3be]::run_test::{closure#0}
[INFO] [stdout]   20:     0x6440edabd3d4 - std[70759c8f55707aa4]::sys::backtrace::__rust_begin_short_backtrace::<test[9d35eded1c95d3be]::run_test::{closure#1}, ()>
[INFO] [stdout]   21:     0x6440edac6c72 - <std[70759c8f55707aa4]::thread::lifecycle::spawn_unchecked<test[9d35eded1c95d3be]::run_test::{closure#1}, ()>::{closure#1} as core[df12db4294e9bfd3]::ops::function::FnOnce<()>>::call_once::{shim:vtable#0}
[INFO] [stdout]   22:     0x6440edcbf169 - <std[70759c8f55707aa4]::sys::thread::unix::Thread>::new::thread_start
[INFO] [stdout]   23:     0x7a2fd94fbdfa - <unknown>
[INFO] [stdout]   24:     0x7a2fd958f3d4 - clone
[INFO] [stdout]   25:                0x0 - <unknown>
[INFO] [stdout] 
[INFO] [stdout] ---- agent_content::tests::wait_exit_codes_and_improvement_block_headings_are_resident stdout ----
[INFO] [stdout] 
[INFO] [stdout] thread 'agent_content::tests::wait_exit_codes_and_improvement_block_headings_are_resident' (2611) panicked at src/agent_content_tests.rs:16:51:
[INFO] [stdout] resolve the checkout: Custom { kind: NotFound, error: "no Cargo workspace root at or above CARGO_MANIFEST_DIR (/opt/rustwide/workdir) or the current directory (/opt/rustwide/workdir); set TRUSTY_TEST_REPO_ROOT to the checkout root" }
[INFO] [stdout] stack backtrace:
[INFO] [stdout]    0:     0x6440edcc0211 - <<std[70759c8f55707aa4]::sys::backtrace::BacktraceLock>::print::DisplayBacktrace as core[df12db4294e9bfd3]::fmt::Display>::fmt
[INFO] [stdout]    1:     0x6440edcd8baa - core[df12db4294e9bfd3]::fmt::write
[INFO] [stdout]    2:     0x6440edcc545c - <alloc[2182bb758b4b3781]::vec::Vec<u8> as core[df12db4294e9bfd3]::io::write::Write>::write_fmt
[INFO] [stdout]    3:     0x6440edc96906 - std[70759c8f55707aa4]::panicking::default_hook::{closure#0}
[INFO] [stdout]    4:     0x6440edcb5cf9 - std[70759c8f55707aa4]::panicking::default_hook
[INFO] [stdout]    5:     0x6440edac31c0 - test[9d35eded1c95d3be]::test_main_inner::<test[9d35eded1c95d3be]::test_main_static::{closure#0}>::{closure#0}
[INFO] [stdout]    6:     0x6440edcb6022 - std[70759c8f55707aa4]::panicking::panic_with_hook
[INFO] [stdout]    7:     0x6440edc969b2 - std[70759c8f55707aa4]::panicking::panic_handler::{closure#0}
[INFO] [stdout]    8:     0x6440edc8ec09 - std[70759c8f55707aa4]::sys::backtrace::__rust_end_short_backtrace::<std[70759c8f55707aa4]::panicking::panic_handler::{closure#0}, !>
[INFO] [stdout]    9:     0x6440edc97b7d - __rustc[8fa7c3cbc660c2b3]::rust_begin_unwind
[INFO] [stdout]   10:     0x6440edcd938c - core[df12db4294e9bfd3]::panicking::panic_fmt
[INFO] [stdout]   11:     0x6440edcd9162 - core[df12db4294e9bfd3]::result::unwrap_failed
[INFO] [stdout]   12:     0x6440ed90deaa - trusty_agents_common[713b423a44dddbeb]::agent_content::tests::repo_content
[INFO] [stdout]   13:     0x6440eda5d530 - <std[70759c8f55707aa4]::sync::once::Once>::call_once_force::<<std[70759c8f55707aa4]::sync::once_lock::OnceLock<trusty_agents_common[713b423a44dddbeb]::agent_content::AgentRoster>>::initialize<<std[70759c8f55707aa4]::sync::once_lock::OnceLock<trusty_agents_common[713b423a44dddbeb]::agent_content::AgentRoster>>::get_or_init<trusty_agents_common[713b423a44dddbeb]::agent_content::tests::roster::{closure#0}>::{closure#0}, !>::{closure#0}>::{closure#0}
[INFO] [stdout]   14:     0x6440edc9cc59 - <std[70759c8f55707aa4]::sys::sync::once::futex::Once>::call
[INFO] [stdout]   15:     0x6440eda59195 - <std[70759c8f55707aa4]::sync::once_lock::OnceLock<trusty_agents_common[713b423a44dddbeb]::agent_content::AgentRoster>>::initialize::<<std[70759c8f55707aa4]::sync::once_lock::OnceLock<trusty_agents_common[713b423a44dddbeb]::agent_content::AgentRoster>>::get_or_init<trusty_agents_common[713b423a44dddbeb]::agent_content::tests::roster::{closure#0}>::{closure#0}, !>
[INFO] [stdout]   16:     0x6440ed915d2e - trusty_agents_common[713b423a44dddbeb]::agent_content::tests::wait_exit_codes_and_improvement_block_headings_are_resident
[INFO] [stdout]   17:     0x6440ed949a99 - <trusty_agents_common[713b423a44dddbeb]::agent_content::tests::wait_exit_codes_and_improvement_block_headings_are_resident::{closure#0} as core[df12db4294e9bfd3]::ops::function::FnOnce<()>>::call_once
[INFO] [stdout]   18:     0x6440edab64ab - test[9d35eded1c95d3be]::__rust_begin_short_backtrace::<core[df12db4294e9bfd3]::result::Result<(), alloc[2182bb758b4b3781]::string::String>, fn() -> core[df12db4294e9bfd3]::result::Result<(), alloc[2182bb758b4b3781]::string::String>>
[INFO] [stdout]   19:     0x6440edac3b15 - test[9d35eded1c95d3be]::run_test::{closure#0}
[INFO] [stdout]   20:     0x6440edabd3d4 - std[70759c8f55707aa4]::sys::backtrace::__rust_begin_short_backtrace::<test[9d35eded1c95d3be]::run_test::{closure#1}, ()>
[INFO] [stdout]   21:     0x6440edac6c72 - <std[70759c8f55707aa4]::thread::lifecycle::spawn_unchecked<test[9d35eded1c95d3be]::run_test::{closure#1}, ()>::{closure#1} as core[df12db4294e9bfd3]::ops::function::FnOnce<()>>::call_once::{shim:vtable#0}
[INFO] [stdout]   22:     0x6440edcbf169 - <std[70759c8f55707aa4]::sys::thread::unix::Thread>::new::thread_start
[INFO] [stdout]   23:     0x7a2fd94fbdfa - <unknown>
[INFO] [stdout]   24:     0x7a2fd958f3d4 - clone
[INFO] [stdout]   25:                0x0 - <unknown>
[INFO] [stdout] 
[INFO] [stdout] ---- agent_content::tests::worktree_removal_is_the_pms_in_the_shipped_base_agent stdout ----
[INFO] [stdout] 
[INFO] [stdout] thread 'agent_content::tests::worktree_removal_is_the_pms_in_the_shipped_base_agent' (2612) panicked at src/agent_content_tests.rs:16:51:
[INFO] [stdout] resolve the checkout: Custom { kind: NotFound, error: "no Cargo workspace root at or above CARGO_MANIFEST_DIR (/opt/rustwide/workdir) or the current directory (/opt/rustwide/workdir); set TRUSTY_TEST_REPO_ROOT to the checkout root" }
[INFO] [stdout] stack backtrace:
[INFO] [stdout]    0:     0x6440edcc0211 - <<std[70759c8f55707aa4]::sys::backtrace::BacktraceLock>::print::DisplayBacktrace as core[df12db4294e9bfd3]::fmt::Display>::fmt
[INFO] [stdout]    1:     0x6440edcd8baa - core[df12db4294e9bfd3]::fmt::write
[INFO] [stdout]    2:     0x6440edcc545c - <alloc[2182bb758b4b3781]::vec::Vec<u8> as core[df12db4294e9bfd3]::io::write::Write>::write_fmt
[INFO] [stdout]    3:     0x6440edc96906 - std[70759c8f55707aa4]::panicking::default_hook::{closure#0}
[INFO] [stdout]    4:     0x6440edcb5cf9 - std[70759c8f55707aa4]::panicking::default_hook
[INFO] [stdout]    5:     0x6440edac31c0 - test[9d35eded1c95d3be]::test_main_inner::<test[9d35eded1c95d3be]::test_main_static::{closure#0}>::{closure#0}
[INFO] [stdout]    6:     0x6440edcb6022 - std[70759c8f55707aa4]::panicking::panic_with_hook
[INFO] [stdout]    7:     0x6440edc969b2 - std[70759c8f55707aa4]::panicking::panic_handler::{closure#0}
[INFO] [stdout]    8:     0x6440edc8ec09 - std[70759c8f55707aa4]::sys::backtrace::__rust_end_short_backtrace::<std[70759c8f55707aa4]::panicking::panic_handler::{closure#0}, !>
[INFO] [stdout]    9:     0x6440edc97b7d - __rustc[8fa7c3cbc660c2b3]::rust_begin_unwind
[INFO] [stdout]   10:     0x6440edcd938c - core[df12db4294e9bfd3]::panicking::panic_fmt
[INFO] [stdout]   11:     0x6440edcd9162 - core[df12db4294e9bfd3]::result::unwrap_failed
[INFO] [stdout]   12:     0x6440ed90deaa - trusty_agents_common[713b423a44dddbeb]::agent_content::tests::repo_content
[INFO] [stdout]   13:     0x6440eda5d530 - <std[70759c8f55707aa4]::sync::once::Once>::call_once_force::<<std[70759c8f55707aa4]::sync::once_lock::OnceLock<trusty_agents_common[713b423a44dddbeb]::agent_content::AgentRoster>>::initialize<<std[70759c8f55707aa4]::sync::once_lock::OnceLock<trusty_agents_common[713b423a44dddbeb]::agent_content::AgentRoster>>::get_or_init<trusty_agents_common[713b423a44dddbeb]::agent_content::tests::roster::{closure#0}>::{closure#0}, !>::{closure#0}>::{closure#0}
[INFO] [stdout]   14:     0x6440edc9cc59 - <std[70759c8f55707aa4]::sys::sync::once::futex::Once>::call
[INFO] [stdout]   15:     0x6440eda59195 - <std[70759c8f55707aa4]::sync::once_lock::OnceLock<trusty_agents_common[713b423a44dddbeb]::agent_content::AgentRoster>>::initialize::<<std[70759c8f55707aa4]::sync::once_lock::OnceLock<trusty_agents_common[713b423a44dddbeb]::agent_content::AgentRoster>>::get_or_init<trusty_agents_common[713b423a44dddbeb]::agent_content::tests::roster::{closure#0}>::{closure#0}, !>
[INFO] [stdout]   16:     0x6440ed9150e7 - trusty_agents_common[713b423a44dddbeb]::agent_content::tests::worktree_removal_is_the_pms_in_the_shipped_base_agent
[INFO] [stdout]   17:     0x6440ed949a59 - <trusty_agents_common[713b423a44dddbeb]::agent_content::tests::worktree_removal_is_the_pms_in_the_shipped_base_agent::{closure#0} as core[df12db4294e9bfd3]::ops::function::FnOnce<()>>::call_once
[INFO] [stdout]   18:     0x6440edab64ab - test[9d35eded1c95d3be]::__rust_begin_short_backtrace::<core[df12db4294e9bfd3]::result::Result<(), alloc[2182bb758b4b3781]::string::String>, fn() -> core[df12db4294e9bfd3]::result::Result<(), alloc[2182bb758b4b3781]::string::String>>
[INFO] [stdout]   19:     0x6440edac3b15 - test[9d35eded1c95d3be]::run_test::{closure#0}
[INFO] [stdout]   20:     0x6440edabd3d4 - std[70759c8f55707aa4]::sys::backtrace::__rust_begin_short_backtrace::<test[9d35eded1c95d3be]::run_test::{closure#1}, ()>
[INFO] [stdout]   21:     0x6440edac6c72 - <std[70759c8f55707aa4]::thread::lifecycle::spawn_unchecked<test[9d35eded1c95d3be]::run_test::{closure#1}, ()>::{closure#1} as core[df12db4294e9bfd3]::ops::function::FnOnce<()>>::call_once::{shim:vtable#0}
[INFO] [stdout]   22:     0x6440edcbf169 - <std[70759c8f55707aa4]::sys::thread::unix::Thread>::new::thread_start
[INFO] [stdout]   23:     0x7a2fd94fbdfa - <unknown>
[INFO] [stdout]   24:     0x7a2fd958f3d4 - clone
[INFO] [stdout]   25:                0x0 - <unknown>
[INFO] [stdout] 
[INFO] [stdout] ---- agents::manifest::tests::manifest_load_unreadable_returns_corrupt stdout ----
[INFO] [stdout] 
[INFO] [stdout] thread 'agents::manifest::tests::manifest_load_unreadable_returns_corrupt' (2786) panicked at src/agents/manifest.rs:517:13:
[INFO] [stdout] expected Corrupt for an unreadable ledger, got Ok(AgentManifest { version: 1, managed: {"engineer.md": ManifestEntry { source_chain: ["base-agent", "engineer"], checksum: "b94d27b9934d3e08a52e52d7da7dabfac484efe37a5380ee9088f7ace2efcde9", deployed_at: "2026-05-16T00:00:00Z", origin: Bundled }} })
[INFO] [stdout] stack backtrace:
[INFO] [stdout]    0:     0x6440edcc0211 - <<std[70759c8f55707aa4]::sys::backtrace::BacktraceLock>::print::DisplayBacktrace as core[df12db4294e9bfd3]::fmt::Display>::fmt
[INFO] [stdout]    1:     0x6440edcd8baa - core[df12db4294e9bfd3]::fmt::write
[INFO] [stdout]    2:     0x6440edcc545c - <alloc[2182bb758b4b3781]::vec::Vec<u8> as core[df12db4294e9bfd3]::io::write::Write>::write_fmt
[INFO] [stdout]    3:     0x6440edc96906 - std[70759c8f55707aa4]::panicking::default_hook::{closure#0}
[INFO] [stdout]    4:     0x6440edcb5cf9 - std[70759c8f55707aa4]::panicking::default_hook
[INFO] [stdout]    5:     0x6440edac31c0 - test[9d35eded1c95d3be]::test_main_inner::<test[9d35eded1c95d3be]::test_main_static::{closure#0}>::{closure#0}
[INFO] [stdout]    6:     0x6440edcb6022 - std[70759c8f55707aa4]::panicking::panic_with_hook
[INFO] [stdout]    7:     0x6440edc969b2 - std[70759c8f55707aa4]::panicking::panic_handler::{closure#0}
[INFO] [stdout]    8:     0x6440edc8ec09 - std[70759c8f55707aa4]::sys::backtrace::__rust_end_short_backtrace::<std[70759c8f55707aa4]::panicking::panic_handler::{closure#0}, !>
[INFO] [stdout]    9:     0x6440edc97b7d - __rustc[8fa7c3cbc660c2b3]::rust_begin_unwind
[INFO] [stdout]   10:     0x6440edcd938c - core[df12db4294e9bfd3]::panicking::panic_fmt
[INFO] [stdout]   11:     0x6440ed9de040 - trusty_agents_common[713b423a44dddbeb]::agents::manifest::tests::manifest_load_unreadable_returns_corrupt
[INFO] [stdout]   12:     0x6440ed94da89 - <trusty_agents_common[713b423a44dddbeb]::agents::manifest::tests::manifest_load_unreadable_returns_corrupt::{closure#0} as core[df12db4294e9bfd3]::ops::function::FnOnce<()>>::call_once
[INFO] [stdout]   13:     0x6440edab64ab - test[9d35eded1c95d3be]::__rust_begin_short_backtrace::<core[df12db4294e9bfd3]::result::Result<(), alloc[2182bb758b4b3781]::string::String>, fn() -> core[df12db4294e9bfd3]::result::Result<(), alloc[2182bb758b4b3781]::string::String>>
[INFO] [stdout]   14:     0x6440edac3b15 - test[9d35eded1c95d3be]::run_test::{closure#0}
[INFO] [stdout]   15:     0x6440edabd3d4 - std[70759c8f55707aa4]::sys::backtrace::__rust_begin_short_backtrace::<test[9d35eded1c95d3be]::run_test::{closure#1}, ()>
[INFO] [stdout]   16:     0x6440edac6c72 - <std[70759c8f55707aa4]::thread::lifecycle::spawn_unchecked<test[9d35eded1c95d3be]::run_test::{closure#1}, ()>::{closure#1} as core[df12db4294e9bfd3]::ops::function::FnOnce<()>>::call_once::{shim:vtable#0}
[INFO] [stdout]   17:     0x6440edcbf169 - <std[70759c8f55707aa4]::sys::thread::unix::Thread>::new::thread_start
[INFO] [stdout]   18:     0x7a2fd94fbdfa - <unknown>
[INFO] [stdout]   19:     0x7a2fd958f3d4 - clone
[INFO] [stdout]   20:                0x0 - <unknown>
[INFO] [stdout] 
[INFO] [stdout] ---- agents::roster_tools_tests::base_templates_declare_no_tools stdout ----
[INFO] [stdout] 
[INFO] [stdout] thread 'agents::roster_tools_tests::base_templates_declare_no_tools' (2905) panicked at src/agent_content_tests.rs:16:51:
[INFO] [stdout] resolve the checkout: Custom { kind: NotFound, error: "no Cargo workspace root at or above CARGO_MANIFEST_DIR (/opt/rustwide/workdir) or the current directory (/opt/rustwide/workdir); set TRUSTY_TEST_REPO_ROOT to the checkout root" }
[INFO] [stdout] stack backtrace:
[INFO] [stdout]    0:     0x6440edcc0211 - <<std[70759c8f55707aa4]::sys::backtrace::BacktraceLock>::print::DisplayBacktrace as core[df12db4294e9bfd3]::fmt::Display>::fmt
[INFO] [stdout]    1:     0x6440edcd8baa - core[df12db4294e9bfd3]::fmt::write
[INFO] [stdout]    2:     0x6440edcc545c - <alloc[2182bb758b4b3781]::vec::Vec<u8> as core[df12db4294e9bfd3]::io::write::Write>::write_fmt
[INFO] [stdout]    3:     0x6440edc96906 - std[70759c8f55707aa4]::panicking::default_hook::{closure#0}
[INFO] [stdout]    4:     0x6440edcb5cf9 - std[70759c8f55707aa4]::panicking::default_hook
[INFO] [stdout]    5:     0x6440edac31c0 - test[9d35eded1c95d3be]::test_main_inner::<test[9d35eded1c95d3be]::test_main_static::{closure#0}>::{closure#0}
[INFO] [stdout]    6:     0x6440edcb6022 - std[70759c8f55707aa4]::panicking::panic_with_hook
[INFO] [stdout]    7:     0x6440edc969b2 - std[70759c8f55707aa4]::panicking::panic_handler::{closure#0}
[INFO] [stdout]    8:     0x6440edc8ec09 - std[70759c8f55707aa4]::sys::backtrace::__rust_end_short_backtrace::<std[70759c8f55707aa4]::panicking::panic_handler::{closure#0}, !>
[INFO] [stdout]    9:     0x6440edc97b7d - __rustc[8fa7c3cbc660c2b3]::rust_begin_unwind
[INFO] [stdout]   10:     0x6440edcd938c - core[df12db4294e9bfd3]::panicking::panic_fmt
[INFO] [stdout]   11:     0x6440edcd9162 - core[df12db4294e9bfd3]::result::unwrap_failed
[INFO] [stdout]   12:     0x6440ed90deaa - trusty_agents_common[713b423a44dddbeb]::agent_content::tests::repo_content
[INFO] [stdout]   13:     0x6440ed916a2d - trusty_agents_common[713b423a44dddbeb]::agents::roster_tools_tests::repo_roster
[INFO] [stdout]   14:     0x6440ed916ba3 - trusty_agents_common[713b423a44dddbeb]::agents::roster_tools_tests::deploy_roster
[INFO] [stdout]   15:     0x6440ed917b8b - trusty_agents_common[713b423a44dddbeb]::agents::roster_tools_tests::base_templates_declare_no_tools
[INFO] [stdout]   16:     0x6440ed949fc9 - <trusty_agents_common[713b423a44dddbeb]::agents::roster_tools_tests::base_templates_declare_no_tools::{closure#0} as core[df12db4294e9bfd3]::ops::function::FnOnce<()>>::call_once
[INFO] [stdout]   17:     0x6440edab64ab - test[9d35eded1c95d3be]::__rust_begin_short_backtrace::<core[df12db4294e9bfd3]::result::Result<(), alloc[2182bb758b4b3781]::string::String>, fn() -> core[df12db4294e9bfd3]::result::Result<(), alloc[2182bb758b4b3781]::string::String>>
[INFO] [stdout]   18:     0x6440edac3b15 - test[9d35eded1c95d3be]::run_test::{closure#0}
[INFO] [stdout]   19:     0x6440edabd3d4 - std[70759c8f55707aa4]::sys::backtrace::__rust_begin_short_backtrace::<test[9d35eded1c95d3be]::run_test::{closure#1}, ()>
[INFO] [stdout]   20:     0x6440edac6c72 - <std[70759c8f55707aa4]::thread::lifecycle::spawn_unchecked<test[9d35eded1c95d3be]::run_test::{closure#1}, ()>::{closure#1} as core[df12db4294e9bfd3]::ops::function::FnOnce<()>>::call_once::{shim:vtable#0}
[INFO] [stdout]   21:     0x6440edcbf169 - <std[70759c8f55707aa4]::sys::thread::unix::Thread>::new::thread_start
[INFO] [stdout]   22:     0x7a2fd94fbdfa - <unknown>
[INFO] [stdout]   23:     0x7a2fd958f3d4 - clone
[INFO] [stdout]   24:                0x0 - <unknown>
[INFO] [stdout] 
[INFO] [stdout] ---- agents::roster_tools_tests::every_roster_agent_deploys_with_its_declared_tools stdout ----
[INFO] [stdout] 
[INFO] [stdout] thread 'agents::roster_tools_tests::every_roster_agent_deploys_with_its_declared_tools' (2910) panicked at src/agent_content_tests.rs:16:51:
[INFO] [stdout] resolve the checkout: Custom { kind: NotFound, error: "no Cargo workspace root at or above CARGO_MANIFEST_DIR (/opt/rustwide/workdir) or the current directory (/opt/rustwide/workdir); set TRUSTY_TEST_REPO_ROOT to the checkout root" }
[INFO] [stdout] stack backtrace:
[INFO] [stdout]    0:     0x6440edcc0211 - <<std[70759c8f55707aa4]::sys::backtrace::BacktraceLock>::print::DisplayBacktrace as core[df12db4294e9bfd3]::fmt::Display>::fmt
[INFO] [stdout]    1:     0x6440edcd8baa - core[df12db4294e9bfd3]::fmt::write
[INFO] [stdout]    2:     0x6440edcc545c - <alloc[2182bb758b4b3781]::vec::Vec<u8> as core[df12db4294e9bfd3]::io::write::Write>::write_fmt
[INFO] [stdout]    3:     0x6440edc96906 - std[70759c8f55707aa4]::panicking::default_hook::{closure#0}
[INFO] [stdout]    4:     0x6440edcb5cf9 - std[70759c8f55707aa4]::panicking::default_hook
[INFO] [stdout]    5:     0x6440edac31c0 - test[9d35eded1c95d3be]::test_main_inner::<test[9d35eded1c95d3be]::test_main_static::{closure#0}>::{closure#0}
[INFO] [stdout]    6:     0x6440edcb6022 - std[70759c8f55707aa4]::panicking::panic_with_hook
[INFO] [stdout]    7:     0x6440edc969b2 - std[70759c8f55707aa4]::panicking::panic_handler::{closure#0}
[INFO] [stdout]    8:     0x6440edc8ec09 - std[70759c8f55707aa4]::sys::backtrace::__rust_end_short_backtrace::<std[70759c8f55707aa4]::panicking::panic_handler::{closure#0}, !>
[INFO] [stdout]    9:     0x6440edc97b7d - __rustc[8fa7c3cbc660c2b3]::rust_begin_unwind
[INFO] [stdout]   10:     0x6440edcd938c - core[df12db4294e9bfd3]::panicking::panic_fmt
[INFO] [stdout]   11:     0x6440edcd9162 - core[df12db4294e9bfd3]::result::unwrap_failed
[INFO] [stdout]   12:     0x6440ed90deaa - trusty_agents_common[713b423a44dddbeb]::agent_content::tests::repo_content
[INFO] [stdout]   13:     0x6440ed916a2d - trusty_agents_common[713b423a44dddbeb]::agents::roster_tools_tests::repo_roster
[INFO] [stdout]   14:     0x6440ed916ba3 - trusty_agents_common[713b423a44dddbeb]::agents::roster_tools_tests::deploy_roster
[INFO] [stdout]   15:     0x6440ed919c4b - trusty_agents_common[713b423a44dddbeb]::agents::roster_tools_tests::every_roster_agent_deploys_with_its_declared_tools
[INFO] [stdout]   16:     0x6440ed94a029 - <trusty_agents_common[713b423a44dddbeb]::agents::roster_tools_tests::every_roster_agent_deploys_with_its_declared_tools::{closure#0} as core[df12db4294e9bfd3]::ops::function::FnOnce<()>>::call_once
[INFO] [stdout]   17:     0x6440edab64ab - test[9d35eded1c95d3be]::__rust_begin_short_backtrace::<core[df12db4294e9bfd3]::result::Result<(), alloc[2182bb758b4b3781]::string::String>, fn() -> core[df12db4294e9bfd3]::result::Result<(), alloc[2182bb758b4b3781]::string::String>>
[INFO] [stdout]   18:     0x6440edac3b15 - test[9d35eded1c95d3be]::run_test::{closure#0}
[INFO] [stdout]   19:     0x6440edabd3d4 - std[70759c8f55707aa4]::sys::backtrace::__rust_begin_short_backtrace::<test[9d35eded1c95d3be]::run_test::{closure#1}, ()>
[INFO] [stdout]   20:     0x6440edac6c72 - <std[70759c8f55707aa4]::thread::lifecycle::spawn_unchecked<test[9d35eded1c95d3be]::run_test::{closure#1}, ()>::{closure#1} as core[df12db4294e9bfd3]::ops::function::FnOnce<()>>::call_once::{shim:vtable#0}
[INFO] [stdout]   21:     0x6440edcbf169 - <std[70759c8f55707aa4]::sys::thread::unix::Thread>::new::thread_start
[INFO] [stdout]   22:     0x7a2fd94fbdfa - <unknown>
[INFO] [stdout]   23:     0x7a2fd958f3d4 - clone
[INFO] [stdout]   24:                0x0 - <unknown>
[INFO] [stdout] 
[INFO] [stdout] ---- agents::roster_tools_tests::no_skill_agent_points_at_unloadable_skill stdout ----
[INFO] [stdout] 
[INFO] [stdout] thread 'agents::roster_tools_tests::no_skill_agent_points_at_unloadable_skill' (2911) panicked at src/agents/roster_tools_tests.rs:348:10:
[INFO] [stdout] resolve the checkout: Custom { kind: NotFound, error: "no Cargo workspace root at or above CARGO_MANIFEST_DIR (/opt/rustwide/workdir) or the current directory (/opt/rustwide/workdir); set TRUSTY_TEST_REPO_ROOT to the checkout root" }
[INFO] [stdout] stack backtrace:
[INFO] [stdout]    0:     0x6440edcc0211 - <<std[70759c8f55707aa4]::sys::backtrace::BacktraceLock>::print::DisplayBacktrace as core[df12db4294e9bfd3]::fmt::Display>::fmt
[INFO] [stdout]    1:     0x6440edcd8baa - core[df12db4294e9bfd3]::fmt::write
[INFO] [stdout]    2:     0x6440edcc545c - <alloc[2182bb758b4b3781]::vec::Vec<u8> as core[df12db4294e9bfd3]::io::write::Write>::write_fmt
[INFO] [stdout]    3:     0x6440edc96906 - std[70759c8f55707aa4]::panicking::default_hook::{closure#0}
[INFO] [stdout]    4:     0x6440edcb5cf9 - std[70759c8f55707aa4]::panicking::default_hook
[INFO] [stdout]    5:     0x6440edac31c0 - test[9d35eded1c95d3be]::test_main_inner::<test[9d35eded1c95d3be]::test_main_static::{closure#0}>::{closure#0}
[INFO] [stdout]    6:     0x6440edcb6022 - std[70759c8f55707aa4]::panicking::panic_with_hook
[INFO] [stdout]    7:     0x6440edc969b2 - std[70759c8f55707aa4]::panicking::panic_handler::{closure#0}
[INFO] [stdout]    8:     0x6440edc8ec09 - std[70759c8f55707aa4]::sys::backtrace::__rust_end_short_backtrace::<std[70759c8f55707aa4]::panicking::panic_handler::{closure#0}, !>
[INFO] [stdout]    9:     0x6440edc97b7d - __rustc[8fa7c3cbc660c2b3]::rust_begin_unwind
[INFO] [stdout]   10:     0x6440edcd938c - core[df12db4294e9bfd3]::panicking::panic_fmt
[INFO] [stdout]   11:     0x6440edcd9162 - core[df12db4294e9bfd3]::result::unwrap_failed
[INFO] [stdout]   12:     0x6440ed917aad - trusty_agents_common[713b423a44dddbeb]::agents::roster_tools_tests::bundled_skill_names
[INFO] [stdout]   13:     0x6440ed91827e - trusty_agents_common[713b423a44dddbeb]::agents::roster_tools_tests::no_skill_agent_points_at_unloadable_skill
[INFO] [stdout]   14:     0x6440ed94a009 - <trusty_agents_common[713b423a44dddbeb]::agents::roster_tools_tests::no_skill_agent_points_at_unloadable_skill::{closure#0} as core[df12db4294e9bfd3]::ops::function::FnOnce<()>>::call_once
[INFO] [stdout]   15:     0x6440edab64ab - test[9d35eded1c95d3be]::__rust_begin_short_backtrace::<core[df12db4294e9bfd3]::result::Result<(), alloc[2182bb758b4b3781]::string::String>, fn() -> core[df12db4294e9bfd3]::result::Result<(), alloc[2182bb758b4b3781]::string::String>>
[INFO] [stdout]   16:     0x6440edac3b15 - test[9d35eded1c95d3be]::run_test::{closure#0}
[INFO] [stdout]   17:     0x6440edabd3d4 - std[70759c8f55707aa4]::sys::backtrace::__rust_begin_short_backtrace::<test[9d35eded1c95d3be]::run_test::{closure#1}, ()>
[INFO] [stdout]   18:     0x6440edac6c72 - <std[70759c8f55707aa4]::thread::lifecycle::spawn_unchecked<test[9d35eded1c95d3be]::run_test::{closure#1}, ()>::{closure#1} as core[df12db4294e9bfd3]::ops::function::FnOnce<()>>::call_once::{shim:vtable#0}
[INFO] [stdout]   19:     0x6440edcbf169 - <std[70759c8f55707aa4]::sys::thread::unix::Thread>::new::thread_start
[INFO] [stdout]   20:     0x7a2fd94fbdfa - <unknown>
[INFO] [stdout]   21:     0x7a2fd958f3d4 - clone
[INFO] [stdout]   22:                0x0 - <unknown>
[INFO] [stdout] 
[INFO] [stdout] ---- agents::roster_tools_tests::referenced_skills_detects_a_bare_backticked_skill_name stdout ----
[INFO] [stdout] 
[INFO] [stdout] thread 'agents::roster_tools_tests::referenced_skills_detects_a_bare_backticked_skill_name' (2912) panicked at src/agents/roster_tools_tests.rs:348:10:
[INFO] [stdout] resolve the checkout: Custom { kind: NotFound, error: "no Cargo workspace root at or above CARGO_MANIFEST_DIR (/opt/rustwide/workdir) or the current directory (/opt/rustwide/workdir); set TRUSTY_TEST_REPO_ROOT to the checkout root" }
[INFO] [stdout] stack backtrace:
[INFO] [stdout]    0:     0x6440edcc0211 - <<std[70759c8f55707aa4]::sys::backtrace::BacktraceLock>::print::DisplayBacktrace as core[df12db4294e9bfd3]::fmt::Display>::fmt
[INFO] [stdout]    1:     0x6440edcd8baa - core[df12db4294e9bfd3]::fmt::write
[INFO] [stdout]    2:     0x6440edcc545c - <alloc[2182bb758b4b3781]::vec::Vec<u8> as core[df12db4294e9bfd3]::io::write::Write>::write_fmt
[INFO] [stdout]    3:     0x6440edc96906 - std[70759c8f55707aa4]::panicking::default_hook::{closure#0}
[INFO] [stdout]    4:     0x6440edcb5cf9 - std[70759c8f55707aa4]::panicking::default_hook
[INFO] [stdout]    5:     0x6440edac31c0 - test[9d35eded1c95d3be]::test_main_inner::<test[9d35eded1c95d3be]::test_main_static::{closure#0}>::{closure#0}
[INFO] [stdout]    6:     0x6440edcb6022 - std[70759c8f55707aa4]::panicking::panic_with_hook
[INFO] [stdout]    7:     0x6440edc969b2 - std[70759c8f55707aa4]::panicking::panic_handler::{closure#0}
[INFO] [stdout]    8:     0x6440edc8ec09 - std[70759c8f55707aa4]::sys::backtrace::__rust_end_short_backtrace::<std[70759c8f55707aa4]::panicking::panic_handler::{closure#0}, !>
[INFO] [stdout]    9:     0x6440edc97b7d - __rustc[8fa7c3cbc660c2b3]::rust_begin_unwind
[INFO] [stdout]   10:     0x6440edcd938c - core[df12db4294e9bfd3]::panicking::panic_fmt
[INFO] [stdout]   11:     0x6440edcd9162 - core[df12db4294e9bfd3]::result::unwrap_failed
[INFO] [stdout]   12:     0x6440ed917aad - trusty_agents_common[713b423a44dddbeb]::agents::roster_tools_tests::bundled_skill_names
[INFO] [stdout]   13:     0x6440ed91a3f9 - trusty_agents_common[713b423a44dddbeb]::agents::roster_tools_tests::referenced_skills_detects_a_bare_backticked_skill_name
[INFO] [stdout]   14:     0x6440ed94a069 - <trusty_agents_common[713b423a44dddbeb]::agents::roster_tools_tests::referenced_skills_detects_a_bare_backticked_skill_name::{closure#0} as core[df12db4294e9bfd3]::ops::function::FnOnce<()>>::call_once
[INFO] [stdout]   15:     0x6440edab64ab - test[9d35eded1c95d3be]::__rust_begin_short_backtrace::<core[df12db4294e9bfd3]::result::Result<(), alloc[2182bb758b4b3781]::string::String>, fn() -> core[df12db4294e9bfd3]::result::Result<(), alloc[2182bb758b4b3781]::string::String>>
[INFO] [stdout]   16:     0x6440edac3b15 - test[9d35eded1c95d3be]::run_test::{closure#0}
[INFO] [stdout]   17:     0x6440edabd3d4 - std[70759c8f55707aa4]::sys::backtrace::__rust_begin_short_backtrace::<test[9d35eded1c95d3be]::run_test::{closure#1}, ()>
[INFO] [stdout]   18:     0x6440edac6c72 - <std[70759c8f55707aa4]::thread::lifecycle::spawn_unchecked<test[9d35eded1c95d3be]::run_test::{closure#1}, ()>::{closure#1} as core[df12db4294e9bfd3]::ops::function::FnOnce<()>>::call_once::{shim:vtable#0}
[INFO] [stdout]   19:     0x6440edcbf169 - <std[70759c8f55707aa4]::sys::thread::unix::Thread>::new::thread_start
[INFO] [stdout]   20:     0x7a2fd94fbdfa - <unknown>
[INFO] [stdout]   21:     0x7a2fd958f3d4 - clone
[INFO] [stdout]   22:                0x0 - <unknown>
[INFO] [stdout] 
[INFO] [stdout] ---- agents::roster_tools_tests::roster_agents_declare_no_tcode_tools stdout ----
[INFO] [stdout] 
[INFO] [stdout] thread 'agents::roster_tools_tests::roster_agents_declare_no_tcode_tools' (2913) panicked at src/agent_content_tests.rs:16:51:
[INFO] [stdout] resolve the checkout: Custom { kind: NotFound, error: "no Cargo workspace root at or above CARGO_MANIFEST_DIR (/opt/rustwide/workdir) or the current directory (/opt/rustwide/workdir); set TRUSTY_TEST_REPO_ROOT to the checkout root" }
[INFO] [stdout] stack backtrace:
[INFO] [stdout]    0:     0x6440edcc0211 - <<std[70759c8f55707aa4]::sys::backtrace::BacktraceLock>::print::DisplayBacktrace as core[df12db4294e9bfd3]::fmt::Display>::fmt
[INFO] [stdout]    1:     0x6440edcd8baa - core[df12db4294e9bfd3]::fmt::write
[INFO] [stdout]    2:     0x6440edcc545c - <alloc[2182bb758b4b3781]::vec::Vec<u8> as core[df12db4294e9bfd3]::io::write::Write>::write_fmt
[INFO] [stdout]    3:     0x6440edc96906 - std[70759c8f55707aa4]::panicking::default_hook::{closure#0}
[INFO] [stdout]    4:     0x6440edcb5cf9 - std[70759c8f55707aa4]::panicking::default_hook
[INFO] [stdout]    5:     0x6440edac31c0 - test[9d35eded1c95d3be]::test_main_inner::<test[9d35eded1c95d3be]::test_main_static::{closure#0}>::{closure#0}
[INFO] [stdout]    6:     0x6440edcb6022 - std[70759c8f55707aa4]::panicking::panic_with_hook
[INFO] [stdout]    7:     0x6440edc969b2 - std[70759c8f55707aa4]::panicking::panic_handler::{closure#0}
[INFO] [stdout]    8:     0x6440edc8ec09 - std[70759c8f55707aa4]::sys::backtrace::__rust_end_short_backtrace::<std[70759c8f55707aa4]::panicking::panic_handler::{closure#0}, !>
[INFO] [stdout]    9:     0x6440edc97b7d - __rustc[8fa7c3cbc660c2b3]::rust_begin_unwind
[INFO] [stdout]   10:     0x6440edcd938c - core[df12db4294e9bfd3]::panicking::panic_fmt
[INFO] [stdout]   11:     0x6440edcd9162 - core[df12db4294e9bfd3]::result::unwrap_failed
[INFO] [stdout]   12:     0x6440ed90deaa - trusty_agents_common[713b423a44dddbeb]::agent_content::tests::repo_content
[INFO] [stdout]   13:     0x6440ed916a2d - trusty_agents_common[713b423a44dddbeb]::agents::roster_tools_tests::repo_roster
[INFO] [stdout]   14:     0x6440ed916ba3 - trusty_agents_common[713b423a44dddbeb]::agents::roster_tools_tests::deploy_roster
[INFO] [stdout]   15:     0x6440ed917eae - trusty_agents_common[713b423a44dddbeb]::agents::roster_tools_tests::roster_agents_declare_no_tcode_tools
[INFO] [stdout]   16:     0x6440ed949fe9 - <trusty_agents_common[713b423a44dddbeb]::agents::roster_tools_tests::roster_agents_declare_no_tcode_tools::{closure#0} as core[df12db4294e9bfd3]::ops::function::FnOnce<()>>::call_once
[INFO] [stdout]   17:     0x6440edab64ab - test[9d35eded1c95d3be]::__rust_begin_short_backtrace::<core[df12db4294e9bfd3]::result::Result<(), alloc[2182bb758b4b3781]::string::String>, fn() -> core[df12db4294e9bfd3]::result::Result<(), alloc[2182bb758b4b3781]::string::String>>
[INFO] [stdout]   18:     0x6440edac3b15 - test[9d35eded1c95d3be]::run_test::{closure#0}
[INFO] [stdout]   19:     0x6440edabd3d4 - std[70759c8f55707aa4]::sys::backtrace::__rust_begin_short_backtrace::<test[9d35eded1c95d3be]::run_test::{closure#1}, ()>
[INFO] [stdout]   20:     0x6440edac6c72 - <std[70759c8f55707aa4]::thread::lifecycle::spawn_unchecked<test[9d35eded1c95d3be]::run_test::{closure#1}, ()>::{closure#1} as core[df12db4294e9bfd3]::ops::function::FnOnce<()>>::call_once::{shim:vtable#0}
[INFO] [stdout]   21:     0x6440edcbf169 - <std[70759c8f55707aa4]::sys::thread::unix::Thread>::new::thread_start
[INFO] [stdout]   22:     0x7a2fd94fbdfa - <unknown>
[INFO] [stdout]   23:     0x7a2fd958f3d4 - clone
[INFO] [stdout]   24:                0x0 - <unknown>
[INFO] [stdout] 
[INFO] [stdout] ---- agents::roster_tools_tests::tools_table_covers_every_dispatchable_roster_agent stdout ----
[INFO] [stdout] 
[INFO] [stdout] thread 'agents::roster_tools_tests::tools_table_covers_every_dispatchable_roster_agent' (2914) panicked at src/agent_content_tests.rs:16:51:
[INFO] [stdout] resolve the checkout: Custom { kind: NotFound, error: "no Cargo workspace root at or above CARGO_MANIFEST_DIR (/opt/rustwide/workdir) or the current directory (/opt/rustwide/workdir); set TRUSTY_TEST_REPO_ROOT to the checkout root" }
[INFO] [stdout] stack backtrace:
[INFO] [stdout]    0:     0x6440edcc0211 - <<std[70759c8f55707aa4]::sys::backtrace::BacktraceLock>::print::DisplayBacktrace as core[df12db4294e9bfd3]::fmt::Display>::fmt
[INFO] [stdout]    1:     0x6440edcd8baa - core[df12db4294e9bfd3]::fmt::write
[INFO] [stdout]    2:     0x6440edcc545c - <alloc[2182bb758b4b3781]::vec::Vec<u8> as core[df12db4294e9bfd3]::io::write::Write>::write_fmt
[INFO] [stdout]    3:     0x6440edc96906 - std[70759c8f55707aa4]::panicking::default_hook::{closure#0}
[INFO] [stdout]    4:     0x6440edcb5cf9 - std[70759c8f55707aa4]::panicking::default_hook
[INFO] [stdout]    5:     0x6440edac31c0 - test[9d35eded1c95d3be]::test_main_inner::<test[9d35eded1c95d3be]::test_main_static::{closure#0}>::{closure#0}
[INFO] [stdout]    6:     0x6440edcb6022 - std[70759c8f55707aa4]::panicking::panic_with_hook
[INFO] [stdout]    7:     0x6440edc969b2 - std[70759c8f55707aa4]::panicking::panic_handler::{closure#0}
[INFO] [stdout]    8:     0x6440edc8ec09 - std[70759c8f55707aa4]::sys::backtrace::__rust_end_short_backtrace::<std[70759c8f55707aa4]::panicking::panic_handler::{closure#0}, !>
[INFO] [stdout]    9:     0x6440edc97b7d - __rustc[8fa7c3cbc660c2b3]::rust_begin_unwind
[INFO] [stdout]   10:     0x6440edcd938c - core[df12db4294e9bfd3]::panicking::panic_fmt
[INFO] [stdout]   11:     0x6440edcd9162 - core[df12db4294e9bfd3]::result::unwrap_failed
[INFO] [stdout]   12:     0x6440ed90deaa - trusty_agents_common[713b423a44dddbeb]::agent_content::tests::repo_content
[INFO] [stdout]   13:     0x6440ed916a2d - trusty_agents_common[713b423a44dddbeb]::agents::roster_tools_tests::repo_roster
[INFO] [stdout]   14:     0x6440ed91a098 - trusty_agents_common[713b423a44dddbeb]::agents::roster_tools_tests::tools_table_covers_every_dispatchable_roster_agent
[INFO] [stdout]   15:     0x6440ed94a049 - <trusty_agents_common[713b423a44dddbeb]::agents::roster_tools_tests::tools_table_covers_every_dispatchable_roster_agent::{closure#0} as core[df12db4294e9bfd3]::ops::function::FnOnce<()>>::call_once
[INFO] [stdout]   16:     0x6440edab64ab - test[9d35eded1c95d3be]::__rust_begin_short_backtrace::<core[df12db4294e9bfd3]::result::Result<(), alloc[2182bb758b4b3781]::string::String>, fn() -> core[df12db4294e9bfd3]::result::Result<(), alloc[2182bb758b4b3781]::string::String>>
[INFO] [stdout]   17:     0x6440edac3b15 - test[9d35eded1c95d3be]::run_test::{closure#0}
[INFO] [stdout]   18:     0x6440edabd3d4 - std[70759c8f55707aa4]::sys::backtrace::__rust_begin_short_backtrace::<test[9d35eded1c95d3be]::run_test::{closure#1}, ()>
[INFO] [stdout]   19:     0x6440edac6c72 - <std[70759c8f55707aa4]::thread::lifecycle::spawn_unchecked<test[9d35eded1c95d3be]::run_test::{closure#1}, ()>::{closure#1} as core[df12db4294e9bfd3]::ops::function::FnOnce<()>>::call_once::{shim:vtable#0}
[INFO] [stdout]   20:     0x6440edcbf169 - <std[70759c8f55707aa4]::sys::thread::unix::Thread>::new::thread_start
[INFO] [stdout]   21:     0x7a2fd94fbdfa - <unknown>
[INFO] [stdout]   22:     0x7a2fd958f3d4 - clone
[INFO] [stdout]   23:                0x0 - <unknown>
[INFO] [stdout] 
[INFO] [stdout] ---- agents::skill_root_tests::compose_for_deploy_resolves_the_real_base_agent stdout ----
[INFO] [stdout] 
[INFO] [stdout] thread 'agents::skill_root_tests::compose_for_deploy_resolves_the_real_base_agent' (2915) panicked at src/agent_content_tests.rs:16:51:
[INFO] [stdout] resolve the checkout: Custom { kind: NotFound, error: "no Cargo workspace root at or above CARGO_MANIFEST_DIR (/opt/rustwide/workdir) or the current directory (/opt/rustwide/workdir); set TRUSTY_TEST_REPO_ROOT to the checkout root" }
[INFO] [stdout] stack backtrace:
[INFO] [stdout]    0:     0x6440edcc0211 - <<std[70759c8f55707aa4]::sys::backtrace::BacktraceLock>::print::DisplayBacktrace as core[df12db4294e9bfd3]::fmt::Display>::fmt
[INFO] [stdout]    1:     0x6440edcd8baa - core[df12db4294e9bfd3]::fmt::write
[INFO] [stdout]    2:     0x6440edcc545c - <alloc[2182bb758b4b3781]::vec::Vec<u8> as core[df12db4294e9bfd3]::io::write::Write>::write_fmt
[INFO] [stdout]    3:     0x6440edc96906 - std[70759c8f55707aa4]::panicking::default_hook::{closure#0}
[INFO] [stdout]    4:     0x6440edcb5cf9 - std[70759c8f55707aa4]::panicking::default_hook
[INFO] [stdout]    5:     0x6440edac31c0 - test[9d35eded1c95d3be]::test_main_inner::<test[9d35eded1c95d3be]::test_main_static::{closure#0}>::{closure#0}
[INFO] [stdout]    6:     0x6440edcb6022 - std[70759c8f55707aa4]::panicking::panic_with_hook
[INFO] [stdout]    7:     0x6440edc969b2 - std[70759c8f55707aa4]::panicking::panic_handler::{closure#0}
[INFO] [stdout]    8:     0x6440edc8ec09 - std[70759c8f55707aa4]::sys::backtrace::__rust_end_short_backtrace::<std[70759c8f55707aa4]::panicking::panic_handler::{closure#0}, !>
[INFO] [stdout]    9:     0x6440edc97b7d - __rustc[8fa7c3cbc660c2b3]::rust_begin_unwind
[INFO] [stdout]   10:     0x6440edcd938c - core[df12db4294e9bfd3]::panicking::panic_fmt
[INFO] [stdout]   11:     0x6440edcd9162 - core[df12db4294e9bfd3]::result::unwrap_failed
[INFO] [stdout]   12:     0x6440ed90deaa - trusty_agents_common[713b423a44dddbeb]::agent_content::tests::repo_content
[INFO] [stdout]   13:     0x6440eda64db4 - trusty_agents_common[713b423a44dddbeb]::agents::skill_root_tests::compose_for_deploy_resolves_the_real_base_agent
[INFO] [stdout]   14:     0x6440ed949fa9 - <trusty_agents_common[713b423a44dddbeb]::agents::skill_root_tests::compose_for_deploy_resolves_the_real_base_agent::{closure#0} as core[df12db4294e9bfd3]::ops::function::FnOnce<()>>::call_once
[INFO] [stdout]   15:     0x6440edab64ab - test[9d35eded1c95d3be]::__rust_begin_short_backtrace::<core[df12db4294e9bfd3]::result::Result<(), alloc[2182bb758b4b3781]::string::String>, fn() -> core[df12db4294e9bfd3]::result::Result<(), alloc[2182bb758b4b3781]::string::String>>
[INFO] [stdout]   16:     0x6440edac3b15 - test[9d35eded1c95d3be]::run_test::{closure#0}
[INFO] [stdout]   17:     0x6440edabd3d4 - std[70759c8f55707aa4]::sys::backtrace::__rust_begin_short_backtrace::<test[9d35eded1c95d3be]::run_test::{closure#1}, ()>
[INFO] [stdout]   18:     0x6440edac6c72 - <std[70759c8f55707aa4]::thread::lifecycle::spawn_unchecked<test[9d35eded1c95d3be]::run_test::{closure#1}, ()>::{closure#1} as core[df12db4294e9bfd3]::ops::function::FnOnce<()>>::call_once::{shim:vtable#0}
[INFO] [stdout]   19:     0x6440edcbf169 - <std[70759c8f55707aa4]::sys::thread::unix::Thread>::new::thread_start
[INFO] [stdout]   20:     0x7a2fd94fbdfa - <unknown>
[INFO] [stdout]   21:     0x7a2fd958f3d4 - clone
[INFO] [stdout]   22:                0x0 - <unknown>
[INFO] [stdout] 
[INFO] [stdout] ---- agents::tier_audit::tests::audit_provenance_unscannable_dir_is_an_error stdout ----
[INFO] [stdout] 
[INFO] [stdout] thread 'agents::tier_audit::tests::audit_provenance_unscannable_dir_is_an_error' (2937) panicked at src/agents/tier_audit_tests.rs:493:5:
[INFO] [stdout] Ok([])
[INFO] [stdout] stack backtrace:
[INFO] [stdout]    0:     0x6440edcc0211 - <<std[70759c8f55707aa4]::sys::backtrace::BacktraceLock>::print::DisplayBacktrace as core[df12db4294e9bfd3]::fmt::Display>::fmt
[INFO] [stdout]    1:     0x6440edcd8baa - core[df12db4294e9bfd3]::fmt::write
[INFO] [stdout]    2:     0x6440edcc545c - <alloc[2182bb758b4b3781]::vec::Vec<u8> as core[df12db4294e9bfd3]::io::write::Write>::write_fmt
[INFO] [stdout]    3:     0x6440edc96906 - std[70759c8f55707aa4]::panicking::default_hook::{closure#0}
[INFO] [stdout]    4:     0x6440edcb5cf9 - std[70759c8f55707aa4]::panicking::default_hook
[INFO] [stdout]    5:     0x6440edac31c0 - test[9d35eded1c95d3be]::test_main_inner::<test[9d35eded1c95d3be]::test_main_static::{closure#0}>::{closure#0}
[INFO] [stdout]    6:     0x6440edcb6022 - std[70759c8f55707aa4]::panicking::panic_with_hook
[INFO] [stdout]    7:     0x6440edc969b2 - std[70759c8f55707aa4]::panicking::panic_handler::{closure#0}
[INFO] [stdout]    8:     0x6440edc8ec09 - std[70759c8f55707aa4]::sys::backtrace::__rust_end_short_backtrace::<std[70759c8f55707aa4]::panicking::panic_handler::{closure#0}, !>
[INFO] [stdout]    9:     0x6440edc97b7d - __rustc[8fa7c3cbc660c2b3]::rust_begin_unwind
[INFO] [stdout]   10:     0x6440edcd938c - core[df12db4294e9bfd3]::panicking::panic_fmt
[INFO] [stdout]   11:     0x6440eda016d6 - trusty_agents_common[713b423a44dddbeb]::agents::tier_audit::tests::audit_provenance_unscannable_dir_is_an_error
[INFO] [stdout]   12:     0x6440ed94bfb9 - <trusty_agents_common[713b423a44dddbeb]::agents::tier_audit::tests::audit_provenance_unscannable_dir_is_an_error::{closure#0} as core[df12db4294e9bfd3]::ops::function::FnOnce<()>>::call_once
[INFO] [stdout]   13:     0x6440edab64ab - test[9d35eded1c95d3be]::__rust_begin_short_backtrace::<core[df12db4294e9bfd3]::result::Result<(), alloc[2182bb758b4b3781]::string::String>, fn() -> core[df12db4294e9bfd3]::result::Result<(), alloc[2182bb758b4b3781]::string::String>>
[INFO] [stdout]   14:     0x6440edac3b15 - test[9d35eded1c95d3be]::run_test::{closure#0}
[INFO] [stdout]   15:     0x6440edabd3d4 - std[70759c8f55707aa4]::sys::backtrace::__rust_begin_short_backtrace::<test[9d35eded1c95d3be]::run_test::{closure#1}, ()>
[INFO] [stdout]   16:     0x6440edac6c72 - <std[70759c8f55707aa4]::thread::lifecycle::spawn_unchecked<test[9d35eded1c95d3be]::run_test::{closure#1}, ()>::{closure#1} as core[df12db4294e9bfd3]::ops::function::FnOnce<()>>::call_once::{shim:vtable#0}
[INFO] [stdout]   17:     0x6440edcbf169 - <std[70759c8f55707aa4]::sys::thread::unix::Thread>::new::thread_start
[INFO] [stdout]   18:     0x7a2fd94fbdfa - <unknown>
[INFO] [stdout]   19:     0x7a2fd958f3d4 - clone
[INFO] [stdout]   20:                0x0 - <unknown>
[INFO] [stdout] 
[INFO] [stdout] ---- agents::tier_audit::tests::audit_unscannable_dir_is_an_error stdout ----
[INFO] [stdout] 
[INFO] [stdout] thread 'agents::tier_audit::tests::audit_unscannable_dir_is_an_error' (2942) panicked at src/agents/tier_audit_tests.rs:341:22:
[INFO] [stdout] an unscannable tier must not report an empty scan: [MisplacedAgent { path: "/tmp/.tmpNbfIEb/agents/qa.md", name: "qa", class: ShadowsBundled }]
[INFO] [stdout] stack backtrace:
[INFO] [stdout]    0:     0x6440edcc0211 - <<std[70759c8f55707aa4]::sys::backtrace::BacktraceLock>::print::DisplayBacktrace as core[df12db4294e9bfd3]::fmt::Display>::fmt
[INFO] [stdout]    1:     0x6440edcd8baa - core[df12db4294e9bfd3]::fmt::write
[INFO] [stdout]    2:     0x6440edcc545c - <alloc[2182bb758b4b3781]::vec::Vec<u8> as core[df12db4294e9bfd3]::io::write::Write>::write_fmt
[INFO] [stdout]    3:     0x6440edc96906 - std[70759c8f55707aa4]::panicking::default_hook::{closure#0}
[INFO] [stdout]    4:     0x6440edcb5cf9 - std[70759c8f55707aa4]::panicking::default_hook
[INFO] [stdout]    5:     0x6440edac31c0 - test[9d35eded1c95d3be]::test_main_inner::<test[9d35eded1c95d3be]::test_main_static::{closure#0}>::{closure#0}
[INFO] [stdout]    6:     0x6440edcb6022 - std[70759c8f55707aa4]::panicking::panic_with_hook
[INFO] [stdout]    7:     0x6440edc969b2 - std[70759c8f55707aa4]::panicking::panic_handler::{closure#0}
[INFO] [stdout]    8:     0x6440edc8ec09 - std[70759c8f55707aa4]::sys::backtrace::__rust_end_short_backtrace::<std[70759c8f55707aa4]::panicking::panic_handler::{closure#0}, !>
[INFO] [stdout]    9:     0x6440edc97b7d - __rustc[8fa7c3cbc660c2b3]::rust_begin_unwind
[INFO] [stdout]   10:     0x6440edcd938c - core[df12db4294e9bfd3]::panicking::panic_fmt
[INFO] [stdout]   11:     0x6440edcd9162 - core[df12db4294e9bfd3]::result::unwrap_failed
[INFO] [stdout]   12:     0x6440ed9fe950 - trusty_agents_common[713b423a44dddbeb]::agents::tier_audit::tests::audit_unscannable_dir_is_an_error
[INFO] [stdout]   13:     0x6440ed94be39 - <trusty_agents_common[713b423a44dddbeb]::agents::tier_audit::tests::audit_unscannable_dir_is_an_error::{closure#0} as core[df12db4294e9bfd3]::ops::function::FnOnce<()>>::call_once
[INFO] [stdout]   14:     0x6440edab64ab - test[9d35eded1c95d3be]::__rust_begin_short_backtrace::<core[df12db4294e9bfd3]::result::Result<(), alloc[2182bb758b4b3781]::string::String>, fn() -> core[df12db4294e9bfd3]::result::Result<(), alloc[2182bb758b4b3781]::string::String>>
[INFO] [stdout]   15:     0x6440edac3b15 - test[9d35eded1c95d3be]::run_test::{closure#0}
[INFO] [stdout]   16:     0x6440edabd3d4 - std[70759c8f55707aa4]::sys::backtrace::__rust_begin_short_backtrace::<test[9d35eded1c95d3be]::run_test::{closure#1}, ()>
[INFO] [stdout]   17:     0x6440edac6c72 - <std[70759c8f55707aa4]::thread::lifecycle::spawn_unchecked<test[9d35eded1c95d3be]::run_test::{closure#1}, ()>::{closure#1} as core[df12db4294e9bfd3]::ops::function::FnOnce<()>>::call_once::{shim:vtable#0}
[INFO] [stdout]   18:     0x6440edcbf169 - <std[70759c8f55707aa4]::sys::thread::unix::Thread>::new::thread_start
[INFO] [stdout]   19:     0x7a2fd94fbdfa - <unknown>
[INFO] [stdout]   20:     0x7a2fd958f3d4 - clone
[INFO] [stdout]   21:                0x0 - <unknown>
[INFO] [stdout] 
[INFO] [stdout] ---- agents::vcs_claim::tests::an_unreadable_git_head_is_unknown_not_no_repo stdout ----
[INFO] [stdout] 
[INFO] [stdout] thread 'agents::vcs_claim::tests::an_unreadable_git_head_is_unknown_not_no_repo' (2978) panicked at src/agents/vcs_claim_tests.rs:289:5:
[INFO] [stdout] assertion `left == right` failed
[INFO] [stdout]   left: Claimed
[INFO] [stdout]  right: Unknown
[INFO] [stdout] stack backtrace:
[INFO] [stdout]    0:     0x6440edcc0211 - <<std[70759c8f55707aa4]::sys::backtrace::BacktraceLock>::print::DisplayBacktrace as core[df12db4294e9bfd3]::fmt::Display>::fmt
[INFO] [stdout]    1:     0x6440edcd8baa - core[df12db4294e9bfd3]::fmt::write
[INFO] [stdout]    2:     0x6440edcc545c - <alloc[2182bb758b4b3781]::vec::Vec<u8> as core[df12db4294e9bfd3]::io::write::Write>::write_fmt
[INFO] [stdout]    3:     0x6440edc96906 - std[70759c8f55707aa4]::panicking::default_hook::{closure#0}
[INFO] [stdout]    4:     0x6440edcb5cf9 - std[70759c8f55707aa4]::panicking::default_hook
[INFO] [stdout]    5:     0x6440edac31c0 - test[9d35eded1c95d3be]::test_main_inner::<test[9d35eded1c95d3be]::test_main_static::{closure#0}>::{closure#0}
[INFO] [stdout]    6:     0x6440edcb6022 - std[70759c8f55707aa4]::panicking::panic_with_hook
[INFO] [stdout]    7:     0x6440edc969b2 - std[70759c8f55707aa4]::panicking::panic_handler::{closure#0}
[INFO] [stdout]    8:     0x6440edc8ec09 - std[70759c8f55707aa4]::sys::backtrace::__rust_end_short_backtrace::<std[70759c8f55707aa4]::panicking::panic_handler::{closure#0}, !>
[INFO] [stdout]    9:     0x6440edc97b7d - __rustc[8fa7c3cbc660c2b3]::rust_begin_unwind
[INFO] [stdout]   10:     0x6440edcd938c - core[df12db4294e9bfd3]::panicking::panic_fmt
[INFO] [stdout]   11:     0x6440edcd92a3 - core[df12db4294e9bfd3]::panicking::assert_failed_inner
[INFO] [stdout]   12:     0x6440eda7b63c - core[df12db4294e9bfd3]::panicking::assert_failed::<trusty_agents_common[713b423a44dddbeb]::agents::vcs_claim::VcsClaim, trusty_agents_common[713b423a44dddbeb]::agents::vcs_claim::VcsClaim>
[INFO] [stdout]   13:     0x6440ed9e3825 - trusty_agents_common[713b423a44dddbeb]::agents::vcs_claim::tests::an_unreadable_git_head_is_unknown_not_no_repo
[INFO] [stdout]   14:     0x6440ed94e029 - <trusty_agents_common[713b423a44dddbeb]::agents::vcs_claim::tests::an_unreadable_git_head_is_unknown_not_no_repo::{closure#0} as core[df12db4294e9bfd3]::ops::function::FnOnce<()>>::call_once
[INFO] [stdout]   15:     0x6440edab64ab - test[9d35eded1c95d3be]::__rust_begin_short_backtrace::<core[df12db4294e9bfd3]::result::Result<(), alloc[2182bb758b4b3781]::string::String>, fn() -> core[df12db4294e9bfd3]::result::Result<(), alloc[2182bb758b4b3781]::string::String>>
[INFO] [stdout]   16:     0x6440edac3b15 - test[9d35eded1c95d3be]::run_test::{closure#0}
[INFO] [stdout]   17:     0x6440edabd3d4 - std[70759c8f55707aa4]::sys::backtrace::__rust_begin_short_backtrace::<test[9d35eded1c95d3be]::run_test::{closure#1}, ()>
[INFO] [stdout]   18:     0x6440edac6c72 - <std[70759c8f55707aa4]::thread::lifecycle::spawn_unchecked<test[9d35eded1c95d3be]::run_test::{closure#1}, ()>::{closure#1} as core[df12db4294e9bfd3]::ops::function::FnOnce<()>>::call_once::{shim:vtable#0}
[INFO] [stdout]   19:     0x6440edcbf169 - <std[70759c8f55707aa4]::sys::thread::unix::Thread>::new::thread_start
[INFO] [stdout]   20:     0x7a2fd94fbdfa - <unknown>
[INFO] [stdout]   21:     0x7a2fd958f3d4 - clone
[INFO] [stdout]   22:                0x0 - <unknown>
[INFO] [stdout] 
[INFO] [stdout] ---- agents::quarantine::tests::quarantine_refuses_a_tracked_file_when_the_git_dir_is_unreadable stdout ----
[INFO] [stdout] 
[INFO] [stdout] thread 'agents::quarantine::tests::quarantine_refuses_a_tracked_file_when_the_git_dir_is_unreadable' (2895) panicked at src/agents/quarantine_tests.rs:316:5:
[INFO] [stdout] assertion `left == right` failed
[INFO] [stdout]   left: GitTracked
[INFO] [stdout]  right: VcsUnknown
[INFO] [stdout] stack backtrace:
[INFO] [stdout]    0:     0x6440edcc0211 - <<std[70759c8f55707aa4]::sys::backtrace::BacktraceLock>::print::DisplayBacktrace as core[df12db4294e9bfd3]::fmt::Display>::fmt
[INFO] [stdout]    1:     0x6440edcd8baa - core[df12db4294e9bfd3]::fmt::write
[INFO] [stdout]    2:     0x6440edcc545c - <alloc[2182bb758b4b3781]::vec::Vec<u8> as core[df12db4294e9bfd3]::io::write::Write>::write_fmt
[INFO] [stdout]    3:     0x6440edc96906 - std[70759c8f55707aa4]::panicking::default_hook::{closure#0}
[INFO] [stdout]    4:     0x6440edcb5cf9 - std[70759c8f55707aa4]::panicking::default_hook
[INFO] [stdout]    5:     0x6440edac31c0 - test[9d35eded1c95d3be]::test_main_inner::<test[9d35eded1c95d3be]::test_main_static::{closure#0}>::{closure#0}
[INFO] [stdout]    6:     0x6440edcb6022 - std[70759c8f55707aa4]::panicking::panic_with_hook
[INFO] [stdout]    7:     0x6440edc969b2 - std[70759c8f55707aa4]::panicking::panic_handler::{closure#0}
[INFO] [stdout]    8:     0x6440edc8ec09 - std[70759c8f55707aa4]::sys::backtrace::__rust_end_short_backtrace::<std[70759c8f55707aa4]::panicking::panic_handler::{closure#0}, !>
[INFO] [stdout]    9:     0x6440edc97b7d - __rustc[8fa7c3cbc660c2b3]::rust_begin_unwind
[INFO] [stdout]   10:     0x6440edcd938c - core[df12db4294e9bfd3]::panicking::panic_fmt
[INFO] [stdout]   11:     0x6440edcd92a3 - core[df12db4294e9bfd3]::panicking::assert_failed_inner
[INFO] [stdout]   12:     0x6440eda7b471 - core[df12db4294e9bfd3]::panicking::assert_failed::<trusty_agents_common[713b423a44dddbeb]::agents::quarantine_receipt::SkipReason, trusty_agents_common[713b423a44dddbeb]::agents::quarantine_receipt::SkipReason>
[INFO] [stdout]   13:     0x6440ed9fbd1b - trusty_agents_common[713b423a44dddbeb]::agents::quarantine::tests::quarantine_refuses_a_tracked_file_when_the_git_dir_is_unreadable
[INFO] [stdout]   14:     0x6440ed94bd19 - <trusty_agents_common[713b423a44dddbeb]::agents::quarantine::tests::quarantine_refuses_a_tracked_file_when_the_git_dir_is_unreadable::{closure#0} as core[df12db4294e9bfd3]::ops::function::FnOnce<()>>::call_once
[INFO] [stdout]   15:     0x6440edab64ab - test[9d35eded1c95d3be]::__rust_begin_short_backtrace::<core[df12db4294e9bfd3]::result::Result<(), alloc[2182bb758b4b3781]::string::String>, fn() -> core[df12db4294e9bfd3]::result::Result<(), alloc[2182bb758b4b3781]::string::String>>
[INFO] [stdout]   16:     0x6440edac3b15 - test[9d35eded1c95d3be]::run_test::{closure#0}
[INFO] [stdout]   17:     0x6440edabd3d4 - std[70759c8f55707aa4]::sys::backtrace::__rust_begin_short_backtrace::<test[9d35eded1c95d3be]::run_test::{closure#1}, ()>
[INFO] [stdout]   18:     0x6440edac6c72 - <std[70759c8f55707aa4]::thread::lifecycle::spawn_unchecked<test[9d35eded1c95d3be]::run_test::{closure#1}, ()>::{closure#1} as core[df12db4294e9bfd3]::ops::function::FnOnce<()>>::call_once::{shim:vtable#0}
[INFO] [stdout]   19:     0x6440edcbf169 - <std[70759c8f55707aa4]::sys::thread::unix::Thread>::new::thread_start
[INFO] [stdout]   20:     0x7a2fd94fbdfa - <unknown>
[INFO] [stdout]   21:     0x7a2fd958f3d4 - clone
[INFO] [stdout]   22:                0x0 - <unknown>
[INFO] [stdout] 
[INFO] [stdout] ---- agents::vcs_claim::tests::an_unreadable_git_dir_is_unknown_not_no_repo stdout ----
[INFO] [stdout] 
[INFO] [stdout] thread 'agents::vcs_claim::tests::an_unreadable_git_dir_is_unknown_not_no_repo' (2977) panicked at src/agents/vcs_claim_tests.rs:270:5:
[INFO] [stdout] assertion `left == right` failed: an unreadable .git must be UNKNOWN — git reports the SAME text it uses for a genuinely absent repository, so the message alone cannot decide
[INFO] [stdout]   left: Claimed
[INFO] [stdout]  right: Unknown
[INFO] [stdout] stack backtrace:
[INFO] [stdout]    0:     0x6440edcc0211 - <<std[70759c8f55707aa4]::sys::backtrace::BacktraceLock>::print::DisplayBacktrace as core[df12db4294e9bfd3]::fmt::Display>::fmt
[INFO] [stdout]    1:     0x6440edcd8baa - core[df12db4294e9bfd3]::fmt::write
[INFO] [stdout]    2:     0x6440edcc545c - <alloc[2182bb758b4b3781]::vec::Vec<u8> as core[df12db4294e9bfd3]::io::write::Write>::write_fmt
[INFO] [stdout]    3:     0x6440edc96906 - std[70759c8f55707aa4]::panicking::default_hook::{closure#0}
[INFO] [stdout]    4:     0x6440edcb5cf9 - std[70759c8f55707aa4]::panicking::default_hook
[INFO] [stdout]    5:     0x6440edac31c0 - test[9d35eded1c95d3be]::test_main_inner::<test[9d35eded1c95d3be]::test_main_static::{closure#0}>::{closure#0}
[INFO] [stdout]    6:     0x6440edcb6022 - std[70759c8f55707aa4]::panicking::panic_with_hook
[INFO] [stdout]    7:     0x6440edc969b2 - std[70759c8f55707aa4]::panicking::panic_handler::{closure#0}
[INFO] [stdout]    8:     0x6440edc8ec09 - std[70759c8f55707aa4]::sys::backtrace::__rust_end_short_backtrace::<std[70759c8f55707aa4]::panicking::panic_handler::{closure#0}, !>
[INFO] [stdout]    9:     0x6440edc97b7d - __rustc[8fa7c3cbc660c2b3]::rust_begin_unwind
[INFO] [stdout]   10:     0x6440edcd938c - core[df12db4294e9bfd3]::panicking::panic_fmt
[INFO] [stdout]   11:     0x6440edcd9303 - core[df12db4294e9bfd3]::panicking::assert_failed_inner
[INFO] [stdout]   12:     0x6440eda7b63c - core[df12db4294e9bfd3]::panicking::assert_failed::<trusty_agents_common[713b423a44dddbeb]::agents::vcs_claim::VcsClaim, trusty_agents_common[713b423a44dddbeb]::agents::vcs_claim::VcsClaim>
[INFO] [stdout]   13:     0x6440ed9e2fb8 - trusty_agents_common[713b423a44dddbeb]::agents::vcs_claim::tests::an_unreadable_git_dir_is_unknown_not_no_repo
[INFO] [stdout]   14:     0x6440ed94dfe9 - <trusty_agents_common[713b423a44dddbeb]::agents::vcs_claim::tests::an_unreadable_git_dir_is_unknown_not_no_repo::{closure#0} as core[df12db4294e9bfd3]::ops::function::FnOnce<()>>::call_once
[INFO] [stdout]   15:     0x6440edab64ab - test[9d35eded1c95d3be]::__rust_begin_short_backtrace::<core[df12db4294e9bfd3]::result::Result<(), alloc[2182bb758b4b3781]::string::String>, fn() -> core[df12db4294e9bfd3]::result::Result<(), alloc[2182bb758b4b3781]::string::String>>
[INFO] [stdout]   16:     0x6440edac3b15 - test[9d35eded1c95d3be]::run_test::{closure#0}
[INFO] [stdout]   17:     0x6440edabd3d4 - std[70759c8f55707aa4]::sys::backtrace::__rust_begin_short_backtrace::<test[9d35eded1c95d3be]::run_test::{closure#1}, ()>
[INFO] [stdout]   18:     0x6440edac6c72 - <std[70759c8f55707aa4]::thread::lifecycle::spawn_unchecked<test[9d35eded1c95d3be]::run_test::{closure#1}, ()>::{closure#1} as core[df12db4294e9bfd3]::ops::function::FnOnce<()>>::call_once::{shim:vtable#0}
[INFO] [stdout]   19:     0x6440edcbf169 - <std[70759c8f55707aa4]::sys::thread::unix::Thread>::new::thread_start
[INFO] [stdout]   20:     0x7a2fd94fbdfa - <unknown>
[INFO] [stdout]   21:     0x7a2fd958f3d4 - clone
[INFO] [stdout]   22:                0x0 - <unknown>
[INFO] [stdout] 
[INFO] [stdout] ---- harness_doc::tests::agnostic_contains_claude_code_glyph stdout ----
[INFO] [stdout] 
[INFO] [stdout] thread 'harness_doc::tests::agnostic_contains_claude_code_glyph' (3176) panicked at src/agent_content_tests.rs:16:51:
[INFO] [stdout] resolve the checkout: Custom { kind: NotFound, error: "no Cargo workspace root at or above CARGO_MANIFEST_DIR (/opt/rustwide/workdir) or the current directory (/opt/rustwide/workdir); set TRUSTY_TEST_REPO_ROOT to the checkout root" }
[INFO] [stdout] stack backtrace:
[INFO] [stdout]    0:     0x6440edcc0211 - <<std[70759c8f55707aa4]::sys::backtrace::BacktraceLock>::print::DisplayBacktrace as core[df12db4294e9bfd3]::fmt::Display>::fmt
[INFO] [stdout]    1:     0x6440edcd8baa - core[df12db4294e9bfd3]::fmt::write
[INFO] [stdout]    2:     0x6440edcc545c - <alloc[2182bb758b4b3781]::vec::Vec<u8> as core[df12db4294e9bfd3]::io::write::Write>::write_fmt
[INFO] [stdout]    3:     0x6440edc96906 - std[70759c8f55707aa4]::panicking::default_hook::{closure#0}
[INFO] [stdout]    4:     0x6440edcb5cf9 - std[70759c8f55707aa4]::panicking::default_hook
[INFO] [stdout]    5:     0x6440edac31c0 - test[9d35eded1c95d3be]::test_main_inner::<test[9d35eded1c95d3be]::test_main_static::{closure#0}>::{closure#0}
[INFO] [stdout]    6:     0x6440edcb6022 - std[70759c8f55707aa4]::panicking::panic_with_hook
[INFO] [stdout]    7:     0x6440edc969b2 - std[70759c8f55707aa4]::panicking::panic_handler::{closure#0}
[INFO] [stdout]    8:     0x6440edc8ec09 - std[70759c8f55707aa4]::sys::backtrace::__rust_end_short_backtrace::<std[70759c8f55707aa4]::panicking::panic_handler::{closure#0}, !>
[INFO] [stdout]    9:     0x6440edc97b7d - __rustc[8fa7c3cbc660c2b3]::rust_begin_unwind
[INFO] [stdout]   10:     0x6440edcd938c - core[df12db4294e9bfd3]::panicking::panic_fmt
[INFO] [stdout]   11:     0x6440edcd9162 - core[df12db4294e9bfd3]::result::unwrap_failed
[INFO] [stdout]   12:     0x6440ed90deaa - trusty_agents_common[713b423a44dddbeb]::agent_content::tests::repo_content
[INFO] [stdout]   13:     0x6440eda5d3b0 - <std[70759c8f55707aa4]::sync::once::Once>::call_once_force::<<std[70759c8f55707aa4]::sync::once_lock::OnceLock<trusty_agents_common[713b423a44dddbeb]::harness_doc::HarnessDoc>>::initialize<<std[70759c8f55707aa4]::sync::once_lock::OnceLock<trusty_agents_common[713b423a44dddbeb]::harness_doc::HarnessDoc>>::get_or_init<trusty_agents_common[713b423a44dddbeb]::harness_doc::tests::doc::{closure#0}>::{closure#0}, !>::{closure#0}>::{closure#0}
[INFO] [stdout]   14:     0x6440edc9cc59 - <std[70759c8f55707aa4]::sys::sync::once::futex::Once>::call
[INFO] [stdout]   15:     0x6440eda59150 - <std[70759c8f55707aa4]::sync::once_lock::OnceLock<trusty_agents_common[713b423a44dddbeb]::harness_doc::HarnessDoc>>::initialize::<<std[70759c8f55707aa4]::sync::once_lock::OnceLock<trusty_agents_common[713b423a44dddbeb]::harness_doc::HarnessDoc>>::get_or_init<trusty_agents_common[713b423a44dddbeb]::harness_doc::tests::doc::{closure#0}>::{closure#0}, !>
[INFO] [stdout]   16:     0x6440ed9497a7 - <trusty_agents_common[713b423a44dddbeb]::harness_doc::tests::agnostic_contains_claude_code_glyph::{closure#0} as core[df12db4294e9bfd3]::ops::function::FnOnce<()>>::call_once
[INFO] [stdout]   17:     0x6440edab64ab - test[9d35eded1c95d3be]::__rust_begin_short_backtrace::<core[df12db4294e9bfd3]::result::Result<(), alloc[2182bb758b4b3781]::string::String>, fn() -> core[df12db4294e9bfd3]::result::Result<(), alloc[2182bb758b4b3781]::string::String>>
[INFO] [stdout]   18:     0x6440edac3b15 - test[9d35eded1c95d3be]::run_test::{closure#0}
[INFO] [stdout]   19:     0x6440edabd3d4 - std[70759c8f55707aa4]::sys::backtrace::__rust_begin_short_backtrace::<test[9d35eded1c95d3be]::run_test::{closure#1}, ()>
[INFO] [stdout]   20:     0x6440edac6c72 - <std[70759c8f55707aa4]::thread::lifecycle::spawn_unchecked<test[9d35eded1c95d3be]::run_test::{closure#1}, ()>::{closure#1} as core[df12db4294e9bfd3]::ops::function::FnOnce<()>>::call_once::{shim:vtable#0}
[INFO] [stdout]   21:     0x6440edcbf169 - <std[70759c8f55707aa4]::sys::thread::unix::Thread>::new::thread_start
[INFO] [stdout]   22:     0x7a2fd94fbdfa - <unknown>
[INFO] [stdout]   23:     0x7a2fd958f3d4 - clone
[INFO] [stdout]   24:                0x0 - <unknown>
[INFO] [stdout] 
[INFO] [stdout] ---- harness_doc::tests::agnostic_non_empty stdout ----
[INFO] [stdout] 
[INFO] [stdout] thread 'harness_doc::tests::agnostic_non_empty' (3177) panicked at src/agent_content_tests.rs:16:51:
[INFO] [stdout] resolve the checkout: Custom { kind: NotFound, error: "no Cargo workspace root at or above CARGO_MANIFEST_DIR (/opt/rustwide/workdir) or the current directory (/opt/rustwide/workdir); set TRUSTY_TEST_REPO_ROOT to the checkout root" }
[INFO] [stdout] stack backtrace:
[INFO] [stdout]    0:     0x6440edcc0211 - <<std[70759c8f55707aa4]::sys::backtrace::BacktraceLock>::print::DisplayBacktrace as core[df12db4294e9bfd3]::fmt::Display>::fmt
[INFO] [stdout]    1:     0x6440edcd8baa - core[df12db4294e9bfd3]::fmt::write
[INFO] [stdout]    2:     0x6440edcc545c - <alloc[2182bb758b4b3781]::vec::Vec<u8> as core[df12db4294e9bfd3]::io::write::Write>::write_fmt
[INFO] [stdout]    3:     0x6440edc96906 - std[70759c8f55707aa4]::panicking::default_hook::{closure#0}
[INFO] [stdout]    4:     0x6440edcb5cf9 - std[70759c8f55707aa4]::panicking::default_hook
[INFO] [stdout]    5:     0x6440edac31c0 - test[9d35eded1c95d3be]::test_main_inner::<test[9d35eded1c95d3be]::test_main_static::{closure#0}>::{closure#0}
[INFO] [stdout]    6:     0x6440edcb6022 - std[70759c8f55707aa4]::panicking::panic_with_hook
[INFO] [stdout]    7:     0x6440edc969b2 - std[70759c8f55707aa4]::panicking::panic_handler::{closure#0}
[INFO] [stdout]    8:     0x6440edc8ec09 - std[70759c8f55707aa4]::sys::backtrace::__rust_end_short_backtrace::<std[70759c8f55707aa4]::panicking::panic_handler::{closure#0}, !>
[INFO] [stdout]    9:     0x6440edc97b7d - __rustc[8fa7c3cbc660c2b3]::rust_begin_unwind
[INFO] [stdout]   10:     0x6440edcd938c - core[df12db4294e9bfd3]::panicking::panic_fmt
[INFO] [stdout]   11:     0x6440edcd9162 - core[df12db4294e9bfd3]::result::unwrap_failed
[INFO] [stdout]   12:     0x6440ed90deaa - trusty_agents_common[713b423a44dddbeb]::agent_content::tests::repo_content
[INFO] [stdout]   13:     0x6440eda5d3b0 - <std[70759c8f55707aa4]::sync::once::Once>::call_once_force::<<std[70759c8f55707aa4]::sync::once_lock::OnceLock<trusty_agents_common[713b423a44dddbeb]::harness_doc::HarnessDoc>>::initialize<<std[70759c8f55707aa4]::sync::once_lock::OnceLock<trusty_agents_common[713b423a44dddbeb]::harness_doc::HarnessDoc>>::get_or_init<trusty_agents_common[713b423a44dddbeb]::harness_doc::tests::doc::{closure#0}>::{closure#0}, !>::{closure#0}>::{closure#0}
[INFO] [stdout]   14:     0x6440edc9cc59 - <std[70759c8f55707aa4]::sys::sync::once::futex::Once>::call
[INFO] [stdout]   15:     0x6440eda59150 - <std[70759c8f55707aa4]::sync::once_lock::OnceLock<trusty_agents_common[713b423a44dddbeb]::harness_doc::HarnessDoc>>::initialize::<<std[70759c8f55707aa4]::sync::once_lock::OnceLock<trusty_agents_common[713b423a44dddbeb]::harness_doc::HarnessDoc>>::get_or_init<trusty_agents_common[713b423a44dddbeb]::harness_doc::tests::doc::{closure#0}>::{closure#0}, !>
[INFO] [stdout]   16:     0x6440ed94950e - <trusty_agents_common[713b423a44dddbeb]::harness_doc::tests::agnostic_non_empty::{closure#0} as core[df12db4294e9bfd3]::ops::function::FnOnce<()>>::call_once
[INFO] [stdout]   17:     0x6440edab64ab - test[9d35eded1c95d3be]::__rust_begin_short_backtrace::<core[df12db4294e9bfd3]::result::Result<(), alloc[2182bb758b4b3781]::string::String>, fn() -> core[df12db4294e9bfd3]::result::Result<(), alloc[2182bb758b4b3781]::string::String>>
[INFO] [stdout]   18:     0x6440edac3b15 - test[9d35eded1c95d3be]::run_test::{closure#0}
[INFO] [stdout]   19:     0x6440edabd3d4 - std[70759c8f55707aa4]::sys::backtrace::__rust_begin_short_backtrace::<test[9d35eded1c95d3be]::run_test::{closure#1}, ()>
[INFO] [stdout]   20:     0x6440edac6c72 - <std[70759c8f55707aa4]::thread::lifecycle::spawn_unchecked<test[9d35eded1c95d3be]::run_test::{closure#1}, ()>::{closure#1} as core[df12db4294e9bfd3]::ops::function::FnOnce<()>>::call_once::{shim:vtable#0}
[INFO] [stdout]   21:     0x6440edcbf169 - <std[70759c8f55707aa4]::sys::thread::unix::Thread>::new::thread_start
[INFO] [stdout]   22:     0x7a2fd94fbdfa - <unknown>
[INFO] [stdout]   23:     0x7a2fd958f3d4 - clone
[INFO] [stdout]   24:                0x0 - <unknown>
[INFO] [stdout] 
[INFO] [stdout] ---- harness_doc::tests::full_doc_sum_of_parts stdout ----
[INFO] [stdout] 
[INFO] [stdout] thread 'harness_doc::tests::full_doc_sum_of_parts' (3180) panicked at src/agent_content_tests.rs:16:51:
[INFO] [stdout] resolve the checkout: Custom { kind: NotFound, error: "no Cargo workspace root at or above CARGO_MANIFEST_DIR (/opt/rustwide/workdir) or the current directory (/opt/rustwide/workdir); set TRUSTY_TEST_REPO_ROOT to the checkout root" }
[INFO] [stdout] stack backtrace:
[INFO] [stdout]    0:     0x6440edcc0211 - <<std[70759c8f55707aa4]::sys::backtrace::BacktraceLock>::print::DisplayBacktrace as core[df12db4294e9bfd3]::fmt::Display>::fmt
[INFO] [stdout]    1:     0x6440edcd8baa - core[df12db4294e9bfd3]::fmt::write
[INFO] [stdout]    2:     0x6440edcc545c - <alloc[2182bb758b4b3781]::vec::Vec<u8> as core[df12db4294e9bfd3]::io::write::Write>::write_fmt
[INFO] [stdout]    3:     0x6440edc96906 - std[70759c8f55707aa4]::panicking::default_hook::{closure#0}
[INFO] [stdout]    4:     0x6440edcb5cf9 - std[70759c8f55707aa4]::panicking::default_hook
[INFO] [stdout]    5:     0x6440edac31c0 - test[9d35eded1c95d3be]::test_main_inner::<test[9d35eded1c95d3be]::test_main_static::{closure#0}>::{closure#0}
[INFO] [stdout]    6:     0x6440edcb6022 - std[70759c8f55707aa4]::panicking::panic_with_hook
[INFO] [stdout]    7:     0x6440edc969b2 - std[70759c8f55707aa4]::panicking::panic_handler::{closure#0}
[INFO] [stdout]    8:     0x6440edc8ec09 - std[70759c8f55707aa4]::sys::backtrace::__rust_end_short_backtrace::<std[70759c8f55707aa4]::panicking::panic_handler::{closure#0}, !>
[INFO] [stdout]    9:     0x6440edc97b7d - __rustc[8fa7c3cbc660c2b3]::rust_begin_unwind
[INFO] [stdout]   10:     0x6440edcd938c - core[df12db4294e9bfd3]::panicking::panic_fmt
[INFO] [stdout]   11:     0x6440edcd9162 - core[df12db4294e9bfd3]::result::unwrap_failed
[INFO] [stdout]   12:     0x6440ed90deaa - trusty_agents_common[713b423a44dddbeb]::agent_content::tests::repo_content
[INFO] [stdout]   13:     0x6440eda5d3b0 - <std[70759c8f55707aa4]::sync::once::Once>::call_once_force::<<std[70759c8f55707aa4]::sync::once_lock::OnceLock<trusty_agents_common[713b423a44dddbeb]::harness_doc::HarnessDoc>>::initialize<<std[70759c8f55707aa4]::sync::once_lock::OnceLock<trusty_agents_common[713b423a44dddbeb]::harness_doc::HarnessDoc>>::get_or_init<trusty_agents_common[713b423a44dddbeb]::harness_doc::tests::doc::{closure#0}>::{closure#0}, !>::{closure#0}>::{closure#0}
[INFO] [stdout]   14:     0x6440edc9cc59 - <std[70759c8f55707aa4]::sys::sync::once::futex::Once>::call
[INFO] [stdout]   15:     0x6440eda59150 - <std[70759c8f55707aa4]::sync::once_lock::OnceLock<trusty_agents_common[713b423a44dddbeb]::harness_doc::HarnessDoc>>::initialize::<<std[70759c8f55707aa4]::sync::once_lock::OnceLock<trusty_agents_common[713b423a44dddbeb]::harness_doc::HarnessDoc>>::get_or_init<trusty_agents_common[713b423a44dddbeb]::harness_doc::tests::doc::{closure#0}>::{closure#0}, !>
[INFO] [stdout]   16:     0x6440ed90be0d - trusty_agents_common[713b423a44dddbeb]::harness_doc::tests::full_doc_sum_of_parts
[INFO] [stdout]   17:     0x6440ed949599 - <trusty_agents_common[713b423a44dddbeb]::harness_doc::tests::full_doc_sum_of_parts::{closure#0} as core[df12db4294e9bfd3]::ops::function::FnOnce<()>>::call_once
[INFO] [stdout]   18:     0x6440edab64ab - test[9d35eded1c95d3be]::__rust_begin_short_backtrace::<core[df12db4294e9bfd3]::result::Result<(), alloc[2182bb758b4b3781]::string::String>, fn() -> core[df12db4294e9bfd3]::result::Result<(), alloc[2182bb758b4b3781]::string::String>>
[INFO] [stdout]   19:     0x6440edac3b15 - test[9d35eded1c95d3be]::run_test::{closure#0}
[INFO] [stdout]   20:     0x6440edabd3d4 - std[70759c8f55707aa4]::sys::backtrace::__rust_begin_short_backtrace::<test[9d35eded1c95d3be]::run_test::{closure#1}, ()>
[INFO] [stdout]   21:     0x6440edac6c72 - <std[70759c8f55707aa4]::thread::lifecycle::spawn_unchecked<test[9d35eded1c95d3be]::run_test::{closure#1}, ()>::{closure#1} as core[df12db4294e9bfd3]::ops::function::FnOnce<()>>::call_once::{shim:vtable#0}
[INFO] [stdout]   22:     0x6440edcbf169 - <std[70759c8f55707aa4]::sys::thread::unix::Thread>::new::thread_start
[INFO] [stdout]   23:     0x7a2fd94fbdfa - <unknown>
[INFO] [stdout]   24:     0x7a2fd958f3d4 - clone
[INFO] [stdout]   25:                0x0 - <unknown>
[INFO] [stdout] 
[INFO] [stdout] ---- harness_doc::tests::tcode_non_empty stdout ----
[INFO] [stdout] 
[INFO] [stdout] thread 'harness_doc::tests::tcode_non_empty' (3186) panicked at src/agent_content_tests.rs:16:51:
[INFO] [stdout] resolve the checkout: Custom { kind: NotFound, error: "no Cargo workspace root at or above CARGO_MANIFEST_DIR (/opt/rustwide/workdir) or the current directory (/opt/rustwide/workdir); set TRUSTY_TEST_REPO_ROOT to the checkout root" }
[INFO] [stdout] stack backtrace:
[INFO] [stdout]    0:     0x6440edcc0211 - <<std[70759c8f55707aa4]::sys::backtrace::BacktraceLock>::print::DisplayBacktrace as core[df12db4294e9bfd3]::fmt::Display>::fmt
[INFO] [stdout]    1:     0x6440edcd8baa - core[df12db4294e9bfd3]::fmt::write
[INFO] [stdout]    2:     0x6440edcc545c - <alloc[2182bb758b4b3781]::vec::Vec<u8> as core[df12db4294e9bfd3]::io::write::Write>::write_fmt
[INFO] [stdout]    3:     0x6440edc96906 - std[70759c8f55707aa4]::panicking::default_hook::{closure#0}
[INFO] [stdout]    4:     0x6440edcb5cf9 - std[70759c8f55707aa4]::panicking::default_hook
[INFO] [stdout]    5:     0x6440edac31c0 - test[9d35eded1c95d3be]::test_main_inner::<test[9d35eded1c95d3be]::test_main_static::{closure#0}>::{closure#0}
[INFO] [stdout]    6:     0x6440edcb6022 - std[70759c8f55707aa4]::panicking::panic_with_hook
[INFO] [stdout]    7:     0x6440edc969b2 - std[70759c8f55707aa4]::panicking::panic_handler::{closure#0}
[INFO] [stdout]    8:     0x6440edc8ec09 - std[70759c8f55707aa4]::sys::backtrace::__rust_end_short_backtrace::<std[70759c8f55707aa4]::panicking::panic_handler::{closure#0}, !>
[INFO] [stdout]    9:     0x6440edc97b7d - __rustc[8fa7c3cbc660c2b3]::rust_begin_unwind
[INFO] [stdout]   10:     0x6440edcd938c - core[df12db4294e9bfd3]::panicking::panic_fmt
[INFO] [stdout]   11:     0x6440edcd9162 - core[df12db4294e9bfd3]::result::unwrap_failed
[INFO] [stdout]   12:     0x6440ed90deaa - trusty_agents_common[713b423a44dddbeb]::agent_content::tests::repo_content
[INFO] [stdout]   13:     0x6440eda5d3b0 - <std[70759c8f55707aa4]::sync::once::Once>::call_once_force::<<std[70759c8f55707aa4]::sync::once_lock::OnceLock<trusty_agents_common[713b423a44dddbeb]::harness_doc::HarnessDoc>>::initialize<<std[70759c8f55707aa4]::sync::once_lock::OnceLock<trusty_agents_common[713b423a44dddbeb]::harness_doc::HarnessDoc>>::get_or_init<trusty_agents_common[713b423a44dddbeb]::harness_doc::tests::doc::{closure#0}>::{closure#0}, !>::{closure#0}>::{closure#0}
[INFO] [stdout]   14:     0x6440edc9cc59 - <std[70759c8f55707aa4]::sys::sync::once::futex::Once>::call
[INFO] [stdout]   15:     0x6440eda59150 - <std[70759c8f55707aa4]::sync::once_lock::OnceLock<trusty_agents_common[713b423a44dddbeb]::harness_doc::HarnessDoc>>::initialize::<<std[70759c8f55707aa4]::sync::once_lock::OnceLock<trusty_agents_common[713b423a44dddbeb]::harness_doc::HarnessDoc>>::get_or_init<trusty_agents_common[713b423a44dddbeb]::harness_doc::tests::doc::{closure#0}>::{closure#0}, !>
[INFO] [stdout]   16:     0x6440ed94944e - <trusty_agents_common[713b423a44dddbeb]::harness_doc::tests::tcode_non_empty::{closure#0} as core[df12db4294e9bfd3]::ops::function::FnOnce<()>>::call_once
[INFO] [stdout]   17:     0x6440edab64ab - test[9d35eded1c95d3be]::__rust_begin_short_backtrace::<core[df12db4294e9bfd3]::result::Result<(), alloc[2182bb758b4b3781]::string::String>, fn() -> core[df12db4294e9bfd3]::result::Result<(), alloc[2182bb758b4b3781]::string::String>>
[INFO] [stdout]   18:     0x6440edac3b15 - test[9d35eded1c95d3be]::run_test::{closure#0}
[INFO] [stdout]   19:     0x6440edabd3d4 - std[70759c8f55707aa4]::sys::backtrace::__rust_begin_short_backtrace::<test[9d35eded1c95d3be]::run_test::{closure#1}, ()>
[INFO] [stdout]   20:     0x6440edac6c72 - <std[70759c8f55707aa4]::thread::lifecycle::spawn_unchecked<test[9d35eded1c95d3be]::run_test::{closure#1}, ()>::{closure#1} as core[df12db4294e9bfd3]::ops::function::FnOnce<()>>::call_once::{shim:vtable#0}
[INFO] [stdout]   21:     0x6440edcbf169 - <std[70759c8f55707aa4]::sys::thread::unix::Thread>::new::thread_start
[INFO] [stdout]   22:     0x7a2fd94fbdfa - <unknown>
[INFO] [stdout]   23:     0x7a2fd958f3d4 - clone
[INFO] [stdout]   24:                0x0 - <unknown>
[INFO] [stdout] 
[INFO] [stdout] ---- harness_doc::tests::overseer_non_empty stdout ----
[INFO] [stdout] 
[INFO] [stdout] thread 'harness_doc::tests::overseer_non_empty' (3185) panicked at src/agent_content_tests.rs:16:51:
[INFO] [stdout] resolve the checkout: Custom { kind: NotFound, error: "no Cargo workspace root at or above CARGO_MANIFEST_DIR (/opt/rustwide/workdir) or the current directory (/opt/rustwide/workdir); set TRUSTY_TEST_REPO_ROOT to the checkout root" }
[INFO] [stdout] stack backtrace:
[INFO] [stdout]    0:     0x6440edcc0211 - <<std[70759c8f55707aa4]::sys::backtrace::BacktraceLock>::print::DisplayBacktrace as core[df12db4294e9bfd3]::fmt::Display>::fmt
[INFO] [stdout]    1:     0x6440edcd8baa - core[df12db4294e9bfd3]::fmt::write
[INFO] [stdout]    2:     0x6440edcc545c - <alloc[2182bb758b4b3781]::vec::Vec<u8> as core[df12db4294e9bfd3]::io::write::Write>::write_fmt
[INFO] [stdout]    3:     0x6440edc96906 - std[70759c8f55707aa4]::panicking::default_hook::{closure#0}
[INFO] [stdout]    4:     0x6440edcb5cf9 - std[70759c8f55707aa4]::panicking::default_hook
[INFO] [stdout]    5:     0x6440edac31c0 - test[9d35eded1c95d3be]::test_main_inner::<test[9d35eded1c95d3be]::test_main_static::{closure#0}>::{closure#0}
[INFO] [stdout]    6:     0x6440edcb6022 - std[70759c8f55707aa4]::panicking::panic_with_hook
[INFO] [stdout]    7:     0x6440edc969b2 - std[70759c8f55707aa4]::panicking::panic_handler::{closure#0}
[INFO] [stdout]    8:     0x6440edc8ec09 - std[70759c8f55707aa4]::sys::backtrace::__rust_end_short_backtrace::<std[70759c8f55707aa4]::panicking::panic_handler::{closure#0}, !>
[INFO] [stdout]    9:     0x6440edc97b7d - __rustc[8fa7c3cbc660c2b3]::rust_begin_unwind
[INFO] [stdout]   10:     0x6440edcd938c - core[df12db4294e9bfd3]::panicking::panic_fmt
[INFO] [stdout]   11:     0x6440edcd9162 - core[df12db4294e9bfd3]::result::unwrap_failed
[INFO] [stdout]   12:     0x6440ed90deaa - trusty_agents_common[713b423a44dddbeb]::agent_content::tests::repo_content
[INFO] [stdout]   13:     0x6440eda5d3b0 - <std[70759c8f55707aa4]::sync::once::Once>::call_once_force::<<std[70759c8f55707aa4]::sync::once_lock::OnceLock<trusty_agents_common[713b423a44dddbeb]::harness_doc::HarnessDoc>>::initialize<<std[70759c8f55707aa4]::sync::once_lock::OnceLock<trusty_agents_common[713b423a44dddbeb]::harness_doc::HarnessDoc>>::get_or_init<trusty_agents_common[713b423a44dddbeb]::harness_doc::tests::doc::{closure#0}>::{closure#0}, !>::{closure#0}>::{closure#0}
[INFO] [stdout]   14:     0x6440edc9cc59 - <std[70759c8f55707aa4]::sys::sync::once::futex::Once>::call
[INFO] [stdout]   15:     0x6440eda59150 - <std[70759c8f55707aa4]::sync::once_lock::OnceLock<trusty_agents_common[713b423a44dddbeb]::harness_doc::HarnessDoc>>::initialize::<<std[70759c8f55707aa4]::sync::once_lock::OnceLock<trusty_agents_common[713b423a44dddbeb]::harness_doc::HarnessDoc>>::get_or_init<trusty_agents_common[713b423a44dddbeb]::harness_doc::tests::doc::{closure#0}>::{closure#0}, !>
[INFO] [stdout]   16:     0x6440ed94956e - <trusty_agents_common[713b423a44dddbeb]::harness_doc::tests::overseer_non_empty::{closure#0} as core[df12db4294e9bfd3]::ops::function::FnOnce<()>>::call_once
[INFO] [stdout]   17:     0x6440edab64ab - test[9d35eded1c95d3be]::__rust_begin_short_backtrace::<core[df12db4294e9bfd3]::result::Result<(), alloc[2182bb758b4b3781]::string::String>, fn() -> core[df12db4294e9bfd3]::result::Result<(), alloc[2182bb758b4b3781]::string::String>>
[INFO] [stdout]   18:     0x6440edac3b15 - test[9d35eded1c95d3be]::run_test::{closure#0}
[INFO] [stdout]   19:     0x6440edabd3d4 - std[70759c8f55707aa4]::sys::backtrace::__rust_begin_short_backtrace::<test[9d35eded1c95d3be]::run_test::{closure#1}, ()>
[INFO] [stdout]   20:     0x6440edac6c72 - <std[70759c8f55707aa4]::thread::lifecycle::spawn_unchecked<test[9d35eded1c95d3be]::run_test::{closure#1}, ()>::{closure#1} as core[df12db4294e9bfd3]::ops::function::FnOnce<()>>::call_once::{shim:vtable#0}
[INFO] [stdout]   21:     0x6440edcbf169 - <std[70759c8f55707aa4]::sys::thread::unix::Thread>::new::thread_start
[INFO] [stdout]   22:     0x7a2fd94fbdfa - <unknown>
[INFO] [stdout]   23:     0x7a2fd958f3d4 - clone
[INFO] [stdout]   24:                0x0 - <unknown>
[INFO] [stdout] 
[INFO] [stdout] ---- harness_doc::tests::harness_doc_names_the_relay_prefix stdout ----
[INFO] [stdout] 
[INFO] [stdout] thread 'harness_doc::tests::harness_doc_names_the_relay_prefix' (3181) panicked at src/agent_content_tests.rs:16:51:
[INFO] [stdout] resolve the checkout: Custom { kind: NotFound, error: "no Cargo workspace root at or above CARGO_MANIFEST_DIR (/opt/rustwide/workdir) or the current directory (/opt/rustwide/workdir); set TRUSTY_TEST_REPO_ROOT to the checkout root" }
[INFO] [stdout] stack backtrace:
[INFO] [stdout]    0:     0x6440edcc0211 - <<std[70759c8f55707aa4]::sys::backtrace::BacktraceLock>::print::DisplayBacktrace as core[df12db4294e9bfd3]::fmt::Display>::fmt
[INFO] [stdout]    1:     0x6440edcd8baa - core[df12db4294e9bfd3]::fmt::write
[INFO] [stdout]    2:     0x6440edcc545c - <alloc[2182bb758b4b3781]::vec::Vec<u8> as core[df12db4294e9bfd3]::io::write::Write>::write_fmt
[INFO] [stdout]    3:     0x6440edc96906 - std[70759c8f55707aa4]::panicking::default_hook::{closure#0}
[INFO] [stdout]    4:     0x6440edcb5cf9 - std[70759c8f55707aa4]::panicking::default_hook
[INFO] [stdout]    5:     0x6440edac31c0 - test[9d35eded1c95d3be]::test_main_inner::<test[9d35eded1c95d3be]::test_main_static::{closure#0}>::{closure#0}
[INFO] [stdout]    6:     0x6440edcb6022 - std[70759c8f55707aa4]::panicking::panic_with_hook
[INFO] [stdout]    7:     0x6440edc969b2 - std[70759c8f55707aa4]::panicking::panic_handler::{closure#0}
[INFO] [stdout]    8:     0x6440edc8ec09 - std[70759c8f55707aa4]::sys::backtrace::__rust_end_short_backtrace::<std[70759c8f55707aa4]::panicking::panic_handler::{closure#0}, !>
[INFO] [stdout]    9:     0x6440edc97b7d - __rustc[8fa7c3cbc660c2b3]::rust_begin_unwind
[INFO] [stdout]   10:     0x6440edcd938c - core[df12db4294e9bfd3]::panicking::panic_fmt
[INFO] [stdout]   11:     0x6440edcd9162 - core[df12db4294e9bfd3]::result::unwrap_failed
[INFO] [stdout]   12:     0x6440ed90deaa - trusty_agents_common[713b423a44dddbeb]::agent_content::tests::repo_content
[INFO] [stdout]   13:     0x6440eda5d3b0 - <std[70759c8f55707aa4]::sync::once::Once>::call_once_force::<<std[70759c8f55707aa4]::sync::once_lock::OnceLock<trusty_agents_common[713b423a44dddbeb]::harness_doc::HarnessDoc>>::initialize<<std[70759c8f55707aa4]::sync::once_lock::OnceLock<trusty_agents_common[713b423a44dddbeb]::harness_doc::HarnessDoc>>::get_or_init<trusty_agents_common[713b423a44dddbeb]::harness_doc::tests::doc::{closure#0}>::{closure#0}, !>::{closure#0}>::{closure#0}
[INFO] [stdout]   14:     0x6440edc9cc59 - <std[70759c8f55707aa4]::sys::sync::once::futex::Once>::call
[INFO] [stdout]   15:     0x6440eda59150 - <std[70759c8f55707aa4]::sync::once_lock::OnceLock<trusty_agents_common[713b423a44dddbeb]::harness_doc::HarnessDoc>>::initialize::<<std[70759c8f55707aa4]::sync::once_lock::OnceLock<trusty_agents_common[713b423a44dddbeb]::harness_doc::HarnessDoc>>::get_or_init<trusty_agents_common[713b423a44dddbeb]::harness_doc::tests::doc::{closure#0}>::{closure#0}, !>
[INFO] [stdout]   16:     0x6440ed90c8c9 - trusty_agents_common[713b423a44dddbeb]::harness_doc::tests::harness_doc_names_the_relay_prefix
[INFO] [stdout]   17:     0x6440ed949739 - <trusty_agents_common[713b423a44dddbeb]::harness_doc::tests::harness_doc_names_the_relay_prefix::{closure#0} as core[df12db4294e9bfd3]::ops::function::FnOnce<()>>::call_once
[INFO] [stdout]   18:     0x6440edab64ab - test[9d35eded1c95d3be]::__rust_begin_short_backtrace::<core[df12db4294e9bfd3]::result::Result<(), alloc[2182bb758b4b3781]::string::String>, fn() -> core[df12db4294e9bfd3]::result::Result<(), alloc[2182bb758b4b3781]::string::String>>
[INFO] [stdout]   19:     0x6440edac3b15 - test[9d35eded1c95d3be]::run_test::{closure#0}
[INFO] [stdout]   20:     0x6440edabd3d4 - std[70759c8f55707aa4]::sys::backtrace::__rust_begin_short_backtrace::<test[9d35eded1c95d3be]::run_test::{closure#1}, ()>
[INFO] [stdout]   21:     0x6440edac6c72 - <std[70759c8f55707aa4]::thread::lifecycle::spawn_unchecked<test[9d35eded1c95d3be]::run_test::{closure#1}, ()>::{closure#1} as core[df12db4294e9bfd3]::ops::function::FnOnce<()>>::call_once::{shim:vtable#0}
[INFO] [stdout]   22:     0x6440edcbf169 - <std[70759c8f55707aa4]::sys::thread::unix::Thread>::new::thread_start
[INFO] [stdout]   23:     0x7a2fd94fbdfa - <unknown>
[INFO] [stdout]   24:     0x7a2fd958f3d4 - clone
[INFO] [stdout]   25:                0x0 - <unknown>
[INFO] [stdout] 
[INFO] [stdout] ---- harness_doc::tests::mpm_sm_non_empty stdout ----
[INFO] [stdout] 
[INFO] [stdout] thread 'harness_doc::tests::mpm_sm_non_empty' (3183) panicked at src/agent_content_tests.rs:16:51:
[INFO] [stdout] resolve the checkout: Custom { kind: NotFound, error: "no Cargo workspace root at or above CARGO_MANIFEST_DIR (/opt/rustwide/workdir) or the current directory (/opt/rustwide/workdir); set TRUSTY_TEST_REPO_ROOT to the checkout root" }
[INFO] [stdout] stack backtrace:
[INFO] [stdout]    0:     0x6440edcc0211 - <<std[70759c8f55707aa4]::sys::backtrace::BacktraceLock>::print::DisplayBacktrace as core[df12db4294e9bfd3]::fmt::Display>::fmt
[INFO] [stdout]    1:     0x6440edcd8baa - core[df12db4294e9bfd3]::fmt::write
[INFO] [stdout]    2:     0x6440edcc545c - <alloc[2182bb758b4b3781]::vec::Vec<u8> as core[df12db4294e9bfd3]::io::write::Write>::write_fmt
[INFO] [stdout]    3:     0x6440edc96906 - std[70759c8f55707aa4]::panicking::default_hook::{closure#0}
[INFO] [stdout]    4:     0x6440edcb5cf9 - std[70759c8f55707aa4]::panicking::default_hook
[INFO] [stdout]    5:     0x6440edac31c0 - test[9d35eded1c95d3be]::test_main_inner::<test[9d35eded1c95d3be]::test_main_static::{closure#0}>::{closure#0}
[INFO] [stdout]    6:     0x6440edcb6022 - std[70759c8f55707aa4]::panicking::panic_with_hook
[INFO] [stdout]    7:     0x6440edc969b2 - std[70759c8f55707aa4]::panicking::panic_handler::{closure#0}
[INFO] [stdout]    8:     0x6440edc8ec09 - std[70759c8f55707aa4]::sys::backtrace::__rust_end_short_backtrace::<std[70759c8f55707aa4]::panicking::panic_handler::{closure#0}, !>
[INFO] [stdout]    9:     0x6440edc97b7d - __rustc[8fa7c3cbc660c2b3]::rust_begin_unwind
[INFO] [stdout]   10:     0x6440edcd938c - core[df12db4294e9bfd3]::panicking::panic_fmt
[INFO] [stdout]   11:     0x6440edcd9162 - core[df12db4294e9bfd3]::result::unwrap_failed
[INFO] [stdout]   12:     0x6440ed90deaa - trusty_agents_common[713b423a44dddbeb]::agent_content::tests::repo_content
[INFO] [stdout]   13:     0x6440eda5d3b0 - <std[70759c8f55707aa4]::sync::once::Once>::call_once_force::<<std[70759c8f55707aa4]::sync::once_lock::OnceLock<trusty_agents_common[713b423a44dddbeb]::harness_doc::HarnessDoc>>::initialize<<std[70759c8f55707aa4]::sync::once_lock::OnceLock<trusty_agents_common[713b423a44dddbeb]::harness_doc::HarnessDoc>>::get_or_init<trusty_agents_common[713b423a44dddbeb]::harness_doc::tests::doc::{closure#0}>::{closure#0}, !>::{closure#0}>::{closure#0}
[INFO] [stdout]   14:     0x6440edc9cc59 - <std[70759c8f55707aa4]::sys::sync::once::futex::Once>::call
[INFO] [stdout]   15:     0x6440eda59150 - <std[70759c8f55707aa4]::sync::once_lock::OnceLock<trusty_agents_common[713b423a44dddbeb]::harness_doc::HarnessDoc>>::initialize::<<std[70759c8f55707aa4]::sync::once_lock::OnceLock<trusty_agents_common[713b423a44dddbeb]::harness_doc::HarnessDoc>>::get_or_init<trusty_agents_common[713b423a44dddbeb]::harness_doc::tests::doc::{closure#0}>::{closure#0}, !>
[INFO] [stdout]   16:     0x6440ed9494ae - <trusty_agents_common[713b423a44dddbeb]::harness_doc::tests::mpm_sm_non_empty::{closure#0} as core[df12db4294e9bfd3]::ops::function::FnOnce<()>>::call_once
[INFO] [stdout]   17:     0x6440edab64ab - test[9d35eded1c95d3be]::__rust_begin_short_backtrace::<core[df12db4294e9bfd3]::result::Result<(), alloc[2182bb758b4b3781]::string::String>, fn() -> core[df12db4294e9bfd3]::result::Result<(), alloc[2182bb758b4b3781]::string::String>>
[INFO] [stdout]   18:     0x6440edac3b15 - test[9d35eded1c95d3be]::run_test::{closure#0}
[INFO] [stdout]   19:     0x6440edabd3d4 - std[70759c8f55707aa4]::sys::backtrace::__rust_begin_short_backtrace::<test[9d35eded1c95d3be]::run_test::{closure#1}, ()>
[INFO] [stdout]   20:     0x6440edac6c72 - <std[70759c8f55707aa4]::thread::lifecycle::spawn_unchecked<test[9d35eded1c95d3be]::run_test::{closure#1}, ()>::{closure#1} as core[df12db4294e9bfd3]::ops::function::FnOnce<()>>::call_once::{shim:vtable#0}
[INFO] [stdout]   21:     0x6440edcbf169 - <std[70759c8f55707aa4]::sys::thread::unix::Thread>::new::thread_start
[INFO] [stdout]   22:     0x7a2fd94fbdfa - <unknown>
[INFO] [stdout]   23:     0x7a2fd958f3d4 - clone
[INFO] [stdout]   24:                0x0 - <unknown>
[INFO] [stdout] 
[INFO] [stdout] ---- harness_doc::tests::overseer_contains_flag_for_human stdout ----
[INFO] [stdout] 
[INFO] [stdout] thread 'harness_doc::tests::overseer_contains_flag_for_human' (3184) panicked at src/agent_content_tests.rs:16:51:
[INFO] [stdout] resolve the checkout: Custom { kind: NotFound, error: "no Cargo workspace root at or above CARGO_MANIFEST_DIR (/opt/rustwide/workdir) or the current directory (/opt/rustwide/workdir); set TRUSTY_TEST_REPO_ROOT to the checkout root" }
[INFO] [stdout] stack backtrace:
[INFO] [stdout]    0:     0x6440edcc0211 - <<std[70759c8f55707aa4]::sys::backtrace::BacktraceLock>::print::DisplayBacktrace as core[df12db4294e9bfd3]::fmt::Display>::fmt
[INFO] [stdout]    1:     0x6440edcd8baa - core[df12db4294e9bfd3]::fmt::write
[INFO] [stdout]    2:     0x6440edcc545c - <alloc[2182bb758b4b3781]::vec::Vec<u8> as core[df12db4294e9bfd3]::io::write::Write>::write_fmt
[INFO] [stdout]    3:     0x6440edc96906 - std[70759c8f55707aa4]::panicking::default_hook::{closure#0}
[INFO] [stdout]    4:     0x6440edcb5cf9 - std[70759c8f55707aa4]::panicking::default_hook
[INFO] [stdout]    5:     0x6440edac31c0 - test[9d35eded1c95d3be]::test_main_inner::<test[9d35eded1c95d3be]::test_main_static::{closure#0}>::{closure#0}
[INFO] [stdout]    6:     0x6440edcb6022 - std[70759c8f55707aa4]::panicking::panic_with_hook
[INFO] [stdout]    7:     0x6440edc969b2 - std[70759c8f55707aa4]::panicking::panic_handler::{closure#0}
[INFO] [stdout]    8:     0x6440edc8ec09 - std[70759c8f55707aa4]::sys::backtrace::__rust_end_short_backtrace::<std[70759c8f55707aa4]::panicking::panic_handler::{closure#0}, !>
[INFO] [stdout]    9:     0x6440edc97b7d - __rustc[8fa7c3cbc660c2b3]::rust_begin_unwind
[INFO] [stdout]   10:     0x6440edcd938c - core[df12db4294e9bfd3]::panicking::panic_fmt
[INFO] [stdout]   11:     0x6440edcd9162 - core[df12db4294e9bfd3]::result::unwrap_failed
[INFO] [stdout]   12:     0x6440ed90deaa - trusty_agents_common[713b423a44dddbeb]::agent_content::tests::repo_content
[INFO] [stdout]   13:     0x6440eda5d3b0 - <std[70759c8f55707aa4]::sync::once::Once>::call_once_force::<<std[70759c8f55707aa4]::sync::once_lock::OnceLock<trusty_agents_common[713b423a44dddbeb]::harness_doc::HarnessDoc>>::initialize<<std[70759c8f55707aa4]::sync::once_lock::OnceLock<trusty_agents_common[713b423a44dddbeb]::harness_doc::HarnessDoc>>::get_or_init<trusty_agents_common[713b423a44dddbeb]::harness_doc::tests::doc::{closure#0}>::{closure#0}, !>::{closure#0}>::{closure#0}
[INFO] [stdout]   14:     0x6440edc9cc59 - <std[70759c8f55707aa4]::sys::sync::once::futex::Once>::call
[INFO] [stdout]   15:     0x6440eda59150 - <std[70759c8f55707aa4]::sync::once_lock::OnceLock<trusty_agents_common[713b423a44dddbeb]::harness_doc::HarnessDoc>>::initialize::<<std[70759c8f55707aa4]::sync::once_lock::OnceLock<trusty_agents_common[713b423a44dddbeb]::harness_doc::HarnessDoc>>::get_or_init<trusty_agents_common[713b423a44dddbeb]::harness_doc::tests::doc::{closure#0}>::{closure#0}, !>
[INFO] [stdout]   16:     0x6440ed9496f2 - <trusty_agents_common[713b423a44dddbeb]::harness_doc::tests::overseer_contains_flag_for_human::{closure#0} as core[df12db4294e9bfd3]::ops::function::FnOnce<()>>::call_once
[INFO] [stdout]   17:     0x6440edab64ab - test[9d35eded1c95d3be]::__rust_begin_short_backtrace::<core[df12db4294e9bfd3]::result::Result<(), alloc[2182bb758b4b3781]::string::String>, fn() -> core[df12db4294e9bfd3]::result::Result<(), alloc[2182bb758b4b3781]::string::String>>
[INFO] [stdout]   18:     0x6440edac3b15 - test[9d35eded1c95d3be]::run_test::{closure#0}
[INFO] [stdout]   19:     0x6440edabd3d4 - std[70759c8f55707aa4]::sys::backtrace::__rust_begin_short_backtrace::<test[9d35eded1c95d3be]::run_test::{closure#1}, ()>
[INFO] [stdout]   20:     0x6440edac6c72 - <std[70759c8f55707aa4]::thread::lifecycle::spawn_unchecked<test[9d35eded1c95d3be]::run_test::{closure#1}, ()>::{closure#1} as core[df12db4294e9bfd3]::ops::function::FnOnce<()>>::call_once::{shim:vtable#0}
[INFO] [stdout]   21:     0x6440edcbf169 - <std[70759c8f55707aa4]::sys::thread::unix::Thread>::new::thread_start
[INFO] [stdout]   22:     0x7a2fd94fbdfa - <unknown>
[INFO] [stdout]   23:     0x7a2fd958f3d4 - clone
[INFO] [stdout]   24:                0x0 - <unknown>
[INFO] [stdout] 
[INFO] [stdout] ---- harness_doc::tests::full_doc_contains_all_markers stdout ----
[INFO] [stdout] 
[INFO] [stdout] thread 'harness_doc::tests::full_doc_contains_all_markers' (3178) panicked at src/agent_content_tests.rs:16:51:
[INFO] [stdout] resolve the checkout: Custom { kind: NotFound, error: "no Cargo workspace root at or above CARGO_MANIFEST_DIR (/opt/rustwide/workdir) or the current directory (/opt/rustwide/workdir); set TRUSTY_TEST_REPO_ROOT to the checkout root" }
[INFO] [stdout] stack backtrace:
[INFO] [stdout]    0:     0x6440edcc0211 - <<std[70759c8f55707aa4]::sys::backtrace::BacktraceLock>::print::DisplayBacktrace as core[df12db4294e9bfd3]::fmt::Display>::fmt
[INFO] [stdout]    1:     0x6440edcd8baa - core[df12db4294e9bfd3]::fmt::write
[INFO] [stdout]    2:     0x6440edcc545c - <alloc[2182bb758b4b3781]::vec::Vec<u8> as core[df12db4294e9bfd3]::io::write::Write>::write_fmt
[INFO] [stdout]    3:     0x6440edc96906 - std[70759c8f55707aa4]::panicking::default_hook::{closure#0}
[INFO] [stdout]    4:     0x6440edcb5cf9 - std[70759c8f55707aa4]::panicking::default_hook
[INFO] [stdout]    5:     0x6440edac31c0 - test[9d35eded1c95d3be]::test_main_inner::<test[9d35eded1c95d3be]::test_main_static::{closure#0}>::{closure#0}
[INFO] [stdout]    6:     0x6440edcb6022 - std[70759c8f55707aa4]::panicking::panic_with_hook
[INFO] [stdout]    7:     0x6440edc969b2 - std[70759c8f55707aa4]::panicking::panic_handler::{closure#0}
[INFO] [stdout]    8:     0x6440edc8ec09 - std[70759c8f55707aa4]::sys::backtrace::__rust_end_short_backtrace::<std[70759c8f55707aa4]::panicking::panic_handler::{closure#0}, !>
[INFO] [stdout]    9:     0x6440edc97b7d - __rustc[8fa7c3cbc660c2b3]::rust_begin_unwind
[INFO] [stdout]   10:     0x6440edcd938c - core[df12db4294e9bfd3]::panicking::panic_fmt
[INFO] [stdout]   11:     0x6440edcd9162 - core[df12db4294e9bfd3]::result::unwrap_failed
[INFO] [stdout]   12:     0x6440ed90deaa - trusty_agents_common[713b423a44dddbeb]::agent_content::tests::repo_content
[INFO] [stdout]   13:     0x6440eda5d3b0 - <std[70759c8f55707aa4]::sync::once::Once>::call_once_force::<<std[70759c8f55707aa4]::sync::once_lock::OnceLock<trusty_agents_common[713b423a44dddbeb]::harness_doc::HarnessDoc>>::initialize<<std[70759c8f55707aa4]::sync::once_lock::OnceLock<trusty_agents_common[713b423a44dddbeb]::harness_doc::HarnessDoc>>::get_or_init<trusty_agents_common[713b423a44dddbeb]::harness_doc::tests::doc::{closure#0}>::{closure#0}, !>::{closure#0}>::{closure#0}
[INFO] [stdout]   14:     0x6440edc9cc59 - <std[70759c8f55707aa4]::sys::sync::once::futex::Once>::call
[INFO] [stdout]   15:     0x6440eda59150 - <std[70759c8f55707aa4]::sync::once_lock::OnceLock<trusty_agents_common[713b423a44dddbeb]::harness_doc::HarnessDoc>>::initialize::<<std[70759c8f55707aa4]::sync::once_lock::OnceLock<trusty_agents_common[713b423a44dddbeb]::harness_doc::HarnessDoc>>::get_or_init<trusty_agents_common[713b423a44dddbeb]::harness_doc::tests::doc::{closure#0}>::{closure#0}, !>
[INFO] [stdout]   16:     0x6440ed90bef3 - trusty_agents_common[713b423a44dddbeb]::harness_doc::tests::full_doc_contains_all_markers
[INFO] [stdout]   17:     0x6440ed9495b9 - <trusty_agents_common[713b423a44dddbeb]::harness_doc::tests::full_doc_contains_all_markers::{closure#0} as core[df12db4294e9bfd3]::ops::function::FnOnce<()>>::call_once
[INFO] [stdout]   18:     0x6440edab64ab - test[9d35eded1c95d3be]::__rust_begin_short_backtrace::<core[df12db4294e9bfd3]::result::Result<(), alloc[2182bb758b4b3781]::string::String>, fn() -> core[df12db4294e9bfd3]::result::Result<(), alloc[2182bb758b4b3781]::string::String>>
[INFO] [stdout]   19:     0x6440edac3b15 - test[9d35eded1c95d3be]::run_test::{closure#0}
[INFO] [stdout]   20:     0x6440edabd3d4 - std[70759c8f55707aa4]::sys::backtrace::__rust_begin_short_backtrace::<test[9d35eded1c95d3be]::run_test::{closure#1}, ()>
[INFO] [stdout]   21:     0x6440edac6c72 - <std[70759c8f55707aa4]::thread::lifecycle::spawn_unchecked<test[9d35eded1c95d3be]::run_test::{closure#1}, ()>::{closure#1} as core[df12db4294e9bfd3]::ops::function::FnOnce<()>>::call_once::{shim:vtable#0}
[INFO] [stdout]   22:     0x6440edcbf169 - <std[70759c8f55707aa4]::sys::thread::unix::Thread>::new::thread_start
[INFO] [stdout]   23:     0x7a2fd94fbdfa - <unknown>
[INFO] [stdout]   24:     0x7a2fd958f3d4 - clone
[INFO] [stdout]   25:                0x0 - <unknown>
[INFO] [stdout] 
[INFO] [stdout] ---- harness_doc::tests::mpm_sm_contains_raw_observation stdout ----
[INFO] [stdout] 
[INFO] [stdout] thread 'harness_doc::tests::mpm_sm_contains_raw_observation' (3182) panicked at src/agent_content_tests.rs:16:51:
[INFO] [stdout] resolve the checkout: Custom { kind: NotFound, error: "no Cargo workspace root at or above CARGO_MANIFEST_DIR (/opt/rustwide/workdir) or the current directory (/opt/rustwide/workdir); set TRUSTY_TEST_REPO_ROOT to the checkout root" }
[INFO] [stdout] stack backtrace:
[INFO] [stdout]    0:     0x6440edcc0211 - <<std[70759c8f55707aa4]::sys::backtrace::BacktraceLock>::print::DisplayBacktrace as core[df12db4294e9bfd3]::fmt::Display>::fmt
[INFO] [stdout]    1:     0x6440edcd8baa - core[df12db4294e9bfd3]::fmt::write
[INFO] [stdout]    2:     0x6440edcc545c - <alloc[2182bb758b4b3781]::vec::Vec<u8> as core[df12db4294e9bfd3]::io::write::Write>::write_fmt
[INFO] [stdout]    3:     0x6440edc96906 - std[70759c8f55707aa4]::panicking::default_hook::{closure#0}
[INFO] [stdout]    4:     0x6440edcb5cf9 - std[70759c8f55707aa4]::panicking::default_hook
[INFO] [stdout]    5:     0x6440edac31c0 - test[9d35eded1c95d3be]::test_main_inner::<test[9d35eded1c95d3be]::test_main_static::{closure#0}>::{closure#0}
[INFO] [stdout]    6:     0x6440edcb6022 - std[70759c8f55707aa4]::panicking::panic_with_hook
[INFO] [stdout]    7:     0x6440edc969b2 - std[70759c8f55707aa4]::panicking::panic_handler::{closure#0}
[INFO] [stdout]    8:     0x6440edc8ec09 - std[70759c8f55707aa4]::sys::backtrace::__rust_end_short_backtrace::<std[70759c8f55707aa4]::panicking::panic_handler::{closure#0}, !>
[INFO] [stdout]    9:     0x6440edc97b7d - __rustc[8fa7c3cbc660c2b3]::rust_begin_unwind
[INFO] [stdout]   10:     0x6440edcd938c - core[df12db4294e9bfd3]::panicking::panic_fmt
[INFO] [stdout]   11:     0x6440edcd9162 - core[df12db4294e9bfd3]::result::unwrap_failed
[INFO] [stdout]   12:     0x6440ed90deaa - trusty_agents_common[713b423a44dddbeb]::agent_content::tests::repo_content
[INFO] [stdout]   13:     0x6440eda5d3b0 - <std[70759c8f55707aa4]::sync::once::Once>::call_once_force::<<std[70759c8f55707aa4]::sync::once_lock::OnceLock<trusty_agents_common[713b423a44dddbeb]::harness_doc::HarnessDoc>>::initialize<<std[70759c8f55707aa4]::sync::once_lock::OnceLock<trusty_agents_common[713b423a44dddbeb]::harness_doc::HarnessDoc>>::get_or_init<trusty_agents_common[713b423a44dddbeb]::harness_doc::tests::doc::{closure#0}>::{closure#0}, !>::{closure#0}>::{closure#0}
[INFO] [stdout]   14:     0x6440edc9cc59 - <std[70759c8f55707aa4]::sys::sync::once::futex::Once>::call
[INFO] [stdout]   15:     0x6440eda59150 - <std[70759c8f55707aa4]::sync::once_lock::OnceLock<trusty_agents_common[713b423a44dddbeb]::harness_doc::HarnessDoc>>::initialize::<<std[70759c8f55707aa4]::sync::once_lock::OnceLock<trusty_agents_common[713b423a44dddbeb]::harness_doc::HarnessDoc>>::get_or_init<trusty_agents_common[713b423a44dddbeb]::harness_doc::tests::doc::{closure#0}>::{closure#0}, !>
[INFO] [stdout]   16:     0x6440ed94965d - <trusty_agents_common[713b423a44dddbeb]::harness_doc::tests::mpm_sm_contains_raw_observation::{closure#0} as core[df12db4294e9bfd3]::ops::function::FnOnce<()>>::call_once
[INFO] [stdout]   17:     0x6440edab64ab - test[9d35eded1c95d3be]::__rust_begin_short_backtrace::<core[df12db4294e9bfd3]::result::Result<(), alloc[2182bb758b4b3781]::string::String>, fn() -> core[df12db4294e9bfd3]::result::Result<(), alloc[2182bb758b4b3781]::string::String>>
[INFO] [stdout]   18:     0x6440edac3b15 - test[9d35eded1c95d3be]::run_test::{closure#0}
[INFO] [stdout]   19:     0x6440edabd3d4 - std[70759c8f55707aa4]::sys::backtrace::__rust_begin_short_backtrace::<test[9d35eded1c95d3be]::run_test::{closure#1}, ()>
[INFO] [stdout]   20:     0x6440edac6c72 - <std[70759c8f55707aa4]::thread::lifecycle::spawn_unchecked<test[9d35eded1c95d3be]::run_test::{closure#1}, ()>::{closure#1} as core[df12db4294e9bfd3]::ops::function::FnOnce<()>>::call_once::{shim:vtable#0}
[INFO] [stdout]   21:     0x6440edcbf169 - <std[70759c8f55707aa4]::sys::thread::unix::Thread>::new::thread_start
[INFO] [stdout]   22:     0x7a2fd94fbdfa - <unknown>
[INFO] [stdout]   23:     0x7a2fd958f3d4 - clone
[INFO] [stdout]   24:                0x0 - <unknown>
[INFO] [stdout] 
[INFO] [stdout] ---- skills::manifest::tests::skill_manifest_load_unreadable_is_an_error stdout ----
[INFO] [stdout] 
[INFO] [stdout] thread 'skills::manifest::tests::skill_manifest_load_unreadable_is_an_error' (3250) panicked at src/skills/manifest_tests.rs:87:22:
[INFO] [stdout] an unreadable ledger must be an error, not an empty one: SkillManifest { version: 1, managed: {"tm-doctor": SkillManifestEntry { checksum: "b94d27b9934d3e08a52e52d7da7dabfac484efe37a5380ee9088f7ace2efcde9", deployed_at: "2026-05-19T00:00:00Z" }} }
[INFO] [stdout] stack backtrace:
[INFO] [stdout]    0:     0x6440edcc0211 - <<std[70759c8f55707aa4]::sys::backtrace::BacktraceLock>::print::DisplayBacktrace as core[df12db4294e9bfd3]::fmt::Display>::fmt
[INFO] [stdout]    1:     0x6440edcd8baa - core[df12db4294e9bfd3]::fmt::write
[INFO] [stdout]    2:     0x6440edcc545c - <alloc[2182bb758b4b3781]::vec::Vec<u8> as core[df12db4294e9bfd3]::io::write::Write>::write_fmt
[INFO] [stdout]    3:     0x6440edc96906 - std[70759c8f55707aa4]::panicking::default_hook::{closure#0}
[INFO] [stdout]    4:     0x6440edcb5cf9 - std[70759c8f55707aa4]::panicking::default_hook
[INFO] [stdout]    5:     0x6440edac31c0 - test[9d35eded1c95d3be]::test_main_inner::<test[9d35eded1c95d3be]::test_main_static::{closure#0}>::{closure#0}
[INFO] [stdout]    6:     0x6440edcb6022 - std[70759c8f55707aa4]::panicking::panic_with_hook
[INFO] [stdout]    7:     0x6440edc969b2 - std[70759c8f55707aa4]::panicking::panic_handler::{closure#0}
[INFO] [stdout]    8:     0x6440edc8ec09 - std[70759c8f55707aa4]::sys::backtrace::__rust_end_short_backtrace::<std[70759c8f55707aa4]::panicking::panic_handler::{closure#0}, !>
[INFO] [stdout]    9:     0x6440edc97b7d - __rustc[8fa7c3cbc660c2b3]::rust_begin_unwind
[INFO] [stdout]   10:     0x6440edcd938c - core[df12db4294e9bfd3]::panicking::panic_fmt
[INFO] [stdout]   11:     0x6440edcd9162 - core[df12db4294e9bfd3]::result::unwrap_failed
[INFO] [stdout]   12:     0x6440ed95bbda - <trusty_agents_common[713b423a44dddbeb]::skills::manifest::tests::skill_manifest_load_unreadable_is_an_error::{closure#0} as core[df12db4294e9bfd3]::ops::function::FnOnce<()>>::call_once
[INFO] [stdout]   13:     0x6440edab64ab - test[9d35eded1c95d3be]::__rust_begin_short_backtrace::<core[df12db4294e9bfd3]::result::Result<(), alloc[2182bb758b4b3781]::string::String>, fn() -> core[df12db4294e9bfd3]::result::Result<(), alloc[2182bb758b4b3781]::string::String>>
[INFO] [stdout]   14:     0x6440edac3b15 - test[9d35eded1c95d3be]::run_test::{closure#0}
[INFO] [stdout]   15:     0x6440edabd3d4 - std[70759c8f55707aa4]::sys::backtrace::__rust_begin_short_backtrace::<test[9d35eded1c95d3be]::run_test::{closure#1}, ()>
[INFO] [stdout]   16:     0x6440edac6c72 - <std[70759c8f55707aa4]::thread::lifecycle::spawn_unchecked<test[9d35eded1c95d3be]::run_test::{closure#1}, ()>::{closure#1} as core[df12db4294e9bfd3]::ops::function::FnOnce<()>>::call_once::{shim:vtable#0}
[INFO] [stdout]   17:     0x6440edcbf169 - <std[70759c8f55707aa4]::sys::thread::unix::Thread>::new::thread_start
[INFO] [stdout]   18:     0x7a2fd94fbdfa - <unknown>
[INFO] [stdout]   19:     0x7a2fd958f3d4 - clone
[INFO] [stdout]   20:                0x0 - <unknown>
[INFO] [stdout] 
[INFO] [stdout] ---- skills::unmanaged::tests::unmanaged_unreadable_ledger_is_an_error stdout ----
[INFO] [stdout] 
[INFO] [stdout] thread 'skills::unmanaged::tests::unmanaged_unreadable_ledger_is_an_error' (3314) panicked at src/skills/unmanaged_tests.rs:121:5:
[INFO] [stdout] an unreadable ledger must not report a managed skill as unmanaged: Ok([])
[INFO] [stdout] stack backtrace:
[INFO] [stdout]    0:     0x6440edcc0211 - <<std[70759c8f55707aa4]::sys::backtrace::BacktraceLock>::print::DisplayBacktrace as core[df12db4294e9bfd3]::fmt::Display>::fmt
[INFO] [stdout]    1:     0x6440edcd8baa - core[df12db4294e9bfd3]::fmt::write
[INFO] [stdout]    2:     0x6440edcc545c - <alloc[2182bb758b4b3781]::vec::Vec<u8> as core[df12db4294e9bfd3]::io::write::Write>::write_fmt
[INFO] [stdout]    3:     0x6440edc96906 - std[70759c8f55707aa4]::panicking::default_hook::{closure#0}
[INFO] [stdout]    4:     0x6440edcb5cf9 - std[70759c8f55707aa4]::panicking::default_hook
[INFO] [stdout]    5:     0x6440edac31c0 - test[9d35eded1c95d3be]::test_main_inner::<test[9d35eded1c95d3be]::test_main_static::{closure#0}>::{closure#0}
[INFO] [stdout]    6:     0x6440edcb6022 - std[70759c8f55707aa4]::panicking::panic_with_hook
[INFO] [stdout]    7:     0x6440edc969b2 - std[70759c8f55707aa4]::panicking::panic_handler::{closure#0}
[INFO] [stdout]    8:     0x6440edc8ec09 - std[70759c8f55707aa4]::sys::backtrace::__rust_end_short_backtrace::<std[70759c8f55707aa4]::panicking::panic_handler::{closure#0}, !>
[INFO] [stdout]    9:     0x6440edc97b7d - __rustc[8fa7c3cbc660c2b3]::rust_begin_unwind
[INFO] [stdout]   10:     0x6440edcd938c - core[df12db4294e9bfd3]::panicking::panic_fmt
[INFO] [stdout]   11:     0x6440eda1eebd - trusty_agents_common[713b423a44dddbeb]::skills::unmanaged::tests::unmanaged_unreadable_ledger_is_an_error
[INFO] [stdout]   12:     0x6440ed967ed9 - <trusty_agents_common[713b423a44dddbeb]::skills::unmanaged::tests::unmanaged_unreadable_ledger_is_an_error::{closure#0} as core[df12db4294e9bfd3]::ops::function::FnOnce<()>>::call_once
[INFO] [stdout]   13:     0x6440edab64ab - test[9d35eded1c95d3be]::__rust_begin_short_backtrace::<core[df12db4294e9bfd3]::result::Result<(), alloc[2182bb758b4b3781]::string::String>, fn() -> core[df12db4294e9bfd3]::result::Result<(), alloc[2182bb758b4b3781]::string::String>>
[INFO] [stdout]   14:     0x6440edac3b15 - test[9d35eded1c95d3be]::run_test::{closure#0}
[INFO] [stdout]   15:     0x6440edabd3d4 - std[70759c8f55707aa4]::sys::backtrace::__rust_begin_short_backtrace::<test[9d35eded1c95d3be]::run_test::{closure#1}, ()>
[INFO] [stdout]   16:     0x6440edac6c72 - <std[70759c8f55707aa4]::thread::lifecycle::spawn_unchecked<test[9d35eded1c95d3be]::run_test::{closure#1}, ()>::{closure#1} as core[df12db4294e9bfd3]::ops::function::FnOnce<()>>::call_once::{shim:vtable#0}
[INFO] [stdout]   17:     0x6440edcbf169 - <std[70759c8f55707aa4]::sys::thread::unix::Thread>::new::thread_start
[INFO] [stdout]   18:     0x7a2fd94fbdfa - <unknown>
[INFO] [stdout]   19:     0x7a2fd958f3d4 - clone
[INFO] [stdout]   20:                0x0 - <unknown>
[INFO] [stdout] 
[INFO] [stdout] 
[INFO] [stdout] failures:
[INFO] [stdout]     agent_content::tests::base_templates_travel_with_the_roster
[INFO] [stdout]     agent_content::tests::credential_rule_points_at_the_per_repo_identity_route
[INFO] [stdout]     agent_content::tests::credential_switching_is_forbidden_in_the_shipped_assets
[INFO] [stdout]     agent_content::tests::engineer_assets_name_no_repo_specific_doc_gate_script
[INFO] [stdout]     agent_content::tests::general_purpose_assets_state_no_repo_specific_literal
[INFO] [stdout]     agent_content::tests::materialize_writes_every_roster_file
[INFO] [stdout]     agent_content::tests::ops_agents_state_the_non_printing_credential_forms
[INFO] [stdout]     agent_content::tests::regression_proof_reverts_against_the_pre_fix_commit
[INFO] [stdout]     agent_content::tests::require_names_the_missing_file
[INFO] [stdout]     agent_content::tests::self_analysis_reporting_ships_in_the_base_agent
[INFO] [stdout]     agent_content::tests::the_repository_roster_carries_every_agent
[INFO] [stdout]     agent_content::tests::ticketing_and_version_control_are_not_haiku
[INFO] [stdout]     agent_content::tests::vercel_env_listing_prints_names_only
[INFO] [stdout]     agent_content::tests::wait_exit_codes_and_improvement_block_headings_are_resident
[INFO] [stdout]     agent_content::tests::worktree_removal_is_the_pms_in_the_shipped_base_agent
[INFO] [stdout]     agents::manifest::tests::manifest_load_unreadable_returns_corrupt
[INFO] [stdout]     agents::quarantine::tests::quarantine_refuses_a_tracked_file_when_the_git_dir_is_unreadable
[INFO] [stdout]     agents::roster_tools_tests::base_templates_declare_no_tools
[INFO] [stdout]     agents::roster_tools_tests::every_roster_agent_deploys_with_its_declared_tools
[INFO] [stdout]     agents::roster_tools_tests::no_skill_agent_points_at_unloadable_skill
[INFO] [stdout]     agents::roster_tools_tests::referenced_skills_detects_a_bare_backticked_skill_name
[INFO] [stdout]     agents::roster_tools_tests::roster_agents_declare_no_tcode_tools
[INFO] [stdout]     agents::roster_tools_tests::tools_table_covers_every_dispatchable_roster_agent
[INFO] [stdout]     agents::skill_root_tests::compose_for_deploy_resolves_the_real_base_agent
[INFO] [stdout]     agents::tier_audit::tests::audit_provenance_unscannable_dir_is_an_error
[INFO] [stdout]     agents::tier_audit::tests::audit_unscannable_dir_is_an_error
[INFO] [stdout]     agents::vcs_claim::tests::an_unreadable_git_dir_is_unknown_not_no_repo
[INFO] [stdout]     agents::vcs_claim::tests::an_unreadable_git_head_is_unknown_not_no_repo
[INFO] [stdout]     harness_doc::tests::agnostic_contains_claude_code_glyph
[INFO] [stdout]     harness_doc::tests::agnostic_non_empty
[INFO] [stdout]     harness_doc::tests::full_doc_contains_all_markers
[INFO] [stdout]     harness_doc::tests::full_doc_sum_of_parts
[INFO] [stdout]     harness_doc::tests::harness_doc_names_the_relay_prefix
[INFO] [stdout]     harness_doc::tests::mpm_sm_contains_raw_observation
[INFO] [stdout]     harness_doc::tests::mpm_sm_non_empty
[INFO] [stdout]     harness_doc::tests::overseer_contains_flag_for_human
[INFO] [stdout]     harness_doc::tests::overseer_non_empty
[INFO] [stdout]     harness_doc::tests::tcode_non_empty
[INFO] [stdout]     skills::manifest::tests::skill_manifest_load_unreadable_is_an_error
[INFO] [stdout]     skills::unmanaged::tests::unmanaged_unreadable_ledger_is_an_error
[INFO] [stdout] 
[INFO] [stdout] test result: FAILED. 590 passed; 40 failed; 0 ignored; 0 measured; 0 filtered out; finished in 2.36s
[INFO] [stdout] 
[INFO] [stderr] error: test failed, to rerun pass `--lib`
[INFO] running `Command { std: "docker" "inspect" "f1f4ec7bda248b44a472789061441697846fde8830bfb26fe6bd2ab65d4bfac2", kill_on_drop: false }`
[INFO] running `Command { std: "docker" "rm" "-f" "f1f4ec7bda248b44a472789061441697846fde8830bfb26fe6bd2ab65d4bfac2", kill_on_drop: false }`
[INFO] [stdout] f1f4ec7bda248b44a472789061441697846fde8830bfb26fe6bd2ab65d4bfac2
