[INFO] fetching crate trustrl 0.1.0...
[INFO] testing trustrl-0.1.0 against 1.100.0-beta.1+cargoflags=--release for beta-release-1.100-2
[INFO] extracting crate trustrl 0.1.0 into /workspace/builds/worker-1-tc2/source
[INFO] started tweaking crates.io crate trustrl 0.1.0
[INFO] finished tweaking crates.io crate trustrl 0.1.0
[INFO] tweaked toml for crates.io crate trustrl 0.1.0 written to /workspace/builds/worker-1-tc2/source/Cargo.toml
[INFO] validating manifest of crates.io crate trustrl 0.1.0 on toolchain 1.100.0-beta.1
[INFO] running `Command { std: CARGO_HOME="/workspace/cargo-home" RUSTUP_HOME="/workspace/rustup-home" "/workspace/cargo-home/bin/cargo" "+1.100.0-beta.1" "metadata" "--manifest-path" "Cargo.toml" "--no-deps", kill_on_drop: false }`
[INFO] crate crates.io crate trustrl 0.1.0 already has a lockfile, it will not be regenerated
[INFO] running `Command { std: CARGO_HOME="/workspace/cargo-home" RUSTUP_HOME="/workspace/rustup-home" "/workspace/cargo-home/bin/cargo" "+1.100.0-beta.1" "fetch" "--manifest-path" "Cargo.toml", kill_on_drop: false }`
[INFO] running `Command { std: "docker" "create" "-v" "/var/lib/crater-agent-workspace/builds/worker-1-tc2/source:/opt/rustwide/workdir:ro,Z" "-v" "/var/lib/crater-agent-workspace/builds/worker-1-tc2/target:/opt/rustwide/target:rw,Z" "-v" "/var/lib/crater-agent-workspace/cargo-home:/opt/rustwide/cargo-home:ro,Z" "-v" "/var/lib/crater-agent-workspace/rustup-home:/opt/rustwide/rustup-home:ro,Z" "-m" "1610612736" "--network" "none" "ghcr.io/rust-lang/crates-build-env/linux@sha256:77db811e55d90add9212f6832c23229e3de5f1c1f9905e8cb07319ea15df73ac" "sleep" "infinity", kill_on_drop: false }`
[INFO] [stdout] 97840b2093bdcd54c7cd013ac32d92f9ce4d9e4d9d294b68e05b043de1e40bcf
[INFO] running `Command { std: "docker" "start" "97840b2093bdcd54c7cd013ac32d92f9ce4d9e4d9d294b68e05b043de1e40bcf", kill_on_drop: false }`
[INFO] running `Command { std: "docker" "inspect" "97840b2093bdcd54c7cd013ac32d92f9ce4d9e4d9d294b68e05b043de1e40bcf", kill_on_drop: false }`
[INFO] running `Command { std: "docker" "exec" "-e" "SOURCE_DIR=/opt/rustwide/workdir" "-e" "CARGO_HOME=/opt/rustwide/cargo-home" "-e" "RUSTUP_HOME=/opt/rustwide/rustup-home" "-e" "CARGO_TARGET_DIR=/opt/rustwide/target" "-w" "/opt/rustwide/workdir" "--user" "0:0" "97840b2093bdcd54c7cd013ac32d92f9ce4d9e4d9d294b68e05b043de1e40bcf" "/opt/rustwide/cargo-home/bin/cargo" "+1.100.0-beta.1" "metadata" "--no-deps" "--format-version=1", kill_on_drop: false }`
[INFO] running `Command { std: "docker" "inspect" "97840b2093bdcd54c7cd013ac32d92f9ce4d9e4d9d294b68e05b043de1e40bcf", kill_on_drop: false }`
[INFO] running `Command { std: "docker" "exec" "-e" "SOURCE_DIR=/opt/rustwide/workdir" "-e" "CARGO_HOME=/opt/rustwide/cargo-home" "-e" "RUSTUP_HOME=/opt/rustwide/rustup-home" "-e" "CARGO_TARGET_DIR=/opt/rustwide/target" "-e" "CARGO_INCREMENTAL=0" "-e" "RUST_BACKTRACE=full" "-e" "RUSTFLAGS=--cap-lints=warn" "-e" "RUSTDOCFLAGS=--cap-lints=warn" "-w" "/opt/rustwide/workdir" "--user" "0:0" "97840b2093bdcd54c7cd013ac32d92f9ce4d9e4d9d294b68e05b043de1e40bcf" "/opt/rustwide/cargo-home/bin/cargo" "+1.100.0-beta.1" "build" "--frozen" "--message-format=json" "--release", kill_on_drop: false }`
[INFO] [stderr]    Compiling proc-macro2 v1.0.56
[INFO] [stderr]    Compiling quote v1.0.26
[INFO] [stderr]    Compiling libc v0.2.141
[INFO] [stderr]    Compiling io-lifetimes v1.0.10
[INFO] [stderr]    Compiling rustix v0.37.11
[INFO] [stderr]    Compiling linux-raw-sys v0.3.1
[INFO] [stderr]    Compiling serde_derive v1.0.160
[INFO] [stderr]    Compiling memchr v2.5.0
[INFO] [stderr]    Compiling anstyle-parse v0.1.1
[INFO] [stderr]    Compiling concolor-query v0.3.3
[INFO] [stderr]    Compiling anstyle v0.3.5
[INFO] [stderr]    Compiling concolor-override v1.0.0
[INFO] [stderr]    Compiling serde v1.0.160
[INFO] [stderr]    Compiling unicode-bidi v0.3.13
[INFO] [stderr]    Compiling serde_json v1.0.96
[INFO] [stderr]    Compiling thiserror v1.0.40
[INFO] [stderr]    Compiling percent-encoding v2.2.0
[INFO] [stderr]    Compiling clap_lex v0.4.1
[INFO] [stderr]    Compiling form_urlencoded v1.1.0
[INFO] [stderr]    Compiling regex-syntax v0.6.29
[INFO] [stderr]    Compiling once_cell v1.17.1
[INFO] [stderr]    Compiling runtime-format v0.1.2
[INFO] [stderr]    Compiling idna v0.3.0
[INFO] [stderr]    Compiling aho-corasick v0.7.20
[INFO] [stderr]    Compiling syn v2.0.13
[INFO] [stderr]    Compiling url v2.3.1
[INFO] [stderr]    Compiling is-terminal v0.4.7
[INFO] [stderr]    Compiling anstream v0.2.6
[INFO] [stderr]    Compiling regex v1.7.3
[INFO] [stderr]    Compiling clap_builder v4.2.1
[INFO] [stderr]    Compiling thiserror-impl v1.0.40
[INFO] [stderr]    Compiling clap_derive v4.2.0
[INFO] [stderr]    Compiling clap v4.2.1
[INFO] [stderr]    Compiling trustrl v0.1.0 (/opt/rustwide/workdir)
[INFO] [stdout] warning: hiding a lifetime that's elided elsewhere is confusing
[INFO] [stdout]    --> src/main.rs:121:39
[INFO] [stdout]     |
[INFO] [stdout] 121 | fn parse_append_query_strings(inputs: &[String]) -> Vec<UrlTransformation> {
[INFO] [stdout]     |                                       ^^^^^^^^^         ^^^^^^^^^^^^^^^^^ the same lifetime is hidden here
[INFO] [stdout]     |                                       |
[INFO] [stdout]     |                                       the lifetime is elided here
[INFO] [stdout]     |
[INFO] [stdout]     = help: the same lifetime is referred to in inconsistent ways, making the signature confusing
[INFO] [stdout]     = note: `#[warn(mismatched_lifetime_syntaxes)]` on by default
[INFO] [stdout] help: use `'_` for type paths
[INFO] [stdout]     |
[INFO] [stdout] 121 | fn parse_append_query_strings(inputs: &[String]) -> Vec<UrlTransformation<'_>> {
[INFO] [stdout]     |                                                                          ++++
[INFO] [stdout] 
[INFO] [stdout] 
[INFO] [stdout] warning: hiding a lifetime that's elided elsewhere is confusing
[INFO] [stdout]    --> src/main.rs:133:31
[INFO] [stdout]     |
[INFO] [stdout] 133 | fn build_transformations(cli: &Cli) -> Vec<UrlTransformation> {
[INFO] [stdout]     |                               ^^^^         ^^^^^^^^^^^^^^^^^ the same lifetime is hidden here
[INFO] [stdout]     |                               |
[INFO] [stdout]     |                               the lifetime is elided here
[INFO] [stdout]     |
[INFO] [stdout]     = help: the same lifetime is referred to in inconsistent ways, making the signature confusing
[INFO] [stdout] help: use `'_` for type paths
[INFO] [stdout]     |
[INFO] [stdout] 133 | fn build_transformations(cli: &Cli) -> Vec<UrlTransformation<'_>> {
[INFO] [stdout]     |                                                             ++++
[INFO] [stdout] 
[INFO] [stdout] 
[INFO] [stderr]     Finished `release` profile [optimized] target(s) in 37.47s
[INFO] running `Command { std: "docker" "inspect" "97840b2093bdcd54c7cd013ac32d92f9ce4d9e4d9d294b68e05b043de1e40bcf", kill_on_drop: false }`
[INFO] running `Command { std: "docker" "exec" "-e" "SOURCE_DIR=/opt/rustwide/workdir" "-e" "CARGO_HOME=/opt/rustwide/cargo-home" "-e" "RUSTUP_HOME=/opt/rustwide/rustup-home" "-e" "CARGO_TARGET_DIR=/opt/rustwide/target" "-e" "CARGO_INCREMENTAL=0" "-e" "RUST_BACKTRACE=full" "-e" "RUSTFLAGS=--cap-lints=warn" "-e" "RUSTDOCFLAGS=--cap-lints=warn" "-w" "/opt/rustwide/workdir" "--user" "0:0" "97840b2093bdcd54c7cd013ac32d92f9ce4d9e4d9d294b68e05b043de1e40bcf" "/opt/rustwide/cargo-home/bin/cargo" "+1.100.0-beta.1" "test" "--frozen" "--no-run" "--message-format=json" "--release", kill_on_drop: false }`
[INFO] [stderr]    Compiling semver v1.0.17
[INFO] [stderr]    Compiling syn v1.0.109
[INFO] [stderr]    Compiling rustc_version v0.4.0
[INFO] [stderr]    Compiling rstest_macros v0.17.0
[INFO] [stderr]    Compiling rstest v0.17.0
[INFO] [stderr]    Compiling trustrl v0.1.0 (/opt/rustwide/workdir)
[INFO] [stdout] warning: hiding a lifetime that's elided elsewhere is confusing
[INFO] [stdout]    --> src/main.rs:121:39
[INFO] [stdout]     |
[INFO] [stdout] 121 | fn parse_append_query_strings(inputs: &[String]) -> Vec<UrlTransformation> {
[INFO] [stdout]     |                                       ^^^^^^^^^         ^^^^^^^^^^^^^^^^^ the same lifetime is hidden here
[INFO] [stdout]     |                                       |
[INFO] [stdout]     |                                       the lifetime is elided here
[INFO] [stdout]     |
[INFO] [stdout]     = help: the same lifetime is referred to in inconsistent ways, making the signature confusing
[INFO] [stdout]     = note: `#[warn(mismatched_lifetime_syntaxes)]` on by default
[INFO] [stdout] help: use `'_` for type paths
[INFO] [stdout]     |
[INFO] [stdout] 121 | fn parse_append_query_strings(inputs: &[String]) -> Vec<UrlTransformation<'_>> {
[INFO] [stdout]     |                                                                          ++++
[INFO] [stdout] 
[INFO] [stdout] 
[INFO] [stdout] warning: hiding a lifetime that's elided elsewhere is confusing
[INFO] [stdout]    --> src/main.rs:133:31
[INFO] [stdout]     |
[INFO] [stdout] 133 | fn build_transformations(cli: &Cli) -> Vec<UrlTransformation> {
[INFO] [stdout]     |                               ^^^^         ^^^^^^^^^^^^^^^^^ the same lifetime is hidden here
[INFO] [stdout]     |                               |
[INFO] [stdout]     |                               the lifetime is elided here
[INFO] [stdout]     |
[INFO] [stdout]     = help: the same lifetime is referred to in inconsistent ways, making the signature confusing
[INFO] [stdout] help: use `'_` for type paths
[INFO] [stdout]     |
[INFO] [stdout] 133 | fn build_transformations(cli: &Cli) -> Vec<UrlTransformation<'_>> {
[INFO] [stdout]     |                                                             ++++
[INFO] [stdout] 
[INFO] [stdout] 
[INFO] [stderr]     Finished `release` profile [optimized] target(s) in 9.89s
[INFO] running `Command { std: "docker" "inspect" "97840b2093bdcd54c7cd013ac32d92f9ce4d9e4d9d294b68e05b043de1e40bcf", kill_on_drop: false }`
[INFO] running `Command { std: "docker" "exec" "-e" "SOURCE_DIR=/opt/rustwide/workdir" "-e" "CARGO_HOME=/opt/rustwide/cargo-home" "-e" "RUSTUP_HOME=/opt/rustwide/rustup-home" "-e" "CARGO_TARGET_DIR=/opt/rustwide/target" "-e" "CARGO_INCREMENTAL=0" "-e" "RUST_BACKTRACE=full" "-e" "RUSTFLAGS=--cap-lints=warn" "-e" "RUSTDOCFLAGS=--cap-lints=warn" "-w" "/opt/rustwide/workdir" "--user" "0:0" "97840b2093bdcd54c7cd013ac32d92f9ce4d9e4d9d294b68e05b043de1e40bcf" "/opt/rustwide/cargo-home/bin/cargo" "+1.100.0-beta.1" "test" "--frozen" "--release", kill_on_drop: false }`
[INFO] [stderr] warning: hiding a lifetime that's elided elsewhere is confusing
[INFO] [stderr]    --> src/main.rs:121:39
[INFO] [stderr]     |
[INFO] [stderr] 121 | fn parse_append_query_strings(inputs: &[String]) -> Vec<UrlTransformation> {
[INFO] [stderr]     |                                       ^^^^^^^^^         ^^^^^^^^^^^^^^^^^ the same lifetime is hidden here
[INFO] [stderr]     |                                       |
[INFO] [stderr]     |                                       the lifetime is elided here
[INFO] [stderr]     |
[INFO] [stderr]     = help: the same lifetime is referred to in inconsistent ways, making the signature confusing
[INFO] [stderr]     = note: `#[warn(mismatched_lifetime_syntaxes)]` on by default
[INFO] [stderr] help: use `'_` for type paths
[INFO] [stderr]     |
[INFO] [stderr] 121 | fn parse_append_query_strings(inputs: &[String]) -> Vec<UrlTransformation<'_>> {
[INFO] [stderr]     |                                                                          ++++
[INFO] [stderr] 
[INFO] [stderr] warning: hiding a lifetime that's elided elsewhere is confusing
[INFO] [stderr]    --> src/main.rs:133:31
[INFO] [stderr]     |
[INFO] [stderr] 133 | fn build_transformations(cli: &Cli) -> Vec<UrlTransformation> {
[INFO] [stderr]     |                               ^^^^         ^^^^^^^^^^^^^^^^^ the same lifetime is hidden here
[INFO] [stderr]     |                               |
[INFO] [stderr]     |                               the lifetime is elided here
[INFO] [stderr]     |
[INFO] [stderr]     = help: the same lifetime is referred to in inconsistent ways, making the signature confusing
[INFO] [stderr] help: use `'_` for type paths
[INFO] [stderr]     |
[INFO] [stderr] 133 | fn build_transformations(cli: &Cli) -> Vec<UrlTransformation<'_>> {
[INFO] [stderr]     |                                                             ++++
[INFO] [stderr] 
[INFO] [stderr] warning: `trustrl` (bin "trustrl" test) generated 2 warnings (run `cargo fix --bin "trustrl" -p trustrl --tests` to apply 2 suggestions)
[INFO] [stderr]     Finished `release` profile [optimized] target(s) in 0.09s
[INFO] [stderr]      Running unittests src/lib.rs (/opt/rustwide/target/release/build/trustrl/79cf467800a98268/out/trustrl-79cf467800a98268)
[INFO] [stdout] 
[INFO] [stdout] running 44 tests
[INFO] [stdout] test parse::tests::url_parse_failure::case_2_slash ... ok
[INFO] [stdout] test render::tests::templates::case_02_scheme ... ok
[INFO] [stdout] test render::tests::templates::case_04_port ... ok
[INFO] [stdout] test parse::tests::url_parse_success::case_4_no_scheme_and_password ... ok
[INFO] [stdout] test parse::tests::url_parse_success::case_1_scheme ... ok
[INFO] [stdout] test parse::tests::url_parse_failure::case_1_data ... ok
[INFO] [stdout] test render::tests::templates::case_08_path ... ok
[INFO] [stdout] test render::tests::templates::case_09_query ... ok
[INFO] [stdout] test render::tests::templates::case_06_user ... ok
[INFO] [stdout] test render::tests::templates::case_05_default_port ... ok
[INFO] [stdout] test parse::tests::url_parse_success::case_3_no_scheme_and_user ... ok
[INFO] [stdout] test parse::tests::url_parse_success::case_5_no_scheme_and_credentials ... ok
[INFO] [stdout] test render::tests::templates::case_01_url ... ok
[INFO] [stdout] test render::tests::invalid_format::case_2_broken_format_close ... FAILED
[INFO] [stdout] test render::tests::invalid_format::case_3_query_specific_empty ... FAILED
[INFO] [stdout] test render::tests::templates::case_07_password ... ok
[INFO] [stdout] test render::tests::invalid_format::case_1_unknown_key ... FAILED
[INFO] [stdout] test render::tests::templates::case_03_host ... ok
[INFO] [stdout] test parse::tests::url_parse_success::case_2_no_scheme ... ok
[INFO] [stdout] test render::tests::templates::case_11_query_specific_undefined ... ok
[INFO] [stdout] test render::tests::templates::case_12_fragment ... ok
[INFO] [stdout] test transform::tests::transformations::case_02_scheme_to_other ... ok
[INFO] [stdout] test transform::tests::transformations::case_03_host ... ok
[INFO] [stdout] test transform::tests::transformations::case_14_append_path ... ok
[INFO] [stdout] test transform::tests::transformations::case_15_append_path_urlencode ... ok
[INFO] [stdout] test render::tests::templates::case_10_query_specific ... ok
[INFO] [stdout] test transform::tests::transformations::case_12_redirect_relative ... ok
[INFO] [stdout] test transform::tests::transformations::case_17_append_query_existing ... ok
[INFO] [stdout] test transform::tests::transformations::case_01_scheme ... ok
[INFO] [stdout] test transform::tests::transformations::case_16_append_query ... ok
[INFO] [stdout] test transform::tests::transformations::case_04_port ... ok
[INFO] [stdout] test transform::tests::transformations::case_18_append_query_repeated ... ok
[INFO] [stdout] test transform::tests::transformations::case_07_password ... ok
[INFO] [stdout] test transform::tests::transformations::case_08_no_password ... ok
[INFO] [stdout] test transform::tests::transformations::case_13_redirect_absolute ... ok
[INFO] [stdout] test transform::tests::transformations::case_06_user ... ok
[INFO] [stdout] test transform::tests::transformations::case_19_sort_query_string ... ok
[INFO] [stdout] test transform::tests::transformations::case_20_sort_empty_query_string ... ok
[INFO] [stdout] test transform::tests::transformations::case_21_allow_query_string ... ok
[INFO] [stdout] test transform::tests::transformations::case_22_deny_query_string ... ok
[INFO] [stdout] test transform::tests::transformations::case_09_fragment ... ok
[INFO] [stdout] test transform::tests::transformations::case_10_no_fragment ... ok
[INFO] [stdout] test transform::tests::transformations::case_11_no_fragment ... ok
[INFO] [stdout] test transform::tests::transformations::case_05_path ... ok
[INFO] [stdout] 
[INFO] [stdout] failures:
[INFO] [stdout] 
[INFO] [stdout] ---- render::tests::invalid_format::case_2_broken_format_close stdout ----
[INFO] [stdout] 
[INFO] [stdout] thread 'render::tests::invalid_format::case_2_broken_format_close' (1259) panicked at /rustc/e3feeb59cd1bdd011a2bfcc0747b55125d9b8527/library/core/src/io/write.rs:411:17:
[INFO] [stdout] a formatting trait implementation returned an error when the underlying stream did not
[INFO] [stdout] stack backtrace:
[INFO] [stdout]    0:     0x62d4013636d1 - <<std[617be2ca0a6fd877]::sys::backtrace::BacktraceLock>::print::DisplayBacktrace as core[a373ad73a504971]::fmt::Display>::fmt
[INFO] [stdout]    1:     0x62d40137887a - core[a373ad73a504971]::fmt::write
[INFO] [stdout]    2:     0x62d40136799c - <alloc[2e1b2a31b91974c5]::vec::Vec<u8> as core[a373ad73a504971]::io::write::Write>::write_fmt
[INFO] [stdout]    3:     0x62d40133fb36 - std[617be2ca0a6fd877]::panicking::default_hook::{closure#0}
[INFO] [stdout]    4:     0x62d40135bd69 - std[617be2ca0a6fd877]::panicking::default_hook
[INFO] [stdout]    5:     0x62d40126d200 - test[aada8e7e76ba119b]::test_main_inner::{closure#0}
[INFO] [stdout]    6:     0x62d40135bf22 - std[617be2ca0a6fd877]::panicking::panic_with_hook
[INFO] [stdout]    7:     0x62d40133fc14 - std[617be2ca0a6fd877]::panicking::panic_handler::{closure#0}
[INFO] [stdout]    8:     0x62d4013388c9 - std[617be2ca0a6fd877]::sys::backtrace::__rust_end_short_backtrace::<std[617be2ca0a6fd877]::panicking::panic_handler::{closure#0}, !>
[INFO] [stdout]    9:     0x62d4013407ed - __rustc[ea4f61d10b84890b]::rust_begin_unwind
[INFO] [stdout]   10:     0x62d401378fdc - core[a373ad73a504971]::panicking::panic_fmt
[INFO] [stdout]   11:     0x62d40125ed6e - core[a373ad73a504971]::io::write::default_write_fmt::<alloc[2e1b2a31b91974c5]::io::buffered::bufwriter::BufWriter<alloc[2e1b2a31b91974c5]::vec::Vec<u8>>>
[INFO] [stdout]   12:     0x62d40125d8df - <trustrl[f8cfce91201a184b]::render::UrlRenderer>::render::<alloc[2e1b2a31b91974c5]::io::buffered::bufwriter::BufWriter<alloc[2e1b2a31b91974c5]::vec::Vec<u8>>>
[INFO] [stdout]   13:     0x62d40125f7bf - trustrl[f8cfce91201a184b]::render::tests::render_to_string
[INFO] [stdout]   14:     0x62d40125f65f - trustrl[f8cfce91201a184b]::render::tests::invalid_format
[INFO] [stdout]   15:     0x62d401259015 - <trustrl[f8cfce91201a184b]::render::tests::invalid_format::case_2_broken_format_close::{closure#0} as core[a373ad73a504971]::ops::function::FnOnce<()>>::call_once
[INFO] [stdout]   16:     0x62d40126064b - test[aada8e7e76ba119b]::__rust_begin_short_backtrace::<core[a373ad73a504971]::result::Result<(), alloc[2e1b2a31b91974c5]::string::String>, fn() -> core[a373ad73a504971]::result::Result<(), alloc[2e1b2a31b91974c5]::string::String>>
[INFO] [stdout]   17:     0x62d40126d825 - test[aada8e7e76ba119b]::run_test::{closure#0}
[INFO] [stdout]   18:     0x62d401267114 - std[617be2ca0a6fd877]::sys::backtrace::__rust_begin_short_backtrace::<test[aada8e7e76ba119b]::run_test::{closure#1}, ()>
[INFO] [stdout]   19:     0x62d4012708b2 - <std[617be2ca0a6fd877]::thread::lifecycle::spawn_unchecked<test[aada8e7e76ba119b]::run_test::{closure#1}, ()>::{closure#1} as core[a373ad73a504971]::ops::function::FnOnce<()>>::call_once::{shim:vtable#0}
[INFO] [stdout]   20:     0x62d401362f2f - <std[617be2ca0a6fd877]::sys::thread::unix::Thread>::new::thread_start
[INFO] [stdout]   21:     0x73a3bed77dfa - <unknown>
[INFO] [stdout]   22:     0x73a3bee0b3d4 - clone
[INFO] [stdout]   23:                0x0 - <unknown>
[INFO] [stdout] 
[INFO] [stdout] ---- render::tests::invalid_format::case_3_query_specific_empty stdout ----
[INFO] [stdout] 
[INFO] [stdout] thread 'render::tests::invalid_format::case_3_query_specific_empty' (1260) panicked at /rustc/e3feeb59cd1bdd011a2bfcc0747b55125d9b8527/library/core/src/io/write.rs:411:17:
[INFO] [stdout] a formatting trait implementation returned an error when the underlying stream did not
[INFO] [stdout] stack backtrace:
[INFO] [stdout]    0:     0x62d4013636d1 - <<std[617be2ca0a6fd877]::sys::backtrace::BacktraceLock>::print::DisplayBacktrace as core[a373ad73a504971]::fmt::Display>::fmt
[INFO] [stdout]    1:     0x62d40137887a - core[a373ad73a504971]::fmt::write
[INFO] [stdout]    2:     0x62d40136799c - <alloc[2e1b2a31b91974c5]::vec::Vec<u8> as core[a373ad73a504971]::io::write::Write>::write_fmt
[INFO] [stdout]    3:     0x62d40133fb36 - std[617be2ca0a6fd877]::panicking::default_hook::{closure#0}
[INFO] [stdout]    4:     0x62d40135bd69 - std[617be2ca0a6fd877]::panicking::default_hook
[INFO] [stdout]    5:     0x62d40126d200 - test[aada8e7e76ba119b]::test_main_inner::{closure#0}
[INFO] [stdout]    6:     0x62d40135bf22 - std[617be2ca0a6fd877]::panicking::panic_with_hook
[INFO] [stdout]    7:     0x62d40133fc14 - std[617be2ca0a6fd877]::panicking::panic_handler::{closure#0}
[INFO] [stdout]    8:     0x62d4013388c9 - std[617be2ca0a6fd877]::sys::backtrace::__rust_end_short_backtrace::<std[617be2ca0a6fd877]::panicking::panic_handler::{closure#0}, !>
[INFO] [stdout]    9:     0x62d4013407ed - __rustc[ea4f61d10b84890b]::rust_begin_unwind
[INFO] [stdout]   10:     0x62d401378fdc - core[a373ad73a504971]::panicking::panic_fmt
[INFO] [stdout]   11:     0x62d40125ed6e - core[a373ad73a504971]::io::write::default_write_fmt::<alloc[2e1b2a31b91974c5]::io::buffered::bufwriter::BufWriter<alloc[2e1b2a31b91974c5]::vec::Vec<u8>>>
[INFO] [stdout]   12:     0x62d40125d8df - <trustrl[f8cfce91201a184b]::render::UrlRenderer>::render::<alloc[2e1b2a31b91974c5]::io::buffered::bufwriter::BufWriter<alloc[2e1b2a31b91974c5]::vec::Vec<u8>>>
[INFO] [stdout]   13:     0x62d40125f7bf - trustrl[f8cfce91201a184b]::render::tests::render_to_string
[INFO] [stdout]   14:     0x62d40125f65f - trustrl[f8cfce91201a184b]::render::tests::invalid_format
[INFO] [stdout]   15:     0x62d401259045 - <trustrl[f8cfce91201a184b]::render::tests::invalid_format::case_3_query_specific_empty::{closure#0} as core[a373ad73a504971]::ops::function::FnOnce<()>>::call_once
[INFO] [stdout]   16:     0x62d40126064b - test[aada8e7e76ba119b]::__rust_begin_short_backtrace::<core[a373ad73a504971]::result::Result<(), alloc[2e1b2a31b91974c5]::string::String>, fn() -> core[a373ad73a504971]::result::Result<(), alloc[2e1b2a31b91974c5]::string::String>>
[INFO] [stdout]   17:     0x62d40126d825 - test[aada8e7e76ba119b]::run_test::{closure#0}
[INFO] [stdout]   18:     0x62d401267114 - std[617be2ca0a6fd877]::sys::backtrace::__rust_begin_short_backtrace::<test[aada8e7e76ba119b]::run_test::{closure#1}, ()>
[INFO] [stdout]   19:     0x62d4012708b2 - <std[617be2ca0a6fd877]::thread::lifecycle::spawn_unchecked<test[aada8e7e76ba119b]::run_test::{closure#1}, ()>::{closure#1} as core[a373ad73a504971]::ops::function::FnOnce<()>>::call_once::{shim:vtable#0}
[INFO] [stdout]   20:     0x62d401362f2f - <std[617be2ca0a6fd877]::sys::thread::unix::Thread>::new::thread_start
[INFO] [stdout]   21:     0x73a3bed77dfa - <unknown>
[INFO] [stdout]   22:     0x73a3bee0b3d4 - clone
[INFO] [stdout]   23:                0x0 - <unknown>
[INFO] [stdout] 
[INFO] [stdout] ---- render::tests::invalid_format::case_1_unknown_key stdout ----
[INFO] [stdout] 
[INFO] [stdout] thread 'render::tests::invalid_format::case_1_unknown_key' (1258) panicked at /rustc/e3feeb59cd1bdd011a2bfcc0747b55125d9b8527/library/core/src/io/write.rs:411:17:
[INFO] [stdout] a formatting trait implementation returned an error when the underlying stream did not
[INFO] [stdout] stack backtrace:
[INFO] [stdout]    0:     0x62d4013636d1 - <<std[617be2ca0a6fd877]::sys::backtrace::BacktraceLock>::print::DisplayBacktrace as core[a373ad73a504971]::fmt::Display>::fmt
[INFO] [stdout]    1:     0x62d40137887a - core[a373ad73a504971]::fmt::write
[INFO] [stdout]    2:     0x62d40136799c - <alloc[2e1b2a31b91974c5]::vec::Vec<u8> as core[a373ad73a504971]::io::write::Write>::write_fmt
[INFO] [stdout]    3:     0x62d40133fb36 - std[617be2ca0a6fd877]::panicking::default_hook::{closure#0}
[INFO] [stdout]    4:     0x62d40135bd69 - std[617be2ca0a6fd877]::panicking::default_hook
[INFO] [stdout]    5:     0x62d40126d200 - test[aada8e7e76ba119b]::test_main_inner::{closure#0}
[INFO] [stdout]    6:     0x62d40135bf22 - std[617be2ca0a6fd877]::panicking::panic_with_hook
[INFO] [stdout]    7:     0x62d40133fc14 - std[617be2ca0a6fd877]::panicking::panic_handler::{closure#0}
[INFO] [stdout]    8:     0x62d4013388c9 - std[617be2ca0a6fd877]::sys::backtrace::__rust_end_short_backtrace::<std[617be2ca0a6fd877]::panicking::panic_handler::{closure#0}, !>
[INFO] [stdout]    9:     0x62d4013407ed - __rustc[ea4f61d10b84890b]::rust_begin_unwind
[INFO] [stdout]   10:     0x62d401378fdc - core[a373ad73a504971]::panicking::panic_fmt
[INFO] [stdout]   11:     0x62d40125ed6e - core[a373ad73a504971]::io::write::default_write_fmt::<alloc[2e1b2a31b91974c5]::io::buffered::bufwriter::BufWriter<alloc[2e1b2a31b91974c5]::vec::Vec<u8>>>
[INFO] [stdout]   12:     0x62d40125d8df - <trustrl[f8cfce91201a184b]::render::UrlRenderer>::render::<alloc[2e1b2a31b91974c5]::io::buffered::bufwriter::BufWriter<alloc[2e1b2a31b91974c5]::vec::Vec<u8>>>
[INFO] [stdout]   13:     0x62d40125f7bf - trustrl[f8cfce91201a184b]::render::tests::render_to_string
[INFO] [stdout]   14:     0x62d40125f65f - trustrl[f8cfce91201a184b]::render::tests::invalid_format
[INFO] [stdout]   15:     0x62d401258fe5 - <trustrl[f8cfce91201a184b]::render::tests::invalid_format::case_1_unknown_key::{closure#0} as core[a373ad73a504971]::ops::function::FnOnce<()>>::call_once
[INFO] [stdout]   16:     0x62d40126064b - test[aada8e7e76ba119b]::__rust_begin_short_backtrace::<core[a373ad73a504971]::result::Result<(), alloc[2e1b2a31b91974c5]::string::String>, fn() -> core[a373ad73a504971]::result::Result<(), alloc[2e1b2a31b91974c5]::string::String>>
[INFO] [stdout]   17:     0x62d40126d825 - test[aada8e7e76ba119b]::run_test::{closure#0}
[INFO] [stdout]   18:     0x62d401267114 - std[617be2ca0a6fd877]::sys::backtrace::__rust_begin_short_backtrace::<test[aada8e7e76ba119b]::run_test::{closure#1}, ()>
[INFO] [stdout]   19:     0x62d4012708b2 - <std[617be2ca0a6fd877]::thread::lifecycle::spawn_unchecked<test[aada8e7e76ba119b]::run_test::{closure#1}, ()>::{closure#1} as core[a373ad73a504971]::ops::function::FnOnce<()>>::call_once::{shim:vtable#0}
[INFO] [stdout]   20:     0x62d401362f2f - <std[617be2ca0a6fd877]::sys::thread::unix::Thread>::new::thread_start
[INFO] [stdout]   21:     0x73a3bed77dfa - <unknown>
[INFO] [stdout]   22:     0x73a3bee0b3d4 - clone
[INFO] [stdout]   23:                0x0 - <unknown>
[INFO] [stdout] 
[INFO] [stdout] 
[INFO] [stdout] failures:
[INFO] [stdout]     render::tests::invalid_format::case_1_unknown_key
[INFO] [stdout]     render::tests::invalid_format::case_2_broken_format_close
[INFO] [stdout]     render::tests::invalid_format::case_3_query_specific_empty
[INFO] [stdout] 
[INFO] [stdout] test result: FAILED. 41 passed; 3 failed; 0 ignored; 0 measured; 0 filtered out; finished in 0.09s
[INFO] [stdout] 
[INFO] [stderr] error: test failed, to rerun pass `--lib`
[INFO] running `Command { std: "docker" "inspect" "97840b2093bdcd54c7cd013ac32d92f9ce4d9e4d9d294b68e05b043de1e40bcf", kill_on_drop: false }`
[INFO] running `Command { std: "docker" "rm" "-f" "97840b2093bdcd54c7cd013ac32d92f9ce4d9e4d9d294b68e05b043de1e40bcf", kill_on_drop: false }`
[INFO] [stdout] 97840b2093bdcd54c7cd013ac32d92f9ce4d9e4d9d294b68e05b043de1e40bcf
