[INFO] fetching crate trustgrant 0.2.0...
[INFO] testing trustgrant-0.2.0 against 1.100.0-beta.1+cargoflags=--release for beta-release-1.100-2
[INFO] extracting crate trustgrant 0.2.0 into /workspace/builds/worker-5-tc2/source
[INFO] started tweaking crates.io crate trustgrant 0.2.0
[INFO] removed 0 missing examples
[INFO] removed 0 missing tests
[INFO] finished tweaking crates.io crate trustgrant 0.2.0
[INFO] tweaked toml for crates.io crate trustgrant 0.2.0 written to /workspace/builds/worker-5-tc2/source/Cargo.toml
[INFO] validating manifest of crates.io crate trustgrant 0.2.0 on toolchain 1.100.0-beta.1
[INFO] running `Command { std: CARGO_HOME="/workspace/cargo-home" RUSTUP_HOME="/workspace/rustup-home" "/workspace/cargo-home/bin/cargo" "+1.100.0-beta.1" "metadata" "--manifest-path" "Cargo.toml" "--no-deps", kill_on_drop: false }`
[INFO] crate crates.io crate trustgrant 0.2.0 already has a lockfile, it will not be regenerated
[INFO] running `Command { std: CARGO_HOME="/workspace/cargo-home" RUSTUP_HOME="/workspace/rustup-home" "/workspace/cargo-home/bin/cargo" "+1.100.0-beta.1" "fetch" "--manifest-path" "Cargo.toml", kill_on_drop: false }`
[INFO] [stderr]     Blocking waiting for file lock on package cache
[INFO] running `Command { std: "docker" "create" "-v" "/var/lib/crater-agent-workspace/builds/worker-5-tc2/source:/opt/rustwide/workdir:ro,Z" "-v" "/var/lib/crater-agent-workspace/builds/worker-5-tc2/target:/opt/rustwide/target:rw,Z" "-v" "/var/lib/crater-agent-workspace/cargo-home:/opt/rustwide/cargo-home:ro,Z" "-v" "/var/lib/crater-agent-workspace/rustup-home:/opt/rustwide/rustup-home:ro,Z" "-m" "1610612736" "--network" "none" "ghcr.io/rust-lang/crates-build-env/linux@sha256:77db811e55d90add9212f6832c23229e3de5f1c1f9905e8cb07319ea15df73ac" "sleep" "infinity", kill_on_drop: false }`
[INFO] [stdout] b3a88afe81d0aa53d46bd5f1038a7b29b0373ee8191a56eba6110cb5f8ea82d9
[INFO] running `Command { std: "docker" "start" "b3a88afe81d0aa53d46bd5f1038a7b29b0373ee8191a56eba6110cb5f8ea82d9", kill_on_drop: false }`
[INFO] running `Command { std: "docker" "inspect" "b3a88afe81d0aa53d46bd5f1038a7b29b0373ee8191a56eba6110cb5f8ea82d9", kill_on_drop: false }`
[INFO] running `Command { std: "docker" "exec" "-e" "SOURCE_DIR=/opt/rustwide/workdir" "-e" "CARGO_HOME=/opt/rustwide/cargo-home" "-e" "RUSTUP_HOME=/opt/rustwide/rustup-home" "-e" "CARGO_TARGET_DIR=/opt/rustwide/target" "-w" "/opt/rustwide/workdir" "--user" "0:0" "b3a88afe81d0aa53d46bd5f1038a7b29b0373ee8191a56eba6110cb5f8ea82d9" "/opt/rustwide/cargo-home/bin/cargo" "+1.100.0-beta.1" "metadata" "--no-deps" "--format-version=1", kill_on_drop: false }`
[INFO] running `Command { std: "docker" "inspect" "b3a88afe81d0aa53d46bd5f1038a7b29b0373ee8191a56eba6110cb5f8ea82d9", kill_on_drop: false }`
[INFO] running `Command { std: "docker" "exec" "-e" "SOURCE_DIR=/opt/rustwide/workdir" "-e" "CARGO_HOME=/opt/rustwide/cargo-home" "-e" "RUSTUP_HOME=/opt/rustwide/rustup-home" "-e" "CARGO_TARGET_DIR=/opt/rustwide/target" "-e" "CARGO_INCREMENTAL=0" "-e" "RUST_BACKTRACE=full" "-e" "RUSTFLAGS=--cap-lints=warn" "-e" "RUSTDOCFLAGS=--cap-lints=warn" "-w" "/opt/rustwide/workdir" "--user" "0:0" "b3a88afe81d0aa53d46bd5f1038a7b29b0373ee8191a56eba6110cb5f8ea82d9" "/opt/rustwide/cargo-home/bin/cargo" "+1.100.0-beta.1" "build" "--frozen" "--message-format=json" "--release", kill_on_drop: false }`
[INFO] [stderr]    Compiling quote v1.0.46
[INFO] [stderr]    Compiling serde_core v1.0.228
[INFO] [stderr]    Compiling serde v1.0.228
[INFO] [stderr]    Compiling libc v0.2.186
[INFO] [stderr]    Compiling num-traits v0.2.19
[INFO] [stderr]    Compiling thiserror v2.0.18
[INFO] [stderr]    Compiling zmij v1.0.22
[INFO] [stderr]    Compiling getrandom v0.4.3
[INFO] [stderr]    Compiling serde_json v1.0.150
[INFO] [stderr]    Compiling generic-array v0.14.7
[INFO] [stderr]    Compiling memchr v2.8.3
[INFO] [stderr]    Compiling castaway v0.2.4
[INFO] [stderr]    Compiling subtle v2.6.1
[INFO] [stderr]    Compiling syn v2.0.118
[INFO] [stderr]    Compiling curve25519-dalek v4.1.3
[INFO] [stderr]    Compiling signature v2.2.0
[INFO] [stderr]    Compiling zeroize v1.9.0
[INFO] [stderr]    Compiling ed25519 v2.2.3
[INFO] [stderr]    Compiling ryu-js v0.2.2
[INFO] [stderr]    Compiling tracing v0.1.44
[INFO] [stderr]    Compiling crypto-common v0.1.7
[INFO] [stderr]    Compiling block-buffer v0.10.4
[INFO] [stderr]    Compiling digest v0.10.7
[INFO] [stderr]    Compiling sha2 v0.10.9
[INFO] [stderr]    Compiling hmac v0.12.1
[INFO] [stderr]    Compiling uuid v1.23.5
[INFO] [stderr]    Compiling synstructure v0.13.2
[INFO] [stderr]    Compiling zerovec-derive v0.11.3
[INFO] [stderr]    Compiling displaydoc v0.2.6
[INFO] [stderr]    Compiling serde_derive v1.0.228
[INFO] [stderr]    Compiling thiserror-impl v2.0.18
[INFO] [stderr]    Compiling curve25519-dalek-derive v0.1.1
[INFO] [stderr]    Compiling zerofrom-derive v0.1.7
[INFO] [stderr]    Compiling yoke-derive v0.8.2
[INFO] [stderr]    Compiling zerofrom v0.1.8
[INFO] [stderr]    Compiling yoke v0.8.3
[INFO] [stderr]    Compiling trustgrant-error v0.2.0
[INFO] [stderr]    Compiling zerovec v0.11.6
[INFO] [stderr]    Compiling zerotrie v0.2.4
[INFO] [stderr]    Compiling ed25519-dalek v2.2.0
[INFO] [stderr]    Compiling tinystr v0.8.3
[INFO] [stderr]    Compiling potential_utf v0.1.5
[INFO] [stderr]    Compiling icu_locale_core v2.2.0
[INFO] [stderr]    Compiling icu_collections v2.2.0
[INFO] [stderr]    Compiling chrono v0.4.45
[INFO] [stderr]    Compiling compact_str v0.9.1
[INFO] [stderr]    Compiling serde_jcs v0.2.0
[INFO] [stderr]    Compiling icu_provider v2.2.0
[INFO] [stderr]    Compiling icu_normalizer v2.2.0
[INFO] [stderr]    Compiling icu_properties v2.2.0
[INFO] [stderr]    Compiling idna_adapter v1.2.2
[INFO] [stderr]    Compiling idna v1.1.0
[INFO] [stderr]    Compiling url v2.5.8
[INFO] [stderr]    Compiling trustgrant-domain v0.2.0
[INFO] [stderr]    Compiling trustgrant-document v0.2.0
[INFO] [stderr]    Compiling trustgrant-revocation v0.2.0
[INFO] [stderr]    Compiling trustgrant-discovery v0.2.0
[INFO] [stderr]    Compiling trustgrant-ports v0.2.0
[INFO] [stderr]    Compiling trustgrant-ownership v0.2.0
[INFO] [stderr]    Compiling trustgrant-verify v0.2.0
[INFO] [stderr]    Compiling trustgrant-evaluate v0.2.0
[INFO] [stderr]    Compiling trustgrant-issue v0.2.0
[INFO] [stderr]    Compiling trustgrant v0.2.0 (/opt/rustwide/workdir)
[INFO] [stderr]     Finished `release` profile [optimized] target(s) in 1m 37s
[INFO] running `Command { std: "docker" "inspect" "b3a88afe81d0aa53d46bd5f1038a7b29b0373ee8191a56eba6110cb5f8ea82d9", kill_on_drop: false }`
[INFO] running `Command { std: "docker" "exec" "-e" "SOURCE_DIR=/opt/rustwide/workdir" "-e" "CARGO_HOME=/opt/rustwide/cargo-home" "-e" "RUSTUP_HOME=/opt/rustwide/rustup-home" "-e" "CARGO_TARGET_DIR=/opt/rustwide/target" "-e" "CARGO_INCREMENTAL=0" "-e" "RUST_BACKTRACE=full" "-e" "RUSTFLAGS=--cap-lints=warn" "-e" "RUSTDOCFLAGS=--cap-lints=warn" "-w" "/opt/rustwide/workdir" "--user" "0:0" "b3a88afe81d0aa53d46bd5f1038a7b29b0373ee8191a56eba6110cb5f8ea82d9" "/opt/rustwide/cargo-home/bin/cargo" "+1.100.0-beta.1" "test" "--frozen" "--no-run" "--message-format=json" "--release", kill_on_drop: false }`
[INFO] [stderr]    Compiling libc v0.2.186
[INFO] [stderr]    Compiling serde v1.0.228
[INFO] [stderr]    Compiling num-traits v0.2.19
[INFO] [stderr]    Compiling serde_json v1.0.150
[INFO] [stderr]    Compiling zerocopy v0.8.54
[INFO] [stderr]    Compiling zerocopy-derive v0.8.54
[INFO] [stderr]    Compiling base64ct v1.8.3
[INFO] [stderr]    Compiling const-oid v0.9.6
[INFO] [stderr]    Compiling getrandom v0.3.4
[INFO] [stderr]    Compiling bitflags v2.13.0
[INFO] [stderr]    Compiling pem-rfc7468 v0.7.0
[INFO] [stderr]    Compiling either v1.16.0
[INFO] [stderr]    Compiling der v0.7.10
[INFO] [stderr]    Compiling rustix v1.1.4
[INFO] [stderr]    Compiling url v2.5.8
[INFO] [stderr]    Compiling chrono v0.4.45
[INFO] [stderr]    Compiling compact_str v0.9.1
[INFO] [stderr]    Compiling getrandom v0.4.3
[INFO] [stderr]    Compiling uuid v1.23.5
[INFO] [stderr]    Compiling spki v0.7.3
[INFO] [stderr]    Compiling pkcs8 v0.10.2
[INFO] [stderr]    Compiling ed25519 v2.2.3
[INFO] [stderr]    Compiling trustgrant-domain v0.2.0
[INFO] [stderr]    Compiling trustgrant-document v0.2.0
[INFO] [stderr]    Compiling trustgrant-revocation v0.2.0
[INFO] [stderr]    Compiling ed25519-dalek v2.2.0
[INFO] [stderr]    Compiling rand_core v0.9.5
[INFO] [stderr]    Compiling serde_jcs v0.2.0
[INFO] [stderr]    Compiling getrandom v0.2.17
[INFO] [stderr]    Compiling fastrand v2.4.1
[INFO] [stderr]    Compiling ciborium-io v0.2.2
[INFO] [stderr]    Compiling clap_builder v4.6.0
[INFO] [stderr]    Compiling rand_core v0.6.4
[INFO] [stderr]    Compiling tempfile v3.27.0
[INFO] [stderr]    Compiling wait-timeout v0.2.1
[INFO] [stderr]    Compiling trustgrant-discovery v0.2.0
[INFO] [stderr]    Compiling itertools v0.10.5
[INFO] [stderr]    Compiling regex-automata v0.4.15
[INFO] [stderr]    Compiling cast v0.3.0
[INFO] [stderr]    Compiling same-file v1.0.6
[INFO] [stderr]    Compiling trustgrant-ports v0.2.0
[INFO] [stderr]    Compiling quick-error v1.2.3
[INFO] [stderr]    Compiling bit-vec v0.8.0
[INFO] [stderr]    Compiling trustgrant-ownership v0.2.0
[INFO] [stderr]    Compiling bit-set v0.8.0
[INFO] [stderr]    Compiling trustgrant-verify v0.2.0
[INFO] [stderr]    Compiling criterion-plot v0.5.0
[INFO] [stderr]    Compiling ppv-lite86 v0.2.21
[INFO] [stderr]    Compiling half v2.7.1
[INFO] [stderr]    Compiling ciborium-ll v0.2.2
[INFO] [stderr]    Compiling rand_chacha v0.9.0
[INFO] [stderr]    Compiling ciborium v0.2.2
[INFO] [stderr]    Compiling regex v1.13.0
[INFO] [stderr]    Compiling rand_chacha v0.3.1
[INFO] [stderr]    Compiling trustgrant-issue v0.2.0
[INFO] [stderr]    Compiling trustgrant-evaluate v0.2.0
[INFO] [stderr]    Compiling clap v4.6.1
[INFO] [stderr]    Compiling rusty-fork v0.3.1
[INFO] [stderr]    Compiling walkdir v2.5.0
[INFO] [stderr]    Compiling rand v0.9.5
[INFO] [stderr]    Compiling rand_xorshift v0.4.0
[INFO] [stderr]    Compiling tinytemplate v1.2.1
[INFO] [stderr]    Compiling is-terminal v0.4.17
[INFO] [stderr]    Compiling unarray v0.1.4
[INFO] [stderr]    Compiling oorandom v11.1.5
[INFO] [stderr]    Compiling anes v0.1.6
[INFO] [stderr]    Compiling proptest v1.11.0
[INFO] [stderr]    Compiling criterion v0.5.1
[INFO] [stderr]    Compiling rand v0.8.7
[INFO] [stderr]    Compiling trustgrant v0.2.0 (/opt/rustwide/workdir)
[INFO] [stderr]     Finished `release` profile [optimized] target(s) in 3m 42s
[INFO] running `Command { std: "docker" "inspect" "b3a88afe81d0aa53d46bd5f1038a7b29b0373ee8191a56eba6110cb5f8ea82d9", kill_on_drop: false }`
[INFO] running `Command { std: "docker" "exec" "-e" "SOURCE_DIR=/opt/rustwide/workdir" "-e" "CARGO_HOME=/opt/rustwide/cargo-home" "-e" "RUSTUP_HOME=/opt/rustwide/rustup-home" "-e" "CARGO_TARGET_DIR=/opt/rustwide/target" "-e" "CARGO_INCREMENTAL=0" "-e" "RUST_BACKTRACE=full" "-e" "RUSTFLAGS=--cap-lints=warn" "-e" "RUSTDOCFLAGS=--cap-lints=warn" "-w" "/opt/rustwide/workdir" "--user" "0:0" "b3a88afe81d0aa53d46bd5f1038a7b29b0373ee8191a56eba6110cb5f8ea82d9" "/opt/rustwide/cargo-home/bin/cargo" "+1.100.0-beta.1" "test" "--frozen" "--release", kill_on_drop: false }`
[INFO] [stderr]     Finished `release` profile [optimized] target(s) in 0.27s
[INFO] [stderr]      Running unittests src/lib.rs (/opt/rustwide/target/release/build/trustgrant/54d68f275b615222/out/trustgrant-54d68f275b615222)
[INFO] [stderr]      Running tests/advanced_scenarios.rs (/opt/rustwide/target/release/build/trustgrant/9813c63e0d74ba56/out/advanced_scenarios-9813c63e0d74ba56)
[INFO] [stdout] 
[INFO] [stdout] running 0 tests
[INFO] [stdout] 
[INFO] [stdout] test result: ok. 0 passed; 0 failed; 0 ignored; 0 measured; 0 filtered out; finished in 0.00s
[INFO] [stdout] 
[INFO] [stdout] 
[INFO] [stdout] running 25 tests
[INFO] [stdout] test delegated_capability_grant_preserves_issuer_principal ... ok
[INFO] [stdout] test full_ownership_transfer_workflow ... ok
[INFO] [stdout] test audience_principal_scope_allows_matching_player ... ok
[INFO] [stdout] test audience_principal_scope_denies_non_matching_player ... ok
[INFO] [stdout] test empty_deny_list_equals_null_deny ... ok
[INFO] [stdout] test grant_with_supersedes_field_parses_and_evaluates ... ok
[INFO] [stdout] test mint_with_explicit_operations_scope ... ok
[INFO] [stdout] test multi_resource_grant_allows_badge ... ok
[INFO] [stdout] test multi_resource_grant_denies_unknown_resource_type ... ok
[INFO] [stdout] test mixed_operations_scope_builtin_and_custom ... ok
[INFO] [stdout] test capabilities_inheritance_global_overrides_per_type ... ok
[INFO] [stdout] test coexist_series_both_grants_verify_and_evaluate ... ok
[INFO] [stdout] test duplicate_selectors_in_evaluation_request ... ok
[INFO] [stdout] test large_document_at_size_boundary ... ok
[INFO] [stdout] test multi_resource_grant_verifies_and_allows_item ... ok
[INFO] [stdout] test revocation_bundle_evaluation_allows_active_grant ... ok
[INFO] [stdout] test multiple_audience_entries_both_allowed ... ok
[INFO] [stdout] test origin_authority_mismatch_denies_evaluation ... ok
[INFO] [stdout] test supersession_chain_both_grants_verify_and_evaluate ... ok
[INFO] [stdout] test supersession_chain_earlier_grant_has_no_supersedes ... ok
[INFO] [stdout] test supersession_policy_supersede_previous_behavior ... ok
[INFO] [stderr]      Running tests/atomic_executor.rs (/opt/rustwide/target/release/build/trustgrant/c330755067a136cf/out/atomic_executor-c330755067a136cf)
[INFO] [stdout] test revocation_bundle_verification_succeeds_with_active_status ... ok
[INFO] [stdout] test selector_expression_grant_denies_non_matching_prefix ... ok
[INFO] [stdout] test selector_expression_grant_verifies_and_allows_matching_prefix ... ok
[INFO] [stdout] test supersession_chain_superseding_grant_points_to_earlier ... ok
[INFO] [stdout] 
[INFO] [stdout] test result: ok. 25 passed; 0 failed; 0 ignored; 0 measured; 0 filtered out; finished in 0.01s
[INFO] [stdout] 
[INFO] [stdout] 
[INFO] [stdout] running 29 tests
[INFO] [stdout] test applied_mutation_advances_resource_version ... ok
[INFO] [stdout] test audit_log_records_all_executions ... ok
[INFO] [stdout] test execution_outcome_origin_authority_matches_binding ... ok
[INFO] [stdout] test executor_errors_on_unknown_resource ... ok
[INFO] [stdout] test executor_rejects_expired_envelope ... ok
[INFO] [stdout] test executor_rejects_mutation_without_actor ... ok
[INFO] [stdout] test executor_rejects_mutation_without_envelope_expiry ... ok
[INFO] [stdout] test mint_mutation_counter_overflow_handled ... ok
[INFO] [stdout] test authorize_mutation_with_counters_honors_authoritative_counters ... ok
[INFO] [stdout] test executor_re_stamps_backdated_evaluated_at ... ok
[INFO] [stdout] test mint_mutation_creates_new_resource ... ok
[INFO] [stdout] test authorize_mutation_with_counters_enforces_envelope_preconditions ... ok
[INFO] [stdout] test authorize_mutation_with_counters_overrides_carried_counter_values ... ok
[INFO] [stdout] test idempotent_replay_returns_duplicate ... ok
[INFO] [stdout] test mint_mutation_respects_quantity_in_quota ... ok
[INFO] [stdout] test mint_mutation_denied_when_capability_disabled ... ok
[INFO] [stdout] test mint_mutation_respects_quota_limit ... ok
[INFO] [stdout] test mint_mutation_with_quantity_exceeds_limit ... ok
[INFO] [stdout] test mutation_request_rejects_missing_expected_version ... ok
[INFO] [stdout] test mutation_request_rejects_missing_intent_id ... ok
[INFO] [stdout] test mutation_callback_receives_authorization ... ok
[INFO] [stdout] test mutation_request_rejects_missing_resource_type_binding ... ok
[INFO] [stdout] test repeated_denied_intent_is_re_evaluated ... ok
[INFO] [stdout] test stale_state_detected_when_version_mismatch ... ok
[INFO] [stdout] test concurrent_execution_is_thread_safe ... ok
[INFO] [stdout] test successful_mutation_execution ... ok
[INFO] [stdout] test mutation_request_rejects_resource_type_binding_mismatch ... ok
[INFO] [stdout] test per_user_mint_cap_is_shared_across_case_variant_kinds ... ok
[INFO] [stdout] test audit_log_does_not_grow_beyond_cap ... ok
[INFO] [stdout] 
[INFO] [stdout] test result: ok. 29 passed; 0 failed; 0 ignored; 0 measured; 0 filtered out; finished in 0.03s
[INFO] [stdout] 
[INFO] [stderr]      Running tests/builder_presets.rs (/opt/rustwide/target/release/build/trustgrant/cf358b6006e2be68/out/builder_presets-cf358b6006e2be68)
[INFO] [stdout] 
[INFO] [stdout] running 5 tests
[INFO] [stdout] test preset_recognize_only_verifies_and_evaluates_allowed ... ok
[INFO] [stderr]      Running tests/conformance.rs (/opt/rustwide/target/release/build/trustgrant/6b48a519d51b225c/out/conformance-6b48a519d51b225c)
[INFO] [stdout] test preset_full_access_verifies_and_evaluates_recognize_and_mint ... ok
[INFO] [stdout] test preset_mint_with_constraints_enforces_max_total ... ok
[INFO] [stdout] test preset_recognize_only_grant_passes_ownership_transfer ... ok
[INFO] [stdout] test builder_audience_principal_scopes_evaluation ... ok
[INFO] [stdout] 
[INFO] [stdout] test result: ok. 5 passed; 0 failed; 0 ignored; 0 measured; 0 filtered out; finished in 0.00s
[INFO] [stdout] 
[INFO] [stdout] 
[INFO] [stdout] running 54 tests
[INFO] [stdout] test conformance_s10_default_is_fail_closed ... ok
[INFO] [stdout] test conformance_s10_allow_is_primary_and_explicit ... ok
[INFO] [stdout] test conformance_s10_deny_cannot_expand_privilege ... ok
[INFO] [stdout] test conformance_s12_max_per_user_must_be_non_negative ... ok
[INFO] [stdout] test conformance_s10_deny_checked_after_allow ... ok
[INFO] [stdout] test conformance_s2_5_revision_must_increase_monotonically ... ok
[INFO] [stdout] test conformance_s11_per_type_capability_overrides_global ... ok
[INFO] [stdout] test conformance_s2_5_supersedes_must_be_same_series ... ok
[INFO] [stdout] test conformance_s12_audience_scope_in_constraints_replaces_default ... ok
[INFO] [stdout] test conformance_s12_max_total_must_be_non_negative ... ok
[INFO] [stdout] test conformance_s12_minting_constraints_are_per_type ... ok
[INFO] [stdout] test conformance_s2_5_supersession_policy_valid_values ... ok
[INFO] [stdout] test conformance_s4_grant_series_id_format ... ok
[INFO] [stdout] test conformance_s4_required_fields_present_with_correct_types ... ok
[INFO] [stdout] test conformance_s4_signature_is_required ... ok
[INFO] [stdout] test conformance_s4_missing_signature_rejected ... ok
[INFO] [stdout] test conformance_s4_trustgrant_id_format ... ok
[INFO] [stdout] test conformance_s4_revision_must_be_at_least_one ... ok
[INFO] [stdout] test conformance_s4_revocation_endpoint_must_be_non_empty ... ok
[INFO] [stdout] test conformance_s4_version_must_be_integer_zero ... ok
[INFO] [stdout] test conformance_s5_target_scope_all_false_allow_non_empty ... ok
[INFO] [stdout] test conformance_s5_target_scope_all_false_empty_allow_rejected ... ok
[INFO] [stdout] test conformance_s5_target_scope_deny_can_be_non_empty ... ok
[INFO] [stdout] test conformance_s5_target_scope_deny_can_be_null ... ok
[INFO] [stdout] test conformance_s5_target_scope_all_true_allow_null ... ok
[INFO] [stdout] test conformance_s5_target_scope_all_true_with_allow_rejected ... ok
[INFO] [stdout] test conformance_s6_1_custom_operation_requires_explicit_operations ... ok
[INFO] [stdout] test conformance_s6_1_v0_compat_recognize_implies_recognize_allowed ... ok
[INFO] [stdout] test conformance_s6_1_explicit_operations_allow_primary_deny_subtractive ... ok
[INFO] [stdout] test conformance_s6_resource_scope_all_false_allow_non_empty ... ok
[INFO] [stdout] test conformance_s6_1_reserved_names_rejected_as_custom ... ok
[INFO] [stdout] test conformance_s6_1_operations_optional_null_is_v0_compat ... ok
[INFO] [stdout] test conformance_s6_1_v0_compat_operations_null_denies_mint ... ok
[INFO] [stdout] test conformance_s6_resource_type_key_non_empty_string ... ok
[INFO] [stdout] test conformance_s6_resource_scope_all_true_allow_null ... ok
[INFO] [stdout] test conformance_s6_resource_scope_deny_is_evaluated_after_allow ... ok
[INFO] [stdout] test conformance_s7_selector_all_true_with_expressions_rejected ... ok
[INFO] [stdout] test conformance_s7_expressions_can_be_null ... ok
[INFO] [stdout] test conformance_s7_other_kinds_are_exact_case ... ok
[INFO] [stdout] test conformance_s7_selector_all_true_values_and_expressions_null ... ok
[INFO] [stdout] test conformance_s8_expressions_are_deterministic ... ok
[INFO] [stdout] test conformance_s8_supported_predicates_contains ... ok
[INFO] [stdout] test conformance_s8_supported_predicates_ends_with ... ok
[INFO] [stderr]      Running tests/conformance_vectors.rs (/opt/rustwide/target/release/build/trustgrant/68804d6306a10215/out/conformance_vectors-68804d6306a10215)
[INFO] [stdout] test conformance_s8_supported_predicates_starts_with ... ok
[INFO] [stderr] error: test failed, to rerun pass `--test conformance_vectors`
[INFO] [stdout] test conformance_s8_unsupported_predicates_rejected ... ok
[INFO] [stdout] test conformance_s9_audience_scope_override_replaces_default ... ok
[INFO] [stdout] test conformance_s7_selector_all_false_both_empty_rejected ... ok
[INFO] [stdout] test conformance_s8_supported_predicates_equals ... ok
[INFO] [stdout] test conformance_s7_builtin_kinds_match_case_insensitively ... ok
[INFO] [stdout] test conformance_s9_principal_scope_restricts_audience_does_not_grant ... ok
[INFO] [stdout] test conformance_s7_empty_values_array_equivalent_to_null ... ok
[INFO] [stdout] test conformance_s7_selector_all_false_at_least_one_non_empty ... ok
[INFO] [stdout] test conformance_s9_empty_audience_scope_on_type_uses_default ... ok
[INFO] [stdout] test conformance_s9_multiple_audience_entries ... ok
[INFO] [stdout] 
[INFO] [stdout] test result: ok. 54 passed; 0 failed; 0 ignored; 0 measured; 0 filtered out; finished in 0.04s
[INFO] [stdout] 
[INFO] [stdout] 
[INFO] [stdout] running 2 tests
[INFO] [stdout] test conformance_vector_rejects_malformed_file ... ok
[INFO] [stdout] test conformance_vectors ... FAILED
[INFO] [stdout] 
[INFO] [stdout] failures:
[INFO] [stdout] 
[INFO] [stdout] ---- conformance_vectors stdout ----
[INFO] [stdout] 
[INFO] [stdout] thread 'conformance_vectors' (3357) panicked at tests/conformance_vectors.rs:348:19:
[INFO] [stdout] cannot read "/opt/rustwide/workdir/../../tests/conformance/vectors": No such file or directory (os error 2)
[INFO] [stdout] stack backtrace:
[INFO] [stdout]    0:     0x623225e11811 - <<std[617be2ca0a6fd877]::sys::backtrace::BacktraceLock>::print::DisplayBacktrace as core[a373ad73a504971]::fmt::Display>::fmt
[INFO] [stdout]    1:     0x623225e2709a - core[a373ad73a504971]::fmt::write
[INFO] [stdout]    2:     0x623225e15cfc - <alloc[2e1b2a31b91974c5]::vec::Vec<u8> as core[a373ad73a504971]::io::write::Write>::write_fmt
[INFO] [stdout]    3:     0x623225debfc6 - std[617be2ca0a6fd877]::panicking::default_hook::{closure#0}
[INFO] [stdout]    4:     0x623225e09259 - std[617be2ca0a6fd877]::panicking::default_hook
[INFO] [stdout]    5:     0x623225d606d0 - test[aada8e7e76ba119b]::test_main_inner::{closure#0}
[INFO] [stdout]    6:     0x623225e09412 - std[617be2ca0a6fd877]::panicking::panic_with_hook
[INFO] [stdout]    7:     0x623225dec072 - std[617be2ca0a6fd877]::panicking::panic_handler::{closure#0}
[INFO] [stdout]    8:     0x623225de4a39 - std[617be2ca0a6fd877]::sys::backtrace::__rust_end_short_backtrace::<std[617be2ca0a6fd877]::panicking::panic_handler::{closure#0}, !>
[INFO] [stdout]    9:     0x623225decc7d - __rustc[ea4f61d10b84890b]::rust_begin_unwind
[INFO] [stdout]   10:     0x623225e277cc - core[a373ad73a504971]::panicking::panic_fmt
[INFO] [stdout]   11:     0x623225d45454 - <conformance_vectors[eb3feaa0863c4a47]::conformance_vectors::{closure#0} as core[a373ad73a504971]::ops::function::FnOnce<()>>::call_once
[INFO] [stdout]   12:     0x623225d53b1b - test[aada8e7e76ba119b]::__rust_begin_short_backtrace::<core[a373ad73a504971]::result::Result<(), alloc[2e1b2a31b91974c5]::string::String>, fn() -> core[a373ad73a504971]::result::Result<(), alloc[2e1b2a31b91974c5]::string::String>>
[INFO] [stdout]   13:     0x623225d60cf5 - test[aada8e7e76ba119b]::run_test::{closure#0}
[INFO] [stdout]   14:     0x623225d5a5e4 - std[617be2ca0a6fd877]::sys::backtrace::__rust_begin_short_backtrace::<test[aada8e7e76ba119b]::run_test::{closure#1}, ()>
[INFO] [stdout]   15:     0x623225d63d82 - <std[617be2ca0a6fd877]::thread::lifecycle::spawn_unchecked<test[aada8e7e76ba119b]::run_test::{closure#1}, ()>::{closure#1} as core[a373ad73a504971]::ops::function::FnOnce<()>>::call_once::{shim:vtable#0}
[INFO] [stdout]   16:     0x623225e10d0f - <std[617be2ca0a6fd877]::sys::thread::unix::Thread>::new::thread_start
[INFO] [stdout]   17:     0x72bf4dd93dfa - <unknown>
[INFO] [stdout]   18:     0x72bf4de273d4 - clone
[INFO] [stdout]   19:                0x0 - <unknown>
[INFO] [stdout] 
[INFO] [stdout] 
[INFO] [stdout] failures:
[INFO] [stdout]     conformance_vectors
[INFO] [stdout] 
[INFO] [stdout] test result: FAILED. 1 passed; 1 failed; 0 ignored; 0 measured; 0 filtered out; finished in 0.00s
[INFO] [stdout] 
[INFO] running `Command { std: "docker" "inspect" "b3a88afe81d0aa53d46bd5f1038a7b29b0373ee8191a56eba6110cb5f8ea82d9", kill_on_drop: false }`
[INFO] running `Command { std: "docker" "rm" "-f" "b3a88afe81d0aa53d46bd5f1038a7b29b0373ee8191a56eba6110cb5f8ea82d9", kill_on_drop: false }`
[INFO] [stdout] b3a88afe81d0aa53d46bd5f1038a7b29b0373ee8191a56eba6110cb5f8ea82d9
