[INFO] fetching crate trustfall_stubgen 0.5.0...
[INFO] testing trustfall_stubgen-0.5.0 against 1.100.0-beta.1+cargoflags=--release for beta-release-1.100-2
[INFO] extracting crate trustfall_stubgen 0.5.0 into /workspace/builds/worker-2-tc2/source
[INFO] started tweaking crates.io crate trustfall_stubgen 0.5.0
[INFO] finished tweaking crates.io crate trustfall_stubgen 0.5.0
[INFO] tweaked toml for crates.io crate trustfall_stubgen 0.5.0 written to /workspace/builds/worker-2-tc2/source/Cargo.toml
[INFO] validating manifest of crates.io crate trustfall_stubgen 0.5.0 on toolchain 1.100.0-beta.1
[INFO] running `Command { std: CARGO_HOME="/workspace/cargo-home" RUSTUP_HOME="/workspace/rustup-home" "/workspace/cargo-home/bin/cargo" "+1.100.0-beta.1" "metadata" "--manifest-path" "Cargo.toml" "--no-deps", kill_on_drop: false }`
[INFO] crate crates.io crate trustfall_stubgen 0.5.0 already has a lockfile, it will not be regenerated
[INFO] running `Command { std: CARGO_HOME="/workspace/cargo-home" RUSTUP_HOME="/workspace/rustup-home" "/workspace/cargo-home/bin/cargo" "+1.100.0-beta.1" "fetch" "--manifest-path" "Cargo.toml", kill_on_drop: false }`
[INFO] running `Command { std: "docker" "create" "-v" "/var/lib/crater-agent-workspace/builds/worker-2-tc2/source:/opt/rustwide/workdir:ro,Z" "-v" "/var/lib/crater-agent-workspace/builds/worker-2-tc2/target:/opt/rustwide/target:rw,Z" "-v" "/var/lib/crater-agent-workspace/cargo-home:/opt/rustwide/cargo-home:ro,Z" "-v" "/var/lib/crater-agent-workspace/rustup-home:/opt/rustwide/rustup-home:ro,Z" "-m" "1610612736" "--network" "none" "ghcr.io/rust-lang/crates-build-env/linux@sha256:77db811e55d90add9212f6832c23229e3de5f1c1f9905e8cb07319ea15df73ac" "sleep" "infinity", kill_on_drop: false }`
[INFO] [stdout] 49ce06cc88bdb3c19dbe77658fc7a8d42c882eeb0bdcd3005b8abf1a63f770bd
[INFO] running `Command { std: "docker" "start" "49ce06cc88bdb3c19dbe77658fc7a8d42c882eeb0bdcd3005b8abf1a63f770bd", kill_on_drop: false }`
[INFO] running `Command { std: "docker" "inspect" "49ce06cc88bdb3c19dbe77658fc7a8d42c882eeb0bdcd3005b8abf1a63f770bd", kill_on_drop: false }`
[INFO] running `Command { std: "docker" "exec" "-e" "SOURCE_DIR=/opt/rustwide/workdir" "-e" "CARGO_HOME=/opt/rustwide/cargo-home" "-e" "RUSTUP_HOME=/opt/rustwide/rustup-home" "-e" "CARGO_TARGET_DIR=/opt/rustwide/target" "-w" "/opt/rustwide/workdir" "--user" "0:0" "49ce06cc88bdb3c19dbe77658fc7a8d42c882eeb0bdcd3005b8abf1a63f770bd" "/opt/rustwide/cargo-home/bin/cargo" "+1.100.0-beta.1" "metadata" "--no-deps" "--format-version=1", kill_on_drop: false }`
[INFO] running `Command { std: "docker" "inspect" "49ce06cc88bdb3c19dbe77658fc7a8d42c882eeb0bdcd3005b8abf1a63f770bd", kill_on_drop: false }`
[INFO] running `Command { std: "docker" "exec" "-e" "SOURCE_DIR=/opt/rustwide/workdir" "-e" "CARGO_HOME=/opt/rustwide/cargo-home" "-e" "RUSTUP_HOME=/opt/rustwide/rustup-home" "-e" "CARGO_TARGET_DIR=/opt/rustwide/target" "-e" "CARGO_INCREMENTAL=0" "-e" "RUST_BACKTRACE=full" "-e" "RUSTFLAGS=--cap-lints=warn" "-e" "RUSTDOCFLAGS=--cap-lints=warn" "-w" "/opt/rustwide/workdir" "--user" "0:0" "49ce06cc88bdb3c19dbe77658fc7a8d42c882eeb0bdcd3005b8abf1a63f770bd" "/opt/rustwide/cargo-home/bin/cargo" "+1.100.0-beta.1" "build" "--frozen" "--message-format=json" "--release", kill_on_drop: false }`
[INFO] [stderr]    Compiling proc-macro2 v1.0.89
[INFO] [stderr]    Compiling serde v1.0.214
[INFO] [stderr]    Compiling serde_json v1.0.132
[INFO] [stderr]    Compiling thiserror v1.0.67
[INFO] [stderr]    Compiling hashbrown v0.15.0
[INFO] [stderr]    Compiling ucd-trie v0.1.7
[INFO] [stderr]    Compiling unicode-ident v1.0.13
[INFO] [stderr]    Compiling anyhow v1.0.92
[INFO] [stderr]    Compiling clap_lex v0.7.2
[INFO] [stderr]    Compiling maplit v1.0.2
[INFO] [stderr]    Compiling regex-automata v0.4.8
[INFO] [stderr]    Compiling anstream v0.6.17
[INFO] [stderr]    Compiling prettyplease v0.2.25
[INFO] [stderr]    Compiling clap_builder v4.5.20
[INFO] [stderr]    Compiling quote v1.0.37
[INFO] [stderr]    Compiling syn v2.0.87
[INFO] [stderr]    Compiling regex v1.11.1
[INFO] [stderr]    Compiling serde_derive v1.0.214
[INFO] [stderr]    Compiling thiserror-impl v1.0.67
[INFO] [stderr]    Compiling trustfall_derive v0.3.1
[INFO] [stderr]    Compiling clap_derive v4.5.18
[INFO] [stderr]    Compiling pest v2.7.14
[INFO] [stderr]    Compiling clap v4.5.20
[INFO] [stderr]    Compiling indexmap v2.6.0
[INFO] [stderr]    Compiling bytes v1.1.0
[INFO] [stderr]    Compiling smallvec v1.13.2
[INFO] [stderr]    Compiling async-graphql-value v7.0.3
[INFO] [stderr]    Compiling async-graphql-parser v7.0.3
[INFO] [stderr]    Compiling trustfall_core v0.8.0
[INFO] [stderr]    Compiling trustfall v0.8.0
[INFO] [stderr]    Compiling trustfall_stubgen v0.5.0 (/opt/rustwide/workdir)
[INFO] [stderr]     Finished `release` profile [optimized] target(s) in 1m 08s
[INFO] running `Command { std: "docker" "inspect" "49ce06cc88bdb3c19dbe77658fc7a8d42c882eeb0bdcd3005b8abf1a63f770bd", kill_on_drop: false }`
[INFO] running `Command { std: "docker" "exec" "-e" "SOURCE_DIR=/opt/rustwide/workdir" "-e" "CARGO_HOME=/opt/rustwide/cargo-home" "-e" "RUSTUP_HOME=/opt/rustwide/rustup-home" "-e" "CARGO_TARGET_DIR=/opt/rustwide/target" "-e" "CARGO_INCREMENTAL=0" "-e" "RUST_BACKTRACE=full" "-e" "RUSTFLAGS=--cap-lints=warn" "-e" "RUSTDOCFLAGS=--cap-lints=warn" "-w" "/opt/rustwide/workdir" "--user" "0:0" "49ce06cc88bdb3c19dbe77658fc7a8d42c882eeb0bdcd3005b8abf1a63f770bd" "/opt/rustwide/cargo-home/bin/cargo" "+1.100.0-beta.1" "test" "--frozen" "--no-run" "--message-format=json" "--release", kill_on_drop: false }`
[INFO] [stderr]    Compiling libc v0.2.161
[INFO] [stderr]    Compiling glob v0.3.1
[INFO] [stderr]    Compiling similar v2.6.0
[INFO] [stderr]    Compiling console v0.15.8
[INFO] [stderr]    Compiling similar-asserts v1.6.0
[INFO] [stderr]    Compiling trustfall_stubgen v0.5.0 (/opt/rustwide/workdir)
[INFO] [stderr]     Finished `release` profile [optimized] target(s) in 19.17s
[INFO] running `Command { std: "docker" "inspect" "49ce06cc88bdb3c19dbe77658fc7a8d42c882eeb0bdcd3005b8abf1a63f770bd", kill_on_drop: false }`
[INFO] running `Command { std: "docker" "exec" "-e" "SOURCE_DIR=/opt/rustwide/workdir" "-e" "CARGO_HOME=/opt/rustwide/cargo-home" "-e" "RUSTUP_HOME=/opt/rustwide/rustup-home" "-e" "CARGO_TARGET_DIR=/opt/rustwide/target" "-e" "CARGO_INCREMENTAL=0" "-e" "RUST_BACKTRACE=full" "-e" "RUSTFLAGS=--cap-lints=warn" "-e" "RUSTDOCFLAGS=--cap-lints=warn" "-w" "/opt/rustwide/workdir" "--user" "0:0" "49ce06cc88bdb3c19dbe77658fc7a8d42c882eeb0bdcd3005b8abf1a63f770bd" "/opt/rustwide/cargo-home/bin/cargo" "+1.100.0-beta.1" "test" "--frozen" "--release", kill_on_drop: false }`
[INFO] [stderr]     Finished `release` profile [optimized] target(s) in 0.09s
[INFO] [stderr]      Running unittests src/lib.rs (/opt/rustwide/target/release/build/trustfall_stubgen/22d5338492ca92f9/out/trustfall_stubgen-22d5338492ca92f9)
[INFO] [stdout] 
[INFO] [stdout] running 7 tests
[INFO] [stdout] test tests::vertextype_with_type_and_typeunderscore_properties - should panic ... ok
[INFO] [stdout] test tests::vertextype_with_type_and_typeunderscore_edge_and_property - should panic ... ok
[INFO] [stdout] test tests::use_type_and_typeunderscore_edge_names - should panic ... ok
[INFO] [stdout] test tests::vertextype_with_type_and_typeunderscore_edges - should panic ... ok
[INFO] [stdout] test tests::no_edges_schema ... FAILED
[INFO] [stdout] test tests::hackernews_schema ... FAILED
[INFO] [stdout] test tests::use_reserved_rust_names_in_schema ... FAILED
[INFO] [stdout] 
[INFO] [stdout] failures:
[INFO] [stdout] 
[INFO] [stdout] ---- tests::no_edges_schema stdout ----
[INFO] [stdout] 
[INFO] [stdout] thread 'tests::no_edges_schema' (1194) panicked at src/tests.rs:70:5:
[INFO] [stdout] stdout:
[INFO] [stdout] 
[INFO] [stdout] 
[INFO] [stdout] stderr:
[INFO] [stdout] error: failed to load manifest for dependency `trustfall`
[INFO] [stdout] 
[INFO] [stdout] Caused by:
[INFO] [stdout]   failed to read `/opt/rustwide/workdir/trustfall/Cargo.toml`
[INFO] [stdout] 
[INFO] [stdout] Caused by:
[INFO] [stdout]   No such file or directory (os error 2)
[INFO] [stdout] 
[INFO] [stdout] stack backtrace:
[INFO] [stdout]    0:     0x56c9acc50611 - <<std[617be2ca0a6fd877]::sys::backtrace::BacktraceLock>::print::DisplayBacktrace as core[a373ad73a504971]::fmt::Display>::fmt
[INFO] [stdout]    1:     0x56c9acc6712a - core[a373ad73a504971]::fmt::write
[INFO] [stdout]    2:     0x56c9acc5506c - <alloc[2e1b2a31b91974c5]::vec::Vec<u8> as core[a373ad73a504971]::io::write::Write>::write_fmt
[INFO] [stdout]    3:     0x56c9acc2a1b6 - std[617be2ca0a6fd877]::panicking::default_hook::{closure#0}
[INFO] [stdout]    4:     0x56c9acc47bb9 - std[617be2ca0a6fd877]::panicking::default_hook
[INFO] [stdout]    5:     0x56c9ac9f1810 - test[aada8e7e76ba119b]::test_main_inner::{closure#0}
[INFO] [stdout]    6:     0x56c9acc47ee2 - std[617be2ca0a6fd877]::panicking::panic_with_hook
[INFO] [stdout]    7:     0x56c9acc2a262 - std[617be2ca0a6fd877]::panicking::panic_handler::{closure#0}
[INFO] [stdout]    8:     0x56c9acc22699 - std[617be2ca0a6fd877]::sys::backtrace::__rust_end_short_backtrace::<std[617be2ca0a6fd877]::panicking::panic_handler::{closure#0}, !>
[INFO] [stdout]    9:     0x56c9acc2af7d - __rustc[ea4f61d10b84890b]::rust_begin_unwind
[INFO] [stdout]   10:     0x56c9acc6790c - core[a373ad73a504971]::panicking::panic_fmt
[INFO] [stdout]   11:     0x56c9ac8683c9 - trustfall_stubgen[680e9d3313e92fd7]::tests::test_schema
[INFO] [stdout]   12:     0x56c9ac86ffb5 - <trustfall_stubgen[680e9d3313e92fd7]::tests::no_edges_schema::{closure#0} as core[a373ad73a504971]::ops::function::FnOnce<()>>::call_once
[INFO] [stdout]   13:     0x56c9ac9e4c5b - test[aada8e7e76ba119b]::__rust_begin_short_backtrace::<core[a373ad73a504971]::result::Result<(), alloc[2e1b2a31b91974c5]::string::String>, fn() -> core[a373ad73a504971]::result::Result<(), alloc[2e1b2a31b91974c5]::string::String>>
[INFO] [stdout]   14:     0x56c9ac9f1e35 - test[aada8e7e76ba119b]::run_test::{closure#0}
[INFO] [stdout]   15:     0x56c9ac9eb724 - std[617be2ca0a6fd877]::sys::backtrace::__rust_begin_short_backtrace::<test[aada8e7e76ba119b]::run_test::{closure#1}, ()>
[INFO] [stdout]   16:     0x56c9ac9f4ec2 - <std[617be2ca0a6fd877]::thread::lifecycle::spawn_unchecked<test[aada8e7e76ba119b]::run_test::{closure#1}, ()>::{closure#1} as core[a373ad73a504971]::ops::function::FnOnce<()>>::call_once::{shim:vtable#0}
[INFO] [stdout]   17:     0x56c9acc4f91f - <std[617be2ca0a6fd877]::sys::thread::unix::Thread>::new::thread_start
[INFO] [stdout]   18:     0x7220af967dfa - <unknown>
[INFO] [stdout]   19:     0x7220af9fb3d4 - clone
[INFO] [stdout]   20:                0x0 - <unknown>
[INFO] [stdout] 
[INFO] [stdout] ---- tests::hackernews_schema stdout ----
[INFO] [stdout] 
[INFO] [stdout] thread 'tests::hackernews_schema' (1193) panicked at src/tests.rs:70:5:
[INFO] [stdout] stdout:
[INFO] [stdout] 
[INFO] [stdout] 
[INFO] [stdout] stderr:
[INFO] [stdout] error: failed to load manifest for dependency `trustfall`
[INFO] [stdout] 
[INFO] [stdout] Caused by:
[INFO] [stdout]   failed to read `/opt/rustwide/workdir/trustfall/Cargo.toml`
[INFO] [stdout] 
[INFO] [stdout] Caused by:
[INFO] [stdout]   No such file or directory (os error 2)
[INFO] [stdout] 
[INFO] [stdout] stack backtrace:
[INFO] [stdout]    0:     0x56c9acc50611 - <<std[617be2ca0a6fd877]::sys::backtrace::BacktraceLock>::print::DisplayBacktrace as core[a373ad73a504971]::fmt::Display>::fmt
[INFO] [stdout]    1:     0x56c9acc6712a - core[a373ad73a504971]::fmt::write
[INFO] [stdout]    2:     0x56c9acc5506c - <alloc[2e1b2a31b91974c5]::vec::Vec<u8> as core[a373ad73a504971]::io::write::Write>::write_fmt
[INFO] [stdout]    3:     0x56c9acc2a1b6 - std[617be2ca0a6fd877]::panicking::default_hook::{closure#0}
[INFO] [stdout]    4:     0x56c9acc47bb9 - std[617be2ca0a6fd877]::panicking::default_hook
[INFO] [stdout]    5:     0x56c9ac9f1810 - test[aada8e7e76ba119b]::test_main_inner::{closure#0}
[INFO] [stdout]    6:     0x56c9acc47ee2 - std[617be2ca0a6fd877]::panicking::panic_with_hook
[INFO] [stdout]    7:     0x56c9acc2a262 - std[617be2ca0a6fd877]::panicking::panic_handler::{closure#0}
[INFO] [stdout]    8:     0x56c9acc22699 - std[617be2ca0a6fd877]::sys::backtrace::__rust_end_short_backtrace::<std[617be2ca0a6fd877]::panicking::panic_handler::{closure#0}, !>
[INFO] [stdout]    9:     0x56c9acc2af7d - __rustc[ea4f61d10b84890b]::rust_begin_unwind
[INFO] [stdout]   10:     0x56c9acc6790c - core[a373ad73a504971]::panicking::panic_fmt
[INFO] [stdout]   11:     0x56c9ac8683c9 - trustfall_stubgen[680e9d3313e92fd7]::tests::test_schema
[INFO] [stdout]   12:     0x56c9ac86ffe5 - <trustfall_stubgen[680e9d3313e92fd7]::tests::hackernews_schema::{closure#0} as core[a373ad73a504971]::ops::function::FnOnce<()>>::call_once
[INFO] [stdout]   13:     0x56c9ac9e4c5b - test[aada8e7e76ba119b]::__rust_begin_short_backtrace::<core[a373ad73a504971]::result::Result<(), alloc[2e1b2a31b91974c5]::string::String>, fn() -> core[a373ad73a504971]::result::Result<(), alloc[2e1b2a31b91974c5]::string::String>>
[INFO] [stdout]   14:     0x56c9ac9f1e35 - test[aada8e7e76ba119b]::run_test::{closure#0}
[INFO] [stdout]   15:     0x56c9ac9eb724 - std[617be2ca0a6fd877]::sys::backtrace::__rust_begin_short_backtrace::<test[aada8e7e76ba119b]::run_test::{closure#1}, ()>
[INFO] [stdout]   16:     0x56c9ac9f4ec2 - <std[617be2ca0a6fd877]::thread::lifecycle::spawn_unchecked<test[aada8e7e76ba119b]::run_test::{closure#1}, ()>::{closure#1} as core[a373ad73a504971]::ops::function::FnOnce<()>>::call_once::{shim:vtable#0}
[INFO] [stdout]   17:     0x56c9acc4f91f - <std[617be2ca0a6fd877]::sys::thread::unix::Thread>::new::thread_start
[INFO] [stdout]   18:     0x7220af967dfa - <unknown>
[INFO] [stdout]   19:     0x7220af9fb3d4 - clone
[INFO] [stdout]   20:                0x0 - <unknown>
[INFO] [stdout] 
[INFO] [stdout] ---- tests::use_reserved_rust_names_in_schema stdout ----
[INFO] [stdout] 
[INFO] [stdout] thread 'tests::use_reserved_rust_names_in_schema' (1195) panicked at src/tests.rs:70:5:
[INFO] [stdout] stdout:
[INFO] [stdout] 
[INFO] [stdout] 
[INFO] [stdout] stderr:
[INFO] [stdout] error: failed to load manifest for dependency `trustfall`
[INFO] [stdout] 
[INFO] [stdout] Caused by:
[INFO] [stdout]   failed to read `/opt/rustwide/workdir/trustfall/Cargo.toml`
[INFO] [stdout] 
[INFO] [stdout] Caused by:
[INFO] [stdout]   No such file or directory (os error 2)
[INFO] [stdout] 
[INFO] [stdout] stack backtrace:
[INFO] [stdout]    0:     0x56c9acc50611 - <<std[617be2ca0a6fd877]::sys::backtrace::BacktraceLock>::print::DisplayBacktrace as core[a373ad73a504971]::fmt::Display>::fmt
[INFO] [stdout]    1:     0x56c9acc6712a - core[a373ad73a504971]::fmt::write
[INFO] [stdout]    2:     0x56c9acc5506c - <alloc[2e1b2a31b91974c5]::vec::Vec<u8> as core[a373ad73a504971]::io::write::Write>::write_fmt
[INFO] [stdout]    3:     0x56c9acc2a1b6 - std[617be2ca0a6fd877]::panicking::default_hook::{closure#0}
[INFO] [stdout]    4:     0x56c9acc47bb9 - std[617be2ca0a6fd877]::panicking::default_hook
[INFO] [stdout]    5:     0x56c9ac9f1810 - test[aada8e7e76ba119b]::test_main_inner::{closure#0}
[INFO] [stdout]    6:     0x56c9acc47ee2 - std[617be2ca0a6fd877]::panicking::panic_with_hook
[INFO] [stdout]    7:     0x56c9acc2a262 - std[617be2ca0a6fd877]::panicking::panic_handler::{closure#0}
[INFO] [stdout]    8:     0x56c9acc22699 - std[617be2ca0a6fd877]::sys::backtrace::__rust_end_short_backtrace::<std[617be2ca0a6fd877]::panicking::panic_handler::{closure#0}, !>
[INFO] [stdout]    9:     0x56c9acc2af7d - __rustc[ea4f61d10b84890b]::rust_begin_unwind
[INFO] [stdout]   10:     0x56c9acc6790c - core[a373ad73a504971]::panicking::panic_fmt
[INFO] [stdout]   11:     0x56c9ac8683c9 - trustfall_stubgen[680e9d3313e92fd7]::tests::test_schema
[INFO] [stdout]   12:     0x56c9ac870015 - <trustfall_stubgen[680e9d3313e92fd7]::tests::use_reserved_rust_names_in_schema::{closure#0} as core[a373ad73a504971]::ops::function::FnOnce<()>>::call_once
[INFO] [stdout]   13:     0x56c9ac9e4c5b - test[aada8e7e76ba119b]::__rust_begin_short_backtrace::<core[a373ad73a504971]::result::Result<(), alloc[2e1b2a31b91974c5]::string::String>, fn() -> core[a373ad73a504971]::result::Result<(), alloc[2e1b2a31b91974c5]::string::String>>
[INFO] [stdout]   14:     0x56c9ac9f1e35 - test[aada8e7e76ba119b]::run_test::{closure#0}
[INFO] [stdout]   15:     0x56c9ac9eb724 - std[617be2ca0a6fd877]::sys::backtrace::__rust_begin_short_backtrace::<test[aada8e7e76ba119b]::run_test::{closure#1}, ()>
[INFO] [stdout]   16:     0x56c9ac9f4ec2 - <std[617be2ca0a6fd877]::thread::lifecycle::spawn_unchecked<test[aada8e7e76ba119b]::run_test::{closure#1}, ()>::{closure#1} as core[a373ad73a504971]::ops::function::FnOnce<()>>::call_once::{shim:vtable#0}
[INFO] [stdout]   17:     0x56c9acc4f91f - <std[617be2ca0a6fd877]::sys::thread::unix::Thread>::new::thread_start
[INFO] [stdout]   18:     0x7220af967dfa - <unknown>
[INFO] [stdout]   19:     0x7220af9fb3d4 - clone
[INFO] [stdout]   20:                0x0 - <unknown>
[INFO] [stdout] 
[INFO] [stdout] 
[INFO] [stdout] failures:
[INFO] [stdout]     tests::hackernews_schema
[INFO] [stdout]     tests::no_edges_schema
[INFO] [stdout]     tests::use_reserved_rust_names_in_schema
[INFO] [stdout] 
[INFO] [stdout] test result: FAILED. 4 passed; 3 failed; 0 ignored; 0 measured; 0 filtered out; finished in 0.13s
[INFO] [stdout] 
[INFO] [stderr] error: test failed, to rerun pass `--lib`
[INFO] running `Command { std: "docker" "inspect" "49ce06cc88bdb3c19dbe77658fc7a8d42c882eeb0bdcd3005b8abf1a63f770bd", kill_on_drop: false }`
[INFO] running `Command { std: "docker" "rm" "-f" "49ce06cc88bdb3c19dbe77658fc7a8d42c882eeb0bdcd3005b8abf1a63f770bd", kill_on_drop: false }`
[INFO] [stdout] 49ce06cc88bdb3c19dbe77658fc7a8d42c882eeb0bdcd3005b8abf1a63f770bd
