[INFO] fetching crate trusted-router 0.4.0...
[INFO] testing trusted-router-0.4.0 against 1.99.0-beta.8+cargoflags=--release for beta-release-1.100-2
[INFO] extracting crate trusted-router 0.4.0 into /workspace/builds/worker-6-tc1/source
[INFO] started tweaking crates.io crate trusted-router 0.4.0
[INFO] finished tweaking crates.io crate trusted-router 0.4.0
[INFO] tweaked toml for crates.io crate trusted-router 0.4.0 written to /workspace/builds/worker-6-tc1/source/Cargo.toml
[INFO] validating manifest of crates.io crate trusted-router 0.4.0 on toolchain 1.99.0-beta.8
[INFO] running `Command { std: CARGO_HOME="/workspace/cargo-home" RUSTUP_HOME="/workspace/rustup-home" "/workspace/cargo-home/bin/cargo" "+1.99.0-beta.8" "metadata" "--manifest-path" "Cargo.toml" "--no-deps", kill_on_drop: false }`
[INFO] crate crates.io crate trusted-router 0.4.0 already has a lockfile, it will not be regenerated
[INFO] running `Command { std: CARGO_HOME="/workspace/cargo-home" RUSTUP_HOME="/workspace/rustup-home" "/workspace/cargo-home/bin/cargo" "+1.99.0-beta.8" "fetch" "--manifest-path" "Cargo.toml", kill_on_drop: false }`
[INFO] [stderr]     Updating crates.io index
[INFO] [stderr]  Downloading crates ...
[INFO] [stderr]   Downloaded assert-json-diff v2.0.2
[INFO] [stderr]   Downloaded wasm-bindgen-futures v0.4.76
[INFO] [stderr]   Downloaded deadpool-runtime v0.1.4
[INFO] [stderr]   Downloaded eventsource-stream v0.2.3
[INFO] [stderr]   Downloaded deadpool v0.12.3
[INFO] [stderr]   Downloaded wiremock v0.6.5
[INFO] [stderr]   Downloaded web-sys v0.3.103
[INFO] running `Command { std: "docker" "create" "-v" "/var/lib/crater-agent-workspace/builds/worker-6-tc1/source:/opt/rustwide/workdir:ro,Z" "-v" "/var/lib/crater-agent-workspace/builds/worker-6-tc1/target:/opt/rustwide/target:rw,Z" "-v" "/var/lib/crater-agent-workspace/cargo-home:/opt/rustwide/cargo-home:ro,Z" "-v" "/var/lib/crater-agent-workspace/rustup-home:/opt/rustwide/rustup-home:ro,Z" "-m" "1610612736" "--network" "none" "ghcr.io/rust-lang/crates-build-env/linux@sha256:77db811e55d90add9212f6832c23229e3de5f1c1f9905e8cb07319ea15df73ac" "sleep" "infinity", kill_on_drop: false }`
[INFO] [stdout] 05488d239f3b3367167cdb928e3cb990b2059c90a71ff18f75389ead97ad073c
[INFO] running `Command { std: "docker" "start" "05488d239f3b3367167cdb928e3cb990b2059c90a71ff18f75389ead97ad073c", kill_on_drop: false }`
[INFO] running `Command { std: "docker" "inspect" "05488d239f3b3367167cdb928e3cb990b2059c90a71ff18f75389ead97ad073c", kill_on_drop: false }`
[INFO] running `Command { std: "docker" "exec" "-e" "SOURCE_DIR=/opt/rustwide/workdir" "-e" "CARGO_HOME=/opt/rustwide/cargo-home" "-e" "RUSTUP_HOME=/opt/rustwide/rustup-home" "-e" "CARGO_TARGET_DIR=/opt/rustwide/target" "-w" "/opt/rustwide/workdir" "--user" "0:0" "05488d239f3b3367167cdb928e3cb990b2059c90a71ff18f75389ead97ad073c" "/opt/rustwide/cargo-home/bin/cargo" "+1.99.0-beta.8" "metadata" "--no-deps" "--format-version=1", kill_on_drop: false }`
[INFO] running `Command { std: "docker" "inspect" "05488d239f3b3367167cdb928e3cb990b2059c90a71ff18f75389ead97ad073c", kill_on_drop: false }`
[INFO] running `Command { std: "docker" "exec" "-e" "SOURCE_DIR=/opt/rustwide/workdir" "-e" "CARGO_HOME=/opt/rustwide/cargo-home" "-e" "RUSTUP_HOME=/opt/rustwide/rustup-home" "-e" "CARGO_TARGET_DIR=/opt/rustwide/target" "-e" "CARGO_INCREMENTAL=0" "-e" "RUST_BACKTRACE=full" "-e" "RUSTFLAGS=--cap-lints=warn" "-e" "RUSTDOCFLAGS=--cap-lints=warn" "-w" "/opt/rustwide/workdir" "--user" "0:0" "05488d239f3b3367167cdb928e3cb990b2059c90a71ff18f75389ead97ad073c" "/opt/rustwide/cargo-home/bin/cargo" "+1.99.0-beta.8" "build" "--frozen" "--message-format=json" "--release", kill_on_drop: false }`
[INFO] [stderr]    Compiling syn v2.0.119
[INFO] [stderr]    Compiling syn v3.0.3
[INFO] [stderr]    Compiling futures-core v0.3.33
[INFO] [stderr]    Compiling smallvec v1.15.2
[INFO] [stderr]    Compiling zeroize v1.9.0
[INFO] [stderr]    Compiling cc v1.4.0
[INFO] [stderr]    Compiling http v1.5.0
[INFO] [stderr]    Compiling futures-task v0.3.33
[INFO] [stderr]    Compiling getrandom v0.2.17
[INFO] [stderr]    Compiling socket2 v0.6.5
[INFO] [stderr]    Compiling mio v1.2.2
[INFO] [stderr]    Compiling num-traits v0.2.19
[INFO] [stderr]    Compiling rustls v0.23.45
[INFO] [stderr]    Compiling zerocopy v0.8.55
[INFO] [stderr]    Compiling semver v1.0.28
[INFO] [stderr]    Compiling futures-channel v0.3.33
[INFO] [stderr]    Compiling tracing-core v0.1.36
[INFO] [stderr]    Compiling num-conv v0.2.2
[INFO] [stderr]    Compiling time-macros v0.2.27
[INFO] [stderr]    Compiling rustls-pki-types v1.15.1
[INFO] [stderr]    Compiling deranged v0.5.8
[INFO] [stderr]    Compiling sync_wrapper v1.0.2
[INFO] [stderr]    Compiling rand_core v0.6.4
[INFO] [stderr]    Compiling rustc_version v0.4.1
[INFO] [stderr]    Compiling signature v2.2.0
[INFO] [stderr]    Compiling futures-sink v0.3.33
[INFO] [stderr]    Compiling minimal-lexical v0.2.1
[INFO] [stderr]    Compiling ed25519 v2.2.3
[INFO] [stderr]    Compiling webpki-roots v1.0.9
[INFO] [stderr]    Compiling tracing v0.1.44
[INFO] [stderr]    Compiling curve25519-dalek v4.1.3
[INFO] [stderr]    Compiling getrandom v0.4.3
[INFO] [stderr]    Compiling sha2 v0.10.9
[INFO] [stderr]    Compiling nom v7.1.3
[INFO] [stderr]    Compiling pem v3.0.6
[INFO] [stderr]    Compiling trusted-router v0.4.0 (/opt/rustwide/workdir)
[INFO] [stderr]    Compiling num-integer v0.1.46
[INFO] [stderr]    Compiling uuid v1.24.0
[INFO] [stderr]    Compiling constant_time_eq v0.3.1
[INFO] [stderr]    Compiling num-bigint v0.4.8
[INFO] [stderr]    Compiling ring v0.17.14
[INFO] [stderr]    Compiling http-body v1.1.0
[INFO] [stderr]    Compiling http-body-util v0.1.4
[INFO] [stderr]    Compiling time v0.3.47
[INFO] [stderr]    Compiling eventsource-stream v0.2.3
[INFO] [stderr]    Compiling displaydoc v0.2.7
[INFO] [stderr]    Compiling tokio-macros v2.7.2
[INFO] [stderr]    Compiling serde_derive v1.0.229
[INFO] [stderr]    Compiling thiserror-impl v2.0.19
[INFO] [stderr]    Compiling tokio v1.53.1
[INFO] [stderr]    Compiling thiserror v2.0.19
[INFO] [stderr]    Compiling synstructure v0.13.2
[INFO] [stderr]    Compiling simple_asn1 v0.6.3
[INFO] [stderr]    Compiling zerofrom-derive v0.1.7
[INFO] [stderr]    Compiling yoke-derive v0.8.2
[INFO] [stderr]    Compiling zerovec-derive v0.11.3
[INFO] [stderr]    Compiling futures-macro v0.3.33
[INFO] [stderr]    Compiling curve25519-dalek-derive v0.1.1
[INFO] [stderr]    Compiling async-stream-impl v0.3.6
[INFO] [stderr]    Compiling ppv-lite86 v0.2.21
[INFO] [stderr]    Compiling rand_chacha v0.3.1
[INFO] [stderr]    Compiling async-stream v0.3.6
[INFO] [stderr]    Compiling rand v0.8.7
[INFO] [stderr]    Compiling serde v1.0.229
[INFO] [stderr]    Compiling futures-util v0.3.33
[INFO] [stderr]    Compiling zerofrom v0.1.8
[INFO] [stderr]    Compiling yoke v0.8.3
[INFO] [stderr]    Compiling zerovec v0.11.6
[INFO] [stderr]    Compiling zerotrie v0.2.4
[INFO] [stderr]    Compiling serde_urlencoded v0.7.1
[INFO] [stderr]    Compiling tinystr v0.8.3
[INFO] [stderr]    Compiling potential_utf v0.1.5
[INFO] [stderr]    Compiling icu_collections v2.2.0
[INFO] [stderr]    Compiling icu_locale_core v2.2.0
[INFO] [stderr]    Compiling ed25519-dalek v2.2.0
[INFO] [stderr]    Compiling hyper v1.11.0
[INFO] [stderr]    Compiling tokio-util v0.7.19
[INFO] [stderr]    Compiling icu_provider v2.2.0
[INFO] [stderr]    Compiling tower v0.5.3
[INFO] [stderr]    Compiling icu_normalizer v2.2.0
[INFO] [stderr]    Compiling icu_properties v2.2.0
[INFO] [stderr]    Compiling hyper-util v0.1.20
[INFO] [stderr]    Compiling idna_adapter v1.2.2
[INFO] [stderr]    Compiling idna v1.1.0
[INFO] [stderr]    Compiling url v2.5.8
[INFO] [stderr]    Compiling tower-http v0.6.11
[INFO] [stderr]    Compiling rustls-webpki v0.103.15
[INFO] [stderr]    Compiling jsonwebtoken v9.3.1
[INFO] [stderr]    Compiling tokio-rustls v0.26.4
[INFO] [stderr]    Compiling hyper-rustls v0.27.9
[INFO] [stderr]    Compiling reqwest v0.12.28
[INFO] [stderr]     Finished `release` profile [optimized] target(s) in 1m 32s
[INFO] running `Command { std: "docker" "inspect" "05488d239f3b3367167cdb928e3cb990b2059c90a71ff18f75389ead97ad073c", kill_on_drop: false }`
[INFO] running `Command { std: "docker" "exec" "-e" "SOURCE_DIR=/opt/rustwide/workdir" "-e" "CARGO_HOME=/opt/rustwide/cargo-home" "-e" "RUSTUP_HOME=/opt/rustwide/rustup-home" "-e" "CARGO_TARGET_DIR=/opt/rustwide/target" "-e" "CARGO_INCREMENTAL=0" "-e" "RUST_BACKTRACE=full" "-e" "RUSTFLAGS=--cap-lints=warn" "-e" "RUSTDOCFLAGS=--cap-lints=warn" "-w" "/opt/rustwide/workdir" "--user" "0:0" "05488d239f3b3367167cdb928e3cb990b2059c90a71ff18f75389ead97ad073c" "/opt/rustwide/cargo-home/bin/cargo" "+1.99.0-beta.8" "test" "--frozen" "--no-run" "--message-format=json" "--release", kill_on_drop: false }`
[INFO] [stderr]    Compiling tokio v1.53.1
[INFO] [stderr]    Compiling futures-channel v0.3.33
[INFO] [stderr]    Compiling futures-io v0.3.33
[INFO] [stderr]    Compiling serde_json v1.0.151
[INFO] [stderr]    Compiling aho-corasick v1.1.4
[INFO] [stderr]    Compiling nom v7.1.3
[INFO] [stderr]    Compiling num_cpus v1.17.0
[INFO] [stderr]    Compiling deadpool-runtime v0.1.4
[INFO] [stderr]    Compiling futures-util v0.3.33
[INFO] [stderr]    Compiling jsonwebtoken v9.3.1
[INFO] [stderr]    Compiling assert-json-diff v2.0.2
[INFO] [stderr]    Compiling eventsource-stream v0.2.3
[INFO] [stderr]    Compiling regex-automata v0.4.16
[INFO] [stderr]    Compiling futures-executor v0.3.33
[INFO] [stderr]    Compiling futures v0.3.33
[INFO] [stderr]    Compiling regex v1.13.1
[INFO] [stderr]    Compiling tokio-util v0.7.19
[INFO] [stderr]    Compiling tower v0.5.3
[INFO] [stderr]    Compiling tokio-rustls v0.26.4
[INFO] [stderr]    Compiling deadpool v0.12.3
[INFO] [stderr]    Compiling tower-http v0.6.11
[INFO] [stderr]    Compiling h2 v0.4.16
[INFO] [stderr]    Compiling hyper v1.11.0
[INFO] [stderr]    Compiling hyper-util v0.1.20
[INFO] [stderr]    Compiling hyper-rustls v0.27.9
[INFO] [stderr]    Compiling wiremock v0.6.5
[INFO] [stderr]    Compiling reqwest v0.12.28
[INFO] [stderr]    Compiling trusted-router v0.4.0 (/opt/rustwide/workdir)
[INFO] [stderr]     Finished `release` profile [optimized] target(s) in 1m 18s
[INFO] running `Command { std: "docker" "inspect" "05488d239f3b3367167cdb928e3cb990b2059c90a71ff18f75389ead97ad073c", kill_on_drop: false }`
[INFO] running `Command { std: "docker" "exec" "-e" "SOURCE_DIR=/opt/rustwide/workdir" "-e" "CARGO_HOME=/opt/rustwide/cargo-home" "-e" "RUSTUP_HOME=/opt/rustwide/rustup-home" "-e" "CARGO_TARGET_DIR=/opt/rustwide/target" "-e" "CARGO_INCREMENTAL=0" "-e" "RUST_BACKTRACE=full" "-e" "RUSTFLAGS=--cap-lints=warn" "-e" "RUSTDOCFLAGS=--cap-lints=warn" "-w" "/opt/rustwide/workdir" "--user" "0:0" "05488d239f3b3367167cdb928e3cb990b2059c90a71ff18f75389ead97ad073c" "/opt/rustwide/cargo-home/bin/cargo" "+1.99.0-beta.8" "test" "--frozen" "--release", kill_on_drop: false }`
[INFO] [stderr]     Finished `release` profile [optimized] target(s) in 0.29s
[INFO] [stderr]      Running unittests src/lib.rs (/opt/rustwide/target/release/deps/trusted_router-34ec5bb0dad26c8f)
[INFO] [stdout] 
[INFO] [stdout] running 91 tests
[INFO] [stdout] test receipts::tests::capture_preserves_split_chunks_discovers_and_verifies ... ok
[INFO] [stdout] test receipts::tests::flattened_receipt_rejects_a_mismatched_supplied_attestation ... ok
[INFO] [stdout] test attestation::tests::receipt_key_claims_pass_without_channel_binding_but_live_claims_do_not ... ok
[INFO] [stdout] test attestation::tests::empty_image_pin_cannot_match_a_missing_claim ... ok
[INFO] [stdout] test receipts::tests::expected_issuer_exact_match_passes_and_mismatch_is_typed ... ok
[INFO] [stdout] test attestation::tests::receipt_key_claims_reject_the_wrong_commitment ... ok
[INFO] [stdout] test receipts::tests::multiline_data_and_unknown_sse_fields_fail ... ok
[INFO] [stdout] test receipts::tests::issuer_origin_normalization_accepts_case_slash_and_default_port ... ok
[INFO] [stdout] test receipts::tests::verifies_compact_receipt_bodies_with_explicit_escape ... ok
[INFO] [stdout] test receipts::tests::stream_byte_flip_receipt_position_and_event_count_fail ... ok
[INFO] [stdout] test receipts::tests::receipt_issuer_is_never_used_to_fetch_verification_material ... ok
[INFO] [stdout] test receipts::tests::unsupported_and_missing_attestation_fail_closed ... ok
[INFO] [stdout] test receipts::tests::wrong_kid_fails_before_signature ... ok
[INFO] [stdout] test attestation::tests::malformed_attestation_claims_are_not_defaulted ... ok
[INFO] [stdout] test attestation::tests::receipt_key_commitment_is_set_membership_at_any_nonce_position ... ok
[INFO] [stdout] test telemetry::reporter::tests::closed_counter_windows_expire_after_24_hours_oldest_first ... ok
[INFO] [stdout] test receipts::tests::compact_receipt_verifies_a_supplied_pinned_attestation ... ok
[INFO] [stdout] test receipts::tests::bindings_are_required_by_default_and_can_be_explicitly_disabled ... ok
[INFO] [stdout] test telemetry::reporter::tests::construction_is_lazy_and_no_runtime_leaves_final_flush_as_the_fallback ... ok
[INFO] [stdout] test receipts::tests::duplicate_json_members_are_rejected_at_nested_depth ... ok
[INFO] [stdout] test receipts::tests::partial_bindings_fail_closed_by_default ... ok
[INFO] [stdout] test receipts::tests::tampered_payload_wrong_key_and_stale_claim_fail_signature ... ok
[INFO] [stdout] test telemetry::tests::a_custom_host_suppresses_the_header ... ok
[INFO] [stdout] test receipts::tests::future_expired_window_and_nonce_mismatch_have_typed_errors ... ok
[INFO] [stdout] test receipts::tests::gcp_verifier_receives_domain_separated_key_commitment_input ... ok
[INFO] [stdout] test telemetry::tests::attempt_zero_headers_match_the_contract_examples_byte_for_byte ... ok
[INFO] [stdout] test telemetry::tests::attestation_and_authorize_are_the_untracked_inference_paths ... ok
[INFO] [stdout] test telemetry::tests::classification_walks_source_chains_by_type_first ... ok
[INFO] [stdout] test telemetry::tests::classification_falls_back_to_bounded_message_probes ... ok
[INFO] [stdout] test telemetry::reporter::tests::sampling_and_event_eviction_match_python ... ok
[INFO] [stdout] test receipts::tests::http_receipt_issuer_is_rejected ... ok
[INFO] [stdout] test telemetry::tests::finish_derives_the_exact_request_and_attempt_counter_tuples ... ok
[INFO] [stdout] test telemetry::tests::finalize_header_sends_nothing_rather_than_an_out_of_grammar_value ... ok
[INFO] [stdout] test receipts::tests::frozen_parity_fixtures_verify_unmodified ... FAILED
[INFO] [stdout] test telemetry::tests::a_forced_retry_after_ok_serialises_po_none ... ok
[INFO] [stdout] test telemetry::tests::a_proxy_connect_failure_pins_to_its_socket_class ... ok
[INFO] [stdout] test telemetry::reporter::tests::counter_cap_uses_the_complete_python_fold_ladder_without_drops ... ok
[INFO] [stdout] test telemetry::reporter::tests::failed_flush_retains_24h_counters_and_retry_after_gates_the_next_post ... ok
[INFO] [stdout] test receipts::tests::issuer_port_must_match_exactly_after_normalization ... ok
[INFO] [stdout] test telemetry::tests::known_hosts_match_the_contract ... ok
[INFO] [stdout] test telemetry::tests::methods_outside_get_and_post_never_emit_events_or_counters ... ok
[INFO] [stdout] test telemetry::tests::recorded_durations_past_the_bound_clamp_on_the_wire ... ok
[INFO] [stdout] test telemetry::tests::real_mid_request_closes_classify_as_protocol_error ... ok
[INFO] [stdout] test telemetry::tests::real_refused_connections_classify_as_connect_refused ... ok
[INFO] [stdout] test telemetry::tests::route_folding_is_total_on_malformed_escapes ... ok
[INFO] [stdout] test telemetry::wire::tests::adversarial_compiler_releases_never_produce_a_malformed_runtime ... ok
[INFO] [stdout] test telemetry::tests::no_alternate_spelling_of_an_excluded_route_is_tracked ... ok
[INFO] [stdout] test telemetry::tests::the_outermost_display_never_decides_a_classification ... ok
[INFO] [stdout] test telemetry::tests::an_attempt_index_past_the_contract_bound_sends_nothing ... ok
[INFO] [stdout] test telemetry::wire::tests::a_missing_or_empty_compiler_release_has_a_valid_runtime_fallback ... ok
[INFO] [stdout] test telemetry::tests::durations_clamp_to_the_contract_bounds_with_saturating_arithmetic ... ok
[INFO] [stdout] test telemetry::wire::tests::the_identity_only_uses_the_contract_vocabulary ... ok
[INFO] [stdout] test telemetry::tests::stream_hooks_record_ttft_breakage_and_caller_abort_once ... ok
[INFO] [stdout] test telemetry::tests::real_dns_failures_classify_as_dns ... ok
[INFO] [stdout] test telemetry::reporter::tests::wire_is_private_schema_bounded_and_uses_the_reporters_own_client ... ok
[INFO] [stdout] test telemetry::tests::telemetry_enablement_precedence_mirrors_the_python_sdk ... ok
[INFO] [stdout] test telemetry::tests::the_documented_retry_example_matches_byte_for_byte ... ok
[INFO] [stdout] test transport::policy::failover_tests::a_429_does_not_move_domains ... ok
[INFO] [stdout] test transport::policy::failover_tests::a_500_does_not_move_domains ... ok
[INFO] [stdout] test transport::policy::failover_tests::a_labelled_retryable_response_is_retried_against_the_status ... ok
[INFO] [stdout] test transport::policy::failover_tests::a_labelled_spent_response_is_neither_retried_nor_moved ... ok
[INFO] [stdout] test transport::policy::failover_tests::all_server_errors_are_retryable ... ok
[INFO] [stdout] test telemetry::wire::tests::the_version_grammar_matches_the_bounded_python_semver ... ok
[INFO] [stdout] test transport::policy::failover_tests::only_gateway_statuses_move_domains ... ok
[INFO] [stdout] test telemetry::wire::tests::the_user_agent_carries_the_same_valid_runtime_as_the_beacon_identity ... ok
[INFO] [stdout] test transport::policy::failover_tests::retry_after_ms_is_honored_and_beats_retry_after ... ok
[INFO] [stdout] test transport::policy::failover_tests::the_verdict_only_speaks_when_the_server_did ... ok
[INFO] [stdout] test transport::policy::retry_after_bound_tests::a_parsed_hint_is_never_above_the_bound ... ok
[INFO] [stdout] test transport::policy::retry_after_bound_tests::a_junk_millisecond_header_falls_through_to_seconds ... ok
[INFO] [stdout] test transport::policy::retry_after_bound_tests::a_far_future_http_date_is_clamped ... ok
[INFO] [stdout] test transport::policy::retry_after_bound_tests::non_finite_values_remain_rejected_by_the_parser ... ok
[INFO] [stdout] test transport::policy::retry_after_bound_tests::retry_delay_reclamps_a_hint_handed_to_it_directly ... ok
[INFO] [stdout] test transport::policy::retry_after_bound_tests::the_millisecond_header_still_wins_when_usable ... ok
[INFO] [stdout] test transport::policy::retry_after_bound_tests::the_values_that_used_to_park_a_caller_are_clamped ... ok
[INFO] [stdout] test transport::policy::retry_after_bound_tests::the_sleep_is_never_above_the_bound ... ok
[INFO] [stdout] test transport::routing::semantic_route_tests::intended_routes_are_exact_after_url_and_ascii_normalisation ... ok
[INFO] [stdout] test transport::routing::semantic_route_tests::response_routes_are_exact_relative_to_matching_custom_bases ... ok
[INFO] [stdout] test telemetry::reporter::tests::real_engine_streams_record_first_event_mid_body_breakage_and_abort ... ok
[INFO] [stdout] test transport::policy::retry_after_bound_tests::hints_within_the_bound_are_honoured_exactly ... ok
[INFO] [stdout] test telemetry::reporter::tests::permanent_errors_off_header_and_policy_only_reduce_volume ... ok
[INFO] [stdout] test telemetry::tests::real_reqwest_timeouts_classify_as_read_timeout ... ok
[INFO] [stdout] test telemetry::reporter::tests::close_attempts_one_final_flush_and_returns_within_the_bound ... ok
[INFO] [stdout] test telemetry::reporter::tests::a_candidate_over_65536_bytes_is_trimmed_before_the_post ... ok
[INFO] [stdout] test transport::engine::candidate_walk_tests::open_stream_moves_to_the_next_candidate_on_503 ... ok
[INFO] [stdout] test transport::engine::candidate_walk_tests::a_tls_failure_carries_its_class_to_the_next_attempt ... ok
[INFO] [stdout] test transport::engine::candidate_walk_tests::a_connection_reset_carries_its_class_to_the_next_attempt ... ok
[INFO] [stdout] test transport::engine::candidate_walk_tests::a_transport_error_carries_its_class_to_the_next_attempt ... ok
[INFO] [stdout] test transport::engine::candidate_walk_tests::request_bytes_moves_to_the_next_candidate_on_503 ... ok
[INFO] [stdout] test transport::engine::candidate_walk_tests::the_sdk_deadline_is_recorded_as_a_timeout ... ok
[INFO] [stdout] test transport::engine::candidate_walk_tests::request_bytes_keeps_a_500_on_the_same_candidate ... ok
[INFO] [stdout] test transport::engine::candidate_walk_tests::open_stream_keeps_a_500_on_the_same_candidate ... ok
[INFO] [stdout] 
[INFO] [stdout] failures:
[INFO] [stdout] 
[INFO] [stdout] ---- receipts::tests::frozen_parity_fixtures_verify_unmodified stdout ----
[INFO] [stdout] 
[INFO] [stdout] thread 'receipts::tests::frozen_parity_fixtures_verify_unmodified' (2438) panicked at src/receipts.rs:1654:67:
[INFO] [stdout] called `Result::unwrap()` on an `Err` value: Os { code: 2, kind: NotFound, message: "No such file or directory" }
[INFO] [stdout] stack backtrace:
[INFO] [stdout]    0:     0x5735fb256f91 - <<std[70759c8f55707aa4]::sys::backtrace::BacktraceLock>::print::DisplayBacktrace as core[df12db4294e9bfd3]::fmt::Display>::fmt
[INFO] [stdout]    1:     0x5735fb26e6ea - core[df12db4294e9bfd3]::fmt::write
[INFO] [stdout]    2:     0x5735fb25bfac - <alloc[2182bb758b4b3781]::vec::Vec<u8> as core[df12db4294e9bfd3]::io::write::Write>::write_fmt
[INFO] [stdout]    3:     0x5735fb231416 - std[70759c8f55707aa4]::panicking::default_hook::{closure#0}
[INFO] [stdout]    4:     0x5735fb24e949 - std[70759c8f55707aa4]::panicking::default_hook
[INFO] [stdout]    5:     0x5735faf6d7c0 - test[9d35eded1c95d3be]::test_main_inner::<test[9d35eded1c95d3be]::test_main_static::{closure#0}>::{closure#0}
[INFO] [stdout]    6:     0x5735fb24ec72 - std[70759c8f55707aa4]::panicking::panic_with_hook
[INFO] [stdout]    7:     0x5735fb2314c2 - std[70759c8f55707aa4]::panicking::panic_handler::{closure#0}
[INFO] [stdout]    8:     0x5735fb229fd9 - std[70759c8f55707aa4]::sys::backtrace::__rust_end_short_backtrace::<std[70759c8f55707aa4]::panicking::panic_handler::{closure#0}, !>
[INFO] [stdout]    9:     0x5735fb2322ad - __rustc[8fa7c3cbc660c2b3]::rust_begin_unwind
[INFO] [stdout]   10:     0x5735fb26ee4c - core[df12db4294e9bfd3]::panicking::panic_fmt
[INFO] [stdout]   11:     0x5735fb26ec22 - core[df12db4294e9bfd3]::result::unwrap_failed
[INFO] [stdout]   12:     0x5735fae243c7 - trusted_router[c50b562a1d05be88]::receipts::tests::frozen_parity_fixtures_verify_unmodified::{closure#0}
[INFO] [stdout]   13:     0x5735faee257b - <tokio[9c954b8ac3c17ede]::runtime::scheduler::current_thread::CurrentThread>::block_on::<core[df12db4294e9bfd3]::pin::Pin<&mut dyn core[df12db4294e9bfd3]::future::future::Future<Output = ()>>>
[INFO] [stdout]   14:     0x5735faf30c92 - <tokio[9c954b8ac3c17ede]::runtime::runtime::Runtime>::block_on::<core[df12db4294e9bfd3]::pin::Pin<&mut dyn core[df12db4294e9bfd3]::future::future::Future<Output = ()>>>
[INFO] [stdout]   15:     0x5735fae32e2b - trusted_router[c50b562a1d05be88]::receipts::tests::frozen_parity_fixtures_verify_unmodified
[INFO] [stdout]   16:     0x5735faf18229 - <trusted_router[c50b562a1d05be88]::receipts::tests::frozen_parity_fixtures_verify_unmodified::{closure#0} as core[df12db4294e9bfd3]::ops::function::FnOnce<()>>::call_once
[INFO] [stdout]   17:     0x5735faf60aab - test[9d35eded1c95d3be]::__rust_begin_short_backtrace::<core[df12db4294e9bfd3]::result::Result<(), alloc[2182bb758b4b3781]::string::String>, fn() -> core[df12db4294e9bfd3]::result::Result<(), alloc[2182bb758b4b3781]::string::String>>
[INFO] [stdout]   18:     0x5735faf6e115 - test[9d35eded1c95d3be]::run_test::{closure#0}
[INFO] [stdout]   19:     0x5735faf679d4 - std[70759c8f55707aa4]::sys::backtrace::__rust_begin_short_backtrace::<test[9d35eded1c95d3be]::run_test::{closure#1}, ()>
[INFO] [stdout]   20:     0x5735faf71272 - <std[70759c8f55707aa4]::thread::lifecycle::spawn_unchecked<test[9d35eded1c95d3be]::run_test::{closure#1}, ()>::{closure#1} as core[df12db4294e9bfd3]::ops::function::FnOnce<()>>::call_once::{shim:vtable#0}
[INFO] [stdout]   21:     0x5735fb255f49 - <std[70759c8f55707aa4]::sys::thread::unix::Thread>::new::thread_start
[INFO] [stdout]   22:     0x7e8fd215adfa - <unknown>
[INFO] [stdout]   23:     0x7e8fd21ee3d4 - clone
[INFO] [stdout]   24:                0x0 - <unknown>
[INFO] [stdout] 
[INFO] [stdout] 
[INFO] [stdout] failures:
[INFO] [stdout]     receipts::tests::frozen_parity_fixtures_verify_unmodified
[INFO] [stdout] 
[INFO] [stdout] test result: FAILED. 90 passed; 1 failed; 0 ignored; 0 measured; 0 filtered out; finished in 1.27s
[INFO] [stdout] 
[INFO] [stderr] error: test failed, to rerun pass `--lib`
[INFO] running `Command { std: "docker" "inspect" "05488d239f3b3367167cdb928e3cb990b2059c90a71ff18f75389ead97ad073c", kill_on_drop: false }`
[INFO] running `Command { std: "docker" "rm" "-f" "05488d239f3b3367167cdb928e3cb990b2059c90a71ff18f75389ead97ad073c", kill_on_drop: false }`
[INFO] [stdout] 05488d239f3b3367167cdb928e3cb990b2059c90a71ff18f75389ead97ad073c
